2a03:2880:f80e:d:: - - [23/Jan/2026:06:54:07 -0500] "GET /f7c78/?path=/srv/users/craft4/apps/craft4-newsite-space/public/../storage/./runtime/cache/4e/../2c/../2a/../e8/../a4 HTTP/2.0" 200 1590 "-" "meta-externalagent/1.1 (+https://developers.facebook.com/docs/sharing/webmasters/crawler)" "2a03:2880:f80e:d::" 212 0.002 "8694" "0.002" "test.newsite.space"
216.73.216.107 - - [23/Jan/2026:06:54:07 -0500] "GET /f7c78/?path=%2Fsrv%2Fusers%2Fcraft4%2F.cache%2Fcomposer%2F.%2Ffiles%2Fcomposer%2F.%2Fmetadata-minifier%2F.. HTTP/2.0" 200 1556 "-" "Mozilla/5.0 AppleWebKit/537.36 (KHTML, like Gecko; compatible; ClaudeBot/1.0; +claudebot@anthropic.com)" "216.73.216.107" 109 0.002 "14165" "0.002" "test.newsite.space"
216.73.216.107 - - [23/Jan/2026:06:54:08 -0500] "GET /f7c78/?path=%2Fsrv%2Fusers%2Fcraft4%2F.cache%2Fcomposer%2F.%2Ffiles%2Fcomposer%2F.%2Fxdebug-handler%2F. HTTP/2.0" 200 1522 "-" "Mozilla/5.0 AppleWebKit/537.36 (KHTML, like Gecko; compatible; ClaudeBot/1.0; +claudebot@anthropic.com)" "216.73.216.107" 106 0.002 "8192" "0.002" "test.newsite.space"
216.73.216.107 - - [23/Jan/2026:06:54:08 -0500] "GET /f7c78/?path=%2Fsrv%2Fusers%2Fcraft4%2F.cache%2Fcomposer%2F.%2Ffiles%2Fcomposer%2F.%2Fsemver%2F.. HTTP/2.0" 200 1548 "-" "Mozilla/5.0 AppleWebKit/537.36 (KHTML, like Gecko; compatible; ClaudeBot/1.0; +claudebot@anthropic.com)" "216.73.216.107" 101 0.002 "13780" "0.002" "test.newsite.space"
216.73.216.107 - - [23/Jan/2026:06:54:08 -0500] "GET /f7c78/?path=%2Fsrv%2Fusers%2Fcraft4%2F.cache%2F.%2Fcomposer%2Ffiles%2Fcomposer%2Fcomposer%2F.%2F.. HTTP/2.0" 200 1551 "-" "Mozilla/5.0 AppleWebKit/537.36 (KHTML, like Gecko; compatible; ClaudeBot/1.0; +claudebot@anthropic.com)" "216.73.216.107" 103 0.002 "13850" "0.002" "test.newsite.space"
2a03:2880:f80e:13:: - - [23/Jan/2026:06:54:08 -0500] "GET /f7c78/?path=/srv/users/craft4/apps/craft4-newsite-space/public/./cpresources/9599b988/.././5d88fcbb/.././12dd9/../b6b51f3f/../f7099225/../beefc24a HTTP/2.0" 200 1560 "-" "meta-externalagent/1.1 (+https://developers.facebook.com/docs/sharing/webmasters/crawler)" "2a03:2880:f80e:13::" 169 0.002 "9054" "0.002" "test.newsite.space"
216.73.216.107 - - [23/Jan/2026:06:54:08 -0500] "GET /f7c78/?path=%2Fsrv%2Fusers%2Fcraft4%2F.%2F.cache%2Fcomposer%2Ffiles%2Fcomposer%2Fcomposer%2F.%2F.. HTTP/2.0" 200 1552 "-" "Mozilla/5.0 AppleWebKit/537.36 (KHTML, like Gecko; compatible; ClaudeBot/1.0; +claudebot@anthropic.com)" "216.73.216.107" 102 0.002 "13845" "0.002" "test.newsite.space"
216.73.216.107 - - [23/Jan/2026:06:54:09 -0500] "GET /f7c78/?path=%2Fsrv%2Fusers%2Fcraft4%2F.cache%2Fcomposer%2F.%2Ffiles%2Fcomposer%2F.%2Fclass-map-generator%2F.. HTTP/2.0" 200 1560 "-" "Mozilla/5.0 AppleWebKit/537.36 (KHTML, like Gecko; compatible; ClaudeBot/1.0; +claudebot@anthropic.com)" "216.73.216.107" 124 0.001 "14235" "0.001" "test.newsite.space"
216.73.216.107 - - [23/Jan/2026:06:54:09 -0500] "GET /f7c78/?path=%2Fsrv%2Fusers%2Fcraft4%2F.gnupg%2F.%2F.%2F.. HTTP/2.0" 200 1697 "-" "Mozilla/5.0 AppleWebKit/537.36 (KHTML, like Gecko; compatible; ClaudeBot/1.0; +claudebot@anthropic.com)" "216.73.216.107" 74 0.002 "18022" "0.001" "test.newsite.space"
216.73.216.107 - - [23/Jan/2026:06:54:09 -0500] "GET /f7c78/?path=%2Fsrv%2Fusers%2Fcraft4%2F.cache%2F.%2F.%2Fcomposer%2Ffiles%2F.%2Fcreocoder%2F.%2F.. HTTP/2.0" 200 2393 "-" "Mozilla/5.0 AppleWebKit/537.36 (KHTML, like Gecko; compatible; ClaudeBot/1.0; +claudebot@anthropic.com)" "216.73.216.107" 102 0.003 "56469" "0.002" "test.newsite.space"
2a03:2880:f80e:3a:: - - [23/Jan/2026:06:54:09 -0500] "GET /f7c78/?path=/srv/users/craft4/apps/craft4-newsite-space/public/cpresources/f2cd4ff0/../b2c756a7/.././aed7ab4c/../e3294a7e/../3013a1e4/.. HTTP/2.0" 200 2472 "-" "meta-externalagent/1.1 (+https://developers.facebook.com/docs/sharing/webmasters/crawler)" "2a03:2880:f80e:3a::" 160 0.003 "69186" "0.003" "test.newsite.space"
216.73.216.107 - - [23/Jan/2026:06:54:09 -0500] "GET /f7c78/?path=%2Fsrv%2Fusers%2Fcraft4%2F.%2F.cache%2Fcomposer%2Ffiles%2Fcraftcms%2Fcommerce%2F.. HTTP/2.0" 200 1497 "-" "Mozilla/5.0 AppleWebKit/537.36 (KHTML, like Gecko; compatible; ClaudeBot/1.0; +claudebot@anthropic.com)" "216.73.216.107" 99 0.002 "11617" "0.002" "test.newsite.space"
2a03:2880:f80e:5c:: - - [23/Jan/2026:06:54:09 -0500] "GET /f7c78/?path=/srv/users/craft4/apps/craft4-newsite-space/public/cpresources/92fd50c/../a091a247/../60b5d681/../fc951955/../../wp-blog-header.php HTTP/2.0" 200 1016 "-" "meta-externalagent/1.1 (+https://developers.facebook.com/docs/sharing/webmasters/crawler)" "2a03:2880:f80e:5c::" 166 0.002 "4027" "0.002" "test.newsite.space"
216.73.216.107 - - [23/Jan/2026:06:54:10 -0500] "GET /f7c78/?path=%2Fsrv%2Fusers%2Fcraft4%2F.cache%2Fcomposer%2Ffiles%2Fcraftcms%2F.%2Fcommerce%2F.. HTTP/2.0" 200 1498 "-" "Mozilla/5.0 AppleWebKit/537.36 (KHTML, like Gecko; compatible; ClaudeBot/1.0; +claudebot@anthropic.com)" "216.73.216.107" 100 0.002 "11640" "0.002" "test.newsite.space"
2a03:2880:f80e:31:: - - [23/Jan/2026:06:54:10 -0500] "GET /f7c78/?path=/srv/users/craft4/apps/craft4-newsite-space/public/./cpresources/814f3b07/../18a196f3/../d842585c/.././814f3b07/../18a196f3 HTTP/2.0" 200 1594 "-" "meta-externalagent/1.1 (+https://developers.facebook.com/docs/sharing/webmasters/crawler)" "2a03:2880:f80e:31::" 192 0.002 "11090" "0.002" "test.newsite.space"
65.108.78.33 - - [23/Jan/2026:06:54:10 -0500] "GET /f7c78/?path=/srv/users/craft4/log/craft4-newsite-space/./craft4-newsite-space_php8.1.access.log.6.gz HTTP/2.0" 200 5264506 "-" "Mozilla/5.0 (compatible; MJ12bot/v1.4.8; http://mj12bot.com/)" "65.108.78.33" 104 0.867 "11643662" "0.866" "test.newsite.space"
216.73.216.107 - - [23/Jan/2026:06:54:10 -0500] "GET /f7c78/?path=%2Fsrv%2Fusers%2Fcraft4%2F.cache%2Fcomposer%2F.%2Ffiles%2Fcraftcms%2Fcommerce%2F.. HTTP/2.0" 200 1497 "-" "Mozilla/5.0 AppleWebKit/537.36 (KHTML, like Gecko; compatible; ClaudeBot/1.0; +claudebot@anthropic.com)" "216.73.216.107" 99 0.237 "11629" "0.238" "test.newsite.space"
2a03:2880:f80e:1c:: - - [23/Jan/2026:06:54:10 -0500] "GET /f7c78/?path=/srv/users/craft4/apps/craft4-newsite-space/public/cpresources/203937da/css/../../6df6f5d8/../b6b51f3f/../60b5d681 HTTP/2.0" 200 1554 "-" "meta-externalagent/1.1 (+https://developers.facebook.com/docs/sharing/webmasters/crawler)" "2a03:2880:f80e:1c::" 154 0.237 "9422" "0.238" "test.newsite.space"
216.73.216.107 - - [23/Jan/2026:06:54:10 -0500] "GET /f7c78/?path=%2Fsrv%2Fusers%2Fcraft4%2F.cache%2F.%2Fcomposer%2Ffiles%2Fcraftcms%2Fcommerce%2F.. HTTP/2.0" 200 1497 "-" "Mozilla/5.0 AppleWebKit/537.36 (KHTML, like Gecko; compatible; ClaudeBot/1.0; +claudebot@anthropic.com)" "216.73.216.107" 225 0.002 "11622" "0.002" "test.newsite.space"
216.73.216.107 - - [23/Jan/2026:06:54:11 -0500] "GET /f7c78/?path=%2Fsrv%2Fusers%2Fcraft4%2F.cache%2Fcomposer%2Ffiles%2Fphenx%2Fphp-svg-lib%2F.. HTTP/2.0" 200 1402 "-" "Mozilla/5.0 AppleWebKit/537.36 (KHTML, like Gecko; compatible; ClaudeBot/1.0; +claudebot@anthropic.com)" "216.73.216.107" 124 0.002 "7500" "0.001" "test.newsite.space"
2a03:2880:f80e:1f:: - - [23/Jan/2026:06:54:11 -0500] "GET /f7c78/?path=/srv/users/craft4/apps/craft4-newsite-space/public/../config/./../../craft4-newsite-space/storage/runtime/cache/fe/../13/../52 HTTP/2.0" 200 1683 "-" "meta-externalagent/1.1 (+https://developers.facebook.com/docs/sharing/webmasters/crawler)" "2a03:2880:f80e:1f::" 241 0.002 "12222" "0.002" "test.newsite.space"
216.73.216.107 - - [23/Jan/2026:06:54:11 -0500] "GET /f7c78/?path=%2Fsrv%2Fusers%2Fcraft4%2F.cache%2Fcomposer%2Ffiles%2Fcraftcms%2F.%2Fplugin-installer%2F.. HTTP/2.0" 200 1503 "-" "Mozilla/5.0 AppleWebKit/537.36 (KHTML, like Gecko; compatible; ClaudeBot/1.0; +claudebot@anthropic.com)" "216.73.216.107" 106 0.002 "11872" "0.002" "test.newsite.space"
216.73.216.107 - - [23/Jan/2026:06:54:11 -0500] "GET /f7c78/?path=%2Fsrv%2Fusers%2Fcraft4%2F.cache%2Fcomposer%2F.%2Ffiles%2Fcomposer%2Fca-bundle%2F.. HTTP/2.0" 200 1548 "-" "Mozilla/5.0 AppleWebKit/537.36 (KHTML, like Gecko; compatible; ClaudeBot/1.0; +claudebot@anthropic.com)" "216.73.216.107" 100 0.001 "13734" "0.001" "test.newsite.space"
2a03:2880:f80e:66:: - - [23/Jan/2026:06:54:11 -0500] "GET /f7c78/?path=/srv/users/craft4/apps/craft4-newsite-space/public/images/../cpresources/b0ac7de7/../fc951955/../108d6eda/fonts/../../f2cd4ff0/../18a196f3 HTTP/2.0" 200 1625 "-" "meta-externalagent/1.1 (+https://developers.facebook.com/docs/sharing/webmasters/crawler)" "2a03:2880:f80e:66::" 171 0.002 "11716" "0.002" "test.newsite.space"
216.73.216.107 - - [23/Jan/2026:06:54:11 -0500] "GET /f7c78/?path=%2Fsrv%2Fusers%2Fcraft4%2F.cache%2Fcomposer%2Ffiles%2Fphenx%2Fphp-font-lib%2F.. HTTP/2.0" 200 1403 "-" "Mozilla/5.0 AppleWebKit/537.36 (KHTML, like Gecko; compatible; ClaudeBot/1.0; +claudebot@anthropic.com)" "216.73.216.107" 129 0.001 "7517" "0.002" "test.newsite.space"
216.73.216.107 - - [23/Jan/2026:06:54:12 -0500] "GET /f7c78/?path=%2Fsrv%2Fusers%2Fcraft4%2F.cache%2Fcomposer%2F.%2Ffiles%2Fcomposer%2F.%2Fxdebug-handler%2F.. HTTP/2.0" 200 1557 "-" "Mozilla/5.0 AppleWebKit/537.36 (KHTML, like Gecko; compatible; ClaudeBot/1.0; +claudebot@anthropic.com)" "216.73.216.107" 107 0.002 "14060" "0.001" "test.newsite.space"
216.73.216.107 - - [23/Jan/2026:06:54:12 -0500] "GET /f7c78/?path=%2Fsrv%2Fusers%2Fcraft4%2F.cache%2F.%2Fcomposer%2Ffiles%2Ftrue%2Fpunycode%2F.. HTTP/2.0" 200 1378 "-" "Mozilla/5.0 AppleWebKit/537.36 (KHTML, like Gecko; compatible; ClaudeBot/1.0; +claudebot@anthropic.com)" "216.73.216.107" 97 0.002 "6507" "0.001" "test.newsite.space"
2a03:2880:f80e:57:: - - [23/Jan/2026:06:54:12 -0500] "GET /f7c78/?path=/srv/users/craft4/apps/craft4-newsite-space/public/./cpresources/b6b51f3f/../a4303b5a/../46fa01b6/../c7192088/../fc951955/../92fd50c/manifest.json HTTP/2.0" 200 1085 "-" "meta-externalagent/1.1 (+https://developers.facebook.com/docs/sharing/webmasters/crawler)" "2a03:2880:f80e:57::" 177 0.002 "4640" "0.002" "test.newsite.space"
216.73.216.107 - - [23/Jan/2026:06:54:12 -0500] "GET /f7c78/?path=%2Fsrv%2Fusers%2Fcraft4%2F.%2F.cache%2Fcomposer%2Ffiles%2Ftrue%2Fpunycode%2F.. HTTP/2.0" 200 1378 "-" "Mozilla/5.0 AppleWebKit/537.36 (KHTML, like Gecko; compatible; ClaudeBot/1.0; +claudebot@anthropic.com)" "216.73.216.107" 97 0.002 "6502" "0.002" "test.newsite.space"
2a03:2880:f80e:38:: - - [23/Jan/2026:06:54:12 -0500] "GET /f7c78/?path=/srv/users/craft4/apps/craft4-newsite-space/public/images/../images/../files/../f7c78/../cpresources/46fa01b6/../60b5d681/../203937da HTTP/2.0" 200 1598 "-" "meta-externalagent/1.1 (+https://developers.facebook.com/docs/sharing/webmasters/crawler)" "2a03:2880:f80e:38::" 167 0.002 "11398" "0.002" "test.newsite.space"
216.73.216.107 - - [23/Jan/2026:06:54:12 -0500] "GET /f7c78/?path=%2Fsrv%2Fusers%2Fcraft4%2F.config%2F.%2F.. HTTP/2.0" 200 1694 "-" "Mozilla/5.0 AppleWebKit/537.36 (KHTML, like Gecko; compatible; ClaudeBot/1.0; +claudebot@anthropic.com)" "216.73.216.107" 73 0.002 "17915" "0.002" "test.newsite.space"
216.73.216.107 - - [23/Jan/2026:06:54:12 -0500] "GET /f7c78/?path=%2Fsrv%2Fusers%2Fcraft4%2Fapps%2Fcraft4-newsite-space%2F.%2Fvendor%2Fyiisoft%2Fyii2%2F.%2F.%2Fhelpers%2FArrayHelper.php HTTP/2.0" 200 1195 "-" "Mozilla/5.0 AppleWebKit/537.36 (KHTML, like Gecko; compatible; ClaudeBot/1.0; +claudebot@anthropic.com)" "216.73.216.107" 127 0.002 "3807" "0.003" "test.newsite.space"
2a03:2880:f80e:34:: - - [23/Jan/2026:06:54:12 -0500] "GET /f7c78/?create&path=/srv/users/craft4/apps/craft4-newsite-space/public/cpresources/./28e2e3a3/../203937da/././../6b9f20ee/../c1b7baf0 HTTP/2.0" 200 1127 "-" "meta-externalagent/1.1 (+https://developers.facebook.com/docs/sharing/webmasters/crawler)" "2a03:2880:f80e:34::" 157 0.002 "4114" "0.002" "test.newsite.space"
216.73.216.107 - - [23/Jan/2026:06:54:13 -0500] "GET /f7c78/?path=%2Fsrv%2Fusers%2Fcraft4%2Fapps%2Fcraft4-newsite-space%2Fvendor%2Fyiisoft%2F.%2Fyii2%2Fvalidators%2FDateValidator.php HTTP/2.0" 200 5816 "-" "Mozilla/5.0 AppleWebKit/537.36 (KHTML, like Gecko; compatible; ClaudeBot/1.0; +claudebot@anthropic.com)" "216.73.216.107" 125 0.003 "25016" "0.003" "test.newsite.space"
216.73.216.107 - - [23/Jan/2026:06:54:13 -0500] "GET /f7c78/?path=%2Fsrv%2Fusers%2Fcraft4%2Fapps%2Fcraft4-newsite-space%2Fvendor%2F.%2F.%2Fcebe%2Fmarkdown%2FMarkdownExtra.php HTTP/2.0" 200 3233 "-" "Mozilla/5.0 AppleWebKit/537.36 (KHTML, like Gecko; compatible; ClaudeBot/1.0; +claudebot@anthropic.com)" "216.73.216.107" 120 0.002 "11755" "0.002" "test.newsite.space"
216.73.216.107 - - [23/Jan/2026:06:54:13 -0500] "GET /f7c78/?path=%2Fsrv%2Fusers%2Fcraft4%2Fapps%2F.%2Fcraft4-newsite-space%2F.%2Fplugins%2Fcommerce-helcim%2Fsrc%2Fgateways HTTP/2.0" 200 1455 "-" "Mozilla/5.0 AppleWebKit/537.36 (KHTML, like Gecko; compatible; ClaudeBot/1.0; +claudebot@anthropic.com)" "216.73.216.107" 118 0.002 "7061" "0.002" "test.newsite.space"
216.73.216.107 - - [23/Jan/2026:06:54:13 -0500] "GET /f7c78/?path=%2Fsrv%2Fusers%2Fcraft4%2Fapps%2Fcraft4-newsite-space%2F.%2Fplugins%2F.%2Fcommerce-helcim%2Fsrc%2Fgateways HTTP/2.0" 200 1460 "-" "Mozilla/5.0 AppleWebKit/537.36 (KHTML, like Gecko; compatible; ClaudeBot/1.0; +claudebot@anthropic.com)" "216.73.216.107" 118 0.002 "7086" "0.002" "test.newsite.space"
2a03:2880:f80e:46:: - - [23/Jan/2026:06:54:13 -0500] "GET /f7c78/?create&path=/srv/users/craft4/apps/craft4-newsite-space/public/images/../cpresources/5e0f94ef/../f8e62810/../b0ac7de7/b0ac7de7 HTTP/2.0" 200 1111 "-" "meta-externalagent/1.1 (+https://developers.facebook.com/docs/sharing/webmasters/crawler)" "2a03:2880:f80e:46::" 158 0.001 "3873" "0.002" "test.newsite.space"
216.73.216.107 - - [23/Jan/2026:06:54:13 -0500] "GET /f7c78/?path=%2Fsrv%2Fusers%2Fcraft4%2Fapps%2Fcraft4-newsite-space%2F.%2F.%2Fplugins%2Fcommerce-helcim%2Fsrc%2Fgateways HTTP/2.0" 200 1458 "-" "Mozilla/5.0 AppleWebKit/537.36 (KHTML, like Gecko; compatible; ClaudeBot/1.0; +claudebot@anthropic.com)" "216.73.216.107" 117 0.002 "7080" "0.002" "test.newsite.space"
2a03:2880:f80e:30:: - - [23/Jan/2026:06:54:13 -0500] "GET /f7c78/?path=/srv/users/craft4/apps/craft4-newsite-space/public/../storage/./config-deltas/../runtime/cache/2b/../c9/../82/.. HTTP/2.0" 200 3217 "-" "meta-externalagent/1.1 (+https://developers.facebook.com/docs/sharing/webmasters/crawler)" "2a03:2880:f80e:30::" 152 0.005 "252234" "0.005" "test.newsite.space"
216.73.216.107 - - [23/Jan/2026:06:54:14 -0500] "GET /f7c78/?path=%2Fsrv%2Fusers%2Fcraft4%2F.%2Fapps%2Fcraft4-newsite-space%2F.%2Fplugins%2Fcommerce-helcim%2Fsrc%2Fgateways HTTP/2.0" 200 1459 "-" "Mozilla/5.0 AppleWebKit/537.36 (KHTML, like Gecko; compatible; ClaudeBot/1.0; +claudebot@anthropic.com)" "216.73.216.107" 221 0.003 "7058" "0.003" "test.newsite.space"
2a03:2880:f80e:69:: - - [23/Jan/2026:06:54:14 -0500] "GET /f7c78/?path=/srv/users/craft4/apps/craft4-newsite-space/public/../vendor/./yiisoft/../composer/../../storage/runtime/compiled_templates/bc HTTP/2.0" 200 1602 "-" "meta-externalagent/1.1 (+https://developers.facebook.com/docs/sharing/webmasters/crawler)" "2a03:2880:f80e:69::" 162 0.008 "9955" "0.009" "test.newsite.space"
216.73.216.107 - - [23/Jan/2026:06:54:14 -0500] "GET /f7c78/?path=%2Fsrv%2Fusers%2Fcraft4%2Fapps%2F.%2F.%2Fcraft4-newsite-space%2Fplugins%2Fcommerce-helcim%2Fsrc%2Fgateways HTTP/2.0" 200 1455 "-" "Mozilla/5.0 AppleWebKit/537.36 (KHTML, like Gecko; compatible; ClaudeBot/1.0; +claudebot@anthropic.com)" "216.73.216.107" 118 0.008 "7042" "0.008" "test.newsite.space"
216.73.216.107 - - [23/Jan/2026:06:54:14 -0500] "GET /f7c78/?path=%2Fsrv%2Fusers%2Fcraft4%2Fapps%2Fcraft4-newsite-space%2Fvendor%2F.%2F.%2Fsymfony%2Fconsole%2FCommandLoader%2F.. HTTP/2.0" 200 2141 "-" "Mozilla/5.0 AppleWebKit/537.36 (KHTML, like Gecko; compatible; ClaudeBot/1.0; +claudebot@anthropic.com)" "216.73.216.107" 122 0.005 "39287" "0.005" "test.newsite.space"
216.73.216.107 - - [23/Jan/2026:06:54:14 -0500] "GET /f7c78/?path=%2Fsrv%2Fusers%2Fcraft4%2Fapps%2F.%2Fcraft4-newsite-space%2F.%2Fvendor%2Fsymfony%2Fconsole%2FCommandLoader%2F.. HTTP/2.0" 200 2141 "-" "Mozilla/5.0 AppleWebKit/537.36 (KHTML, like Gecko; compatible; ClaudeBot/1.0; +claudebot@anthropic.com)" "216.73.216.107" 121 0.003 "39258" "0.003" "test.newsite.space"
2a03:2880:f80e:2c:: - - [23/Jan/2026:06:54:15 -0500] "GET /f7c78/?path=/srv/users/craft4/apps/craft4-newsite-space/public/./cpresources/b6b51f3f/.././b1daeca9/./../c57df74c/.././e371ba21/../a091a247 HTTP/2.0" 200 1629 "-" "meta-externalagent/1.1 (+https://developers.facebook.com/docs/sharing/webmasters/crawler)" "2a03:2880:f80e:2c::" 164 0.002 "12521" "0.002" "test.newsite.space"
65.108.78.33 - - [23/Jan/2026:06:54:16 -0500] "GET /f7c78/?path=/srv/users/craft4/log/craft4-newsite-space/./craft4-newsite-space_php8.1.access.log.7.gz HTTP/2.0" 200 5262033 "-" "Mozilla/5.0 (compatible; MJ12bot/v1.4.8; http://mj12bot.com/)" "65.108.78.33" 325 2.167 "11657269" "2.166" "test.newsite.space"
216.73.216.107 - - [23/Jan/2026:06:54:16 -0500] "GET /f7c78/?path=%2Fsrv%2Fusers%2Fcraft4%2Fapps%2Fcraft4-newsite-space%2Fpublic%2F.%2F.%2Fcpresources%2Fb1daeca9%2F.. HTTP/2.0" 200 2352 "-" "Mozilla/5.0 AppleWebKit/537.36 (KHTML, like Gecko; compatible; ClaudeBot/1.0; +claudebot@anthropic.com)" "216.73.216.107" 113 0.757 "60586" "0.758" "test.newsite.space"
2a03:2880:f80e:48:: - - [23/Jan/2026:06:54:16 -0500] "GET /f7c78/?path=/srv/users/craft4/apps/craft4-newsite-space/public/./cpresources/./60fe2959/../108d6eda/../aac2e380/../2256e190/../92fd50c HTTP/2.0" 200 1581 "-" "meta-externalagent/1.1 (+https://developers.facebook.com/docs/sharing/webmasters/crawler)" "2a03:2880:f80e:48::" 160 0.757 "10806" "0.758" "test.newsite.space"
2a03:2880:f80e:2b:: - - [23/Jan/2026:06:54:16 -0500] "GET /f7c78/?path=/srv/users/craft4/apps/craft4-newsite-space/public/images/./../30a37/../cpresources/a091a247/.././a4303b5a/../108d6eda/./.. HTTP/2.0" 200 2470 "-" "meta-externalagent/1.1 (+https://developers.facebook.com/docs/sharing/webmasters/crawler)" "2a03:2880:f80e:2b::" 160 0.760 "69212" "0.761" "test.newsite.space"
216.73.216.107 - - [23/Jan/2026:06:54:17 -0500] "GET /f7c78/?path=%2Fsrv%2Fusers%2Fcraft4%2Fapps%2F.%2F.%2Fcraft4-newsite-space%2Fpublic%2Fcpresources%2Fb1daeca9%2F.. HTTP/2.0" 200 2352 "-" "Mozilla/5.0 AppleWebKit/537.36 (KHTML, like Gecko; compatible; ClaudeBot/1.0; +claudebot@anthropic.com)" "216.73.216.107" 113 0.002 "60538" "0.002" "test.newsite.space"
2a03:2880:f80e:26:: - - [23/Jan/2026:06:54:17 -0500] "GET /f7c78/?path=/srv/users/craft4/apps/craft4-newsite-space/public/../config/../vendor/./justinrainbow/../doctrine/../composer/./../pixelandtonic HTTP/2.0" 200 1485 "-" "meta-externalagent/1.1 (+https://developers.facebook.com/docs/sharing/webmasters/crawler)" "2a03:2880:f80e:26::" 165 0.002 "8609" "0.001" "test.newsite.space"
216.73.216.107 - - [23/Jan/2026:06:54:17 -0500] "GET /f7c78/?path=%2Fsrv%2Fusers%2Fcraft4%2F.%2Fapps%2Fcraft4-newsite-space%2Fpublic%2F.%2Fcpresources%2Fb1daeca9%2F.. HTTP/2.0" 200 2355 "-" "Mozilla/5.0 AppleWebKit/537.36 (KHTML, like Gecko; compatible; ClaudeBot/1.0; +claudebot@anthropic.com)" "216.73.216.107" 112 0.002 "60559" "0.002" "test.newsite.space"
216.73.216.107 - - [23/Jan/2026:06:54:17 -0500] "GET /f7c78/?path=%2Fsrv%2Fusers%2Fcraft4%2Fapps%2F.%2Fcraft4-newsite-space%2F.%2Fpublic%2Fcpresources%2Fb1daeca9%2F.. HTTP/2.0" 200 2354 "-" "Mozilla/5.0 AppleWebKit/537.36 (KHTML, like Gecko; compatible; ClaudeBot/1.0; +claudebot@anthropic.com)" "216.73.216.107" 112 0.002 "60557" "0.002" "test.newsite.space"
2a03:2880:f80e:4d:: - - [23/Jan/2026:06:54:17 -0500] "GET /f7c78/?path=/srv/users/craft4/apps/craft4-newsite-space/public/cpresources/7acb0f10/./../b0ac7de7/.././e3294a7e/./../60b5d681/.././b89e6451/../b89e6451/./images HTTP/2.0" 200 1665 "-" "meta-externalagent/1.1 (+https://developers.facebook.com/docs/sharing/webmasters/crawler)" "2a03:2880:f80e:4d::" 178 0.003 "15050" "0.002" "test.newsite.space"
216.73.216.107 - - [23/Jan/2026:06:54:17 -0500] "GET /f7c78/?path=%2Fsrv%2Fusers%2Fcraft4%2Fapps%2Fcraft4-newsite-space%2F.%2Fplugins%2F.%2Fcraft-content-buddy%2Fsrc HTTP/2.0" 200 1722 "-" "Mozilla/5.0 AppleWebKit/537.36 (KHTML, like Gecko; compatible; ClaudeBot/1.0; +claudebot@anthropic.com)" "216.73.216.107" 113 0.001 "20774" "0.002" "test.newsite.space"
2a03:2880:f80e:2f:: - - [23/Jan/2026:06:54:17 -0500] "GET /f7c78/?path=/srv/users/craft4/apps/craft4-newsite-space/public/./cpresources/18a196f3/./../7683ad58/../2256e190/../aed7ab4c/../3ee1a5f9/../fc951955 HTTP/2.0" 200 2873 "-" "meta-externalagent/1.1 (+https://developers.facebook.com/docs/sharing/webmasters/crawler)" "2a03:2880:f80e:2f::" 169 0.004 "106612" "0.004" "test.newsite.space"
2a03:2880:f80e:18:: - - [23/Jan/2026:06:54:17 -0500] "GET /f7c78/?path=/srv/users/craft4/apps/craft4-newsite-space/vendor/elvanto/../egulias/../react/../phpoption/.. HTTP/2.0" 200 2616 "-" "meta-externalagent/1.1 (+https://developers.facebook.com/docs/sharing/webmasters/crawler)" "2a03:2880:f80e:18::" 140 0.002 "65764" "0.002" "test.newsite.space"
216.73.216.107 - - [23/Jan/2026:06:54:18 -0500] "GET /f7c78/?path=%2Fsrv%2Fusers%2Fcraft4%2Fapps%2Fcraft4-newsite-space%2F.%2Fplugins%2Fassets%2Fimages%2Faccesson.php HTTP/2.0" 200 1103 "-" "Mozilla/5.0 AppleWebKit/537.36 (KHTML, like Gecko; compatible; ClaudeBot/1.0; +claudebot@anthropic.com)" "216.73.216.107" 112 0.001 "3269" "0.002" "test.newsite.space"
216.73.216.107 - - [23/Jan/2026:06:54:18 -0500] "GET /f7c78/?path=%2Fsrv%2Fusers%2Fcraft4%2Fapps%2Fcraft4-newsite-space%2Fvendor%2Fsymfony%2F.%2Fconsole%2FCommand%2FCompleteCommand.php HTTP/2.0" 200 3385 "-" "Mozilla/5.0 AppleWebKit/537.36 (KHTML, like Gecko; compatible; ClaudeBot/1.0; +claudebot@anthropic.com)" "216.73.216.107" 127 0.002 "12830" "0.002" "test.newsite.space"
216.73.216.107 - - [23/Jan/2026:06:54:18 -0500] "GET /f7c78/?path=%2Fsrv%2Fusers%2Fcraft4%2Fapps%2Fcraft4-newsite-space%2F.%2Fplugins%2F.%2Fcraftcms-bastion-agent%2Fsrc HTTP/2.0" 200 1563 "-" "Mozilla/5.0 AppleWebKit/537.36 (KHTML, like Gecko; compatible; ClaudeBot/1.0; +claudebot@anthropic.com)" "216.73.216.107" 114 0.002 "12343" "0.002" "test.newsite.space"
216.73.216.107 - - [23/Jan/2026:06:54:18 -0500] "GET /f7c78/?path=%2Fsrv%2Fusers%2Fcraft4%2Fapps%2Fcraft4-newsite-space%2F.%2Fvendor%2F.%2F.%2Fpsy%2F.%2F.. HTTP/2.0" 200 2523 "-" "Mozilla/5.0 AppleWebKit/537.36 (KHTML, like Gecko; compatible; ClaudeBot/1.0; +claudebot@anthropic.com)" "216.73.216.107" 106 0.003 "60482" "0.002" "test.newsite.space"
216.73.216.107 - - [23/Jan/2026:06:54:18 -0500] "GET /f7c78/?path=%2Fsrv%2Fusers%2Fcraft4%2Fapps%2Fcraft4-newsite-space%2Fplugins%2F.%2Fcraftcms-bastion-agent%2F.%2Fsrc HTTP/2.0" 200 1563 "-" "Mozilla/5.0 AppleWebKit/537.36 (KHTML, like Gecko; compatible; ClaudeBot/1.0; +claudebot@anthropic.com)" "216.73.216.107" 114 0.002 "12370" "0.002" "test.newsite.space"
216.73.216.107 - - [23/Jan/2026:06:54:18 -0500] "GET /f7c78/?path=%2Fsrv%2Fusers%2Fcraft4%2F.%2Fapps%2Fcraft4-newsite-space%2F.%2Fvendor%2Fpsy%2F.%2F.%2F.. HTTP/2.0" 200 2523 "-" "Mozilla/5.0 AppleWebKit/537.36 (KHTML, like Gecko; compatible; ClaudeBot/1.0; +claudebot@anthropic.com)" "216.73.216.107" 106 0.003 "60457" "0.003" "test.newsite.space"
216.73.216.107 - - [23/Jan/2026:06:54:18 -0500] "GET /f7c78/?path=%2Fsrv%2Fusers%2Fcraft4%2Fapps%2F.%2F.%2Fcraft4-newsite-space%2Fplugins%2Fcraftcms-bastion-agent%2Fsrc HTTP/2.0" 200 1558 "-" "Mozilla/5.0 AppleWebKit/537.36 (KHTML, like Gecko; compatible; ClaudeBot/1.0; +claudebot@anthropic.com)" "216.73.216.107" 113 0.002 "12299" "0.003" "test.newsite.space"
216.73.216.107 - - [23/Jan/2026:06:54:19 -0500] "GET /f7c78/?path=%2Fsrv%2Fusers%2Fcraft4%2Fapps%2Fcraft4-newsite-space%2F.%2F.%2Fplugins%2Fcraftcms-bastion-agent%2Fsrc HTTP/2.0" 200 1561 "-" "Mozilla/5.0 AppleWebKit/537.36 (KHTML, like Gecko; compatible; ClaudeBot/1.0; +claudebot@anthropic.com)" "216.73.216.107" 113 0.002 "12337" "0.002" "test.newsite.space"
216.73.216.107 - - [23/Jan/2026:06:54:19 -0500] "GET /f7c78/?path=%2Fsrv%2Fusers%2Fcraft4%2Fapps%2Fcraft4-newsite-space%2Fpublic%2Fcpresources%2F92fd50c%2Fcss%2F.%2F.. HTTP/2.0" 200 1500 "-" "Mozilla/5.0 AppleWebKit/537.36 (KHTML, like Gecko; compatible; ClaudeBot/1.0; +claudebot@anthropic.com)" "216.73.216.107" 113 0.002 "9125" "0.001" "test.newsite.space"
65.108.78.33 - - [23/Jan/2026:06:54:19 -0500] "GET /f7c78/?path=/srv/users/craft4/log/craft4-newsite-space/./craft4-newsite-space_php8.1.access.log.8.gz HTTP/2.0" 200 5230243 "-" "Mozilla/5.0 (compatible; MJ12bot/v1.4.8; http://mj12bot.com/)" "65.108.78.33" 325 1.029 "11554141" "1.030" "test.newsite.space"
216.73.216.107 - - [23/Jan/2026:06:54:19 -0500] "GET /f7c78/?path=%2Fsrv%2Fusers%2Fcraft4%2F.%2Fapps%2Fcraft4-newsite-space%2Fstorage%2Fconfig-deltas%2F.. HTTP/2.0" 200 1606 "-" "Mozilla/5.0 AppleWebKit/537.36 (KHTML, like Gecko; compatible; ClaudeBot/1.0; +claudebot@anthropic.com)" "216.73.216.107" 103 0.803 "14905" "0.803" "test.newsite.space"
216.73.216.107 - - [23/Jan/2026:06:54:19 -0500] "GET /f7c78/?path=%2Fsrv%2Fusers%2Fcraft4%2Fapps%2F.%2Fcraft4-newsite-space%2Fstorage%2Fconfig-deltas%2F.. HTTP/2.0" 200 1606 "-" "Mozilla/5.0 AppleWebKit/537.36 (KHTML, like Gecko; compatible; ClaudeBot/1.0; +claudebot@anthropic.com)" "216.73.216.107" 103 0.803 "14908" "0.803" "test.newsite.space"
2a03:2880:f80e:a:: - - [23/Jan/2026:06:54:19 -0500] "GET /f7c78/?create&path=/srv/users/craft4/apps/craft4-newsite-space/public/cpresources/f2cd4ff0/../c7192088/../cec54a4c/../aed7ab4c/../30f2c67a/../5e0f94ef/../c57df74c HTTP/2.0" 200 1163 "-" "meta-externalagent/1.1 (+https://developers.facebook.com/docs/sharing/webmasters/crawler)" "2a03:2880:f80e:a::" 179 0.803 "4719" "0.803" "test.newsite.space"
2a03:2880:f80e:33:: - - [23/Jan/2026:06:54:19 -0500] "GET /f7c78/?path=/srv/users/craft4/apps/craft4-newsite-space/public/cpresources/92fd50c/../108d6eda/.././6b9f20ee/.././92fd50c/../c57df74c HTTP/2.0" 200 1569 "-" "meta-externalagent/1.1 (+https://developers.facebook.com/docs/sharing/webmasters/crawler)" "2a03:2880:f80e:33::" 160 0.803 "9828" "0.803" "test.newsite.space"
216.73.216.107 - - [23/Jan/2026:06:54:19 -0500] "GET /f7c78/?path=%2Fsrv%2Fusers%2Fcraft4%2F.%2Fapps%2Fcraft4-newsite-space%2F.%2Fplugins%2Fcraftcms-bastion-agent%2Fsrc HTTP/2.0" 200 1561 "-" "Mozilla/5.0 AppleWebKit/537.36 (KHTML, like Gecko; compatible; ClaudeBot/1.0; +claudebot@anthropic.com)" "216.73.216.107" 141 0.808 "12315" "0.808" "test.newsite.space"
2a03:2880:f80e:2a:: - - [23/Jan/2026:06:54:19 -0500] "GET /f7c78/?path=/srv/users/craft4/apps/craft4-newsite-space/public/cpresources/6b9f20ee/.././b89e6451/../108d6eda/../../3534f/../cpresources/aac2e380 HTTP/2.0" 200 1688 "-" "meta-externalagent/1.1 (+https://developers.facebook.com/docs/sharing/webmasters/crawler)" "2a03:2880:f80e:2a::" 168 0.808 "14341" "0.808" "test.newsite.space"
216.73.216.107 - - [23/Jan/2026:06:54:19 -0500] "GET /f7c78/?path=%2Fsrv%2Fusers%2Fcraft4%2Fapps%2Fcraft4-newsite-space%2Fstorage%2F.%2Fconfig-deltas%2F.. HTTP/2.0" 200 1608 "-" "Mozilla/5.0 AppleWebKit/537.36 (KHTML, like Gecko; compatible; ClaudeBot/1.0; +claudebot@anthropic.com)" "216.73.216.107" 104 0.250 "14933" "0.250" "test.newsite.space"
216.73.216.107 - - [23/Jan/2026:06:54:19 -0500] "GET /f7c78/?path=%2Fsrv%2Fusers%2Fcraft4%2Fapps%2Fcraft4-newsite-space%2Fpublic%2F.%2Fcpresources%2F92fd50c%2Fcss%2F.. HTTP/2.0" 200 1500 "-" "Mozilla/5.0 AppleWebKit/537.36 (KHTML, like Gecko; compatible; ClaudeBot/1.0; +claudebot@anthropic.com)" "216.73.216.107" 113 0.001 "9107" "0.002" "test.newsite.space"
216.73.216.107 - - [23/Jan/2026:06:54:20 -0500] "GET /f7c78/?path=%2Fsrv%2Fusers%2Fcraft4%2Fapps%2F.%2Fcraft4-newsite-space%2F.%2Fplugins%2Fcraftcms-bastion-agent%2Fsrc HTTP/2.0" 200 1560 "-" "Mozilla/5.0 AppleWebKit/537.36 (KHTML, like Gecko; compatible; ClaudeBot/1.0; +claudebot@anthropic.com)" "216.73.216.107" 136 0.002 "12318" "0.002" "test.newsite.space"
216.73.216.107 - - [23/Jan/2026:06:54:20 -0500] "GET /f7c78/?path=%2Fsrv%2Fusers%2Fcraft4%2Fapps%2Fcraft4-newsite-space%2Fvendor%2F.%2Fcraftcms%2Fcms%2Fsrc%2Fgql%2F.%2FArgumentManager.php HTTP/2.0" 200 2623 "-" "Mozilla/5.0 AppleWebKit/537.36 (KHTML, like Gecko; compatible; ClaudeBot/1.0; +claudebot@anthropic.com)" "216.73.216.107" 155 0.002 "9356" "0.002" "test.newsite.space"
2a03:2880:f80e:21:: - - [23/Jan/2026:06:54:20 -0500] "GET /f7c78/?path=/srv/users/craft4/apps/craft4-newsite-space/public/images/../cpresources/./bb245e8e/../b1daeca9/../../del.php HTTP/2.0" 200 1037 "-" "meta-externalagent/1.1 (+https://developers.facebook.com/docs/sharing/webmasters/crawler)" "2a03:2880:f80e:21::" 176 0.003 "3877" "0.002" "test.newsite.space"
216.73.216.107 - - [23/Jan/2026:06:54:20 -0500] "GET /f7c78/?path=%2Fsrv%2Fusers%2Fcraft4%2Fapps%2Fcraft4-newsite-space%2Fvendor%2Fyiisoft%2Fyii2%2Fmail%2FBaseMessage.php HTTP/2.0" 200 1671 "-" "Mozilla/5.0 AppleWebKit/537.36 (KHTML, like Gecko; compatible; ClaudeBot/1.0; +claudebot@anthropic.com)" "216.73.216.107" 116 0.002 "5076" "0.002" "test.newsite.space"
216.73.216.107 - - [23/Jan/2026:06:54:20 -0500] "GET /f7c78/?path=%2Fsrv%2Fusers%2Fcraft4%2Fapps%2Fcraft4-newsite-space%2Fvendor%2Fcraftcms%2Fcms%2Fsrc%2Fgql%2F.%2F.%2FArgumentManager.php HTTP/2.0" 200 2621 "-" "Mozilla/5.0 AppleWebKit/537.36 (KHTML, like Gecko; compatible; ClaudeBot/1.0; +claudebot@anthropic.com)" "216.73.216.107" 178 0.002 "9369" "0.003" "test.newsite.space"
216.73.216.107 - - [23/Jan/2026:06:54:20 -0500] "GET /f7c78/?path=%2Fsrv%2Fusers%2Fcraft4%2Fapps%2Fcraft4-newsite-space%2Fvendor%2Ftwig%2Ftwig%2Fsrc%2F.%2FCache%2FCacheInterface.php HTTP/2.0" 200 1435 "-" "Mozilla/5.0 AppleWebKit/537.36 (KHTML, like Gecko; compatible; ClaudeBot/1.0; +claudebot@anthropic.com)" "216.73.216.107" 124 0.002 "4358" "0.002" "test.newsite.space"
216.73.216.107 - - [23/Jan/2026:06:54:20 -0500] "GET /f7c78/?path=%2Fsrv%2Fusers%2Fcraft4%2Fapps%2Fcraft4-newsite-space%2Fvendor%2Fcraftcms%2F.%2Fcms%2Fsrc%2Fgql%2F.%2FArgumentManager.php HTTP/2.0" 200 2625 "-" "Mozilla/5.0 AppleWebKit/537.36 (KHTML, like Gecko; compatible; ClaudeBot/1.0; +claudebot@anthropic.com)" "216.73.216.107" 128 0.003 "9363" "0.002" "test.newsite.space"
216.73.216.107 - - [23/Jan/2026:06:54:20 -0500] "GET /f7c78/?path=%2Fsrv%2Fusers%2Fcraft4%2Fapps%2Fcraft4-newsite-space%2F.%2Fvendor%2Fyiisoft%2Fyii2%2F.%2Fvalidators%2FSafeValidator.php HTTP/2.0" 200 1624 "-" "Mozilla/5.0 AppleWebKit/537.36 (KHTML, like Gecko; compatible; ClaudeBot/1.0; +claudebot@anthropic.com)" "216.73.216.107" 127 0.002 "4865" "0.002" "test.newsite.space"
216.73.216.107 - - [23/Jan/2026:06:54:20 -0500] "GET /f7c78/?path=%2Fsrv%2Fusers%2Fcraft4%2Fapps%2Fcraft4-newsite-space%2Fvendor%2Fcraftcms%2Fcms%2Fsrc%2F.%2Fgql%2F.%2FArgumentManager.php HTTP/2.0" 200 2624 "-" "Mozilla/5.0 AppleWebKit/537.36 (KHTML, like Gecko; compatible; ClaudeBot/1.0; +claudebot@anthropic.com)" "216.73.216.107" 136 0.002 "9367" "0.001" "test.newsite.space"
2a03:2880:f80e:3f:: - - [23/Jan/2026:06:54:20 -0500] "GET /f7c78/?path=/srv/users/craft4/apps/craft4-newsite-space/public/./cpresources/814f3b07/../b2c756a7/../3ee1a5f9/../f7099225/../e371ba21/../a091a247/../f2cd4ff0/.. HTTP/2.0" 200 2507 "-" "meta-externalagent/1.1 (+https://developers.facebook.com/docs/sharing/webmasters/crawler)" "2a03:2880:f80e:3f::" 244 0.003 "73798" "0.003" "test.newsite.space"
216.73.216.107 - - [23/Jan/2026:06:54:20 -0500] "GET /f7c78/?path=%2Fsrv%2Fusers%2Fcraft4%2Fapps%2Fcraft4-newsite-space%2Fpublic%2Fcpresources%2F.%2F.%2Fc7192088%2Fcss%2F.. HTTP/2.0" 200 1550 "-" "Mozilla/5.0 AppleWebKit/537.36 (KHTML, like Gecko; compatible; ClaudeBot/1.0; +claudebot@anthropic.com)" "216.73.216.107" 117 0.001 "10514" "0.002" "test.newsite.space"
216.73.216.107 - - [23/Jan/2026:06:54:21 -0500] "GET /f7c78/?path=%2Fsrv%2Fusers%2Fcraft4%2Fapps%2Fcraft4-newsite-space%2Fpublic%2Fcpresources%2F7683ad58%2Fcss%2F.. HTTP/2.0" 200 1530 "-" "Mozilla/5.0 AppleWebKit/537.36 (KHTML, like Gecko; compatible; ClaudeBot/1.0; +claudebot@anthropic.com)" "216.73.216.107" 111 0.002 "10171" "0.002" "test.newsite.space"
216.73.216.107 - - [23/Jan/2026:06:54:21 -0500] "GET /f7c78/?path=%2Fsrv%2Fusers%2Fcraft4%2Fapps%2Fcraft4-newsite-space%2Fpublic%2Fcpresources%2F814f3b07%2Fcss%2F.%2F.%2F.. HTTP/2.0" 200 1518 "-" "Mozilla/5.0 AppleWebKit/537.36 (KHTML, like Gecko; compatible; ClaudeBot/1.0; +claudebot@anthropic.com)" "216.73.216.107" 117 0.002 "9409" "0.002" "test.newsite.space"
2a03:2880:f80e:4e:: - - [23/Jan/2026:06:54:21 -0500] "GET /f7c78/?path=/srv/users/craft4/apps/craft4-newsite-space/public/./cpresources/./897c2d24/../b0ac7de7/.././aed7ab4c/../.././cpresources/e3294a7e/.././7683ad58 HTTP/2.0" 200 1640 "-" "meta-externalagent/1.1 (+https://developers.facebook.com/docs/sharing/webmasters/crawler)" "2a03:2880:f80e:4e::" 240 0.002 "13341" "0.002" "test.newsite.space"
216.73.216.107 - - [23/Jan/2026:06:54:21 -0500] "GET /f7c78/?path=%2Fsrv%2Fusers%2Fcraft4%2Fapps%2Fcraft4-newsite-space%2Fvendor%2Felvanto%2F.%2F.%2F.. HTTP/2.0" 200 2515 "-" "Mozilla/5.0 AppleWebKit/537.36 (KHTML, like Gecko; compatible; ClaudeBot/1.0; +claudebot@anthropic.com)" "216.73.216.107" 116 0.002 "60325" "0.002" "test.newsite.space"
216.73.216.107 - - [23/Jan/2026:06:54:21 -0500] "GET /f7c78/?path=%2Fsrv%2Fusers%2Fcraft4%2Fapps%2Fcraft4-newsite-space%2Fpublic%2Fcpresources%2F.%2F.%2F814f3b07%2Fcss%2F.. HTTP/2.0" 200 1518 "-" "Mozilla/5.0 AppleWebKit/537.36 (KHTML, like Gecko; compatible; ClaudeBot/1.0; +claudebot@anthropic.com)" "216.73.216.107" 117 0.001 "9391" "0.002" "test.newsite.space"
216.73.216.107 - - [23/Jan/2026:06:54:21 -0500] "GET /f7c78/?path=%2Fsrv%2Fusers%2Fcraft4%2F.%2Fapps%2Fcraft4-newsite-space%2Fstorage%2F.%2Ffiles%2F137%2F.. HTTP/2.0" 200 1526 "-" "Mozilla/5.0 AppleWebKit/537.36 (KHTML, like Gecko; compatible; ClaudeBot/1.0; +claudebot@anthropic.com)" "216.73.216.107" 105 0.002 "9932" "0.002" "test.newsite.space"
216.73.216.107 - - [23/Jan/2026:06:54:21 -0500] "GET /f7c78/?path=%2Fsrv%2Fusers%2Fcraft4%2Fapps%2Fcraft4-newsite-space%2Fpublic%2Fcpresources%2F.%2F.%2Fe9e49845%2Fcss%2F.. HTTP/2.0" 200 1542 "-" "Mozilla/5.0 AppleWebKit/537.36 (KHTML, like Gecko; compatible; ClaudeBot/1.0; +claudebot@anthropic.com)" "216.73.216.107" 117 0.002 "10454" "0.002" "test.newsite.space"
216.73.216.107 - - [23/Jan/2026:06:54:21 -0500] "GET /f7c78/?path=%2Fsrv%2Fusers%2Fcraft4%2Fapps%2Fcraft4-newsite-space%2Fstorage%2Ffiles%2F.%2F.%2F137%2F.. HTTP/2.0" 200 1524 "-" "Mozilla/5.0 AppleWebKit/537.36 (KHTML, like Gecko; compatible; ClaudeBot/1.0; +claudebot@anthropic.com)" "216.73.216.107" 105 0.002 "9968" "0.002" "test.newsite.space"
216.73.216.107 - - [23/Jan/2026:06:54:21 -0500] "GET /f7c78/?path=%2Fsrv%2Fusers%2Fcraft4%2Fapps%2Fcraft4-newsite-space%2Fvendor%2Fyiisoft%2F.%2Fyii2%2Fvalidators%2FCompareValidator.php HTTP/2.0" 200 3225 "-" "Mozilla/5.0 AppleWebKit/537.36 (KHTML, like Gecko; compatible; ClaudeBot/1.0; +claudebot@anthropic.com)" "216.73.216.107" 126 0.002 "15251" "0.002" "test.newsite.space"
2a03:2880:f80e:4d:: - - [23/Jan/2026:06:54:21 -0500] "GET /f7c78/?path=/srv/users/craft4/apps/craft4-newsite-space/public/./cpresources/e371ba21/../././c57df74c/../5d88fcbb/../b1daeca9/../././897c2d24/../9599b988 HTTP/2.0" 200 1599 "-" "meta-externalagent/1.1 (+https://developers.facebook.com/docs/sharing/webmasters/crawler)" "2a03:2880:f80e:4d::" 174 0.002 "10708" "0.002" "test.newsite.space"
216.73.216.107 - - [23/Jan/2026:06:54:21 -0500] "GET /f7c78/?path=%2Fsrv%2Fusers%2Fcraft4%2F.%2Fapps%2Fcraft4-newsite-space%2Fstorage%2Ffiles%2F.%2F137%2F.. HTTP/2.0" 200 1527 "-" "Mozilla/5.0 AppleWebKit/537.36 (KHTML, like Gecko; compatible; ClaudeBot/1.0; +claudebot@anthropic.com)" "216.73.216.107" 105 0.002 "9936" "0.002" "test.newsite.space"
2a03:2880:f80e:30:: - - [23/Jan/2026:06:54:22 -0500] "GET /f7c78/?path=/srv/users/craft4/apps/craft4-newsite-space/public/./cpresources/7683ad58/.././9e85d86b/../../assets/../cpresources/12dd9/../fc951955/datepicker-ml.js HTTP/2.0" 200 1607 "-" "meta-externalagent/1.1 (+https://developers.facebook.com/docs/sharing/webmasters/crawler)" "2a03:2880:f80e:30::" 179 0.003 "6500" "0.003" "test.newsite.space"
216.73.216.107 - - [23/Jan/2026:06:54:22 -0500] "GET /f7c78/?path=%2Fsrv%2Fusers%2Fcraft4%2Fapps%2Fcraft4-newsite-space%2F.%2F.%2Fplugins%2Fcommerce-helcim%2Fsrc%2FREADME.md HTTP/2.0" 200 953 "-" "Mozilla/5.0 AppleWebKit/537.36 (KHTML, like Gecko; compatible; ClaudeBot/1.0; +claudebot@anthropic.com)" "216.73.216.107" 119 0.003 "3063" "0.003" "test.newsite.space"
216.73.216.107 - - [23/Jan/2026:06:54:22 -0500] "GET /f7c78/?path=%2Fsrv%2Fusers%2Fcraft4%2Fapps%2Fcraft4-newsite-space%2Fstorage%2Ffiles%2F137%2F.%2F.%2F.. HTTP/2.0" 200 1524 "-" "Mozilla/5.0 AppleWebKit/537.36 (KHTML, like Gecko; compatible; ClaudeBot/1.0; +claudebot@anthropic.com)" "216.73.216.107" 106 0.002 "9972" "0.002" "test.newsite.space"
216.73.216.107 - - [23/Jan/2026:06:54:22 -0500] "GET /f7c78/?path=%2Fsrv%2Fusers%2Fcraft4%2Fapps%2Fcraft4-newsite-space%2F.%2Fplugins%2F.%2Fcommerce-helcim%2Fsrc%2FREADME.md HTTP/2.0" 200 955 "-" "Mozilla/5.0 AppleWebKit/537.36 (KHTML, like Gecko; compatible; ClaudeBot/1.0; +claudebot@anthropic.com)" "216.73.216.107" 118 0.002 "3069" "0.002" "test.newsite.space"
216.73.216.107 - - [23/Jan/2026:06:54:22 -0500] "GET /f7c78/?path=%2Fsrv%2Fusers%2Fcraft4%2Fapps%2Fcraft4-newsite-space%2Fvendor%2Fyiisoft%2Fyii2%2Fdata%2F.%2FSqlDataProvider.php HTTP/2.0" 200 2837 "-" "Mozilla/5.0 AppleWebKit/537.36 (KHTML, like Gecko; compatible; ClaudeBot/1.0; +claudebot@anthropic.com)" "216.73.216.107" 123 0.003 "9015" "0.002" "test.newsite.space"
216.73.216.107 - - [23/Jan/2026:06:54:22 -0500] "GET /f7c78/?path=%2Fsrv%2Fusers%2Fcraft4%2F.%2Fapps%2Fcraft4-newsite-space%2F.%2Fplugins%2Fcommerce-helcim%2Fsrc%2FREADME.md HTTP/2.0" 200 951 "-" "Mozilla/5.0 AppleWebKit/537.36 (KHTML, like Gecko; compatible; ClaudeBot/1.0; +claudebot@anthropic.com)" "216.73.216.107" 118 0.001 "3041" "0.002" "test.newsite.space"
216.73.216.107 - - [23/Jan/2026:06:54:22 -0500] "GET /f7c78/?path=%2Fsrv%2Fusers%2Fcraft4%2Fapps%2Fcraft4-newsite-space%2Fvendor%2Ftwig%2F.%2Ftwig%2F.%2Fsrc%2FLoader%2F.. HTTP/2.0" 200 2257 "-" "Mozilla/5.0 AppleWebKit/537.36 (KHTML, like Gecko; compatible; ClaudeBot/1.0; +claudebot@anthropic.com)" "216.73.216.107" 116 0.002 "43545" "0.002" "test.newsite.space"
216.73.216.107 - - [23/Jan/2026:06:54:22 -0500] "GET /f7c78/?path=%2Fsrv%2Fusers%2Fcraft4%2Fapps%2Fcraft4-newsite-space%2Fpublic%2Fcpresources%2F.%2Fcec54a4c%2F.. HTTP/2.0" 200 2345 "-" "Mozilla/5.0 AppleWebKit/537.36 (KHTML, like Gecko; compatible; ClaudeBot/1.0; +claudebot@anthropic.com)" "216.73.216.107" 109 0.002 "60177" "0.002" "test.newsite.space"
216.73.216.107 - - [23/Jan/2026:06:54:22 -0500] "GET /f7c78/?path=%2Fsrv%2Fusers%2Fcraft4%2Fapps%2Fcraft4-newsite-space%2F.%2Fvendor%2Freact%2F.%2Fpromise%2Fsrc%2Ffunctions_include.php HTTP/2.0" 200 1027 "-" "Mozilla/5.0 AppleWebKit/537.36 (KHTML, like Gecko; compatible; ClaudeBot/1.0; +claudebot@anthropic.com)" "216.73.216.107" 125 0.003 "3301" "0.002" "test.newsite.space"
2a03:2880:f80e:35:: - - [23/Jan/2026:06:54:22 -0500] "GET /f7c78/?path=/srv/users/craft4/apps/craft4-newsite-space/public/cpresources/3013a1e4/../5d88fcbb/../6df6f5d8/../e9e49845/../e9e49845/../. HTTP/2.0" 200 2455 "-" "meta-externalagent/1.1 (+https://developers.facebook.com/docs/sharing/webmasters/crawler)" "2a03:2880:f80e:35::" 162 0.005 "69210" "0.005" "test.newsite.space"
216.73.216.107 - - [23/Jan/2026:06:54:22 -0500] "GET /f7c78/?path=%2Fsrv%2Fusers%2Fcraft4%2Fapps%2Fcraft4-newsite-space%2Fpublic%2F.%2Fcpresources%2Fcec54a4c%2F.. HTTP/2.0" 200 2345 "-" "Mozilla/5.0 AppleWebKit/537.36 (KHTML, like Gecko; compatible; ClaudeBot/1.0; +claudebot@anthropic.com)" "216.73.216.107" 109 0.002 "60167" "0.002" "test.newsite.space"
216.73.216.107 - - [23/Jan/2026:06:54:23 -0500] "GET /f7c78/?path=%2Fsrv%2Fusers%2Fcraft4%2F.cache%2F.%2F.%2Fcomposer%2Ffiles%2F.%2F.%2F.%2F.%2Freact%2F.%2F.%2F. HTTP/2.0" 200 1396 "-" "Mozilla/5.0 AppleWebKit/537.36 (KHTML, like Gecko; compatible; ClaudeBot/1.0; +claudebot@anthropic.com)" "216.73.216.107" 214 0.002 "7042" "0.002" "test.newsite.space"
65.108.78.33 - - [23/Jan/2026:06:54:23 -0500] "GET /f7c78/?path=/srv/users/craft4/log/craft4-newsite-space/./craft4-newsite-space_php8.1.access.log.9.gz HTTP/2.0" 200 4307569 "-" "Mozilla/5.0 (compatible; MJ12bot/v1.4.8; http://mj12bot.com/)" "65.108.78.33" 325 0.986 "11533090" "0.986" "test.newsite.space"
2a03:2880:f80e:3c:: - - [23/Jan/2026:06:54:23 -0500] "GET /f7c78/?path=/srv/users/craft4/apps/craft4-newsite-space/public/./cpresources/814f3b07/../e9e49845/../30f2c67a/../f29e9092/../203937da HTTP/2.0" 200 1587 "-" "meta-externalagent/1.1 (+https://developers.facebook.com/docs/sharing/webmasters/crawler)" "2a03:2880:f80e:3c::" 160 0.521 "10791" "0.521" "test.newsite.space"
216.73.216.107 - - [23/Jan/2026:06:54:23 -0500] "GET /f7c78/?path=%2Fsrv%2Fusers%2Fcraft4%2Fapps%2Fcraft4-newsite-space%2Fpublic%2F1cefc%2F1cefc%2F.%2F1cefc%2Fcache.php HTTP/2.0" 200 4774 "-" "Mozilla/5.0 AppleWebKit/537.36 (KHTML, like Gecko; compatible; ClaudeBot/1.0; +claudebot@anthropic.com)" "216.73.216.107" 114 0.521 "8010" "0.521" "test.newsite.space"
216.73.216.107 - - [23/Jan/2026:06:54:23 -0500] "GET /f7c78/?path=%2Fsrv%2Fusers%2Fcraft4%2F.cache%2F.%2F.%2Fcomposer%2Ffiles%2F.%2F.%2Freact%2F.%2F.%2F.%2F.%2F. HTTP/2.0" 200 1397 "-" "Mozilla/5.0 AppleWebKit/537.36 (KHTML, like Gecko; compatible; ClaudeBot/1.0; +claudebot@anthropic.com)" "216.73.216.107" 110 0.521 "7050" "0.521" "test.newsite.space"
2a03:2880:f80e:3e:: - - [23/Jan/2026:06:54:23 -0500] "GET /f7c78/?create&path=/srv/users/craft4/apps/craft4-newsite-space/public/cpresources/f8e62810/./../12dd9/../203937da HTTP/2.0" 200 1093 "-" "meta-externalagent/1.1 (+https://developers.facebook.com/docs/sharing/webmasters/crawler)" "2a03:2880:f80e:3e::" 144 0.521 "3576" "0.521" "test.newsite.space"
2a03:2880:f80e:57:: - - [23/Jan/2026:06:54:24 -0500] "GET /f7c78/?path=/srv/users/craft4/apps/craft4-newsite-space/public/./cpresources/7683ad58/../3ee1a5f9/../30f2c67a/./../12dd9 HTTP/2.0" 200 1543 "-" "meta-externalagent/1.1 (+https://developers.facebook.com/docs/sharing/webmasters/crawler)" "2a03:2880:f80e:57::" 149 0.001 "9249" "0.002" "test.newsite.space"
216.73.216.107 - - [23/Jan/2026:06:54:24 -0500] "GET /f7c78/?path=%2Fsrv%2Fusers%2Fcraft4%2Fapps%2Fcraft4-newsite-space%2Fvendor%2Fyiisoft%2Fyii2-debug%2F.%2F.%2F.%2F.. HTTP/2.0" 200 1579 "-" "Mozilla/5.0 AppleWebKit/537.36 (KHTML, like Gecko; compatible; ClaudeBot/1.0; +claudebot@anthropic.com)" "216.73.216.107" 115 0.002 "13519" "0.002" "test.newsite.space"
216.73.216.107 - - [23/Jan/2026:06:54:24 -0500] "GET /f7c78/?path=%2Fsrv%2Fusers%2Fcraft4%2F.cache%2F.%2F.%2Fcomposer%2Ffiles%2F.%2F.%2F.%2Freact%2F.%2F.%2F.%2F. HTTP/2.0" 200 1398 "-" "Mozilla/5.0 AppleWebKit/537.36 (KHTML, like Gecko; compatible; ClaudeBot/1.0; +claudebot@anthropic.com)" "216.73.216.107" 110 0.002 "7046" "0.001" "test.newsite.space"
216.73.216.107 - - [23/Jan/2026:06:54:24 -0500] "GET /f7c78/?path=%2Fsrv%2Fusers%2Fcraft4%2Fapps%2Fcraft4-newsite-space%2Fvendor%2F.%2F.%2Fyiisoft%2Fyii2-debug%2F.%2F.. HTTP/2.0" 200 1583 "-" "Mozilla/5.0 AppleWebKit/537.36 (KHTML, like Gecko; compatible; ClaudeBot/1.0; +claudebot@anthropic.com)" "216.73.216.107" 115 0.002 "13489" "0.002" "test.newsite.space"
216.73.216.107 - - [23/Jan/2026:06:54:24 -0500] "GET /f7c78/?path=%2Fsrv%2Fusers%2Fcraft4%2Fapps%2Fcraft4-newsite-space%2F.%2Fvendor%2Fguzzlehttp%2Fpromises%2F.%2Fsrc%2FTaskQueue.php HTTP/2.0" 200 1733 "-" "Mozilla/5.0 AppleWebKit/537.36 (KHTML, like Gecko; compatible; ClaudeBot/1.0; +claudebot@anthropic.com)" "216.73.216.107" 139 0.002 "5257" "0.002" "test.newsite.space"
216.73.216.107 - - [23/Jan/2026:06:54:24 -0500] "GET /f7c78/?path=%2Fsrv%2Fusers%2Fcraft4%2Fapps%2Fcraft4-newsite-space%2F.%2Fvendor%2F.%2Fyiisoft%2Fyii2-debug%2F.%2F.. HTTP/2.0" 200 1585 "-" "Mozilla/5.0 AppleWebKit/537.36 (KHTML, like Gecko; compatible; ClaudeBot/1.0; +claudebot@anthropic.com)" "216.73.216.107" 115 0.002 "13484" "0.001" "test.newsite.space"
216.73.216.107 - - [23/Jan/2026:06:54:24 -0500] "GET /f7c78/?path=%2Fsrv%2Fusers%2Fcraft4%2Fapps%2Fcraft4-newsite-space%2Fpublic%2F.%2Forder%2F.%2F.%2F.. HTTP/2.0" 200 2154 "-" "Mozilla/5.0 AppleWebKit/537.36 (KHTML, like Gecko; compatible; ClaudeBot/1.0; +claudebot@anthropic.com)" "216.73.216.107" 104 0.002 "38627" "0.002" "test.newsite.space"
216.73.216.107 - - [23/Jan/2026:06:54:24 -0500] "GET /f7c78/?path=%2Fsrv%2Fusers%2Fcraft4%2Fapps%2F.%2Fcraft4-newsite-space%2F.%2Fvendor%2Fyiisoft%2Fyii2-debug%2F.%2F.. HTTP/2.0" 200 1582 "-" "Mozilla/5.0 AppleWebKit/537.36 (KHTML, like Gecko; compatible; ClaudeBot/1.0; +claudebot@anthropic.com)" "216.73.216.107" 114 0.002 "13460" "0.001" "test.newsite.space"
216.73.216.107 - - [23/Jan/2026:06:54:24 -0500] "GET /f7c78/?path=%2Fsrv%2Fusers%2Fcraft4%2Fapps%2Fcraft4-newsite-space%2Fpublic%2Forder%2F.%2F.%2F.%2F.. HTTP/2.0" 200 2152 "-" "Mozilla/5.0 AppleWebKit/537.36 (KHTML, like Gecko; compatible; ClaudeBot/1.0; +claudebot@anthropic.com)" "216.73.216.107" 104 0.002 "38631" "0.002" "test.newsite.space"
216.73.216.107 - - [23/Jan/2026:06:54:25 -0500] "GET /f7c78/?path=%2Fsrv%2Fusers%2Fcraft4%2F.%2Fapps%2Fcraft4-newsite-space%2F.%2Fvendor%2Fyiisoft%2Fyii2-debug%2F.%2F.. HTTP/2.0" 200 1583 "-" "Mozilla/5.0 AppleWebKit/537.36 (KHTML, like Gecko; compatible; ClaudeBot/1.0; +claudebot@anthropic.com)" "216.73.216.107" 114 0.001 "13457" "0.002" "test.newsite.space"
216.73.216.107 - - [23/Jan/2026:06:54:25 -0500] "GET /f7c78/?path=%2Fsrv%2Fusers%2Fcraft4%2Fapps%2Fcraft4-newsite-space%2F.%2F.%2Fpublic%2F.%2Forder%2F.. HTTP/2.0" 200 2155 "-" "Mozilla/5.0 AppleWebKit/537.36 (KHTML, like Gecko; compatible; ClaudeBot/1.0; +claudebot@anthropic.com)" "216.73.216.107" 104 0.002 "38609" "0.002" "test.newsite.space"
2a03:2880:f80e:3e:: - - [23/Jan/2026:06:54:25 -0500] "GET /f7c78/?path=/srv/users/craft4/apps/craft4-newsite-space/public/cpresources/f2cd4ff0/.././9599b988/../7acb0f10/../a4303b5a/./../f80c1dcc/../a4303b5a/.. HTTP/2.0" 200 2488 "-" "meta-externalagent/1.1 (+https://developers.facebook.com/docs/sharing/webmasters/crawler)" "2a03:2880:f80e:3e::" 171 0.003 "71965" "0.003" "test.newsite.space"
216.73.216.107 - - [23/Jan/2026:06:54:25 -0500] "GET /f7c78/?path=%2Fsrv%2Fusers%2Fcraft4%2Fapps%2Fcraft4-newsite-space%2Fvendor%2Ftwig%2Ftwig%2Fsrc%2F.%2FResources%2Fcore.php HTTP/2.0" 200 2297 "-" "Mozilla/5.0 AppleWebKit/537.36 (KHTML, like Gecko; compatible; ClaudeBot/1.0; +claudebot@anthropic.com)" "216.73.216.107" 119 0.002 "18261" "0.003" "test.newsite.space"
2a03:2880:f80e:3b:: - - [23/Jan/2026:06:54:25 -0500] "GET /f7c78/?path=/srv/users/craft4/apps/craft4-newsite-space/public/./cpresources/9599b988/../../../vendor/seld/./../../public/cpresources/fc951955/datepicker-bg.js HTTP/2.0" 200 1572 "-" "meta-externalagent/1.1 (+https://developers.facebook.com/docs/sharing/webmasters/crawler)" "2a03:2880:f80e:3b::" 179 0.002 "6172" "0.001" "test.newsite.space"
216.73.216.107 - - [23/Jan/2026:06:54:25 -0500] "GET /f7c78/?path=%2Fsrv%2Fusers%2Fcraft4%2Fapps%2F.%2Fcraft4-newsite-space%2Fpublic%2F.%2F.%2Forder%2F.. HTTP/2.0" 200 2154 "-" "Mozilla/5.0 AppleWebKit/537.36 (KHTML, like Gecko; compatible; ClaudeBot/1.0; +claudebot@anthropic.com)" "216.73.216.107" 104 0.002 "38595" "0.002" "test.newsite.space"
2a03:2880:f80e:46:: - - [23/Jan/2026:06:54:25 -0500] "GET /f7c78/?path=/srv/users/craft4/apps/craft4-newsite-space/public/cpresources/f2cd4ff0/../c7192088/../b89e6451/../2256e190/../6df6f5d8/../b0ac7de7 HTTP/2.0" 200 1573 "-" "meta-externalagent/1.1 (+https://developers.facebook.com/docs/sharing/webmasters/crawler)" "2a03:2880:f80e:46::" 167 0.002 "9929" "0.002" "test.newsite.space"
216.73.216.107 - - [23/Jan/2026:06:54:25 -0500] "GET /f7c78/?path=%2Fsrv%2Fusers%2Fcraft4%2Fapps%2Fcraft4-newsite-space%2Fvendor%2F.%2F.%2Fsymfony%2Fconsole%2FStyle%2FStyleInterface.php HTTP/2.0" 200 1595 "-" "Mozilla/5.0 AppleWebKit/537.36 (KHTML, like Gecko; compatible; ClaudeBot/1.0; +claudebot@anthropic.com)" "216.73.216.107" 127 0.002 "5848" "0.002" "test.newsite.space"
216.73.216.107 - - [23/Jan/2026:06:54:25 -0500] "GET /f7c78/?path=%2Fsrv%2Fusers%2Fcraft4%2Fapps%2Fcraft4-newsite-space%2F.%2Fvendor%2Freact%2F.%2Fpromise%2Fsrc%2FDeferred.php HTTP/2.0" 200 1286 "-" "Mozilla/5.0 AppleWebKit/537.36 (KHTML, like Gecko; compatible; ClaudeBot/1.0; +claudebot@anthropic.com)" "216.73.216.107" 119 0.002 "4232" "0.002" "test.newsite.space"
216.73.216.107 - - [23/Jan/2026:06:54:25 -0500] "GET /f7c78/?path=%2Fsrv%2Fusers%2Fcraft4%2Fapps%2Fcraft4-newsite-space%2Fvendor%2Fsymfony%2F.%2F.%2Fconsole%2FStyle%2FStyleInterface.php HTTP/2.0" 200 1594 "-" "Mozilla/5.0 AppleWebKit/537.36 (KHTML, like Gecko; compatible; ClaudeBot/1.0; +claudebot@anthropic.com)" "216.73.216.107" 127 0.001 "5860" "0.002" "test.newsite.space"
216.73.216.107 - - [23/Jan/2026:06:54:25 -0500] "GET /f7c78/?path=%2Fsrv%2Fusers%2Fcraft4%2Fapps%2Fcraft4-newsite-space%2Fvendor%2Fpsy%2Fpsysh%2Fbin%2F.. HTTP/2.0" 200 1548 "-" "Mozilla/5.0 AppleWebKit/537.36 (KHTML, like Gecko; compatible; ClaudeBot/1.0; +claudebot@anthropic.com)" "216.73.216.107" 105 0.003 "10928" "0.003" "test.newsite.space"
216.73.216.107 - - [23/Jan/2026:06:54:25 -0500] "GET /f7c78/?path=%2Fsrv%2Fusers%2Fcraft4%2Fapps%2Fcraft4-newsite-space%2Fpublic%2Fcpresources%2F.%2F5d88fcbb%2F.%2F.. HTTP/2.0" 200 2352 "-" "Mozilla/5.0 AppleWebKit/537.36 (KHTML, like Gecko; compatible; ClaudeBot/1.0; +claudebot@anthropic.com)" "216.73.216.107" 113 0.002 "60613" "0.003" "test.newsite.space"
216.73.216.107 - - [23/Jan/2026:06:54:26 -0500] "GET /f7c78/?path=%2Fsrv%2Fusers%2Fcraft4%2Fapps%2Fcraft4-newsite-space%2Fvendor%2Ftwig%2F.%2Ftwig%2F.%2Fsrc%2FCache%2FChainCache.php HTTP/2.0" 200 1622 "-" "Mozilla/5.0 AppleWebKit/537.36 (KHTML, like Gecko; compatible; ClaudeBot/1.0; +claudebot@anthropic.com)" "216.73.216.107" 124 0.003 "5263" "0.003" "test.newsite.space"
