216.73.216.107 - - [23/Jan/2026:06:53:46 -0500] "GET /f7c78/?path=%2Fsrv%2Fusers%2Fcraft4%2Fapps%2F.%2F.%2Fcraft4-newsite-space%2Fvendor%2Fcraftcms%2Fcommerce%2F.%2Fsrc%2Fevents%2FPlanEvent.php HTTP/2.0" 200 1159 "-" "Mozilla/5.0 AppleWebKit/537.36 (KHTML, like Gecko; compatible; ClaudeBot/1.0; +claudebot@anthropic.com)" "216.73.216.107" 235 0.001 "3821" "0.001" "test.newsite.space"
2a03:2880:f80e:4:: - - [23/Jan/2026:06:53:47 -0500] "GET /f7c78/?path=/srv/users/craft4/apps/craft4-newsite-space/public/./cpresources/./897c2d24/../897c2d24/../f80c1dcc/../b89e6451/../d842585c/../b89e6451 HTTP/2.0" 200 1635 "-" "meta-externalagent/1.1 (+https://developers.facebook.com/docs/sharing/webmasters/crawler)" "2a03:2880:f80e:4::" 151 0.002 "13950" "0.003" "test.newsite.space"
216.73.216.107 - - [23/Jan/2026:06:53:47 -0500] "GET /f7c78/?path=%2Fsrv%2Fusers%2Fcraft4%2Fapps%2Fcraft4-newsite-space%2F.%2Fvendor%2F.%2Fcraftcms%2Fcommerce%2Fsrc%2F.%2Fevents%2FPlanEvent.php HTTP/2.0" 200 1161 "-" "Mozilla/5.0 AppleWebKit/537.36 (KHTML, like Gecko; compatible; ClaudeBot/1.0; +claudebot@anthropic.com)" "216.73.216.107" 133 0.002 "3866" "0.001" "test.newsite.space"
216.73.216.107 - - [23/Jan/2026:06:53:47 -0500] "GET /f7c78/?path=%2Fsrv%2Fusers%2Fcraft4%2Fapps%2Fcraft4-newsite-space%2Fvendor%2F.%2F.%2Fcraftcms%2Fcommerce%2F.%2Fsrc%2Fevents%2FPlanEvent.php HTTP/2.0" 200 1160 "-" "Mozilla/5.0 AppleWebKit/537.36 (KHTML, like Gecko; compatible; ClaudeBot/1.0; +claudebot@anthropic.com)" "216.73.216.107" 133 0.001 "3869" "0.001" "test.newsite.space"
2a03:2880:f80e:56:: - - [23/Jan/2026:06:53:47 -0500] "GET /f7c78/?path=/srv/users/craft4/apps/craft4-newsite-space/public/../templates/../vendor/tasdev-au/../psy/../doctrine/../twig HTTP/2.0" 200 1456 "-" "meta-externalagent/1.1 (+https://developers.facebook.com/docs/sharing/webmasters/crawler)" "2a03:2880:f80e:56::" 119 0.002 "8077" "0.002" "test.newsite.space"
2a03:2880:f80e:27:: - - [23/Jan/2026:06:53:47 -0500] "GET /f7c78/?path=/srv/users/craft4/apps/craft4-newsite-space/public/./cpresources/814f3b07/../b2c756a7/../f8e62810/../46fa01b6/../b1daeca9/../././12dd9 HTTP/2.0" 200 1587 "-" "meta-externalagent/1.1 (+https://developers.facebook.com/docs/sharing/webmasters/crawler)" "2a03:2880:f80e:27::" 168 0.002 "10429" "0.002" "test.newsite.space"
216.73.216.107 - - [23/Jan/2026:06:53:47 -0500] "GET /f7c78/?path=%2Fsrv%2Fusers%2Fcraft4%2Fapps%2Fcraft4-newsite-space%2F.%2F.%2Fvendor%2Fcraftcms%2Fcommerce%2Fsrc%2F.%2Fevents%2FPlanEvent.php HTTP/2.0" 200 1160 "-" "Mozilla/5.0 AppleWebKit/537.36 (KHTML, like Gecko; compatible; ClaudeBot/1.0; +claudebot@anthropic.com)" "216.73.216.107" 310 0.001 "3861" "0.002" "test.newsite.space"
216.73.216.107 - - [23/Jan/2026:06:53:48 -0500] "GET /f7c78/?path=%2Fsrv%2Fusers%2Fcraft4%2Fapps%2F.%2F.%2Fcraft4-newsite-space%2Fvendor%2F.%2Fcraftcms%2Fcommerce%2Fsrc%2Fevents%2FPlanEvent.php HTTP/2.0" 200 1160 "-" "Mozilla/5.0 AppleWebKit/537.36 (KHTML, like Gecko; compatible; ClaudeBot/1.0; +claudebot@anthropic.com)" "216.73.216.107" 137 0.002 "3807" "0.002" "test.newsite.space"
2a03:2880:f80e:47:: - - [23/Jan/2026:06:53:48 -0500] "GET /f7c78/?path=/srv/users/craft4/apps/craft4-newsite-space/public/./cpresources/f8e62810/./../f2cd4ff0/../bb245e8e/../cec54a4c/../18a196f3/../b6b51f3f HTTP/2.0" 200 1573 "-" "meta-externalagent/1.1 (+https://developers.facebook.com/docs/sharing/webmasters/crawler)" "2a03:2880:f80e:47::" 169 0.002 "10161" "0.002" "test.newsite.space"
216.73.216.107 - - [23/Jan/2026:06:53:48 -0500] "GET /f7c78/?path=%2Fsrv%2Fusers%2Fcraft4%2Fapps%2F.%2F.%2Fcraft4-newsite-space%2Fvendor%2Fcraftcms%2Fcommerce%2Fsrc%2F.%2Fevents%2FPlanEvent.php HTTP/2.0" 200 1161 "-" "Mozilla/5.0 AppleWebKit/537.36 (KHTML, like Gecko; compatible; ClaudeBot/1.0; +claudebot@anthropic.com)" "216.73.216.107" 132 0.001 "3823" "0.001" "test.newsite.space"
2a03:2880:f80e:10:: - - [23/Jan/2026:06:53:48 -0500] "GET /f7c78/?path=/srv/users/craft4/apps/craft4-newsite-space/public/images/.././70f7c/../../vendor/craftcms/../phenx/../ether HTTP/2.0" 200 1459 "-" "meta-externalagent/1.1 (+https://developers.facebook.com/docs/sharing/webmasters/crawler)" "2a03:2880:f80e:10::" 151 0.001 "8119" "0.002" "test.newsite.space"
216.73.216.107 - - [23/Jan/2026:06:53:48 -0500] "GET /f7c78/?path=%2Fsrv%2Fusers%2Fcraft4%2Fapps%2Fcraft4-newsite-space%2F.%2Fvendor%2F.%2Fcraftcms%2Fcommerce%2F.%2Fsrc%2Fevents%2FPlanEvent.php HTTP/2.0" 200 1162 "-" "Mozilla/5.0 AppleWebKit/537.36 (KHTML, like Gecko; compatible; ClaudeBot/1.0; +claudebot@anthropic.com)" "216.73.216.107" 137 0.003 "3864" "0.003" "test.newsite.space"
216.73.216.107 - - [23/Jan/2026:06:53:49 -0500] "GET /f7c78/?path=%2Fsrv%2Fusers%2Fcraft4%2F.%2Fapps%2Fcraft4-newsite-space%2F.%2F.%2Fvendor%2Fcraftcms%2Fcommerce%2Fsrc%2Fevents%2FPlanEvent.php HTTP/2.0" 200 1158 "-" "Mozilla/5.0 AppleWebKit/537.36 (KHTML, like Gecko; compatible; ClaudeBot/1.0; +claudebot@anthropic.com)" "216.73.216.107" 132 0.001 "3818" "0.001" "test.newsite.space"
2a03:2880:f80e:60:: - - [23/Jan/2026:06:53:49 -0500] "GET /f7c78/?path=/srv/users/craft4/apps/craft4-newsite-space/public/./cpresources/5e0f94ef/../c57df74c/../7acb0f10/.././e9e49845/.././../92d27eb41b.php HTTP/2.0" 200 19717 "-" "meta-externalagent/1.1 (+https://developers.facebook.com/docs/sharing/webmasters/crawler)" "2a03:2880:f80e:60::" 238 0.003 "29924" "0.003" "test.newsite.space"
216.73.216.107 - - [23/Jan/2026:06:53:49 -0500] "GET /f7c78/?path=%2Fsrv%2Fusers%2Fcraft4%2Fapps%2Fcraft4-newsite-space%2F.%2F.%2Fvendor%2Fcraftcms%2Fcommerce%2F.%2Fsrc%2Fevents%2FPlanEvent.php HTTP/2.0" 200 1160 "-" "Mozilla/5.0 AppleWebKit/537.36 (KHTML, like Gecko; compatible; ClaudeBot/1.0; +claudebot@anthropic.com)" "216.73.216.107" 133 0.003 "3859" "0.003" "test.newsite.space"
216.73.216.107 - - [23/Jan/2026:06:53:49 -0500] "GET /f7c78/?path=%2Fsrv%2Fusers%2Fcraft4%2Fapps%2F.%2Fcraft4-newsite-space%2F.%2Fvendor%2Fcraftcms%2Fcommerce%2Fsrc%2F.%2Fevents%2FPlanEvent.php HTTP/2.0" 200 1161 "-" "Mozilla/5.0 AppleWebKit/537.36 (KHTML, like Gecko; compatible; ClaudeBot/1.0; +claudebot@anthropic.com)" "216.73.216.107" 132 0.002 "3842" "0.003" "test.newsite.space"
2a03:2880:f80e:4a:: - - [23/Jan/2026:06:53:49 -0500] "GET /f7c78/?path=/srv/users/craft4/apps/craft4-newsite-space/public/cpresources/9e85d86b/../././f2cd4ff0/../f8e62810/../././60fe2959/../f7099225 HTTP/2.0" 200 1591 "-" "meta-externalagent/1.1 (+https://developers.facebook.com/docs/sharing/webmasters/crawler)" "2a03:2880:f80e:4a::" 163 0.001 "10165" "0.001" "test.newsite.space"
2a03:2880:f80e:32:: - - [23/Jan/2026:06:53:50 -0500] "GET /f7c78/?path=/srv/users/craft4/apps/craft4-newsite-space/public/cpresources/108d6eda/./../../cpresources/cec54a4c/../cec54a4c/../fc951955/. HTTP/2.0" 200 2832 "-" "meta-externalagent/1.1 (+https://developers.facebook.com/docs/sharing/webmasters/crawler)" "2a03:2880:f80e:32::" 226 0.002 "104251" "0.003" "test.newsite.space"
65.108.78.33 - - [23/Jan/2026:06:53:50 -0500] "GET /f7c78/?path=/srv/users/craft4/log/craft4-newsite-space/./craft4-newsite-space_nginx.access_ssl.log.7.gz HTTP/2.0" 200 6272630 "-" "Mozilla/5.0 (compatible; MJ12bot/v1.4.8; http://mj12bot.com/)" "65.108.78.33" 133 1.076 "13960916" "1.077" "test.newsite.space"
216.73.216.107 - - [23/Jan/2026:06:53:50 -0500] "GET /f7c78/?path=%2Fsrv%2Fusers%2Fcraft4%2Fapps%2Fcraft4-newsite-space%2F.%2Fvendor%2Fguzzlehttp%2Fpromises%2F.%2Fsrc%2FIs.php HTTP/2.0" 200 1189 "-" "Mozilla/5.0 AppleWebKit/537.36 (KHTML, like Gecko; compatible; ClaudeBot/1.0; +claudebot@anthropic.com)" "216.73.216.107" 121 0.478 "4139" "0.478" "test.newsite.space"
2a03:2880:f80e:1f:: - - [23/Jan/2026:06:53:50 -0500] "GET /f7c78/?path=/srv/users/craft4/apps/craft4-newsite-space/public/cpresources/f2cd4ff0/../7683ad58/../5e0f94ef/../5e0f94ef/../f8e62810/../cf1f9745 HTTP/2.0" 200 1588 "-" "meta-externalagent/1.1 (+https://developers.facebook.com/docs/sharing/webmasters/crawler)" "2a03:2880:f80e:1f::" 167 0.001 "11149" "0.002" "test.newsite.space"
216.73.216.107 - - [23/Jan/2026:06:53:50 -0500] "GET /f7c78/?path=%2Fsrv%2Fusers%2Fcraft4%2Fapps%2Fcraft4-newsite-space%2F.%2Fvendor%2Fyiisoft%2Fyii2%2Fvalidators%2FFileValidator.php HTTP/2.0" 200 5291 "-" "Mozilla/5.0 AppleWebKit/537.36 (KHTML, like Gecko; compatible; ClaudeBot/1.0; +claudebot@anthropic.com)" "216.73.216.107" 125 0.003 "24641" "0.003" "test.newsite.space"
216.73.216.107 - - [23/Jan/2026:06:53:51 -0500] "GET /f7c78/?path=%2Fsrv%2Fusers%2Fcraft4%2Fapps%2Fcraft4-newsite-space%2F.%2Ftemplates%2F.%2F.%2F.%2Fshop%2F.. HTTP/2.0" 200 1574 "-" "Mozilla/5.0 AppleWebKit/537.36 (KHTML, like Gecko; compatible; ClaudeBot/1.0; +claudebot@anthropic.com)" "216.73.216.107" 109 0.002 "13118" "0.002" "test.newsite.space"
2a03:2880:f80e:13:: - - [23/Jan/2026:06:53:51 -0500] "GET /f7c78/?path=/srv/users/craft4/apps/craft4-newsite-space/public/f7c78/./../../vendor/./mikehaertl/../guzzlehttp/../tasdev-au/../ibericode/../enshrined HTTP/2.0" 200 1511 "-" "meta-externalagent/1.1 (+https://developers.facebook.com/docs/sharing/webmasters/crawler)" "2a03:2880:f80e:13::" 171 0.002 "8991" "0.002" "test.newsite.space"
216.73.216.107 - - [23/Jan/2026:06:53:51 -0500] "GET /f7c78/?path=%2Fsrv%2Fusers%2Fcraft4%2Fapps%2Fcraft4-newsite-space%2F.%2Ftemplates%2F.%2F.%2F.%2F.%2F.gitkeep HTTP/2.0" 200 933 "-" "Mozilla/5.0 AppleWebKit/537.36 (KHTML, like Gecko; compatible; ClaudeBot/1.0; +claudebot@anthropic.com)" "216.73.216.107" 110 0.002 "3100" "0.002" "test.newsite.space"
2a03:2880:f80e:33:: - - [23/Jan/2026:06:53:51 -0500] "GET /f7c78/?path=/srv/users/craft4/apps/craft4-newsite-space/public/images/../cpresources/aac2e380/../fc951955/../5d88fcbb/./../9599b988/./.././b2c756a7 HTTP/2.0" 200 1614 "-" "meta-externalagent/1.1 (+https://developers.facebook.com/docs/sharing/webmasters/crawler)" "2a03:2880:f80e:33::" 138 0.002 "11790" "0.002" "test.newsite.space"
2a03:2880:f80e:4c:: - - [23/Jan/2026:06:53:52 -0500] "GET /f7c78/?path=/srv/users/craft4/apps/craft4-newsite-space/public/./cpresources/b89e6451/./../a4303b5a/../6b9f20ee/../30f2c67a/30f2c67a HTTP/2.0" 200 1599 "-" "meta-externalagent/1.1 (+https://developers.facebook.com/docs/sharing/webmasters/crawler)" "2a03:2880:f80e:4c::" 158 0.002 "12024" "0.002" "test.newsite.space"
216.73.216.107 - - [23/Jan/2026:06:53:52 -0500] "GET /f7c78/?path=%2Fsrv%2Fusers%2Fcraft4%2Fapps%2Fcraft4-newsite-space%2F.%2F.%2Fvendor%2F.%2F.%2Fiio%2F.. HTTP/2.0" 200 2521 "-" "Mozilla/5.0 AppleWebKit/537.36 (KHTML, like Gecko; compatible; ClaudeBot/1.0; +claudebot@anthropic.com)" "216.73.216.107" 106 0.002 "60475" "0.002" "test.newsite.space"
216.73.216.107 - - [23/Jan/2026:06:53:53 -0500] "GET /f7c78/?path=%2Fsrv%2Fusers%2Fcraft4%2Fapps%2Fcraft4-newsite-space%2Fpublic%2Fcpresources%2Fb0ac7de7%2Fb0ac7de7%2F.. HTTP/2.0" 200 1477 "-" "Mozilla/5.0 AppleWebKit/537.36 (KHTML, like Gecko; compatible; ClaudeBot/1.0; +claudebot@anthropic.com)" "216.73.216.107" 114 0.001 "8110" "0.002" "test.newsite.space"
216.73.216.107 - - [23/Jan/2026:06:53:53 -0500] "GET /f7c78/?path=%2Fsrv%2Fusers%2Fcraft4%2F.%2F.%2Fapps%2F.%2F.%2Fcraft4-newsite-space%2Fplugins%2Fcommerce-helcim%2Fsrc%2FREADME.md HTTP/2.0" 200 959 "-" "Mozilla/5.0 AppleWebKit/537.36 (KHTML, like Gecko; compatible; ClaudeBot/1.0; +claudebot@anthropic.com)" "216.73.216.107" 124 0.002 "3163" "0.002" "test.newsite.space"
216.73.216.107 - - [23/Jan/2026:06:53:53 -0500] "GET /f7c78/?path=%2Fsrv%2Fusers%2Fcraft4%2F.cache%2Fcomposer%2F.%2Ffiles%2Fcraftcms%2Fcms%2F944a709d3ddeb2101225bd41ecd10a1cd7cea06d.zip HTTP/2.0" 200 6454031 "-" "Mozilla/5.0 AppleWebKit/537.36 (KHTML, like Gecko; compatible; ClaudeBot/1.0; +claudebot@anthropic.com)" "216.73.216.107" 125 1.482 "14551818" "1.482" "test.newsite.space"
216.73.216.107 - - [23/Jan/2026:06:53:53 -0500] "GET /f7c78/?path=%2Fsrv%2Fusers%2Fcraft4%2Fapps%2F.%2F.%2Fcraft4-newsite-space%2F.%2F.%2Fvendor%2Fiio%2F.. HTTP/2.0" 200 2520 "-" "Mozilla/5.0 AppleWebKit/537.36 (KHTML, like Gecko; compatible; ClaudeBot/1.0; +claudebot@anthropic.com)" "216.73.216.107" 105 1.058 "60427" "1.058" "test.newsite.space"
216.73.216.107 - - [23/Jan/2026:06:53:53 -0500] "GET /f7c78/?path=%2Fsrv%2Fusers%2Fcraft4%2F.%2Fapps%2Fcraft4-newsite-space%2F.%2F.%2Fvendor%2Fiio%2F.%2F.. HTTP/2.0" 200 2521 "-" "Mozilla/5.0 AppleWebKit/537.36 (KHTML, like Gecko; compatible; ClaudeBot/1.0; +claudebot@anthropic.com)" "216.73.216.107" 105 0.524 "60450" "0.524" "test.newsite.space"
2a03:2880:f80e:46:: - - [23/Jan/2026:06:53:53 -0500] "GET /f7c78/?path=/srv/users/craft4/apps/craft4-newsite-space/public/./cpresources/./b1daeca9/../18a196f3/../cec54a4c/../a091a247/CommerceChart.js HTTP/2.0" 200 4407 "-" "meta-externalagent/1.1 (+https://developers.facebook.com/docs/sharing/webmasters/crawler)" "2a03:2880:f80e:46::" 163 0.524 "13772" "0.524" "test.newsite.space"
216.73.216.107 - - [23/Jan/2026:06:53:53 -0500] "GET /f7c78/?path=%2Fsrv%2Fusers%2Fcraft4%2Fapps%2Fcraft4-newsite-space%2F.%2Fvendor%2Fyiisoft%2Fyii2%2Ftest%2F.%2FBaseActiveFixture.php HTTP/2.0" 200 2000 "-" "Mozilla/5.0 AppleWebKit/537.36 (KHTML, like Gecko; compatible; ClaudeBot/1.0; +claudebot@anthropic.com)" "216.73.216.107" 125 0.016 "6231" "0.016" "test.newsite.space"
2a03:2880:f80e:5e:: - - [23/Jan/2026:06:53:53 -0500] "GET /f7c78/?create&path=/srv/users/craft4/apps/craft4-newsite-space/public/./cpresources/9599b988/../814f3b07/./../e371ba21/../e3294a7e/.././108d6eda/../aed7ab4c HTTP/2.0" 200 1171 "-" "meta-externalagent/1.1 (+https://developers.facebook.com/docs/sharing/webmasters/crawler)" "2a03:2880:f80e:5e::" 176 0.001 "4767" "0.002" "test.newsite.space"
216.73.216.107 - - [23/Jan/2026:06:53:53 -0500] "GET /f7c78/?path=%2Fsrv%2Fusers%2Fcraft4%2F.%2F.%2Fapps%2F.%2Fcraft4-newsite-space%2F.%2Fplugins%2Fcommerce-helcim%2Fsrc%2FREADME.md HTTP/2.0" 200 961 "-" "Mozilla/5.0 AppleWebKit/537.36 (KHTML, like Gecko; compatible; ClaudeBot/1.0; +claudebot@anthropic.com)" "216.73.216.107" 125 0.001 "3182" "0.001" "test.newsite.space"
216.73.216.107 - - [23/Jan/2026:06:53:53 -0500] "GET /f7c78/?path=%2Fsrv%2Fusers%2Fcraft4%2Fapps%2Fcraft4-newsite-space%2Fstorage%2Fruntime%2Fcache%2F.%2F.%2F.%2Fe7%2F. HTTP/2.0" 200 1520 "-" "Mozilla/5.0 AppleWebKit/537.36 (KHTML, like Gecko; compatible; ClaudeBot/1.0; +claudebot@anthropic.com)" "216.73.216.107" 114 0.006 "7480" "0.006" "test.newsite.space"
216.73.216.107 - - [23/Jan/2026:06:53:53 -0500] "GET /f7c78/?path=%2Fsrv%2Fusers%2Fcraft4%2Fapps%2Fcraft4-newsite-space%2Fvendor%2F.%2Fibericode%2F.%2F.%2F.%2Fvat%2F.. HTTP/2.0" 200 1404 "-" "Mozilla/5.0 AppleWebKit/537.36 (KHTML, like Gecko; compatible; ClaudeBot/1.0; +claudebot@anthropic.com)" "216.73.216.107" 114 0.009 "7067" "0.009" "test.newsite.space"
65.108.78.33 - - [23/Jan/2026:06:53:53 -0500] "GET /f7c78/?path=/srv/users/craft4/log/craft4-newsite-space/./craft4-newsite-space_php8.1.access.log.10.gz HTTP/2.0" 200 2110662 "-" "Mozilla/5.0 (compatible; MJ12bot/v1.4.8; http://mj12bot.com/)" "65.108.78.33" 104 0.249 "4686017" "0.249" "test.newsite.space"
2a03:2880:f80e:2:: - - [23/Jan/2026:06:53:54 -0500] "GET /f7c78/?path=/srv/users/craft4/apps/craft4-newsite-space/public/cpresources/f2cd4ff0/../5d88fcbb/../2256e190/./../b1daeca9/../.././3534f HTTP/2.0" 200 1553 "-" "meta-externalagent/1.1 (+https://developers.facebook.com/docs/sharing/webmasters/crawler)" "2a03:2880:f80e:2::" 161 0.566 "9866" "0.566" "test.newsite.space"
216.73.216.107 - - [23/Jan/2026:06:53:54 -0500] "GET /f7c78/?path=%2Fsrv%2Fusers%2Fcraft4%2Fapps%2F.%2F.%2Fcraft4-newsite-space%2F.%2Fvendor%2Ftwig%2F.%2F.. HTTP/2.0" 200 2526 "-" "Mozilla/5.0 AppleWebKit/537.36 (KHTML, like Gecko; compatible; ClaudeBot/1.0; +claudebot@anthropic.com)" "216.73.216.107" 106 0.003 "60608" "0.003" "test.newsite.space"
2a03:2880:f80e:b:: - - [23/Jan/2026:06:53:54 -0500] "GET /f7c78/?path=/srv/users/craft4/apps/craft4-newsite-space/public/cpresources/d842585c/../108d6eda/../b1daeca9/../f2cd4ff0/../b0ac7de7/../12dd9/.. HTTP/2.0" 200 2474 "-" "meta-externalagent/1.1 (+https://developers.facebook.com/docs/sharing/webmasters/crawler)" "2a03:2880:f80e:b::" 167 0.003 "70528" "0.003" "test.newsite.space"
2a03:2880:f80e:65:: - - [23/Jan/2026:06:53:55 -0500] "GET /f7c78/?path=/srv/users/craft4/apps/craft4-newsite-space/public/./cpresources/./a4303b5a/../c7192088/../fc951955/./datepicker-sr-SR.js HTTP/2.0" 200 1438 "-" "meta-externalagent/1.1 (+https://developers.facebook.com/docs/sharing/webmasters/crawler)" "2a03:2880:f80e:65::" 159 0.002 "5197" "0.002" "test.newsite.space"
216.73.216.107 - - [23/Jan/2026:06:53:55 -0500] "GET /f7c78/?path=%2Fsrv%2Fusers%2Fcraft4%2F.cache%2Fcomposer%2Ffiles%2Fcraftcms%2F.%2Fcms%2F944a709d3ddeb2101225bd41ecd10a1cd7cea06d.zip HTTP/2.0" 200 6454047 "-" "Mozilla/5.0 AppleWebKit/537.36 (KHTML, like Gecko; compatible; ClaudeBot/1.0; +claudebot@anthropic.com)" "216.73.216.107" 125 1.814 "14551829" "1.813" "test.newsite.space"
216.73.216.107 - - [23/Jan/2026:06:53:55 -0500] "GET /f7c78/?path=%2Fsrv%2Fusers%2Fcraft4%2F.%2Fapps%2Fcraft4-newsite-space%2F.%2Fvendor%2F.%2F.%2Ftwig%2F.. HTTP/2.0" 200 2527 "-" "Mozilla/5.0 AppleWebKit/537.36 (KHTML, like Gecko; compatible; ClaudeBot/1.0; +claudebot@anthropic.com)" "216.73.216.107" 106 0.483 "60626" "0.483" "test.newsite.space"
216.73.216.107 - - [23/Jan/2026:06:53:55 -0500] "GET /f7c78/?path=%2Fsrv%2Fusers%2Fcraft4%2F.%2Fapps%2Fcraft4-newsite-space%2F.%2F.%2Fvendor%2Ftwig%2F.%2F.. HTTP/2.0" 200 2527 "-" "Mozilla/5.0 AppleWebKit/537.36 (KHTML, like Gecko; compatible; ClaudeBot/1.0; +claudebot@anthropic.com)" "216.73.216.107" 106 0.003 "60624" "0.003" "test.newsite.space"
2a03:2880:f80e:26:: - - [23/Jan/2026:06:53:55 -0500] "GET /f7c78/?path=/srv/users/craft4/apps/craft4-newsite-space/public/images/.././70f7c/../cpresources/c1b7baf0/../e371ba21/../d842585c/../18a196f3/. HTTP/2.0" 200 1617 "-" "meta-externalagent/1.1 (+https://developers.facebook.com/docs/sharing/webmasters/crawler)" "2a03:2880:f80e:26::" 165 0.002 "11481" "0.003" "test.newsite.space"
2a03:2880:f80e:5e:: - - [23/Jan/2026:06:53:55 -0500] "GET /f7c78/?path=/srv/users/craft4/apps/craft4-newsite-space/public/./cpresources/./../cpresources/../cpresources/b0ac7de7/.././fc951955/datepicker-en-NZ.js HTTP/2.0" 200 1417 "-" "meta-externalagent/1.1 (+https://developers.facebook.com/docs/sharing/webmasters/crawler)" "2a03:2880:f80e:5e::" 140 0.002 "5542" "0.003" "test.newsite.space"
216.73.216.107 - - [23/Jan/2026:06:53:55 -0500] "GET /f7c78/?path=%2Fsrv%2Fusers%2Fcraft4%2Fapps%2Fcraft4-newsite-space%2F.%2F.%2Fvendor%2F.%2F.%2Ftwig%2F.. HTTP/2.0" 200 2524 "-" "Mozilla/5.0 AppleWebKit/537.36 (KHTML, like Gecko; compatible; ClaudeBot/1.0; +claudebot@anthropic.com)" "216.73.216.107" 106 0.002 "60648" "0.002" "test.newsite.space"
2a03:2880:f80e:7:: - - [23/Jan/2026:06:53:56 -0500] "GET /f7c78/?path=/srv/users/craft4/apps/craft4-newsite-space/public/images/./../cpresources/e371ba21/.././e3294a7e/./../b1daeca9 HTTP/2.0" 200 1581 "-" "meta-externalagent/1.1 (+https://developers.facebook.com/docs/sharing/webmasters/crawler)" "2a03:2880:f80e:7::" 120 0.004 "11587" "0.004" "test.newsite.space"
216.73.216.107 - - [23/Jan/2026:06:53:57 -0500] "GET /f7c78/?path=%2Fsrv%2Fusers%2Fcraft4%2F.%2F.cache%2Fcomposer%2Ffiles%2Fcraftcms%2Fcms%2F944a709d3ddeb2101225bd41ecd10a1cd7cea06d.zip HTTP/2.0" 200 6454068 "-" "Mozilla/5.0 AppleWebKit/537.36 (KHTML, like Gecko; compatible; ClaudeBot/1.0; +claudebot@anthropic.com)" "216.73.216.107" 155 1.616 "14551806" "1.616" "test.newsite.space"
2a03:2880:f80e:2a:: - - [23/Jan/2026:06:53:57 -0500] "GET /f7c78/?path=/srv/users/craft4/apps/craft4-newsite-space/public/cpresources/f2cd4ff0/../3013a1e4/./../5e0f94ef/../5d88fcbb/../b0ac7de7/../f2cd4ff0/../18a196f3 HTTP/2.0" 200 1634 "-" "meta-externalagent/1.1 (+https://developers.facebook.com/docs/sharing/webmasters/crawler)" "2a03:2880:f80e:2a::" 176 1.218 "12028" "1.218" "test.newsite.space"
216.73.216.107 - - [23/Jan/2026:06:53:57 -0500] "GET /f7c78/?path=%2Fsrv%2Fusers%2Fcraft4%2Fapps%2F.%2Fcraft4-newsite-space%2F.%2Fvendor%2F.%2F.%2Ftwig%2F.. HTTP/2.0" 200 2526 "-" "Mozilla/5.0 AppleWebKit/537.36 (KHTML, like Gecko; compatible; ClaudeBot/1.0; +claudebot@anthropic.com)" "216.73.216.107" 106 1.219 "60629" "1.219" "test.newsite.space"
2a03:2880:f80e:52:: - - [23/Jan/2026:06:53:57 -0500] "GET /f7c78/?path=/srv/users/craft4/apps/craft4-newsite-space/public/./cpresources/./3ee1a5f9/../b2c756a7/../5d88fcbb/../60b5d681/../cec54a4c/../9a483874 HTTP/2.0" 200 1684 "-" "meta-externalagent/1.1 (+https://developers.facebook.com/docs/sharing/webmasters/crawler)" "2a03:2880:f80e:52::" 170 0.003 "15378" "0.003" "test.newsite.space"
216.73.216.107 - - [23/Jan/2026:06:53:57 -0500] "GET /f7c78/?path=%2Fsrv%2Fusers%2Fcraft4%2Fapps%2F.%2F.%2Fcraft4-newsite-space%2F.%2F.%2Fvendor%2Ftwig%2F.. HTTP/2.0" 200 2524 "-" "Mozilla/5.0 AppleWebKit/537.36 (KHTML, like Gecko; compatible; ClaudeBot/1.0; +claudebot@anthropic.com)" "216.73.216.107" 106 0.005 "60600" "0.004" "test.newsite.space"
216.73.216.107 - - [23/Jan/2026:06:53:57 -0500] "GET /f7c78/?path=%2Fsrv%2Fusers%2Fcraft4%2Fapps%2F.%2F.%2Fcraft4-newsite-space%2Fvendor%2F.%2F.%2Ftwig%2F.. HTTP/2.0" 200 2525 "-" "Mozilla/5.0 AppleWebKit/537.36 (KHTML, like Gecko; compatible; ClaudeBot/1.0; +claudebot@anthropic.com)" "216.73.216.107" 107 0.009 "60610" "0.009" "test.newsite.space"
216.73.216.107 - - [23/Jan/2026:06:53:58 -0500] "GET /f7c78/?path=%2Fsrv%2Fusers%2Fcraft4%2Fapps%2F.%2Fcraft4-newsite-space%2F.%2F.%2Fvendor%2Ftwig%2F.%2F.. HTTP/2.0" 200 2527 "-" "Mozilla/5.0 AppleWebKit/537.36 (KHTML, like Gecko; compatible; ClaudeBot/1.0; +claudebot@anthropic.com)" "216.73.216.107" 106 0.009 "60627" "0.009" "test.newsite.space"
65.108.78.33 - - [23/Jan/2026:06:53:59 -0500] "GET /f7c78/?path=/srv/users/craft4/log/craft4-newsite-space/./craft4-newsite-space_php8.1.access.log.11.gz HTTP/2.0" 200 3779556 "-" "Mozilla/5.0 (compatible; MJ12bot/v1.4.8; http://mj12bot.com/)" "65.108.78.33" 105 1.928 "9195366" "1.927" "test.newsite.space"
2a03:2880:f80e:46:: - - [23/Jan/2026:06:53:59 -0500] "GET /f7c78/?path=/srv/users/craft4/apps/craft4-newsite-space/public/../vendor/./cebe/./../convergine/../paragonie/../nikic/.././twig HTTP/2.0" 200 1477 "-" "meta-externalagent/1.1 (+https://developers.facebook.com/docs/sharing/webmasters/crawler)" "2a03:2880:f80e:46::" 123 1.438 "8485" "1.438" "test.newsite.space"
2a03:2880:f80e:2f:: - - [23/Jan/2026:06:53:59 -0500] "GET /f7c78/?path=/srv/users/craft4/apps/craft4-newsite-space/public/./cpresources/./e9e49845/../b0ac7de7/../../cpresources/fc951955/../b89e6451 HTTP/2.0" 200 1633 "-" "meta-externalagent/1.1 (+https://developers.facebook.com/docs/sharing/webmasters/crawler)" "2a03:2880:f80e:2f::" 360 0.003 "13422" "0.003" "test.newsite.space"
216.73.216.107 - - [23/Jan/2026:06:53:59 -0500] "GET /f7c78/?path=%2Fsrv%2Fusers%2Fcraft4%2F.cache%2F.%2Fcomposer%2Ffiles%2Fcraftcms%2Fcms%2F944a709d3ddeb2101225bd41ecd10a1cd7cea06d.zip HTTP/2.0" 200 6454039 "-" "Mozilla/5.0 AppleWebKit/537.36 (KHTML, like Gecko; compatible; ClaudeBot/1.0; +claudebot@anthropic.com)" "216.73.216.107" 126 2.132 "14551811" "2.132" "test.newsite.space"
216.73.216.107 - - [23/Jan/2026:06:54:00 -0500] "GET /f7c78/?path=%2Fsrv%2Fusers%2Fcraft4%2F.cache%2F.%2Fcomposer%2Ffiles%2F.%2F.%2Fiio%2F.%2Flibmergepdf HTTP/2.0" 200 1477 "-" "Mozilla/5.0 AppleWebKit/537.36 (KHTML, like Gecko; compatible; ClaudeBot/1.0; +claudebot@anthropic.com)" "216.73.216.107" 104 1.185 "6924" "1.185" "test.newsite.space"
2a03:2880:f80e:13:: - - [23/Jan/2026:06:54:00 -0500] "GET /f7c78/?create&path=/srv/users/craft4/apps/craft4-newsite-space/public/cpresources/f2cd4ff0/.././6df6f5d8/../897c2d24/./../aed7ab4c/../c7192088/css HTTP/2.0" 200 1156 "-" "meta-externalagent/1.1 (+https://developers.facebook.com/docs/sharing/webmasters/crawler)" "2a03:2880:f80e:13::" 168 1.185 "4469" "1.185" "test.newsite.space"
2a03:2880:f80e:4f:: - - [23/Jan/2026:06:54:00 -0500] "GET /f7c78/?path=/srv/users/craft4/apps/craft4-newsite-space/public/cpresources/3013a1e4/../3ee1a5f9/../c7192088/../f2cd4ff0/../2256e190/../814f3b07/Dashboard.js.map HTTP/2.0" 200 16083 "-" "meta-externalagent/1.1 (+https://developers.facebook.com/docs/sharing/webmasters/crawler)" "2a03:2880:f80e:4f::" 178 1.190 "62861" "1.189" "test.newsite.space"
2a03:2880:f80e:32:: - - [23/Jan/2026:06:54:00 -0500] "GET /f7c78/?path=/srv/users/craft4/apps/craft4-newsite-space/public/../modules/../../craft4-newsite-space/vendor/egulias/../assets/../convergine HTTP/2.0" 200 1547 "-" "meta-externalagent/1.1 (+https://developers.facebook.com/docs/sharing/webmasters/crawler)" "2a03:2880:f80e:32::" 130 0.012 "12076" "0.012" "test.newsite.space"
2a03:2880:f80e:4d:: - - [23/Jan/2026:06:54:00 -0500] "GET /f7c78/?path=/srv/users/craft4/apps/craft4-newsite-space/public/1cefc/1cefc/.././../cpresources/3013a1e4/../9599b988/../5e0f94ef/../814f3b07/../7683ad58 HTTP/2.0" 200 1633 "-" "meta-externalagent/1.1 (+https://developers.facebook.com/docs/sharing/webmasters/crawler)" "2a03:2880:f80e:4d::" 172 0.002 "12915" "0.002" "test.newsite.space"
216.73.216.107 - - [23/Jan/2026:06:54:00 -0500] "GET /f7c78/?path=%2Fsrv%2Fusers%2Fcraft4%2Fapps%2Fcraft4-newsite-space%2F.%2Fvendor%2Fegulias%2Femail-validator%2Fsrc%2FParser.php HTTP/2.0" 200 1463 "-" "Mozilla/5.0 AppleWebKit/537.36 (KHTML, like Gecko; compatible; ClaudeBot/1.0; +claudebot@anthropic.com)" "216.73.216.107" 122 0.003 "5010" "0.003" "test.newsite.space"
216.73.216.107 - - [23/Jan/2026:06:54:00 -0500] "GET /f7c78/?path=%2Fsrv%2Fusers%2Fcraft4%2F.cache%2F.%2F.%2Fcomposer%2F.%2Ffiles%2F.%2Fiio%2Flibmergepdf HTTP/2.0" 200 1476 "-" "Mozilla/5.0 AppleWebKit/537.36 (KHTML, like Gecko; compatible; ClaudeBot/1.0; +claudebot@anthropic.com)" "216.73.216.107" 104 0.002 "6907" "0.003" "test.newsite.space"
2a03:2880:f80e:26:: - - [23/Jan/2026:06:54:00 -0500] "GET /f7c78/?path=/srv/users/craft4/apps/craft4-newsite-space/public/cpresources/f2cd4ff0/../5d88fcbb/../108d6eda/../3013a1e4/../5d88fcbb/../f7099225/./../2256e190 HTTP/2.0" 200 1640 "-" "meta-externalagent/1.1 (+https://developers.facebook.com/docs/sharing/webmasters/crawler)" "2a03:2880:f80e:26::" 145 0.002 "13234" "0.002" "test.newsite.space"
216.73.216.107 - - [23/Jan/2026:06:54:00 -0500] "GET /f7c78/?path=%2Fsrv%2Fusers%2Fcraft4%2F.cache%2F.%2Fcomposer%2Ffiles%2F.%2F.%2F.%2Fiio%2Flibmergepdf HTTP/2.0" 200 1474 "-" "Mozilla/5.0 AppleWebKit/537.36 (KHTML, like Gecko; compatible; ClaudeBot/1.0; +claudebot@anthropic.com)" "216.73.216.107" 104 0.002 "6922" "0.002" "test.newsite.space"
216.73.216.107 - - [23/Jan/2026:06:54:00 -0500] "GET /f7c78/?path=%2Fsrv%2Fusers%2Fcraft4%2Fapps%2Fcraft4-newsite-space%2Fvendor%2Fsymfony%2F.%2Fconsole%2F.%2FApplication.php HTTP/2.0" 200 10318 "-" "Mozilla/5.0 AppleWebKit/537.36 (KHTML, like Gecko; compatible; ClaudeBot/1.0; +claudebot@anthropic.com)" "216.73.216.107" 119 0.003 "50765" "0.003" "test.newsite.space"
216.73.216.107 - - [23/Jan/2026:06:54:00 -0500] "GET /f7c78/?path=%2Fsrv%2Fusers%2Fcraft4%2F.%2F.cache%2Fcomposer%2Ffiles%2F.%2F.%2F.%2Fiio%2Flibmergepdf HTTP/2.0" 200 1475 "-" "Mozilla/5.0 AppleWebKit/537.36 (KHTML, like Gecko; compatible; ClaudeBot/1.0; +claudebot@anthropic.com)" "216.73.216.107" 104 0.003 "6917" "0.002" "test.newsite.space"
216.73.216.107 - - [23/Jan/2026:06:54:00 -0500] "GET /f7c78/?path=%2Fsrv%2Fusers%2Fcraft4%2Fapps%2Fcraft4-newsite-space%2Fplugins%2F.%2Fcraftcms-bastion-agent%2F.%2F.idea%2F.%2Fmodules.xml HTTP/2.0" 200 1092 "-" "Mozilla/5.0 AppleWebKit/537.36 (KHTML, like Gecko; compatible; ClaudeBot/1.0; +claudebot@anthropic.com)" "216.73.216.107" 128 0.002 "3670" "0.002" "test.newsite.space"
216.73.216.107 - - [23/Jan/2026:06:54:00 -0500] "GET /f7c78/?path=%2Fsrv%2Fusers%2Fcraft4%2F.cache%2Fcomposer%2F.%2Ffiles%2F.%2F.%2Fiio%2F.%2Flibmergepdf HTTP/2.0" 200 1479 "-" "Mozilla/5.0 AppleWebKit/537.36 (KHTML, like Gecko; compatible; ClaudeBot/1.0; +claudebot@anthropic.com)" "216.73.216.107" 104 0.002 "6931" "0.002" "test.newsite.space"
216.73.216.107 - - [23/Jan/2026:06:54:01 -0500] "GET /f7c78/?path=%2Fsrv%2Fusers%2Fcraft4%2Fapps%2Fcraft4-newsite-space%2F.%2Fvendor%2Filluminate%2Fcontracts%2FConsole%2FApplication.php HTTP/2.0" 200 1184 "-" "Mozilla/5.0 AppleWebKit/537.36 (KHTML, like Gecko; compatible; ClaudeBot/1.0; +claudebot@anthropic.com)" "216.73.216.107" 125 0.003 "3640" "0.003" "test.newsite.space"
216.73.216.107 - - [23/Jan/2026:06:54:01 -0500] "GET /f7c78/?path=%2Fsrv%2Fusers%2Fcraft4%2F.cache%2F.%2F.%2Fcomposer%2F.%2Ffiles%2Fiio%2F.%2Flibmergepdf HTTP/2.0" 200 1476 "-" "Mozilla/5.0 AppleWebKit/537.36 (KHTML, like Gecko; compatible; ClaudeBot/1.0; +claudebot@anthropic.com)" "216.73.216.107" 104 0.003 "6909" "0.003" "test.newsite.space"
216.73.216.107 - - [23/Jan/2026:06:54:01 -0500] "GET /f7c78/?path=%2Fsrv%2Fusers%2Fcraft4%2F.cache%2Fcomposer%2F.%2Ffiles%2F.%2F.%2F.%2Fiio%2Flibmergepdf HTTP/2.0" 200 1474 "-" "Mozilla/5.0 AppleWebKit/537.36 (KHTML, like Gecko; compatible; ClaudeBot/1.0; +claudebot@anthropic.com)" "216.73.216.107" 104 0.003 "6929" "0.002" "test.newsite.space"
216.73.216.107 - - [23/Jan/2026:06:54:01 -0500] "GET /f7c78/?path=%2Fsrv%2Fusers%2Fcraft4%2Fapps%2Fcraft4-newsite-space%2F.%2Ftemplates%2F.%2F.%2F.%2F_layouts%2F.. HTTP/2.0" 200 1576 "-" "Mozilla/5.0 AppleWebKit/537.36 (KHTML, like Gecko; compatible; ClaudeBot/1.0; +claudebot@anthropic.com)" "216.73.216.107" 111 0.002 "13246" "0.002" "test.newsite.space"
2a03:2880:f80e:4b:: - - [23/Jan/2026:06:54:01 -0500] "GET /f7c78/?create&path=/srv/users/craft4/apps/craft4-newsite-space/public/cpresources/f2cd4ff0/../b1daeca9/../e9e49845/../c1b7baf0/../814f3b07/../cf1f9745/../../assets HTTP/2.0" 200 1167 "-" "meta-externalagent/1.1 (+https://developers.facebook.com/docs/sharing/webmasters/crawler)" "2a03:2880:f80e:4b::" 180 0.002 "4888" "0.002" "test.newsite.space"
216.73.216.107 - - [23/Jan/2026:06:54:01 -0500] "GET /f7c78/?path=%2Fsrv%2Fusers%2Fcraft4%2F.%2F.cache%2Fcomposer%2Ffiles%2F.%2F.%2Fiio%2F.%2Flibmergepdf HTTP/2.0" 200 1478 "-" "Mozilla/5.0 AppleWebKit/537.36 (KHTML, like Gecko; compatible; ClaudeBot/1.0; +claudebot@anthropic.com)" "216.73.216.107" 104 0.002 "6919" "0.002" "test.newsite.space"
2a03:2880:f80e:f:: - - [23/Jan/2026:06:54:01 -0500] "GET /f7c78/?path=/srv/users/craft4/apps/craft4-newsite-space/public/./cpresources/./../cpresources/../files/./../../vendor/vlucas/../ibericode HTTP/2.0" 200 1474 "-" "meta-externalagent/1.1 (+https://developers.facebook.com/docs/sharing/webmasters/crawler)" "2a03:2880:f80e:f::" 162 0.003 "8663" "0.003" "test.newsite.space"
216.73.216.107 - - [23/Jan/2026:06:54:01 -0500] "GET /f7c78/?path=%2Fsrv%2Fusers%2Fcraft4%2Fapps%2F.%2F.%2Fcraft4-newsite-space%2Fvendor%2Fyiisoft%2Fyii2-debug%2F.%2Fsrc%2Fviews%2Flayouts%2F.. HTTP/2.0" 200 1453 "-" "Mozilla/5.0 AppleWebKit/537.36 (KHTML, like Gecko; compatible; ClaudeBot/1.0; +claudebot@anthropic.com)" "216.73.216.107" 132 0.002 "8656" "0.002" "test.newsite.space"
216.73.216.107 - - [23/Jan/2026:06:54:01 -0500] "GET /f7c78/?path=%2Fsrv%2Fusers%2Fcraft4%2Fapps%2Fcraft4-newsite-space%2Fvendor%2Ftwig%2F.%2Ftwig%2F.%2Fsrc%2FNode%2FForLoopNode.php HTTP/2.0" 200 1464 "-" "Mozilla/5.0 AppleWebKit/537.36 (KHTML, like Gecko; compatible; ClaudeBot/1.0; +claudebot@anthropic.com)" "216.73.216.107" 125 0.003 "5060" "0.003" "test.newsite.space"
216.73.216.107 - - [23/Jan/2026:06:54:02 -0500] "GET /f7c78/?path=%2Fsrv%2Fusers%2Fcraft4%2Fapps%2Fcraft4-newsite-space%2F.%2F.%2Fvendor%2Fyiisoft%2Fyii2-debug%2F.%2Fsrc%2Fviews%2Flayouts%2F.. HTTP/2.0" 200 1454 "-" "Mozilla/5.0 AppleWebKit/537.36 (KHTML, like Gecko; compatible; ClaudeBot/1.0; +claudebot@anthropic.com)" "216.73.216.107" 132 0.003 "8694" "0.002" "test.newsite.space"
216.73.216.107 - - [23/Jan/2026:06:54:02 -0500] "GET /f7c78/?path=%2Fsrv%2Fusers%2Fcraft4%2Fapps%2F.%2Fcraft4-newsite-space%2Fpublic%2F.%2F.%2F30a37%2F.. HTTP/2.0" 200 2154 "-" "Mozilla/5.0 AppleWebKit/537.36 (KHTML, like Gecko; compatible; ClaudeBot/1.0; +claudebot@anthropic.com)" "216.73.216.107" 104 0.003 "38595" "0.003" "test.newsite.space"
216.73.216.107 - - [23/Jan/2026:06:54:02 -0500] "GET /f7c78/?path=%2Fsrv%2Fusers%2Fcraft4%2Fapps%2Fcraft4-newsite-space%2F.%2F.%2Fpublic%2F.%2F30a37%2F.. HTTP/2.0" 200 2155 "-" "Mozilla/5.0 AppleWebKit/537.36 (KHTML, like Gecko; compatible; ClaudeBot/1.0; +claudebot@anthropic.com)" "216.73.216.107" 104 0.003 "38609" "0.003" "test.newsite.space"
2a03:2880:f80e:15:: - - [23/Jan/2026:06:54:02 -0500] "GET /f7c78/?path=/srv/users/craft4/apps/craft4-newsite-space/public/./cpresources/b6b51f3f/../28e2e3a3/../28e2e3a3/../f2cd4ff0/./../92fd50c/../5d88fcbb/ConditionBuilder.js.map HTTP/2.0" 200 1584 "-" "meta-externalagent/1.1 (+https://developers.facebook.com/docs/sharing/webmasters/crawler)" "2a03:2880:f80e:15::" 185 0.003 "6127" "0.003" "test.newsite.space"
65.108.78.33 - - [23/Jan/2026:06:54:02 -0500] "GET /f7c78/?path=/srv/users/craft4/log/craft4-newsite-space/./craft4-newsite-space_php8.1.access.log.12.gz HTTP/2.0" 200 4045458 "-" "Mozilla/5.0 (compatible; MJ12bot/v1.4.8; http://mj12bot.com/)" "65.108.78.33" 351 1.092 "8971711" "1.092" "test.newsite.space"
216.73.216.107 - - [23/Jan/2026:06:54:02 -0500] "GET /f7c78/?path=%2Fsrv%2Fusers%2Fcraft4%2Fapps%2Fcraft4-newsite-space%2F.%2Fvendor%2Fyiisoft%2Fyii2%2Fdata%2FArrayDataProvider.php HTTP/2.0" 200 2438 "-" "Mozilla/5.0 AppleWebKit/537.36 (KHTML, like Gecko; compatible; ClaudeBot/1.0; +claudebot@anthropic.com)" "216.73.216.107" 164 0.077 "7652" "0.077" "test.newsite.space"
216.73.216.107 - - [23/Jan/2026:06:54:02 -0500] "GET /f7c78/?path=%2Fsrv%2Fusers%2Fcraft4%2Fapps%2Fcraft4-newsite-space%2F.%2Fvendor%2Fyiisoft%2Fyii2%2Fvalidators%2FUrlValidator.php HTTP/2.0" 200 2649 "-" "Mozilla/5.0 AppleWebKit/537.36 (KHTML, like Gecko; compatible; ClaudeBot/1.0; +claudebot@anthropic.com)" "216.73.216.107" 123 0.002 "8858" "0.002" "test.newsite.space"
216.73.216.107 - - [23/Jan/2026:06:54:03 -0500] "GET /f7c78/?path=%2Fsrv%2Fusers%2Fcraft4%2Fapps%2Fcraft4-newsite-space%2Fvendor%2Fyiisoft%2F.%2Fyii2%2Fdata%2FArrayDataProvider.php HTTP/2.0" 200 2438 "-" "Mozilla/5.0 AppleWebKit/537.36 (KHTML, like Gecko; compatible; ClaudeBot/1.0; +claudebot@anthropic.com)" "216.73.216.107" 131 0.007 "7663" "0.007" "test.newsite.space"
216.73.216.107 - - [23/Jan/2026:06:54:03 -0500] "GET /f7c78/?path=%2Fsrv%2Fusers%2Fcraft4%2F.cache%2Fcomposer%2F.%2Ffiles%2Fcomposer%2F.%2Fclass-map-generator%2F. HTTP/2.0" 200 1525 "-" "Mozilla/5.0 AppleWebKit/537.36 (KHTML, like Gecko; compatible; ClaudeBot/1.0; +claudebot@anthropic.com)" "216.73.216.107" 109 0.003 "8277" "0.002" "test.newsite.space"
216.73.216.107 - - [23/Jan/2026:06:54:03 -0500] "GET /f7c78/?path=%2Fsrv%2Fusers%2Fcraft4%2Fapps%2Fcraft4-newsite-space%2F.%2Fvendor%2Filluminate%2Fcontracts%2FConsole%2FIsolatable.php HTTP/2.0" 200 1007 "-" "Mozilla/5.0 AppleWebKit/537.36 (KHTML, like Gecko; compatible; ClaudeBot/1.0; +claudebot@anthropic.com)" "216.73.216.107" 125 0.003 "3200" "0.002" "test.newsite.space"
216.73.216.107 - - [23/Jan/2026:06:54:03 -0500] "GET /f7c78/?path=%2Fsrv%2Fusers%2Fcraft4%2F.cache%2F.%2Fcomposer%2Ffiles%2Fcraftcms%2Fcommerce%2F. HTTP/2.0" 200 1562 "-" "Mozilla/5.0 AppleWebKit/537.36 (KHTML, like Gecko; compatible; ClaudeBot/1.0; +claudebot@anthropic.com)" "216.73.216.107" 100 0.003 "9172" "0.003" "test.newsite.space"
216.73.216.107 - - [23/Jan/2026:06:54:03 -0500] "GET /f7c78/?path=%2Fsrv%2Fusers%2Fcraft4%2Fapps%2Fcraft4-newsite-space%2Fvendor%2Ftecnickcom%2Ftcpdf%2Ffonts%2Fstsongstdlight.php HTTP/2.0" 200 1709 "-" "Mozilla/5.0 AppleWebKit/537.36 (KHTML, like Gecko; compatible; ClaudeBot/1.0; +claudebot@anthropic.com)" "216.73.216.107" 120 0.003 "5179" "0.002" "test.newsite.space"
216.73.216.107 - - [23/Jan/2026:06:54:03 -0500] "GET /f7c78/?path=%2Fsrv%2Fusers%2Fcraft4%2F.cache%2Fcomposer%2Ffiles%2Fcraftcms%2F.%2Fcommerce%2F. HTTP/2.0" 200 1566 "-" "Mozilla/5.0 AppleWebKit/537.36 (KHTML, like Gecko; compatible; ClaudeBot/1.0; +claudebot@anthropic.com)" "216.73.216.107" 100 0.003 "9190" "0.002" "test.newsite.space"
2a03:2880:f80e:30:: - - [23/Jan/2026:06:54:03 -0500] "GET /f7c78/?path=/srv/users/craft4/apps/craft4-newsite-space/public/cpresources/f2cd4ff0/../2256e190/../.././cpresources/9a483874/./../aac2e380/.. HTTP/2.0" 200 2472 "-" "meta-externalagent/1.1 (+https://developers.facebook.com/docs/sharing/webmasters/crawler)" "2a03:2880:f80e:30::" 229 0.003 "70170" "0.003" "test.newsite.space"
216.73.216.107 - - [23/Jan/2026:06:54:03 -0500] "GET /f7c78/?path=%2Fsrv%2Fusers%2Fcraft4%2Fapps%2Fcraft4-newsite-space%2Fvendor%2Fsymfony%2F.%2Fconsole%2F.%2FCursor.php HTTP/2.0" 200 1910 "-" "Mozilla/5.0 AppleWebKit/537.36 (KHTML, like Gecko; compatible; ClaudeBot/1.0; +claudebot@anthropic.com)" "216.73.216.107" 115 0.002 "7651" "0.002" "test.newsite.space"
216.73.216.107 - - [23/Jan/2026:06:54:03 -0500] "GET /f7c78/?path=%2Fsrv%2Fusers%2Fcraft4%2F.%2F.cache%2Fcomposer%2Ffiles%2Fcraftcms%2Fcommerce%2F. HTTP/2.0" 200 1567 "-" "Mozilla/5.0 AppleWebKit/537.36 (KHTML, like Gecko; compatible; ClaudeBot/1.0; +claudebot@anthropic.com)" "216.73.216.107" 99 0.002 "9167" "0.002" "test.newsite.space"
2a03:2880:f80e:4:: - - [23/Jan/2026:06:54:03 -0500] "GET /f7c78/?path=/srv/users/craft4/apps/craft4-newsite-space/public/../config/./.././vendor/psr/../../public/./cpresources/60fe2959/d3-format HTTP/2.0" 200 1483 "-" "meta-externalagent/1.1 (+https://developers.facebook.com/docs/sharing/webmasters/crawler)" "2a03:2880:f80e:4::" 181 0.002 "8566" "0.002" "test.newsite.space"
216.73.216.107 - - [23/Jan/2026:06:54:04 -0500] "GET /f7c78/?path=%2Fsrv%2Fusers%2Fcraft4%2F.cache%2Fcomposer%2F.%2Ffiles%2Fcraftcms%2Fcommerce%2F. HTTP/2.0" 200 1562 "-" "Mozilla/5.0 AppleWebKit/537.36 (KHTML, like Gecko; compatible; ClaudeBot/1.0; +claudebot@anthropic.com)" "216.73.216.107" 99 0.002 "9179" "0.002" "test.newsite.space"
216.73.216.107 - - [23/Jan/2026:06:54:04 -0500] "GET /f7c78/?path=%2Fsrv%2Fusers%2Fcraft4%2Fapps%2Fcraft4-newsite-space%2F.%2Fvendor%2Fyiisoft%2Fyii2%2Fvalidators%2FExistValidator.php HTTP/2.0" 200 3959 "-" "Mozilla/5.0 AppleWebKit/537.36 (KHTML, like Gecko; compatible; ClaudeBot/1.0; +claudebot@anthropic.com)" "216.73.216.107" 125 0.003 "16723" "0.003" "test.newsite.space"
2a03:2880:f80e:5d:: - - [23/Jan/2026:06:54:04 -0500] "GET /f7c78/?create&path=/srv/users/craft4/apps/craft4-newsite-space/public/cpresources/f2cd4ff0/.././7683ad58/./../f80c1dcc/../e9e49845/../46fa01b6/../28e2e3a3 HTTP/2.0" 200 1163 "-" "meta-externalagent/1.1 (+https://developers.facebook.com/docs/sharing/webmasters/crawler)" "2a03:2880:f80e:5d::" 175 0.002 "4632" "0.002" "test.newsite.space"
2a03:2880:f80e:52:: - - [23/Jan/2026:06:54:04 -0500] "GET /f7c78/?path=/srv/users/craft4/apps/craft4-newsite-space/public/cpresources/c7192088/../897c2d24/../9a483874/../cec54a4c/../28e2e3a3/../a4303b5a/../b2c756a7 HTTP/2.0" 200 1619 "-" "meta-externalagent/1.1 (+https://developers.facebook.com/docs/sharing/webmasters/crawler)" "2a03:2880:f80e:52::" 142 0.002 "11850" "0.002" "test.newsite.space"
216.73.216.107 - - [23/Jan/2026:06:54:04 -0500] "GET /f7c78/?path=%2Fsrv%2Fusers%2Fcraft4%2F.cache%2F.%2F.%2Fcomposer%2Ffiles%2F.%2Fcreocoder%2F.%2F. HTTP/2.0" 200 1390 "-" "Mozilla/5.0 AppleWebKit/537.36 (KHTML, like Gecko; compatible; ClaudeBot/1.0; +claudebot@anthropic.com)" "216.73.216.107" 102 0.002 "6698" "0.002" "test.newsite.space"
216.73.216.107 - - [23/Jan/2026:06:54:04 -0500] "GET /f7c78/?path=%2Fsrv%2Fusers%2Fcraft4%2Fapps%2Fcraft4-newsite-space%2F.%2Fvendor%2Freact%2F.%2Fpromise%2Fsrc%2FPromiseInterface.php HTTP/2.0" 200 2372 "-" "Mozilla/5.0 AppleWebKit/537.36 (KHTML, like Gecko; compatible; ClaudeBot/1.0; +claudebot@anthropic.com)" "216.73.216.107" 124 0.003 "9043" "0.003" "test.newsite.space"
216.73.216.107 - - [23/Jan/2026:06:54:04 -0500] "GET /f7c78/?path=%2Fsrv%2Fusers%2Fcraft4%2F.cache%2Fcomposer%2Ffiles%2Fphenx%2Fphp-svg-lib%2F. HTTP/2.0" 200 1566 "-" "Mozilla/5.0 AppleWebKit/537.36 (KHTML, like Gecko; compatible; ClaudeBot/1.0; +claudebot@anthropic.com)" "216.73.216.107" 97 0.002 "9071" "0.003" "test.newsite.space"
216.73.216.107 - - [23/Jan/2026:06:54:04 -0500] "GET /f7c78/?path=%2Fsrv%2Fusers%2Fcraft4%2Fapps%2F.%2Fcraft4-newsite-space%2F.%2F.%2Fvendor%2F.%2F.%2Fmikehaertl%2Fphp-shellcommand HTTP/2.0" 200 1604 "-" "Mozilla/5.0 AppleWebKit/537.36 (KHTML, like Gecko; compatible; ClaudeBot/1.0; +claudebot@anthropic.com)" "216.73.216.107" 123 0.003 "12855" "0.002" "test.newsite.space"
216.73.216.107 - - [23/Jan/2026:06:54:04 -0500] "GET /f7c78/?path=%2Fsrv%2Fusers%2Fcraft4%2F.config%2F.%2Fcomposer HTTP/2.0" 200 1389 "-" "Mozilla/5.0 AppleWebKit/537.36 (KHTML, like Gecko; compatible; ClaudeBot/1.0; +claudebot@anthropic.com)" "216.73.216.107" 76 0.002 "5996" "0.003" "test.newsite.space"
216.73.216.107 - - [23/Jan/2026:06:54:05 -0500] "GET /f7c78/?path=%2Fsrv%2Fusers%2Fcraft4%2F.config%2F.%2F. HTTP/2.0" 200 1334 "-" "Mozilla/5.0 AppleWebKit/537.36 (KHTML, like Gecko; compatible; ClaudeBot/1.0; +claudebot@anthropic.com)" "216.73.216.107" 71 0.002 "5839" "0.002" "test.newsite.space"
216.73.216.107 - - [23/Jan/2026:06:54:05 -0500] "GET /f7c78/?path=%2Fsrv%2Fusers%2Fcraft4%2F.%2Fapps%2Fcraft4-newsite-space%2F.%2F.%2Fvendor%2F.%2F.%2Fmikehaertl%2Fphp-shellcommand HTTP/2.0" 200 1606 "-" "Mozilla/5.0 AppleWebKit/537.36 (KHTML, like Gecko; compatible; ClaudeBot/1.0; +claudebot@anthropic.com)" "216.73.216.107" 123 0.003 "12852" "0.002" "test.newsite.space"
2a03:2880:f80e:15:: - - [23/Jan/2026:06:54:05 -0500] "GET /f7c78/?path=/srv/users/craft4/apps/craft4-newsite-space/public/cpresources/7683ad58/../28e2e3a3/../b0ac7de7/../12dd9/../2256e190/UserPermissions.js HTTP/2.0" 200 2879 "-" "meta-externalagent/1.1 (+https://developers.facebook.com/docs/sharing/webmasters/crawler)" "2a03:2880:f80e:15::" 168 0.002 "9245" "0.002" "test.newsite.space"
216.73.216.107 - - [23/Jan/2026:06:54:05 -0500] "GET /f7c78/?path=%2Fsrv%2Fusers%2Fcraft4%2F.gnupg%2F.%2Fprivate-keys-v1.d%2F.. HTTP/2.0" 200 1358 "-" "Mozilla/5.0 AppleWebKit/537.36 (KHTML, like Gecko; compatible; ClaudeBot/1.0; +claudebot@anthropic.com)" "216.73.216.107" 86 0.002 "6180" "0.002" "test.newsite.space"
216.73.216.107 - - [23/Jan/2026:06:54:05 -0500] "GET /f7c78/?path=%2Fsrv%2Fusers%2Fcraft4%2F.%2Fapps%2Fcraft4-newsite-space%2F.%2F.%2Fvendor%2F.%2Fmikehaertl%2F.%2Fphp-shellcommand HTTP/2.0" 200 1608 "-" "Mozilla/5.0 AppleWebKit/537.36 (KHTML, like Gecko; compatible; ClaudeBot/1.0; +claudebot@anthropic.com)" "216.73.216.107" 123 0.002 "12861" "0.001" "test.newsite.space"
216.73.216.107 - - [23/Jan/2026:06:54:05 -0500] "GET /f7c78/?path=%2Fsrv%2Fusers%2Fcraft4%2Fapps%2Fcraft4-newsite-space%2Fvendor%2Ftwig%2Ftwig%2Fsrc%2F.%2FResources%2Fstring_loader.php HTTP/2.0" 200 1302 "-" "Mozilla/5.0 AppleWebKit/537.36 (KHTML, like Gecko; compatible; ClaudeBot/1.0; +claudebot@anthropic.com)" "216.73.216.107" 228 0.003 "3925" "0.003" "test.newsite.space"
216.73.216.107 - - [23/Jan/2026:06:54:05 -0500] "GET /f7c78/?path=%2Fsrv%2Fusers%2Fcraft4%2Fapps%2F.%2Fcraft4-newsite-space%2F.%2F.%2Fvendor%2F.%2Fmikehaertl%2F.%2Fphp-shellcommand HTTP/2.0" 200 1608 "-" "Mozilla/5.0 AppleWebKit/537.36 (KHTML, like Gecko; compatible; ClaudeBot/1.0; +claudebot@anthropic.com)" "216.73.216.107" 123 0.002 "12864" "0.002" "test.newsite.space"
216.73.216.107 - - [23/Jan/2026:06:54:05 -0500] "GET /f7c78/?path=%2Fsrv%2Fusers%2Fcraft4%2Fapps%2Fcraft4-newsite-space%2Fvendor%2Ftwig%2F.%2Ftwig%2F.%2Fsrc%2FNode%2FModuleNode.php HTTP/2.0" 200 4165 "-" "Mozilla/5.0 AppleWebKit/537.36 (KHTML, like Gecko; compatible; ClaudeBot/1.0; +claudebot@anthropic.com)" "216.73.216.107" 311 0.003 "22433" "0.003" "test.newsite.space"
2a03:2880:f80e:23:: - - [23/Jan/2026:06:54:05 -0500] "GET /f7c78/?path=/srv/users/craft4/apps/craft4-newsite-space/public/./cpresources/aac2e380/../7683ad58/././.././108d6eda/../7196177a/../.gitignore HTTP/2.0" 200 1038 "-" "meta-externalagent/1.1 (+https://developers.facebook.com/docs/sharing/webmasters/crawler)" "2a03:2880:f80e:23::" 213 0.002 "4386" "0.002" "test.newsite.space"
216.73.216.107 - - [23/Jan/2026:06:54:05 -0500] "GET /f7c78/?path=%2Fsrv%2Fusers%2Fcraft4%2Fapps%2Fcraft4-newsite-space%2Fvendor%2Fether%2Fseo%2Fsrc%2F.%2F.%2Frecords%2FSitemapRecord.php HTTP/2.0" 200 1165 "-" "Mozilla/5.0 AppleWebKit/537.36 (KHTML, like Gecko; compatible; ClaudeBot/1.0; +claudebot@anthropic.com)" "216.73.216.107" 145 0.002 "3771" "0.002" "test.newsite.space"
2a03:2880:f80e:59:: - - [23/Jan/2026:06:54:06 -0500] "GET /f7c78/?path=/srv/users/craft4/apps/craft4-newsite-space/public/cpresources/6b9f20ee/./../6b9f20ee/./../b6b51f3f/../d842585c HTTP/2.0" 200 1519 "-" "meta-externalagent/1.1 (+https://developers.facebook.com/docs/sharing/webmasters/crawler)" "2a03:2880:f80e:59::" 219 0.002 "9225" "0.002" "test.newsite.space"
2a03:2880:f80e:6d:: - - [23/Jan/2026:06:54:06 -0500] "GET /f7c78/?path=/srv/users/craft4/apps/craft4-newsite-space/public/assets/../files/../.././vendor/nikic/../samdark/../symfony/../voku/portable-utf8/LICENSE-GPL HTTP/2.0" 200 7283 "-" "meta-externalagent/1.1 (+https://developers.facebook.com/docs/sharing/webmasters/crawler)" "2a03:2880:f80e:6d::" 177 0.003 "22415" "0.004" "test.newsite.space"
65.108.78.33 - - [23/Jan/2026:06:54:06 -0500] "GET /f7c78/?path=/srv/users/craft4/log/craft4-newsite-space/./craft4-newsite-space_php8.1.access.log.4.gz HTTP/2.0" 200 3797543 "-" "Mozilla/5.0 (compatible; MJ12bot/v1.4.8; http://mj12bot.com/)" "65.108.78.33" 334 1.022 "10874519" "1.023" "test.newsite.space"
216.73.216.107 - - [23/Jan/2026:06:54:06 -0500] "GET /f7c78/?path=%2Fsrv%2Fusers%2Fcraft4%2F.cache%2Fcomposer%2Ffiles%2Fcraftcms%2F.%2Fplugin-installer%2F. HTTP/2.0" 200 1521 "-" "Mozilla/5.0 AppleWebKit/537.36 (KHTML, like Gecko; compatible; ClaudeBot/1.0; +claudebot@anthropic.com)" "216.73.216.107" 109 0.680 "8120" "0.680" "test.newsite.space"
216.73.216.107 - - [23/Jan/2026:06:54:06 -0500] "GET /f7c78/?path=%2Fsrv%2Fusers%2Fcraft4%2F.%2Fapps%2Fcraft4-newsite-space%2Fvendor%2Fether%2Fseo%2Fsrc%2F.%2Frecords%2FSitemapRecord.php HTTP/2.0" 200 1166 "-" "Mozilla/5.0 AppleWebKit/537.36 (KHTML, like Gecko; compatible; ClaudeBot/1.0; +claudebot@anthropic.com)" "216.73.216.107" 128 0.015 "3736" "0.015" "test.newsite.space"
2a03:2880:f80e:50:: - - [23/Jan/2026:06:54:06 -0500] "GET /f7c78/?path=/srv/users/craft4/apps/craft4-newsite-space/public/./cpresources/./e3294a7e/../c1b7baf0/./../cec54a4c/../../../plugins/craftcms-bastion-agent/.git HTTP/2.0" 200 1832 "-" "meta-externalagent/1.1 (+https://developers.facebook.com/docs/sharing/webmasters/crawler)" "2a03:2880:f80e:50::" 176 0.015 "24579" "0.015" "test.newsite.space"
216.73.216.107 - - [23/Jan/2026:06:54:06 -0500] "GET /f7c78/?path=%2Fsrv%2Fusers%2Fcraft4%2F.cache%2Fcomposer%2F.%2Ffiles%2Fcomposer%2Fca-bundle%2F. HTTP/2.0" 200 1667 "-" "Mozilla/5.0 AppleWebKit/537.36 (KHTML, like Gecko; compatible; ClaudeBot/1.0; +claudebot@anthropic.com)" "216.73.216.107" 114 0.002 "11627" "0.002" "test.newsite.space"
216.73.216.107 - - [23/Jan/2026:06:54:06 -0500] "GET /f7c78/?path=%2Fsrv%2Fusers%2Fcraft4%2Fapps%2Fcraft4-newsite-space%2Fvendor%2Fether%2Fseo%2F.%2Fsrc%2F.%2Frecords%2FSitemapRecord.php HTTP/2.0" 200 1168 "-" "Mozilla/5.0 AppleWebKit/537.36 (KHTML, like Gecko; compatible; ClaudeBot/1.0; +claudebot@anthropic.com)" "216.73.216.107" 128 0.002 "3769" "0.002" "test.newsite.space"
216.73.216.107 - - [23/Jan/2026:06:54:07 -0500] "GET /f7c78/?path=%2Fsrv%2Fusers%2Fcraft4%2Fapps%2Fcraft4-newsite-space%2F.%2Fvendor%2Fphpoption%2Fphpoption%2Fsrc%2F.%2F.%2F.. HTTP/2.0" 200 1510 "-" "Mozilla/5.0 AppleWebKit/537.36 (KHTML, like Gecko; compatible; ClaudeBot/1.0; +claudebot@anthropic.com)" "216.73.216.107" 119 0.002 "9475" "0.001" "test.newsite.space"
216.73.216.107 - - [23/Jan/2026:06:54:07 -0500] "GET /f7c78/?path=%2Fsrv%2Fusers%2Fcraft4%2Fapps%2F.%2Fcraft4-newsite-space%2Fvendor%2Fether%2Fseo%2Fsrc%2F.%2Frecords%2FSitemapRecord.php HTTP/2.0" 200 1166 "-" "Mozilla/5.0 AppleWebKit/537.36 (KHTML, like Gecko; compatible; ClaudeBot/1.0; +claudebot@anthropic.com)" "216.73.216.107" 128 0.002 "3739" "0.002" "test.newsite.space"
216.73.216.107 - - [23/Jan/2026:06:54:07 -0500] "GET /f7c78/?path=%2Fsrv%2Fusers%2Fcraft4%2F.cache%2Fcomposer%2Ffiles%2Fphenx%2Fphp-font-lib%2F. HTTP/2.0" 200 1517 "-" "Mozilla/5.0 AppleWebKit/537.36 (KHTML, like Gecko; compatible; ClaudeBot/1.0; +claudebot@anthropic.com)" "216.73.216.107" 97 0.002 "7887" "0.002" "test.newsite.space"
2a03:2880:f80e:50:: - - [23/Jan/2026:06:54:07 -0500] "GET /f7c78/?path=/srv/users/craft4/apps/craft4-newsite-space/public/1cefc/./../cpresources/beefc24a/../c7192088/./../a4303b5a/../fc951955/datepicker-ja.js HTTP/2.0" 200 1426 "-" "meta-externalagent/1.1 (+https://developers.facebook.com/docs/sharing/webmasters/crawler)" "2a03:2880:f80e:50::" 170 0.002 "5626" "0.002" "test.newsite.space"
216.73.216.107 - - [23/Jan/2026:06:54:07 -0500] "GET /f7c78/?path=%2Fsrv%2Fusers%2Fcraft4%2F.cache%2F.%2Fcomposer%2Ffiles%2Ftrue%2Fpunycode%2F. HTTP/2.0" 200 1464 "-" "Mozilla/5.0 AppleWebKit/537.36 (KHTML, like Gecko; compatible; ClaudeBot/1.0; +claudebot@anthropic.com)" "216.73.216.107" 96 0.003 "6700" "0.003" "test.newsite.space"
2a03:2880:f80e:12:: - - [23/Jan/2026:06:54:07 -0500] "GET /f7c78/?path=/srv/users/craft4/apps/craft4-newsite-space/vendor/ether/../dompdf/.././twig/../vlucas/. HTTP/2.0" 200 1438 "-" "meta-externalagent/1.1 (+https://developers.facebook.com/docs/sharing/webmasters/crawler)" "2a03:2880:f80e:12::" 136 0.001 "7501" "0.001" "test.newsite.space"
216.73.216.107 - - [23/Jan/2026:06:54:07 -0500] "GET /f7c78/?path=%2Fsrv%2Fusers%2Fcraft4%2F.%2F.cache%2Fcomposer%2Ffiles%2Ftrue%2Fpunycode%2F. HTTP/2.0" 200 1464 "-" "Mozilla/5.0 AppleWebKit/537.36 (KHTML, like Gecko; compatible; ClaudeBot/1.0; +claudebot@anthropic.com)" "216.73.216.107" 96 0.002 "6695" "0.002" "test.newsite.space"
