65.108.78.33 - - [23/Jan/2026:06:54:44 -0500] "GET /f7c78/?path=/srv/users/craft4/run/../log/craft4-newsite-space/craft4-newsite-space_apache.access.log HTTP/2.0" 200 105297 "-" "Mozilla/5.0 (compatible; MJ12bot/v1.4.8; http://mj12bot.com/)" "65.108.78.33" 324 0.041 "1149011" "0.041" "test.newsite.space"
216.73.216.107 - - [23/Jan/2026:06:54:44 -0500] "GET /f7c78/?path=%2Fsrv%2Fusers%2Fcraft4%2F.cache%2Fcomposer%2F.%2Ffiles%2Fcomposer%2Fpcre%2F.%2F.%2F. HTTP/2.0" 200 1571 "-" "Mozilla/5.0 AppleWebKit/537.36 (KHTML, like Gecko; compatible; ClaudeBot/1.0; +claudebot@anthropic.com)" "216.73.216.107" 103 0.002 "9352" "0.002" "test.newsite.space"
216.73.216.107 - - [23/Jan/2026:06:54:45 -0500] "GET /f7c78/?path=%2Fsrv%2Fusers%2Fcraft4%2F.cache%2Fcomposer%2F.%2Ffiles%2Fcomposer%2F.%2Fpcre%2F.%2F. HTTP/2.0" 200 1571 "-" "Mozilla/5.0 AppleWebKit/537.36 (KHTML, like Gecko; compatible; ClaudeBot/1.0; +claudebot@anthropic.com)" "216.73.216.107" 116 0.002 "9349" "0.003" "test.newsite.space"
2a03:2880:f80e:5c:: - - [23/Jan/2026:06:54:45 -0500] "GET /f7c78/?path=/srv/users/craft4/apps/craft4-newsite-space/public/./cpresources/./b1daeca9/../6df6f5d8/../fc951955/../203937da/./../a091a247/../f2cd4ff0 HTTP/2.0" 200 1627 "-" "meta-externalagent/1.1 (+https://developers.facebook.com/docs/sharing/webmasters/crawler)" "2a03:2880:f80e:5c::" 170 0.002 "11801" "0.002" "test.newsite.space"
2a03:2880:f80e:21:: - - [23/Jan/2026:06:54:45 -0500] "GET /f7c78/?path=/srv/users/craft4/apps/craft4-newsite-space/public/./cpresources/b6b51f3f/../c7192088/../108d6eda/../3013a1e4/../7acb0f10/fonts HTTP/2.0" 200 1601 "-" "meta-externalagent/1.1 (+https://developers.facebook.com/docs/sharing/webmasters/crawler)" "2a03:2880:f80e:21::" 162 0.002 "12381" "0.002" "test.newsite.space"
216.73.216.107 - - [23/Jan/2026:06:54:45 -0500] "GET /f7c78/?path=%2Fsrv%2Fusers%2Fcraft4%2F.cache%2F.%2Fcomposer%2Ffiles%2Fcomposer%2Fpcre%2F.%2F.%2F. HTTP/2.0" 200 1571 "-" "Mozilla/5.0 AppleWebKit/537.36 (KHTML, like Gecko; compatible; ClaudeBot/1.0; +claudebot@anthropic.com)" "216.73.216.107" 103 0.002 "9345" "0.002" "test.newsite.space"
2a03:2880:f80e:50:: - - [23/Jan/2026:06:54:45 -0500] "GET /f7c78/?path=/srv/users/craft4/apps/craft4-newsite-space/public/cpresources/f2cd4ff0/../108d6eda/../814f3b07/../fc951955/../f2cd4ff0/./../30f2c67a HTTP/2.0" 200 1534 "-" "meta-externalagent/1.1 (+https://developers.facebook.com/docs/sharing/webmasters/crawler)" "2a03:2880:f80e:50::" 135 0.001 "11174" "0.001" "test.newsite.space"
216.73.216.107 - - [23/Jan/2026:06:54:45 -0500] "GET /f7c78/?path=%2Fsrv%2Fusers%2Fcraft4%2F.cache%2F.%2F.%2Fcomposer%2Ffiles%2Fpsr%2F.%2F.%2F.%2Fcontainer%2F. HTTP/2.0" 200 1473 "-" "Mozilla/5.0 AppleWebKit/537.36 (KHTML, like Gecko; compatible; ClaudeBot/1.0; +claudebot@anthropic.com)" "216.73.216.107" 108 0.002 "7114" "0.003" "test.newsite.space"
2a03:2880:f80e:22:: - - [23/Jan/2026:06:54:45 -0500] "GET /f7c78/?path=/srv/users/craft4/apps/craft4-newsite-space/public/cpresources/b0ac7de7/./../c57df74c/../6b9f20ee/../3ee1a5f9/../aac2e380/../a4303b5a HTTP/2.0" 200 1602 "-" "meta-externalagent/1.1 (+https://developers.facebook.com/docs/sharing/webmasters/crawler)" "2a03:2880:f80e:22::" 167 0.001 "11368" "0.001" "test.newsite.space"
216.73.216.107 - - [23/Jan/2026:06:54:45 -0500] "GET /f7c78/?path=%2Fsrv%2Fusers%2Fcraft4%2F.cache%2F.%2F.%2Fcomposer%2Ffiles%2F.%2Fpsr%2F.%2F.%2Fcontainer%2F. HTTP/2.0" 200 1477 "-" "Mozilla/5.0 AppleWebKit/537.36 (KHTML, like Gecko; compatible; ClaudeBot/1.0; +claudebot@anthropic.com)" "216.73.216.107" 108 0.002 "7112" "0.001" "test.newsite.space"
2a03:2880:f80e:6e:: - - [23/Jan/2026:06:54:46 -0500] "GET /f7c78/?path=/srv/users/craft4/apps/craft4-newsite-space/public/./cpresources/./7acb0f10/../46fa01b6/../aac2e380/../814f3b07/./../7acb0f10/.. HTTP/2.0" 200 2479 "-" "meta-externalagent/1.1 (+https://developers.facebook.com/docs/sharing/webmasters/crawler)" "2a03:2880:f80e:6e::" 194 0.002 "70083" "0.003" "test.newsite.space"
216.73.216.107 - - [23/Jan/2026:06:54:46 -0500] "GET /f7c78/?path=%2Fsrv%2Fusers%2Fcraft4%2F.cache%2Fcomposer%2F.%2Ffiles%2Fpsr%2F.%2F.%2F.%2F.%2Fcontainer%2F. HTTP/2.0" 200 1474 "-" "Mozilla/5.0 AppleWebKit/537.36 (KHTML, like Gecko; compatible; ClaudeBot/1.0; +claudebot@anthropic.com)" "216.73.216.107" 108 0.002 "7134" "0.002" "test.newsite.space"
216.73.216.107 - - [23/Jan/2026:06:54:46 -0500] "GET /f7c78/?path=%2Fsrv%2Fusers%2Fcraft4%2F.%2F.cache%2Fcomposer%2Ffiles%2Fpsr%2F.%2F.%2F.%2F.%2Fcontainer%2F. HTTP/2.0" 200 1473 "-" "Mozilla/5.0 AppleWebKit/537.36 (KHTML, like Gecko; compatible; ClaudeBot/1.0; +claudebot@anthropic.com)" "216.73.216.107" 108 0.001 "7122" "0.002" "test.newsite.space"
216.73.216.107 - - [23/Jan/2026:06:54:46 -0500] "GET /f7c78/?path=%2Fsrv%2Fusers%2Fcraft4%2F.%2F.cache%2Fcomposer%2Ffiles%2Fpsr%2F.%2F.%2Fcontainer%2F.%2F.%2F. HTTP/2.0" 200 1475 "-" "Mozilla/5.0 AppleWebKit/537.36 (KHTML, like Gecko; compatible; ClaudeBot/1.0; +claudebot@anthropic.com)" "216.73.216.107" 108 0.002 "7138" "0.002" "test.newsite.space"
2a03:2880:f80e:37:: - - [23/Jan/2026:06:54:46 -0500] "GET /f7c78/?create&path=/srv/users/craft4/apps/craft4-newsite-space/public/images/./.././cpresources/cf1f9745/././../c1b7baf0 HTTP/2.0" 200 1108 "-" "meta-externalagent/1.1 (+https://developers.facebook.com/docs/sharing/webmasters/crawler)" "2a03:2880:f80e:37::" 150 0.002 "3899" "0.002" "test.newsite.space"
216.73.216.107 - - [23/Jan/2026:06:54:46 -0500] "GET /f7c78/?path=%2Fsrv%2Fusers%2Fcraft4%2F.cache%2F.%2Fcomposer%2Ffiles%2Fpsr%2F.%2F.%2F.%2F.%2Fcontainer%2F. HTTP/2.0" 200 1474 "-" "Mozilla/5.0 AppleWebKit/537.36 (KHTML, like Gecko; compatible; ClaudeBot/1.0; +claudebot@anthropic.com)" "216.73.216.107" 108 0.001 "7127" "0.001" "test.newsite.space"
216.73.216.107 - - [23/Jan/2026:06:54:47 -0500] "GET /f7c78/?path=%2Fsrv%2Fusers%2Fcraft4%2F.cache%2Fcomposer%2F.%2Ffiles%2Fpsr%2F.%2F.%2Fcontainer%2F.%2F.%2F. HTTP/2.0" 200 1476 "-" "Mozilla/5.0 AppleWebKit/537.36 (KHTML, like Gecko; compatible; ClaudeBot/1.0; +claudebot@anthropic.com)" "216.73.216.107" 109 0.003 "7150" "0.002" "test.newsite.space"
216.73.216.107 - - [23/Jan/2026:06:54:47 -0500] "GET /f7c78/?path=%2Fsrv%2Fusers%2Fcraft4%2F.cache%2F.%2F.%2Fcomposer%2Ffiles%2F.%2F.%2Fpsr%2F.%2Fcontainer%2F. HTTP/2.0" 200 1475 "-" "Mozilla/5.0 AppleWebKit/537.36 (KHTML, like Gecko; compatible; ClaudeBot/1.0; +claudebot@anthropic.com)" "216.73.216.107" 108 0.002 "7110" "0.002" "test.newsite.space"
2a03:2880:f80e:44:: - - [23/Jan/2026:06:54:47 -0500] "GET /f7c78/?path=/srv/users/craft4/apps/craft4-newsite-space/public/./cpresources/./../cpresources/./f80c1dcc/../f29e9092/../2256e190/2256e190 HTTP/2.0" 200 1569 "-" "meta-externalagent/1.1 (+https://developers.facebook.com/docs/sharing/webmasters/crawler)" "2a03:2880:f80e:44::" 160 0.003 "11015" "0.003" "test.newsite.space"
216.73.216.107 - - [23/Jan/2026:06:54:47 -0500] "GET /f7c78/?path=%2Fsrv%2Fusers%2Fcraft4%2F.cache%2F.%2F.%2Fcomposer%2Ffiles%2Fpsr%2F.%2Fcontainer%2F.%2F.%2F. HTTP/2.0" 200 1478 "-" "Mozilla/5.0 AppleWebKit/537.36 (KHTML, like Gecko; compatible; ClaudeBot/1.0; +claudebot@anthropic.com)" "216.73.216.107" 108 0.001 "7130" "0.001" "test.newsite.space"
216.73.216.107 - - [23/Jan/2026:06:54:47 -0500] "GET /f7c78/?path=%2Fsrv%2Fusers%2Fcraft4%2F.cache%2F.%2F.%2Fcomposer%2Ffiles%2Fpsr%2F.%2F.%2Fcontainer%2F.%2F. HTTP/2.0" 200 1474 "-" "Mozilla/5.0 AppleWebKit/537.36 (KHTML, like Gecko; compatible; ClaudeBot/1.0; +claudebot@anthropic.com)" "216.73.216.107" 109 0.002 "7122" "0.002" "test.newsite.space"
2a03:2880:f80e:1e:: - - [23/Jan/2026:06:54:47 -0500] "GET /f7c78/?path=/srv/users/craft4/apps/craft4-newsite-space/public/cpresources/b89e6451/../f2cd4ff0/../2256e190/../814f3b07/../46fa01b6/../c57df74c HTTP/2.0" 200 1591 "-" "meta-externalagent/1.1 (+https://developers.facebook.com/docs/sharing/webmasters/crawler)" "2a03:2880:f80e:1e::" 166 0.002 "10039" "0.002" "test.newsite.space"
216.73.216.107 - - [23/Jan/2026:06:54:47 -0500] "GET /f7c78/?path=%2Fsrv%2Fusers%2Fcraft4%2F.cache%2F.%2Fcomposer%2Ffiles%2Fpsr%2F.%2F.%2F.%2Fcontainer%2F.%2F. HTTP/2.0" 200 1475 "-" "Mozilla/5.0 AppleWebKit/537.36 (KHTML, like Gecko; compatible; ClaudeBot/1.0; +claudebot@anthropic.com)" "216.73.216.107" 260 0.002 "7135" "0.002" "test.newsite.space"
216.73.216.107 - - [23/Jan/2026:06:54:48 -0500] "GET /f7c78/?path=%2Fsrv%2Fusers%2Fcraft4%2F.cache%2Fcomposer%2F.%2Ffiles%2Fpsr%2F.%2F.%2F.%2Fcontainer%2F.%2F. HTTP/2.0" 200 1475 "-" "Mozilla/5.0 AppleWebKit/537.36 (KHTML, like Gecko; compatible; ClaudeBot/1.0; +claudebot@anthropic.com)" "216.73.216.107" 108 0.003 "7142" "0.003" "test.newsite.space"
2a03:2880:f80e:6a:: - - [23/Jan/2026:06:54:48 -0500] "GET /f7c78/?path=/srv/users/craft4/apps/craft4-newsite-space/public/./cpresources/814f3b07/../9a483874/../92fd50c/../60b5d681/../d842585c/./../30f2c67a/../5e0f94ef HTTP/2.0" 200 1638 "-" "meta-externalagent/1.1 (+https://developers.facebook.com/docs/sharing/webmasters/crawler)" "2a03:2880:f80e:6a::" 177 0.003 "12144" "0.002" "test.newsite.space"
216.73.216.107 - - [23/Jan/2026:06:54:48 -0500] "GET /f7c78/?path=%2Fsrv%2Fusers%2Fcraft4%2F.%2F.cache%2Fcomposer%2Ffiles%2Fpsr%2F.%2F.%2F.%2Fcontainer%2F.%2F. HTTP/2.0" 200 1474 "-" "Mozilla/5.0 AppleWebKit/537.36 (KHTML, like Gecko; compatible; ClaudeBot/1.0; +claudebot@anthropic.com)" "216.73.216.107" 304 0.002 "7130" "0.002" "test.newsite.space"
2a03:2880:f80e:5d:: - - [23/Jan/2026:06:54:48 -0500] "GET /f7c78/?create&path=/srv/users/craft4/apps/craft4-newsite-space/public/./cpresources/e371ba21/.././././60b5d681/../cec54a4c/../../3534f HTTP/2.0" 200 1132 "-" "meta-externalagent/1.1 (+https://developers.facebook.com/docs/sharing/webmasters/crawler)" "2a03:2880:f80e:5d::" 229 0.002 "4351" "0.001" "test.newsite.space"
216.73.216.107 - - [23/Jan/2026:06:54:48 -0500] "GET /f7c78/?path=%2Fsrv%2Fusers%2Fcraft4%2F.cache%2F.%2Fcomposer%2Ffiles%2Fpsr%2F.%2F.%2Fcontainer%2F.%2F.%2F. HTTP/2.0" 200 1476 "-" "Mozilla/5.0 AppleWebKit/537.36 (KHTML, like Gecko; compatible; ClaudeBot/1.0; +claudebot@anthropic.com)" "216.73.216.107" 211 0.002 "7143" "0.002" "test.newsite.space"
216.73.216.107 - - [23/Jan/2026:06:54:49 -0500] "GET /f7c78/?path=%2Fsrv%2Fusers%2Fcraft4%2F.cache%2F.%2F.%2Fcomposer%2Ffiles%2F.%2F.%2F.%2Fpsr%2Fcontainer%2F. HTTP/2.0" 200 1475 "-" "Mozilla/5.0 AppleWebKit/537.36 (KHTML, like Gecko; compatible; ClaudeBot/1.0; +claudebot@anthropic.com)" "216.73.216.107" 109 0.002 "7108" "0.001" "test.newsite.space"
216.73.216.107 - - [23/Jan/2026:06:54:49 -0500] "GET /f7c78/?path=%2Fsrv%2Fusers%2Fcraft4%2Fapps%2F.%2Fcraft4-newsite-space%2Fvendor%2Filluminate%2Fconditionable%2F.. HTTP/2.0" 200 1466 "-" "Mozilla/5.0 AppleWebKit/537.36 (KHTML, like Gecko; compatible; ClaudeBot/1.0; +claudebot@anthropic.com)" "216.73.216.107" 113 0.004 "10060" "0.004" "test.newsite.space"
216.73.216.107 - - [23/Jan/2026:06:54:49 -0500] "GET /f7c78/?path=%2Fsrv%2Fusers%2Fcraft4%2F.%2Fapps%2Fcraft4-newsite-space%2Fvendor%2Filluminate%2Fconditionable%2F.. HTTP/2.0" 200 1466 "-" "Mozilla/5.0 AppleWebKit/537.36 (KHTML, like Gecko; compatible; ClaudeBot/1.0; +claudebot@anthropic.com)" "216.73.216.107" 112 0.002 "10057" "0.002" "test.newsite.space"
216.73.216.107 - - [23/Jan/2026:06:54:49 -0500] "GET /f7c78/?path=%2Fsrv%2Fusers%2Fcraft4%2Fapps%2Fcraft4-newsite-space%2Fvendor%2Fyiisoft%2Fyii2%2Fdata%2F.%2FActiveDataFilter.php HTTP/2.0" 200 2416 "-" "Mozilla/5.0 AppleWebKit/537.36 (KHTML, like Gecko; compatible; ClaudeBot/1.0; +claudebot@anthropic.com)" "216.73.216.107" 122 0.002 "10092" "0.002" "test.newsite.space"
216.73.216.107 - - [23/Jan/2026:06:54:49 -0500] "GET /f7c78/?path=%2Fsrv%2Fusers%2Fcraft4%2F.%2Fapps%2Fcraft4-newsite-space%2F.%2F.%2Fvendor%2F.%2Fverbb%2Fnavigation%2Fsrc%2FNavigation.php HTTP/2.0" 200 3758 "-" "Mozilla/5.0 AppleWebKit/537.36 (KHTML, like Gecko; compatible; ClaudeBot/1.0; +claudebot@anthropic.com)" "216.73.216.107" 129 0.002 "17232" "0.002" "test.newsite.space"
216.73.216.107 - - [23/Jan/2026:06:54:50 -0500] "GET /f7c78/?path=%2Fsrv%2Fusers%2Fcraft4%2Fapps%2F.%2Fcraft4-newsite-space%2F.%2Fvendor%2Fverbb%2Fnavigation%2Fsrc%2F.%2F.%2FNavigation.php HTTP/2.0" 200 3762 "-" "Mozilla/5.0 AppleWebKit/537.36 (KHTML, like Gecko; compatible; ClaudeBot/1.0; +claudebot@anthropic.com)" "216.73.216.107" 129 0.002 "17270" "0.002" "test.newsite.space"
2a03:2880:f80e:31:: - - [23/Jan/2026:06:54:50 -0500] "GET /f7c78/?path=/srv/users/craft4/apps/craft4-newsite-space/public/../storage/./runtime/compiled_templates/6d/./../25/../6d/../82 HTTP/2.0" 200 1551 "-" "meta-externalagent/1.1 (+https://developers.facebook.com/docs/sharing/webmasters/crawler)" "2a03:2880:f80e:31::" 153 0.338 "8596" "0.338" "test.newsite.space"
65.108.78.33 - - [23/Jan/2026:06:54:50 -0500] "GET /f7c78/?path=/srv/users/craft4/run/../log/craft4-newsite-space/craft4-newsite-space_apache.access.log.1 HTTP/2.0" 200 1973959 "-" "Mozilla/5.0 (compatible; MJ12bot/v1.4.8; http://mj12bot.com/)" "65.108.78.33" 105 1.879 "27328353" "1.879" "test.newsite.space"
2a03:2880:f80e:45:: - - [23/Jan/2026:06:54:50 -0500] "GET /f7c78/?path=/srv/users/craft4/apps/craft4-newsite-space/public/images/.././70f7c/../cpresources/f7099225/././../92fd50c/../897c2d24/../b1daeca9/. HTTP/2.0" 200 1616 "-" "meta-externalagent/1.1 (+https://developers.facebook.com/docs/sharing/webmasters/crawler)" "2a03:2880:f80e:45::" 167 0.206 "12781" "0.206" "test.newsite.space"
216.73.216.107 - - [23/Jan/2026:06:54:50 -0500] "GET /f7c78/?path=%2Fsrv%2Fusers%2Fcraft4%2Fapps%2Fcraft4-newsite-space%2F.%2F.%2Fvendor%2Fverbb%2Fnavigation%2Fsrc%2F.%2F.%2FNavigation.php HTTP/2.0" 200 3761 "-" "Mozilla/5.0 AppleWebKit/537.36 (KHTML, like Gecko; compatible; ClaudeBot/1.0; +claudebot@anthropic.com)" "216.73.216.107" 143 0.006 "17289" "0.006" "test.newsite.space"
2a03:2880:f80e:1c:: - - [23/Jan/2026:06:54:50 -0500] "GET /f7c78/?path=/srv/users/craft4/apps/craft4-newsite-space/public/f7c78/./../../storage/../.././craft4-newsite-space/vendor/./sabberworm/.. HTTP/2.0" 200 2649 "-" "meta-externalagent/1.1 (+https://developers.facebook.com/docs/sharing/webmasters/crawler)" "2a03:2880:f80e:1c::" 188 0.003 "71543" "0.002" "test.newsite.space"
216.73.216.107 - - [23/Jan/2026:06:54:50 -0500] "GET /f7c78/?path=%2Fsrv%2Fusers%2Fcraft4%2Fapps%2F.%2F.%2Fcraft4-newsite-space%2Fvendor%2Fverbb%2Fnavigation%2Fsrc%2F.%2F.%2FNavigation.php HTTP/2.0" 200 3757 "-" "Mozilla/5.0 AppleWebKit/537.36 (KHTML, like Gecko; compatible; ClaudeBot/1.0; +claudebot@anthropic.com)" "216.73.216.107" 130 0.002 "17251" "0.002" "test.newsite.space"
216.73.216.107 - - [23/Jan/2026:06:54:50 -0500] "GET /f7c78/?path=%2Fsrv%2Fusers%2Fcraft4%2Fapps%2F.%2Fcraft4-newsite-space%2F.%2F.%2Fvendor%2F.%2Fverbb%2Fnavigation%2Fsrc%2FNavigation.php HTTP/2.0" 200 3760 "-" "Mozilla/5.0 AppleWebKit/537.36 (KHTML, like Gecko; compatible; ClaudeBot/1.0; +claudebot@anthropic.com)" "216.73.216.107" 129 0.002 "17235" "0.002" "test.newsite.space"
2a03:2880:f80e:47:: - - [23/Jan/2026:06:54:50 -0500] "GET /f7c78/?path=/srv/users/craft4/apps/craft4-newsite-space/public/./cpresources/./e3294a7e/../e9e49845/../f8e62810/../fc951955/datepicker-ca.js HTTP/2.0" 200 1435 "-" "meta-externalagent/1.1 (+https://developers.facebook.com/docs/sharing/webmasters/crawler)" "2a03:2880:f80e:47::" 229 0.002 "5307" "0.002" "test.newsite.space"
216.73.216.107 - - [23/Jan/2026:06:54:51 -0500] "GET /f7c78/?path=%2Fsrv%2Fusers%2Fcraft4%2F.cache%2F.%2F.%2Fcomposer%2Ffiles%2F.%2F.%2F.%2F.%2Fsymfony%2Fpolyfill-php81%2F. HTTP/2.0" 200 1544 "-" "Mozilla/5.0 AppleWebKit/537.36 (KHTML, like Gecko; compatible; ClaudeBot/1.0; +claudebot@anthropic.com)" "216.73.216.107" 119 0.003 "8599" "0.003" "test.newsite.space"
2a03:2880:f80e:2a:: - - [23/Jan/2026:06:54:51 -0500] "GET /f7c78/?path=/srv/users/craft4/apps/craft4-newsite-space/public/./cpresources/./a4303b5a/../c7192088/../aac2e380/../aac2e380/../e371ba21 HTTP/2.0" 200 1555 "-" "meta-externalagent/1.1 (+https://developers.facebook.com/docs/sharing/webmasters/crawler)" "2a03:2880:f80e:2a::" 159 0.001 "9790" "0.001" "test.newsite.space"
216.73.216.107 - - [23/Jan/2026:06:54:51 -0500] "GET /f7c78/?path=%2Fsrv%2Fusers%2Fcraft4%2F.cache%2F.%2F.%2Fcomposer%2Ffiles%2F.%2F.%2F.%2F.%2Fseld%2Fphar-utils%2F. HTTP/2.0" 200 1540 "-" "Mozilla/5.0 AppleWebKit/537.36 (KHTML, like Gecko; compatible; ClaudeBot/1.0; +claudebot@anthropic.com)" "216.73.216.107" 113 0.003 "8477" "0.003" "test.newsite.space"
2a03:2880:f80e:12:: - - [23/Jan/2026:06:54:51 -0500] "GET /f7c78/?path=/srv/users/craft4/apps/craft4-newsite-space/public/./cpresources/./d842585c/../cf1f9745/../f29e9092/.././aac2e380/../f7099225/velocity.js HTTP/2.0" 200 17053 "-" "meta-externalagent/1.1 (+https://developers.facebook.com/docs/sharing/webmasters/crawler)" "2a03:2880:f80e:12::" 171 0.003 "58944" "0.003" "test.newsite.space"
216.73.216.107 - - [23/Jan/2026:06:54:51 -0500] "GET /f7c78/?path=%2Fsrv%2Fusers%2Fcraft4%2F.cache%2F.%2F.%2Fcomposer%2Ffiles%2F.%2F.%2F.%2Fseld%2F.%2Fphar-utils%2F. HTTP/2.0" 200 1541 "-" "Mozilla/5.0 AppleWebKit/537.36 (KHTML, like Gecko; compatible; ClaudeBot/1.0; +claudebot@anthropic.com)" "216.73.216.107" 154 0.002 "8480" "0.002" "test.newsite.space"
216.73.216.107 - - [23/Jan/2026:06:54:51 -0500] "GET /f7c78/?path=%2Fsrv%2Fusers%2Fcraft4%2F.cache%2F.%2F.%2Fcomposer%2Ffiles%2F.%2F.%2Fseld%2F.%2F.%2Fphar-utils%2F. HTTP/2.0" 200 1542 "-" "Mozilla/5.0 AppleWebKit/537.36 (KHTML, like Gecko; compatible; ClaudeBot/1.0; +claudebot@anthropic.com)" "216.73.216.107" 114 0.002 "8483" "0.002" "test.newsite.space"
216.73.216.107 - - [23/Jan/2026:06:54:51 -0500] "GET /f7c78/?path=%2Fsrv%2Fusers%2Fcraft4%2F.cache%2F.%2F.%2Fcomposer%2Ffiles%2Fseld%2F.%2F.%2F.%2F.%2Fphar-utils%2F. HTTP/2.0" 200 1541 "-" "Mozilla/5.0 AppleWebKit/537.36 (KHTML, like Gecko; compatible; ClaudeBot/1.0; +claudebot@anthropic.com)" "216.73.216.107" 113 0.002 "8489" "0.002" "test.newsite.space"
216.73.216.107 - - [23/Jan/2026:06:54:52 -0500] "GET /f7c78/?path=%2Fsrv%2Fusers%2Fcraft4%2F.cache%2F.%2F.%2Fcomposer%2Ffiles%2F.%2Fseld%2F.%2F.%2F.%2Fphar-utils%2F. HTTP/2.0" 200 1543 "-" "Mozilla/5.0 AppleWebKit/537.36 (KHTML, like Gecko; compatible; ClaudeBot/1.0; +claudebot@anthropic.com)" "216.73.216.107" 113 0.002 "8486" "0.001" "test.newsite.space"
2a03:2880:f80e:38:: - - [23/Jan/2026:06:54:52 -0500] "GET /f7c78/?path=/srv/users/craft4/apps/craft4-newsite-space/public/1cefc/./../cpresources/f80c1dcc/../9e85d86b/./../30f2c67a/../cf1f9745/../108d6eda HTTP/2.0" 200 1545 "-" "meta-externalagent/1.1 (+https://developers.facebook.com/docs/sharing/webmasters/crawler)" "2a03:2880:f80e:38::" 166 0.003 "11188" "0.003" "test.newsite.space"
2a03:2880:f80e:69:: - - [23/Jan/2026:06:54:52 -0500] "GET /f7c78/?path=/srv/users/craft4/apps/craft4-newsite-space/public/cpresources/7196177a/../f7099225/../7acb0f10/../bb245e8e/. HTTP/2.0" 200 1549 "-" "meta-externalagent/1.1 (+https://developers.facebook.com/docs/sharing/webmasters/crawler)" "2a03:2880:f80e:69::" 151 0.001 "10301" "0.001" "test.newsite.space"
2a03:2880:f80e:16:: - - [23/Jan/2026:06:54:53 -0500] "GET /f7c78/?path=/srv/users/craft4/apps/craft4-newsite-space/public/cpresources/f2cd4ff0/../108d6eda/../f80c1dcc/../c1b7baf0/../e371ba21/../9a483874/../9599b988 HTTP/2.0" 200 1594 "-" "meta-externalagent/1.1 (+https://developers.facebook.com/docs/sharing/webmasters/crawler)" "2a03:2880:f80e:16::" 174 0.002 "10408" "0.002" "test.newsite.space"
2a03:2880:f80e:5c:: - - [23/Jan/2026:06:54:53 -0500] "GET /f7c78/?path=/srv/users/craft4/apps/craft4-newsite-space/public/./cpresources/e371ba21/../d842585c/../aac2e380/../3013a1e4/../cf1f9745/../7196177a/../e3294a7e HTTP/2.0" 200 1623 "-" "meta-externalagent/1.1 (+https://developers.facebook.com/docs/sharing/webmasters/crawler)" "2a03:2880:f80e:5c::" 175 0.002 "11883" "0.002" "test.newsite.space"
65.108.78.33 - - [23/Jan/2026:06:54:54 -0500] "GET /f7c78/?path=/srv/users/craft4/run/../log/craft4-newsite-space/craft4-newsite-space_apache.access.log.2.gz HTTP/2.0" 200 4315624 "-" "Mozilla/5.0 (compatible; MJ12bot/v1.4.8; http://mj12bot.com/)" "65.108.78.33" 107 0.848 "9570554" "0.848" "test.newsite.space"
2a03:2880:f80e:36:: - - [23/Jan/2026:06:54:54 -0500] "GET /f7c78/?path=/srv/users/craft4/apps/craft4-newsite-space/public/cpresources/f2cd4ff0/../f8e62810/../b89e6451/../5d88fcbb/../9a483874 HTTP/2.0" 200 1657 "-" "meta-externalagent/1.1 (+https://developers.facebook.com/docs/sharing/webmasters/crawler)" "2a03:2880:f80e:36::" 159 0.102 "14413" "0.102" "test.newsite.space"
2a03:2880:f80e:1b:: - - [23/Jan/2026:06:54:54 -0500] "GET /f7c78/?path=/srv/users/craft4/apps/craft4-newsite-space/public/files/./../cpresources/3ee1a5f9/../beefc24a/../60fe2959 HTTP/2.0" 200 1572 "-" "meta-externalagent/1.1 (+https://developers.facebook.com/docs/sharing/webmasters/crawler)" "2a03:2880:f80e:1b::" 148 0.002 "11260" "0.002" "test.newsite.space"
216.73.216.107 - - [23/Jan/2026:06:54:54 -0500] "GET /f7c78/?path=%2Fsrv%2Fusers%2Fcraft4%2Fapps%2Fcraft4-newsite-space%2Fvendor%2F.%2F.%2Fyiisoft%2Fyii2-queue%2Fsrc%2F.%2FRetryableJob.php HTTP/2.0" 200 1159 "-" "Mozilla/5.0 AppleWebKit/537.36 (KHTML, like Gecko; compatible; ClaudeBot/1.0; +claudebot@anthropic.com)" "216.73.216.107" 130 0.002 "3732" "0.003" "test.newsite.space"
216.73.216.107 - - [23/Jan/2026:06:54:55 -0500] "GET /f7c78/?path=%2Fsrv%2Fusers%2Fcraft4%2Fapps%2Fcraft4-newsite-space%2Fvendor%2Fphenx%2Fphp-svg-lib%2F.%2Fsrc%2FSvg%2F.%2F.. HTTP/2.0" 200 1425 "-" "Mozilla/5.0 AppleWebKit/537.36 (KHTML, like Gecko; compatible; ClaudeBot/1.0; +claudebot@anthropic.com)" "216.73.216.107" 121 0.004 "7213" "0.004" "test.newsite.space"
47.128.45.227 - - [23/Jan/2026:06:54:55 -0500] "GET /f7c78/?path=%2Fsrv%2Fusers%2Fcraft4%2F.local%2F..%2Fapps%2F..%2F.%2Flog%2Fcraft4-newsite-space%2Fcraft4-newsite-space_php8.1.mail.log.8.gz HTTP/2.0" 200 979 "-" "Mozilla/5.0 (Linux; Android 5.0) AppleWebKit/537.36 (KHTML, like Gecko) Mobile Safari/537.36 (compatible; Bytespider; spider-feedback@bytedance.com)" "47.128.45.227" 502 0.002 "3034" "0.002" "test.newsite.space"
216.73.216.107 - - [23/Jan/2026:06:54:55 -0500] "GET /f7c78/?path=%2Fsrv%2Fusers%2Fcraft4%2Fapps%2Fcraft4-newsite-space%2F.%2Fvendor%2Fwebonyx%2Fgraphql-php%2F.%2F.%2F.github HTTP/2.0" 200 1502 "-" "Mozilla/5.0 AppleWebKit/537.36 (KHTML, like Gecko; compatible; ClaudeBot/1.0; +claudebot@anthropic.com)" "216.73.216.107" 121 0.002 "8267" "0.002" "test.newsite.space"
2a03:2880:f80e:4d:: - - [23/Jan/2026:06:54:55 -0500] "GET /f7c78/?create&path=/srv/users/craft4/apps/craft4-newsite-space/public/./../vendor/egulias/../creocoder/../illuminate/conditionable HTTP/2.0" 200 1115 "-" "meta-externalagent/1.1 (+https://developers.facebook.com/docs/sharing/webmasters/crawler)" "2a03:2880:f80e:4d::" 156 0.004 "3797" "0.004" "test.newsite.space"
216.73.216.107 - - [23/Jan/2026:06:54:55 -0500] "GET /f7c78/?path=%2Fsrv%2Fusers%2Fcraft4%2Fapps%2Fcraft4-newsite-space%2Fvendor%2Fverbb%2F.%2F.%2Fbase%2Fsrc%2Ftwigextensions%2F.. HTTP/2.0" 200 1651 "-" "Mozilla/5.0 AppleWebKit/537.36 (KHTML, like Gecko; compatible; ClaudeBot/1.0; +claudebot@anthropic.com)" "216.73.216.107" 123 0.002 "16040" "0.002" "test.newsite.space"
216.73.216.107 - - [23/Jan/2026:06:54:55 -0500] "GET /f7c78/?path=%2Fsrv%2Fusers%2Fcraft4%2Fapps%2Fcraft4-newsite-space%2F.%2Fvendor%2F.%2Fverbb%2Fbase%2Fsrc%2Ftwigextensions%2F.. HTTP/2.0" 200 1650 "-" "Mozilla/5.0 AppleWebKit/537.36 (KHTML, like Gecko; compatible; ClaudeBot/1.0; +claudebot@anthropic.com)" "216.73.216.107" 122 0.002 "16027" "0.003" "test.newsite.space"
2a03:2880:f80e:6f:: - - [23/Jan/2026:06:54:55 -0500] "GET /f7c78/?path=/srv/users/craft4/apps/craft4-newsite-space/public/cpresources/28e2e3a3/../5d88fcbb/../e371ba21/.././203937da/css HTTP/2.0" 200 1540 "-" "meta-externalagent/1.1 (+https://developers.facebook.com/docs/sharing/webmasters/crawler)" "2a03:2880:f80e:6f::" 153 0.001 "9404" "0.002" "test.newsite.space"
216.73.216.107 - - [23/Jan/2026:06:54:55 -0500] "GET /f7c78/?path=%2Fsrv%2Fusers%2Fcraft4%2Fapps%2Fcraft4-newsite-space%2Fvendor%2Fcraftcms%2Fcommerce%2Fsrc%2F.%2F.%2Fviews%2F.. HTTP/2.0" 200 2154 "-" "Mozilla/5.0 AppleWebKit/537.36 (KHTML, like Gecko; compatible; ClaudeBot/1.0; +claudebot@anthropic.com)" "216.73.216.107" 121 0.003 "43799" "0.002" "test.newsite.space"
2a03:2880:f80e:1c:: - - [23/Jan/2026:06:54:56 -0500] "GET /f7c78/?path=/srv/users/craft4/apps/craft4-newsite-space/public/cpresources/f2cd4ff0/.././6df6f5d8/../cec54a4c/../aed7ab4c/../9599b988/../7683ad58 HTTP/2.0" 200 1629 "-" "meta-externalagent/1.1 (+https://developers.facebook.com/docs/sharing/webmasters/crawler)" "2a03:2880:f80e:1c::" 168 0.002 "12558" "0.002" "test.newsite.space"
216.73.216.107 - - [23/Jan/2026:06:54:56 -0500] "GET /f7c78/?path=%2Fsrv%2Fusers%2Fcraft4%2F.%2F.%2Fapps%2F.%2F.%2Fcraft4-newsite-space%2Fplugins%2Fcraft-content-buddy%2Fsrc%2Fassets%2F.. HTTP/2.0" 200 1750 "-" "Mozilla/5.0 AppleWebKit/537.36 (KHTML, like Gecko; compatible; ClaudeBot/1.0; +claudebot@anthropic.com)" "216.73.216.107" 128 0.002 "21811" "0.001" "test.newsite.space"
216.73.216.107 - - [23/Jan/2026:06:54:56 -0500] "GET /f7c78/?path=%2Fsrv%2Fusers%2Fcraft4%2F.%2F.%2Fapps%2F.%2Fcraft4-newsite-space%2F.%2Fplugins%2Fcraft-content-buddy%2Fsrc%2Fassets%2F.. HTTP/2.0" 200 1752 "-" "Mozilla/5.0 AppleWebKit/537.36 (KHTML, like Gecko; compatible; ClaudeBot/1.0; +claudebot@anthropic.com)" "216.73.216.107" 129 0.001 "21830" "0.001" "test.newsite.space"
216.73.216.107 - - [23/Jan/2026:06:54:56 -0500] "GET /f7c78/?path=%2Fsrv%2Fusers%2Fcraft4%2Fapps%2Fcraft4-newsite-space%2Fvendor%2Fcraftcms%2Fcms%2Fsrc%2Fhelpers%2F.%2F.%2FMigrationHelper.php HTTP/2.0" 200 2734 "-" "Mozilla/5.0 AppleWebKit/537.36 (KHTML, like Gecko; compatible; ClaudeBot/1.0; +claudebot@anthropic.com)" "216.73.216.107" 130 0.003 "16417" "0.002" "test.newsite.space"
216.73.216.107 - - [23/Jan/2026:06:54:56 -0500] "GET /f7c78/?path=%2Fsrv%2Fusers%2Fcraft4%2Fapps%2Fcraft4-newsite-space%2Fvendor%2Fether%2Fseo%2Fsrc%2F.%2Fmodels%2F.%2FRedirect.php HTTP/2.0" 200 1257 "-" "Mozilla/5.0 AppleWebKit/537.36 (KHTML, like Gecko; compatible; ClaudeBot/1.0; +claudebot@anthropic.com)" "216.73.216.107" 122 0.002 "4394" "0.002" "test.newsite.space"
2a03:2880:f80e:44:: - - [23/Jan/2026:06:54:56 -0500] "GET /f7c78/?path=/srv/users/craft4/apps/craft4-newsite-space/public/cpresources/203937da/css/../../b2c756a7/contentbuddy.css HTTP/2.0" 200 1502 "-" "meta-externalagent/1.1 (+https://developers.facebook.com/docs/sharing/webmasters/crawler)" "2a03:2880:f80e:44::" 148 0.003 "5377" "0.003" "test.newsite.space"
2a03:2880:f80e:36:: - - [23/Jan/2026:06:54:57 -0500] "GET /f7c78/?path=/srv/users/craft4/apps/craft4-newsite-space/public/./cpresources/814f3b07/../28e2e3a3/../beefc24a/../7acb0f10/../fc951955/datepicker-tr.js HTTP/2.0" 200 1475 "-" "meta-externalagent/1.1 (+https://developers.facebook.com/docs/sharing/webmasters/crawler)" "2a03:2880:f80e:36::" 138 0.003 "5510" "0.004" "test.newsite.space"
216.73.216.107 - - [23/Jan/2026:06:54:57 -0500] "GET /f7c78/?path=%2Fsrv%2Fusers%2Fcraft4%2Fapps%2Fcraft4-newsite-space%2F.%2Fvendor%2Fether%2Fseo%2Fsrc%2Fmodels%2F.%2FRedirect.php HTTP/2.0" 200 1255 "-" "Mozilla/5.0 AppleWebKit/537.36 (KHTML, like Gecko; compatible; ClaudeBot/1.0; +claudebot@anthropic.com)" "216.73.216.107" 123 0.001 "4381" "0.002" "test.newsite.space"
216.73.216.107 - - [23/Jan/2026:06:54:57 -0500] "GET /f7c78/?path=%2Fsrv%2Fusers%2Fcraft4%2Fapps%2Fcraft4-newsite-space%2F.%2Fvendor%2F.%2Fyiisoft%2Fyii2-queue%2Fsrc%2F.%2FExecEvent.php HTTP/2.0" 200 1273 "-" "Mozilla/5.0 AppleWebKit/537.36 (KHTML, like Gecko; compatible; ClaudeBot/1.0; +claudebot@anthropic.com)" "216.73.216.107" 127 0.002 "4173" "0.003" "test.newsite.space"
216.73.216.107 - - [23/Jan/2026:06:54:57 -0500] "GET /f7c78/?path=%2Fsrv%2Fusers%2Fcraft4%2Fapps%2Fcraft4-newsite-space%2Fvendor%2F.%2F.%2Fyiisoft%2Fyii2-queue%2Fsrc%2F.%2FExecEvent.php HTTP/2.0" 200 1272 "-" "Mozilla/5.0 AppleWebKit/537.36 (KHTML, like Gecko; compatible; ClaudeBot/1.0; +claudebot@anthropic.com)" "216.73.216.107" 127 0.002 "4178" "0.002" "test.newsite.space"
216.73.216.107 - - [23/Jan/2026:06:54:57 -0500] "GET /f7c78/?path=%2Fsrv%2Fusers%2Fcraft4%2Fapps%2F.%2Fcraft4-newsite-space%2F.%2Fvendor%2Fyiisoft%2Fyii2-queue%2Fsrc%2F.%2FExecEvent.php HTTP/2.0" 200 1273 "-" "Mozilla/5.0 AppleWebKit/537.36 (KHTML, like Gecko; compatible; ClaudeBot/1.0; +claudebot@anthropic.com)" "216.73.216.107" 128 0.002 "4149" "0.002" "test.newsite.space"
2a03:2880:f80e:3e:: - - [23/Jan/2026:06:54:58 -0500] "GET /f7c78/?path=/srv/users/craft4/apps/craft4-newsite-space/public/cpresources/f2cd4ff0/../e3294a7e/../aed7ab4c/../b89e6451/../c1b7baf0/../9a483874/../60fe2959 HTTP/2.0" 200 1626 "-" "meta-externalagent/1.1 (+https://developers.facebook.com/docs/sharing/webmasters/crawler)" "2a03:2880:f80e:3e::" 174 0.002 "12905" "0.002" "test.newsite.space"
2a03:2880:f80e:1a:: - - [23/Jan/2026:06:54:58 -0500] "GET /f7c78/?path=/srv/users/craft4/apps/craft4-newsite-space/public/./cpresources/./../cpresources/b89e6451/../9a483874/../f2cd4ff0/../30f2c67a HTTP/2.0" 200 1519 "-" "meta-externalagent/1.1 (+https://developers.facebook.com/docs/sharing/webmasters/crawler)" "2a03:2880:f80e:1a::" 162 0.002 "10815" "0.001" "test.newsite.space"
65.108.78.33 - - [23/Jan/2026:06:54:58 -0500] "GET /f7c78/?path=/srv/users/craft4/run/../log/craft4-newsite-space/craft4-newsite-space_apache.access.log.3.gz HTTP/2.0" 200 4334637 "-" "Mozilla/5.0 (compatible; MJ12bot/v1.4.8; http://mj12bot.com/)" "65.108.78.33" 107 0.900 "9607193" "0.900" "test.newsite.space"
216.73.216.107 - - [23/Jan/2026:06:54:58 -0500] "GET /f7c78/?path=%2Fsrv%2Fusers%2Fcraft4%2F.%2Fapps%2Fcraft4-newsite-space%2F.%2Fvendor%2Fyiisoft%2Fyii2-queue%2Fsrc%2F.%2FExecEvent.php HTTP/2.0" 200 1274 "-" "Mozilla/5.0 AppleWebKit/537.36 (KHTML, like Gecko; compatible; ClaudeBot/1.0; +claudebot@anthropic.com)" "216.73.216.107" 127 0.725 "4146" "0.725" "test.newsite.space"
2a03:2880:f80e:40:: - - [23/Jan/2026:06:54:58 -0500] "GET /f7c78/?path=/srv/users/craft4/apps/craft4-newsite-space/public/./cpresources/e371ba21/../e9e49845/../f80c1dcc/../5e0f94ef/../../cpresources/b1daeca9 HTTP/2.0" 200 1605 "-" "meta-externalagent/1.1 (+https://developers.facebook.com/docs/sharing/webmasters/crawler)" "2a03:2880:f80e:40::" 233 0.107 "12487" "0.107" "test.newsite.space"
216.73.216.107 - - [23/Jan/2026:06:54:58 -0500] "GET /f7c78/?path=%2Fsrv%2Fusers%2Fcraft4%2Fapps%2Fcraft4-newsite-space%2F.%2F.%2Fvendor%2Fyiisoft%2Fyii2-queue%2Fsrc%2F.%2FExecEvent.php HTTP/2.0" 200 1270 "-" "Mozilla/5.0 AppleWebKit/537.36 (KHTML, like Gecko; compatible; ClaudeBot/1.0; +claudebot@anthropic.com)" "216.73.216.107" 128 0.002 "4168" "0.002" "test.newsite.space"
216.73.216.107 - - [23/Jan/2026:06:54:59 -0500] "GET /f7c78/?path=%2Fsrv%2Fusers%2Fcraft4%2Fapps%2Fcraft4-newsite-space%2F.%2Fvendor%2F.%2Fverbb%2Fnavigation%2Fsrc%2Ftwigextensions%2F.. HTTP/2.0" 200 1966 "-" "Mozilla/5.0 AppleWebKit/537.36 (KHTML, like Gecko; compatible; ClaudeBot/1.0; +claudebot@anthropic.com)" "216.73.216.107" 127 0.003 "32856" "0.002" "test.newsite.space"
216.73.216.107 - - [23/Jan/2026:06:54:59 -0500] "GET /f7c78/?path=%2Fsrv%2Fusers%2Fcraft4%2Fapps%2Fcraft4-newsite-space%2Fvendor%2Fverbb%2F.%2F.%2Fnavigation%2Fsrc%2Ftwigextensions%2F.. HTTP/2.0" 200 1965 "-" "Mozilla/5.0 AppleWebKit/537.36 (KHTML, like Gecko; compatible; ClaudeBot/1.0; +claudebot@anthropic.com)" "216.73.216.107" 127 0.002 "32869" "0.002" "test.newsite.space"
216.73.216.107 - - [23/Jan/2026:06:54:59 -0500] "GET /f7c78/?path=%2Fsrv%2Fusers%2Fcraft4%2Fapps%2F.%2Fcraft4-newsite-space%2Fplugins%2Fcraft-content-buddy%2F.%2Fdocs%2Fimages%2F.. HTTP/2.0" 200 1412 "-" "Mozilla/5.0 AppleWebKit/537.36 (KHTML, like Gecko; compatible; ClaudeBot/1.0; +claudebot@anthropic.com)" "216.73.216.107" 122 0.002 "7205" "0.003" "test.newsite.space"
2a03:2880:f80e:1f:: - - [23/Jan/2026:06:54:59 -0500] "GET /f7c78/?path=/srv/users/craft4/apps/craft4-newsite-space/public/./cpresources/fc951955/../6df6f5d8/../7196177a/css/tailwind_reset.css HTTP/2.0" 200 2233 "-" "meta-externalagent/1.1 (+https://developers.facebook.com/docs/sharing/webmasters/crawler)" "2a03:2880:f80e:1f::" 158 0.002 "8906" "0.002" "test.newsite.space"
2a03:2880:f80e:59:: - - [23/Jan/2026:06:54:59 -0500] "GET /f7c78/?path=/srv/users/craft4/apps/craft4-newsite-space/public/../storage/./.././public/cpresources/6df6f5d8/../aed7ab4c/../7196177a/../7acb0f10 HTTP/2.0" 200 1671 "-" "meta-externalagent/1.1 (+https://developers.facebook.com/docs/sharing/webmasters/crawler)" "2a03:2880:f80e:59::" 166 0.003 "15024" "0.002" "test.newsite.space"
216.73.216.107 - - [23/Jan/2026:06:54:59 -0500] "GET /f7c78/?path=%2Fsrv%2Fusers%2Fcraft4%2Fapps%2Fcraft4-newsite-space%2F.%2Fplugins%2F.%2Fcraft-content-buddy%2Fdocs%2Fimages%2F.. HTTP/2.0" 200 1413 "-" "Mozilla/5.0 AppleWebKit/537.36 (KHTML, like Gecko; compatible; ClaudeBot/1.0; +claudebot@anthropic.com)" "216.73.216.107" 123 0.002 "7206" "0.001" "test.newsite.space"
216.73.216.107 - - [23/Jan/2026:06:54:59 -0500] "GET /f7c78/?path=%2Fsrv%2Fusers%2Fcraft4%2Fapps%2Fcraft4-newsite-space%2Fvendor%2Fcraftcms%2Fcommerce%2Fsrc%2F.%2F.%2Ferrors%2F.. HTTP/2.0" 200 2147 "-" "Mozilla/5.0 AppleWebKit/537.36 (KHTML, like Gecko; compatible; ClaudeBot/1.0; +claudebot@anthropic.com)" "216.73.216.107" 122 0.003 "43915" "0.003" "test.newsite.space"
216.73.216.107 - - [23/Jan/2026:06:55:00 -0500] "GET /f7c78/?path=%2Fsrv%2Fusers%2Fcraft4%2Fapps%2Fcraft4-newsite-space%2F.%2Fvendor%2Fether%2Fseo%2F.%2Fsrc%2Fmigrations%2F.%2F.. HTTP/2.0" 200 1763 "-" "Mozilla/5.0 AppleWebKit/537.36 (KHTML, like Gecko; compatible; ClaudeBot/1.0; +claudebot@anthropic.com)" "216.73.216.107" 121 0.003 "22436" "0.002" "test.newsite.space"
216.73.216.107 - - [23/Jan/2026:06:55:00 -0500] "GET /f7c78/?path=%2Fsrv%2Fusers%2Fcraft4%2Fapps%2Fcraft4-newsite-space%2Fvendor%2Fphenx%2Fphp-svg-lib%2F.%2Fsrc%2FSvg%2FSurface%2F.. HTTP/2.0" 200 1627 "-" "Mozilla/5.0 AppleWebKit/537.36 (KHTML, like Gecko; compatible; ClaudeBot/1.0; +claudebot@anthropic.com)" "216.73.216.107" 133 0.002 "14120" "0.002" "test.newsite.space"
2a03:2880:f80e:45:: - - [23/Jan/2026:06:55:00 -0500] "GET /f7c78/?create&path=/srv/users/craft4/apps/craft4-newsite-space/public/../public/1cefc/./../../vendor/masterminds/../. HTTP/2.0" 200 1098 "-" "meta-externalagent/1.1 (+https://developers.facebook.com/docs/sharing/webmasters/crawler)" "2a03:2880:f80e:45::" 147 0.002 "3884" "0.003" "test.newsite.space"
216.73.216.107 - - [23/Jan/2026:06:55:00 -0500] "GET /f7c78/?path=%2Fsrv%2Fusers%2Fcraft4%2Fapps%2Fcraft4-newsite-space%2Fvendor%2Fcraftcms%2Fcms%2Fsrc%2Fhelpers%2F.%2F.%2FAdminTable.php HTTP/2.0" 200 1898 "-" "Mozilla/5.0 AppleWebKit/537.36 (KHTML, like Gecko; compatible; ClaudeBot/1.0; +claudebot@anthropic.com)" "216.73.216.107" 141 0.002 "7058" "0.003" "test.newsite.space"
216.73.216.107 - - [23/Jan/2026:06:55:00 -0500] "GET /f7c78/?path=%2Fsrv%2Fusers%2Fcraft4%2F.%2Fapps%2Fcraft4-newsite-space%2Fstorage%2F.%2Fruntime%2Fcompiled_templates%2F.%2Fe7%2F.. HTTP/2.0" 200 2551 "-" "Mozilla/5.0 AppleWebKit/537.36 (KHTML, like Gecko; compatible; ClaudeBot/1.0; +claudebot@anthropic.com)" "216.73.216.107" 124 0.004 "141209" "0.004" "test.newsite.space"
2a03:2880:f80e:43:: - - [23/Jan/2026:06:55:00 -0500] "GET /f7c78/?path=/srv/users/craft4/apps/craft4-newsite-space/public/./cpresources/f7099225/././../92fd50c/css/./.. HTTP/2.0" 200 1536 "-" "meta-externalagent/1.1 (+https://developers.facebook.com/docs/sharing/webmasters/crawler)" "2a03:2880:f80e:43::" 141 0.002 "10030" "0.002" "test.newsite.space"
2a03:2880:f80e:7:: - - [23/Jan/2026:06:55:00 -0500] "GET /f7c78/?create&path=/srv/users/craft4/apps/craft4-newsite-space/public/./cpresources/./a091a247/../c1b7baf0/../../30a37/././. HTTP/2.0" 200 1118 "-" "meta-externalagent/1.1 (+https://developers.facebook.com/docs/sharing/webmasters/crawler)" "2a03:2880:f80e:7::" 172 0.001 "4201" "0.002" "test.newsite.space"
216.73.216.107 - - [23/Jan/2026:06:55:01 -0500] "GET /f7c78/?path=%2Fsrv%2Fusers%2Fcraft4%2F.%2Fapps%2Fcraft4-newsite-space%2Fstorage%2F.%2Fruntime%2F.%2Fcompiled_templates%2Fe7%2F.. HTTP/2.0" 200 2552 "-" "Mozilla/5.0 AppleWebKit/537.36 (KHTML, like Gecko; compatible; ClaudeBot/1.0; +claudebot@anthropic.com)" "216.73.216.107" 155 0.004 "141192" "0.005" "test.newsite.space"
216.73.216.107 - - [23/Jan/2026:06:55:01 -0500] "GET /f7c78/?path=%2Fsrv%2Fusers%2Fcraft4%2F.%2F.%2Fapps%2F.%2Fcraft4-newsite-space%2Fstorage%2Fruntime%2Fcompiled_templates%2Fe7%2F.. HTTP/2.0" 200 2548 "-" "Mozilla/5.0 AppleWebKit/537.36 (KHTML, like Gecko; compatible; ClaudeBot/1.0; +claudebot@anthropic.com)" "216.73.216.107" 124 0.007 "141133" "0.007" "test.newsite.space"
216.73.216.107 - - [23/Jan/2026:06:55:01 -0500] "GET /f7c78/?path=%2Fsrv%2Fusers%2Fcraft4%2Fapps%2Fcraft4-newsite-space%2Fstorage%2Fruntime%2Fcompiled_templates%2F.%2F.%2F.%2Fe7%2F.. HTTP/2.0" 200 2544 "-" "Mozilla/5.0 AppleWebKit/537.36 (KHTML, like Gecko; compatible; ClaudeBot/1.0; +claudebot@anthropic.com)" "216.73.216.107" 125 0.005 "141283" "0.005" "test.newsite.space"
216.73.216.107 - - [23/Jan/2026:06:55:01 -0500] "GET /f7c78/?path=%2Fsrv%2Fusers%2Fcraft4%2Fapps%2Fcraft4-newsite-space%2Fstorage%2Fruntime%2F.%2Fcompiled_templates%2F.%2F.%2Fe7%2F.. HTTP/2.0" 200 2546 "-" "Mozilla/5.0 AppleWebKit/537.36 (KHTML, like Gecko; compatible; ClaudeBot/1.0; +claudebot@anthropic.com)" "216.73.216.107" 124 0.004 "141266" "0.005" "test.newsite.space"
2a03:2880:f80e:d:: - - [23/Jan/2026:06:55:01 -0500] "GET /f7c78/?path=/srv/users/craft4/apps/craft4-newsite-space/public/images/../images/../../vendor/voku/.././creocoder/../symfony/./.. HTTP/2.0" 200 2654 "-" "meta-externalagent/1.1 (+https://developers.facebook.com/docs/sharing/webmasters/crawler)" "2a03:2880:f80e:d::" 218 0.006 "70308" "0.006" "test.newsite.space"
216.73.216.107 - - [23/Jan/2026:06:55:02 -0500] "GET /f7c78/?path=%2Fsrv%2Fusers%2Fcraft4%2Fapps%2F.%2Fcraft4-newsite-space%2F.%2Fstorage%2F.%2Fruntime%2Fcompiled_templates%2Fe7%2F.. HTTP/2.0" 200 2548 "-" "Mozilla/5.0 AppleWebKit/537.36 (KHTML, like Gecko; compatible; ClaudeBot/1.0; +claudebot@anthropic.com)" "216.73.216.107" 129 0.027 "141183" "0.027" "test.newsite.space"
2a03:2880:f80e:5d:: - - [23/Jan/2026:06:55:02 -0500] "GET /f7c78/?path=/srv/users/craft4/apps/craft4-newsite-space/public/cpresources/f2cd4ff0/../6df6f5d8/../f7099225/../../../templates/../templates/.gitkeep HTTP/2.0" 200 1016 "-" "meta-externalagent/1.1 (+https://developers.facebook.com/docs/sharing/webmasters/crawler)" "2a03:2880:f80e:5d::" 169 0.013 "4342" "0.013" "test.newsite.space"
216.73.216.107 - - [23/Jan/2026:06:55:02 -0500] "GET /f7c78/?path=%2Fsrv%2Fusers%2Fcraft4%2F.%2Fapps%2Fcraft4-newsite-space%2Fstorage%2Fruntime%2Fcomposer%2F.%2Fcache%2Ffiles%2Fdoctrine%2F.. HTTP/2.0" 200 2132 "-" "Mozilla/5.0 AppleWebKit/537.36 (KHTML, like Gecko; compatible; ClaudeBot/1.0; +claudebot@anthropic.com)" "216.73.216.107" 129 0.010 "43922" "0.010" "test.newsite.space"
2a03:2880:f80e:49:: - - [23/Jan/2026:06:55:02 -0500] "GET /f7c78/?path=/srv/users/craft4/apps/craft4-newsite-space/public/cpresources/28e2e3a3/./../f80c1dcc/../b6b51f3f/../f29e9092/./f29e9092/. HTTP/2.0" 200 1595 "-" "meta-externalagent/1.1 (+https://developers.facebook.com/docs/sharing/webmasters/crawler)" "2a03:2880:f80e:49::" 160 0.003 "12204" "0.003" "test.newsite.space"
216.73.216.107 - - [23/Jan/2026:06:55:02 -0500] "GET /f7c78/?path=%2Fsrv%2Fusers%2Fcraft4%2Fapps%2Fcraft4-newsite-space%2Fstorage%2Fruntime%2F.%2F.%2Fcomposer%2Fcache%2Ffiles%2Fdoctrine%2F.. HTTP/2.0" 200 2126 "-" "Mozilla/5.0 AppleWebKit/537.36 (KHTML, like Gecko; compatible; ClaudeBot/1.0; +claudebot@anthropic.com)" "216.73.216.107" 143 0.246 "43949" "0.237" "test.newsite.space"
216.73.216.107 - - [23/Jan/2026:06:55:03 -0500] "GET /f7c78/?path=%2Fsrv%2Fusers%2Fcraft4%2Fapps%2Fcraft4-newsite-space%2Fvendor%2Fcraftcms%2Fcommerce%2Fsrc%2F.%2Ftemplates%2F_includes%2F.. HTTP/2.0" 200 1771 "-" "Mozilla/5.0 AppleWebKit/537.36 (KHTML, like Gecko; compatible; ClaudeBot/1.0; +claudebot@anthropic.com)" "216.73.216.107" 128 0.003 "23050" "0.003" "test.newsite.space"
65.108.78.33 - - [23/Jan/2026:06:55:02 -0500] "GET /f7c78/?path=/srv/users/craft4/run/../log/craft4-newsite-space/craft4-newsite-space_apache.access.log.4.gz HTTP/2.0" 200 3992915 "-" "Mozilla/5.0 (compatible; MJ12bot/v1.4.8; http://mj12bot.com/)" "65.108.78.33" 328 0.827 "8855122" "0.827" "test.newsite.space"
216.73.216.107 - - [23/Jan/2026:06:55:03 -0500] "GET /f7c78/?path=%2Fsrv%2Fusers%2Fcraft4%2F.%2Fapps%2Fcraft4-newsite-space%2F.%2Fvendor%2Fyiisoft%2Fyii2-queue%2Fsrc%2F.%2F.. HTTP/2.0" 200 1600 "-" "Mozilla/5.0 AppleWebKit/537.36 (KHTML, like Gecko; compatible; ClaudeBot/1.0; +claudebot@anthropic.com)" "216.73.216.107" 119 0.007 "12820" "0.008" "test.newsite.space"
2a03:2880:f80e:44:: - - [23/Jan/2026:06:55:03 -0500] "GET /f7c78/?path=/srv/users/craft4/apps/craft4-newsite-space/public/cpresources/f2cd4ff0/../5d88fcbb/../2256e190/../b2c756a7/.././46fa01b6/../../assets/.. HTTP/2.0" 200 2282 "-" "meta-externalagent/1.1 (+https://developers.facebook.com/docs/sharing/webmasters/crawler)" "2a03:2880:f80e:44::" 170 0.007 "47510" "0.008" "test.newsite.space"
2a03:2880:f80e:21:: - - [23/Jan/2026:06:55:03 -0500] "GET /f7c78/?path=/srv/users/craft4/apps/craft4-newsite-space/public/cpresources/9e85d86b/.././../3534f/../../vendor/mikehaertl HTTP/2.0" 200 1468 "-" "meta-externalagent/1.1 (+https://developers.facebook.com/docs/sharing/webmasters/crawler)" "2a03:2880:f80e:21::" 152 0.007 "7993" "0.008" "test.newsite.space"
216.73.216.107 - - [23/Jan/2026:06:55:03 -0500] "GET /f7c78/?path=%2Fsrv%2Fusers%2Fcraft4%2Fapps%2Fcraft4-newsite-space%2F.%2F.%2Fvendor%2Fyiisoft%2Fyii2-queue%2Fsrc%2F.%2F.. HTTP/2.0" 200 1596 "-" "Mozilla/5.0 AppleWebKit/537.36 (KHTML, like Gecko; compatible; ClaudeBot/1.0; +claudebot@anthropic.com)" "216.73.216.107" 271 0.002 "12842" "0.002" "test.newsite.space"
216.73.216.107 - - [23/Jan/2026:06:55:04 -0500] "GET /f7c78/?path=%2Fsrv%2Fusers%2Fcraft4%2Fapps%2F.%2Fcraft4-newsite-space%2F.%2Fvendor%2Fyiisoft%2Fyii2-queue%2Fsrc%2F.%2F.. HTTP/2.0" 200 1597 "-" "Mozilla/5.0 AppleWebKit/537.36 (KHTML, like Gecko; compatible; ClaudeBot/1.0; +claudebot@anthropic.com)" "216.73.216.107" 222 0.002 "12823" "0.002" "test.newsite.space"
2a03:2880:f80e:60:: - - [23/Jan/2026:06:55:04 -0500] "GET /f7c78/?path=/srv/users/craft4/apps/craft4-newsite-space/public/./cpresources/9599b988/../b2c756a7/../28e2e3a3/../46fa01b6/.././aed7ab4c/../46fa01b6 HTTP/2.0" 200 1551 "-" "meta-externalagent/1.1 (+https://developers.facebook.com/docs/sharing/webmasters/crawler)" "2a03:2880:f80e:60::" 234 0.002 "8973" "0.002" "test.newsite.space"
216.73.216.107 - - [23/Jan/2026:06:55:04 -0500] "GET /f7c78/?path=%2Fsrv%2Fusers%2Fcraft4%2Fapps%2Fcraft4-newsite-space%2F.%2Fvendor%2F.%2Fyiisoft%2Fyii2-queue%2Fsrc%2F.%2F.. HTTP/2.0" 200 1598 "-" "Mozilla/5.0 AppleWebKit/537.36 (KHTML, like Gecko; compatible; ClaudeBot/1.0; +claudebot@anthropic.com)" "216.73.216.107" 133 0.002 "12847" "0.002" "test.newsite.space"
216.73.216.107 - - [23/Jan/2026:06:55:04 -0500] "GET /f7c78/?path=%2Fsrv%2Fusers%2Fcraft4%2Fapps%2Fcraft4-newsite-space%2Fvendor%2F.%2F.%2Fyiisoft%2Fyii2-queue%2Fsrc%2F.%2F.. HTTP/2.0" 200 1596 "-" "Mozilla/5.0 AppleWebKit/537.36 (KHTML, like Gecko; compatible; ClaudeBot/1.0; +claudebot@anthropic.com)" "216.73.216.107" 120 0.002 "12852" "0.002" "test.newsite.space"
216.73.216.107 - - [23/Jan/2026:06:55:04 -0500] "GET /f7c78/?path=%2Fsrv%2Fusers%2Fcraft4%2Fapps%2Fcraft4-newsite-space%2F.%2Fconfig%2F.%2F.%2Fproject%2F.. HTTP/2.0" 200 1613 "-" "Mozilla/5.0 AppleWebKit/537.36 (KHTML, like Gecko; compatible; ClaudeBot/1.0; +claudebot@anthropic.com)" "216.73.216.107" 106 0.002 "14172" "0.003" "test.newsite.space"
216.73.216.107 - - [23/Jan/2026:06:55:04 -0500] "GET /f7c78/?path=%2Fsrv%2Fusers%2Fcraft4%2Fapps%2Fcraft4-newsite-space%2Fconfig%2F.%2F.%2F.%2Fproject%2F.. HTTP/2.0" 200 1611 "-" "Mozilla/5.0 AppleWebKit/537.36 (KHTML, like Gecko; compatible; ClaudeBot/1.0; +claudebot@anthropic.com)" "216.73.216.107" 105 0.002 "14177" "0.002" "test.newsite.space"
216.73.216.107 - - [23/Jan/2026:06:55:05 -0500] "GET /f7c78/?path=%2Fsrv%2Fusers%2Fcraft4%2Fapps%2Fcraft4-newsite-space%2Fvendor%2Fcraftcms%2Fcommerce%2Fsrc%2F.%2F.%2Fstats%2F.. HTTP/2.0" 200 2154 "-" "Mozilla/5.0 AppleWebKit/537.36 (KHTML, like Gecko; compatible; ClaudeBot/1.0; +claudebot@anthropic.com)" "216.73.216.107" 120 0.003 "43799" "0.003" "test.newsite.space"
2a03:2880:f80e:8:: - - [23/Jan/2026:06:55:05 -0500] "GET /f7c78/?path=/srv/users/craft4/apps/craft4-newsite-space/public/../public/cpresources/./c7192088/../92fd50c/css/../.././f80c1dcc HTTP/2.0" 200 1578 "-" "meta-externalagent/1.1 (+https://developers.facebook.com/docs/sharing/webmasters/crawler)" "2a03:2880:f80e:8::" 154 0.002 "10808" "0.002" "test.newsite.space"
216.73.216.107 - - [23/Jan/2026:06:55:05 -0500] "GET /f7c78/?path=%2Fsrv%2Fusers%2Fcraft4%2Fapps%2Fcraft4-newsite-space%2F.%2Fvendor%2Fyiisoft%2Fyii2-debug%2Fsrc%2Fpanels%2FUserPanel.php HTTP/2.0" 200 3420 "-" "Mozilla/5.0 AppleWebKit/537.36 (KHTML, like Gecko; compatible; ClaudeBot/1.0; +claudebot@anthropic.com)" "216.73.216.107" 127 0.002 "13359" "0.002" "test.newsite.space"
216.73.216.107 - - [23/Jan/2026:06:55:05 -0500] "GET /f7c78/?path=%2Fsrv%2Fusers%2Fcraft4%2Fapps%2Fcraft4-newsite-space%2Fvendor%2Fcraftcms%2Fcommerce%2Fsrc%2F.%2F.%2F.%2F.. HTTP/2.0" 200 1598 "-" "Mozilla/5.0 AppleWebKit/537.36 (KHTML, like Gecko; compatible; ClaudeBot/1.0; +claudebot@anthropic.com)" "216.73.216.107" 118 0.001 "12829" "0.002" "test.newsite.space"
2a03:2880:f80e:41:: - - [23/Jan/2026:06:55:05 -0500] "GET /f7c78/?path=/srv/users/craft4/apps/craft4-newsite-space/public/cpresources/60fe2959/./../5e0f94ef/../b1daeca9/../6b9f20ee/../28e2e3a3/../a4303b5a/../e9e49845/commercecp.js HTTP/2.0" 200 7578 "-" "meta-externalagent/1.1 (+https://developers.facebook.com/docs/sharing/webmasters/crawler)" "2a03:2880:f80e:41::" 250 0.003 "34359" "0.003" "test.newsite.space"
2a03:2880:f80e:6d:: - - [23/Jan/2026:06:55:05 -0500] "GET /f7c78/?path=/srv/users/craft4/apps/craft4-newsite-space/public/cpresources/f2cd4ff0/.././3ee1a5f9/../e9e49845/../b0ac7de7/../c1b7baf0/../5e0f94ef/../fc951955/.. HTTP/2.0" 200 2507 "-" "meta-externalagent/1.1 (+https://developers.facebook.com/docs/sharing/webmasters/crawler)" "2a03:2880:f80e:6d::" 178 0.003 "73816" "0.003" "test.newsite.space"
216.73.216.107 - - [23/Jan/2026:06:55:05 -0500] "GET /f7c78/?path=%2Fsrv%2Fusers%2Fcraft4%2Fapps%2Fcraft4-newsite-space%2F.%2Fvendor%2F.%2Fyiisoft%2Fyii2-queue%2Fsrc%2Fserializers%2F.. HTTP/2.0" 200 1871 "-" "Mozilla/5.0 AppleWebKit/537.36 (KHTML, like Gecko; compatible; ClaudeBot/1.0; +claudebot@anthropic.com)" "216.73.216.107" 126 0.003 "25679" "0.003" "test.newsite.space"
216.73.216.107 - - [23/Jan/2026:06:55:06 -0500] "GET /f7c78/?path=%2Fsrv%2Fusers%2Fcraft4%2Fapps%2F.%2Fcraft4-newsite-space%2F.%2Fvendor%2Fyiisoft%2Fyii2-queue%2Fsrc%2Fserializers%2F.. HTTP/2.0" 200 1870 "-" "Mozilla/5.0 AppleWebKit/537.36 (KHTML, like Gecko; compatible; ClaudeBot/1.0; +claudebot@anthropic.com)" "216.73.216.107" 126 0.003 "25655" "0.002" "test.newsite.space"
216.73.216.107 - - [23/Jan/2026:06:55:06 -0500] "GET /f7c78/?path=%2Fsrv%2Fusers%2Fcraft4%2Fapps%2Fcraft4-newsite-space%2F.%2F.%2Fvendor%2Fyiisoft%2Fyii2-queue%2Fsrc%2Fserializers%2F.. HTTP/2.0" 200 1869 "-" "Mozilla/5.0 AppleWebKit/537.36 (KHTML, like Gecko; compatible; ClaudeBot/1.0; +claudebot@anthropic.com)" "216.73.216.107" 125 0.002 "25674" "0.002" "test.newsite.space"
2a03:2880:f80e:6c:: - - [23/Jan/2026:06:55:06 -0500] "GET /f7c78/?path=/srv/users/craft4/apps/craft4-newsite-space/public/./1cefc/../files/../../vendor/dompdf/.././../vendor HTTP/2.0" 200 2635 "-" "meta-externalagent/1.1 (+https://developers.facebook.com/docs/sharing/webmasters/crawler)" "2a03:2880:f80e:6c::" 147 0.003 "67571" "0.003" "test.newsite.space"
216.73.216.107 - - [23/Jan/2026:06:55:06 -0500] "GET /f7c78/?path=%2Fsrv%2Fusers%2Fcraft4%2F.%2Fapps%2Fcraft4-newsite-space%2F.%2Fvendor%2Fyiisoft%2Fyii2-queue%2Fsrc%2Fserializers%2F.. HTTP/2.0" 200 1871 "-" "Mozilla/5.0 AppleWebKit/537.36 (KHTML, like Gecko; compatible; ClaudeBot/1.0; +claudebot@anthropic.com)" "216.73.216.107" 321 0.003 "25652" "0.003" "test.newsite.space"
65.108.78.33 - - [23/Jan/2026:06:55:07 -0500] "GET /f7c78/?path=/srv/users/craft4/run/../log/craft4-newsite-space/craft4-newsite-space_apache.access.log.5.gz HTTP/2.0" 200 3780416 "-" "Mozilla/5.0 (compatible; MJ12bot/v1.4.8; http://mj12bot.com/)" "65.108.78.33" 328 1.213 "9540246" "1.214" "test.newsite.space"
216.73.216.107 - - [23/Jan/2026:06:55:07 -0500] "GET /f7c78/?path=%2Fsrv%2Fusers%2Fcraft4%2Fapps%2Fcraft4-newsite-space%2Fvendor%2F.%2F.%2Fyiisoft%2Fyii2-queue%2Fsrc%2Fserializers%2F.. HTTP/2.0" 200 1869 "-" "Mozilla/5.0 AppleWebKit/537.36 (KHTML, like Gecko; compatible; ClaudeBot/1.0; +claudebot@anthropic.com)" "216.73.216.107" 130 0.778 "25684" "0.778" "test.newsite.space"
2a03:2880:f80e:69:: - - [23/Jan/2026:06:55:07 -0500] "GET /f7c78/?path=/srv/users/craft4/apps/craft4-newsite-space/public/cpresources/7acb0f10/./../28e2e3a3/../108d6eda/../814f3b07/../f2cd4ff0/../30f2c67a HTTP/2.0" 200 1540 "-" "meta-externalagent/1.1 (+https://developers.facebook.com/docs/sharing/webmasters/crawler)" "2a03:2880:f80e:69::" 233 0.778 "11142" "0.778" "test.newsite.space"
2a03:2880:f80e:1c:: - - [23/Jan/2026:06:55:07 -0500] "GET /f7c78/?path=/srv/users/craft4/apps/craft4-newsite-space/public/cpresources/f2cd4ff0/.././c7192088/../c7192088/../9599b988/../../assets/./. HTTP/2.0" 200 1548 "-" "meta-externalagent/1.1 (+https://developers.facebook.com/docs/sharing/webmasters/crawler)" "2a03:2880:f80e:1c::" 131 0.011 "12326" "0.011" "test.newsite.space"
