216.73.216.46 - - [21/Aug/2025:14:45:49 -0400] "GET /f7c78/?path=%2Fsrv%2Fusers%2Fcraft4%2Fapps%2Fcraft4-newsite-space%2Fvendor%2Fpixelandtonic%2F..%2Ftheiconic%2F. HTTP/2.0" 200 1402 "-" "Mozilla/5.0 AppleWebKit/537.36 (KHTML, like Gecko; compatible; ClaudeBot/1.0; +claudebot@anthropic.com)" "216.73.216.46" 111 0.004 "6887" "0.004" "test.newsite.space"
216.73.216.46 - - [21/Aug/2025:14:45:52 -0400] "GET /f7c78/?path=%2Fsrv%2Fusers%2Fcraft4%2Fapps%2Fcraft4-newsite-space%2Fpublic%2F.%2F3534f%2F..%2Fimages%2F. HTTP/2.0" 200 1468 "-" "Mozilla/5.0 AppleWebKit/537.36 (KHTML, like Gecko; compatible; ClaudeBot/1.0; +claudebot@anthropic.com)" "216.73.216.46" 107 0.003 "7934" "0.004" "test.newsite.space"
216.73.216.46 - - [21/Aug/2025:14:45:55 -0400] "GET /f7c78/?path=%2Fsrv%2Fusers%2Fcraft4%2Fapps%2Fcraft4-newsite-space%2Fpublic%2F3534f%2F..%2F.%2Fimages%2F. HTTP/2.0" 200 1468 "-" "Mozilla/5.0 AppleWebKit/537.36 (KHTML, like Gecko; compatible; ClaudeBot/1.0; +claudebot@anthropic.com)" "216.73.216.46" 107 0.005 "7939" "0.004" "test.newsite.space"
216.73.216.46 - - [21/Aug/2025:14:45:58 -0400] "GET /f7c78/?path=%2Fsrv%2Fusers%2Fcraft4%2F.local%2F..%2Fapps%2F. HTTP/2.0" 200 1354 "-" "Mozilla/5.0 AppleWebKit/537.36 (KHTML, like Gecko; compatible; ClaudeBot/1.0; +claudebot@anthropic.com)" "216.73.216.46" 76 0.003 "6009" "0.003" "test.newsite.space"
216.73.216.46 - - [21/Aug/2025:14:46:01 -0400] "GET /f7c78/?path=%2Fsrv%2Fusers%2Fcraft4%2Fapps%2Fcraft4-newsite-space%2Fpublic%2F3534f%2F..%2F3534f%2F. HTTP/2.0" 200 1447 "-" "Mozilla/5.0 AppleWebKit/537.36 (KHTML, like Gecko; compatible; ClaudeBot/1.0; +claudebot@anthropic.com)" "216.73.216.46" 104 0.009 "7763" "0.009" "test.newsite.space"
62.164.177.242 - - [21/Aug/2025:14:46:04 -0400] "GET /assets/libs/modal-video/css/css/index.php?ARRAY=7o2230223n313735353830353536332p2231223n22687474703n5p2s5p2s63312r7975656r616r77696r2r71706s6r5p2s3s6p633q7068705s636s64655s6n6326743q313735353830313936332q3063626438393363333664313261373430646332663934346461333230366430222p2232223n226363663030643730306236616465313065333032363537663365626466343165222p2233223n226638613531633563383166656138353739393038393634373032363437643264222p2262696r675s70617373223n2232392q33362q35312q36312q37312q39302q3135227q HTTP/2.0" 200 340 "-" "Mozilla/5.0 (Macintosh; Intel Mac OS X 10.15; rv:103.0) Gecko/20100101 Firefox/103.0" "62.164.177.242" 631 0.946 "1128" "0.946" "test.newsite.space"
216.73.216.46 - - [21/Aug/2025:14:46:04 -0400] "GET /f7c78/?path=%2Fsrv%2Fusers%2Fcraft4%2Fapps%2Fcraft4-newsite-space%2Fpublic%2Ff7c78%2F..%2Fimages%2F..%2F3534f%2F3534f%2F. HTTP/2.0" 200 1575 "-" "Mozilla/5.0 AppleWebKit/537.36 (KHTML, like Gecko; compatible; ClaudeBot/1.0; +claudebot@anthropic.com)" "216.73.216.46" 120 0.009 "11749" "0.008" "test.newsite.space"
216.73.216.46 - - [21/Aug/2025:14:46:07 -0400] "GET /f7c78/?path=%2Fsrv%2Fusers%2Fcraft4%2F.local%2F..%2F.%2F.config HTTP/2.0" 200 1357 "-" "Mozilla/5.0 AppleWebKit/537.36 (KHTML, like Gecko; compatible; ClaudeBot/1.0; +claudebot@anthropic.com)" "216.73.216.46" 78 0.003 "5999" "0.004" "test.newsite.space"
216.73.216.46 - - [21/Aug/2025:14:46:10 -0400] "GET /f7c78/?path=%2Fsrv%2Fusers%2Fcraft4%2F.%2F.local%2F..%2F.config HTTP/2.0" 200 1358 "-" "Mozilla/5.0 AppleWebKit/537.36 (KHTML, like Gecko; compatible; ClaudeBot/1.0; +claudebot@anthropic.com)" "216.73.216.46" 78 0.004 "5993" "0.004" "test.newsite.space"
216.73.216.46 - - [21/Aug/2025:14:46:13 -0400] "GET /f7c78/?path=%2Fsrv%2Fusers%2Fcraft4%2Fapps%2Fcraft4-newsite-space%2Fpublic%2Forder%2Ffiles%2F_34x8_crop_center-center_none%2F. HTTP/2.0" 200 1467 "-" "Mozilla/5.0 AppleWebKit/537.36 (KHTML, like Gecko; compatible; ClaudeBot/1.0; +claudebot@anthropic.com)" "216.73.216.46" 122 0.003 "7171" "0.004" "test.newsite.space"
216.73.216.46 - - [21/Aug/2025:14:46:16 -0400] "GET /f7c78/?path=%2Fsrv%2Fusers%2Fcraft4%2Fapps%2Fcraft4-newsite-space%2Fvendor%2Fpixelandtonic%2F..%2Fparagonie%2F. HTTP/2.0" 200 1406 "-" "Mozilla/5.0 AppleWebKit/537.36 (KHTML, like Gecko; compatible; ClaudeBot/1.0; +claudebot@anthropic.com)" "216.73.216.46" 112 0.004 "6895" "0.004" "test.newsite.space"
216.73.216.46 - - [21/Aug/2025:14:46:19 -0400] "GET /f7c78/?path=%2Fsrv%2Fusers%2Fcraft4%2F.config%2F..%2F.%2Fapps%2F. HTTP/2.0" 200 1358 "-" "Mozilla/5.0 AppleWebKit/537.36 (KHTML, like Gecko; compatible; ClaudeBot/1.0; +claudebot@anthropic.com)" "216.73.216.46" 80 0.003 "6112" "0.004" "test.newsite.space"
216.73.216.46 - - [21/Aug/2025:14:46:22 -0400] "GET /f7c78/?path=%2Fsrv%2Fusers%2Fcraft4%2Fapps%2Fcraft4-newsite-space%2Ftemplates%2F..%2F.%2F.gitignore HTTP/2.0" 200 948 "-" "Mozilla/5.0 AppleWebKit/537.36 (KHTML, like Gecko; compatible; ClaudeBot/1.0; +claudebot@anthropic.com)" "216.73.216.46" 103 0.004 "2861" "0.003" "test.newsite.space"
216.73.216.46 - - [21/Aug/2025:14:46:25 -0400] "GET /f7c78/?path=%2Fsrv%2Fusers%2Fcraft4%2Fapps%2Fcraft4-newsite-space%2Fconfig%2F..%2F..%2F. HTTP/2.0" 200 1368 "-" "Mozilla/5.0 AppleWebKit/537.36 (KHTML, like Gecko; compatible; ClaudeBot/1.0; +claudebot@anthropic.com)" "216.73.216.46" 96 0.008 "6520" "0.007" "test.newsite.space"
216.73.216.46 - - [21/Aug/2025:14:46:28 -0400] "GET /f7c78/?path=%2Fsrv%2Fusers%2Fcraft4%2Fapps%2Fcraft4-newsite-space%2Ftemplates%2F..%2F.%2F. HTTP/2.0" 200 1722 "-" "Mozilla/5.0 AppleWebKit/537.36 (KHTML, like Gecko; compatible; ClaudeBot/1.0; +claudebot@anthropic.com)" "216.73.216.46" 97 0.004 "19931" "0.004" "test.newsite.space"
216.73.216.46 - - [21/Aug/2025:14:46:31 -0400] "GET /f7c78/?path=%2Fsrv%2Fusers%2Fcraft4%2Fapps%2Fcraft4-newsite-space%2Fpublic%2Ff7c78%2F..%2Fimages%2F..%2F3534f%2F. HTTP/2.0" 200 1471 "-" "Mozilla/5.0 AppleWebKit/537.36 (KHTML, like Gecko; compatible; ClaudeBot/1.0; +claudebot@anthropic.com)" "216.73.216.46" 114 0.004 "8126" "0.003" "test.newsite.space"
216.73.216.46 - - [21/Aug/2025:14:46:34 -0400] "GET /f7c78/?path=%2Fsrv%2Fusers%2Fcraft4%2F.config%2F..%2F.%2F.config HTTP/2.0" 200 1352 "-" "Mozilla/5.0 AppleWebKit/537.36 (KHTML, like Gecko; compatible; ClaudeBot/1.0; +claudebot@anthropic.com)" "216.73.216.46" 79 0.003 "6015" "0.003" "test.newsite.space"
216.73.216.46 - - [21/Aug/2025:14:46:37 -0400] "GET /f7c78/?path=%2Fsrv%2Fusers%2Fcraft4%2Fapps%2Fcraft4-newsite-space%2Fconfig%2F..%2F.%2F.gitignore HTTP/2.0" 200 946 "-" "Mozilla/5.0 AppleWebKit/537.36 (KHTML, like Gecko; compatible; ClaudeBot/1.0; +claudebot@anthropic.com)" "216.73.216.46" 101 0.004 "2843" "0.003" "test.newsite.space"
216.73.216.46 - - [21/Aug/2025:14:46:40 -0400] "GET /f7c78/?path=%2Fsrv%2Fusers%2Fcraft4%2Fapps%2Fcraft4-newsite-space%2Fpublic%2F3534f%2F..%2F.%2F. HTTP/2.0" 200 2100 "-" "Mozilla/5.0 AppleWebKit/537.36 (KHTML, like Gecko; compatible; ClaudeBot/1.0; +claudebot@anthropic.com)" "216.73.216.46" 101 0.004 "36153" "0.005" "test.newsite.space"
216.73.216.46 - - [21/Aug/2025:14:46:43 -0400] "GET /f7c78/?path=%2Fsrv%2Fusers%2Fcraft4%2Fapps%2Fcraft4-newsite-space%2Fpublic%2F.%2F3534f%2F..%2F. HTTP/2.0" 200 2102 "-" "Mozilla/5.0 AppleWebKit/537.36 (KHTML, like Gecko; compatible; ClaudeBot/1.0; +claudebot@anthropic.com)" "216.73.216.46" 101 0.004 "36148" "0.005" "test.newsite.space"
216.73.216.46 - - [21/Aug/2025:14:46:46 -0400] "GET /f7c78/?path=%2Fsrv%2Fusers%2Fcraft4%2Fapps%2Fcraft4-newsite-space%2Fpublic%2F3534f%2F..%2F3534f%2F3534f%2FTrpIzqhxPX.jpc HTTP/2.0" 200 3070 "-" "Mozilla/5.0 AppleWebKit/537.36 (KHTML, like Gecko; compatible; ClaudeBot/1.0; +claudebot@anthropic.com)" "216.73.216.46" 121 0.004 "8815" "0.004" "test.newsite.space"
216.73.216.46 - - [21/Aug/2025:14:46:49 -0400] "GET /f7c78/?path=%2Fsrv%2Fusers%2Fcraft4%2Fapps%2Fcraft4-newsite-space%2Fconfig%2F..%2F.%2F. HTTP/2.0" 200 1720 "-" "Mozilla/5.0 AppleWebKit/537.36 (KHTML, like Gecko; compatible; ClaudeBot/1.0; +claudebot@anthropic.com)" "216.73.216.46" 95 0.004 "19766" "0.004" "test.newsite.space"
216.73.216.46 - - [21/Aug/2025:14:46:52 -0400] "GET /f7c78/?path=%2Fsrv%2Fusers%2Fcraft4%2Fapps%2Fcraft4-newsite-space%2Fpublic%2Ff7c78%2F..%2Fcpresources%2F7196177a%2F..%2F203937da%2F. HTTP/2.0" 200 1538 "-" "Mozilla/5.0 AppleWebKit/537.36 (KHTML, like Gecko; compatible; ClaudeBot/1.0; +claudebot@anthropic.com)" "216.73.216.46" 127 0.004 "9741" "0.004" "test.newsite.space"
216.73.216.46 - - [21/Aug/2025:14:46:55 -0400] "GET /f7c78/?path=%2Fsrv%2Fusers%2Fcraft4%2F.local%2F..%2F.%2F.profile HTTP/2.0" 200 1237 "-" "Mozilla/5.0 AppleWebKit/537.36 (KHTML, like Gecko; compatible; ClaudeBot/1.0; +claudebot@anthropic.com)" "216.73.216.46" 79 0.004 "3414" "0.003" "test.newsite.space"
216.73.216.46 - - [21/Aug/2025:14:46:58 -0400] "GET /f7c78/?path=%2Fsrv%2Fusers%2Fcraft4%2F.%2F.local%2F..%2F.profile HTTP/2.0" 200 1237 "-" "Mozilla/5.0 AppleWebKit/537.36 (KHTML, like Gecko; compatible; ClaudeBot/1.0; +claudebot@anthropic.com)" "216.73.216.46" 79 0.003 "3408" "0.003" "test.newsite.space"
216.73.216.46 - - [21/Aug/2025:14:47:01 -0400] "GET /f7c78/?path=%2Fsrv%2Fusers%2Fcraft4%2F.config%2F..%2F.cache%2F. HTTP/2.0" 200 1427 "-" "Mozilla/5.0 AppleWebKit/537.36 (KHTML, like Gecko; compatible; ClaudeBot/1.0; +claudebot@anthropic.com)" "216.73.216.46" 78 0.005 "7042" "0.004" "test.newsite.space"
216.73.216.46 - - [21/Aug/2025:14:47:04 -0400] "GET /f7c78/?path=%2Fsrv%2Fusers%2Fcraft4%2Fapps%2Fcraft4-newsite-space%2Fpublic%2Ff7c78%2F..%2Fimages%2F..%2F..%2F. HTTP/2.0" 200 1752 "-" "Mozilla/5.0 AppleWebKit/537.36 (KHTML, like Gecko; compatible; ClaudeBot/1.0; +claudebot@anthropic.com)" "216.73.216.46" 112 0.004 "20951" "0.004" "test.newsite.space"
216.73.216.46 - - [21/Aug/2025:14:47:07 -0400] "GET /f7c78/?path=%2Fsrv%2Fusers%2Fcraft4%2Fapps%2Fcraft4-newsite-space%2Fpublic%2F3534f%2F..%2Forder%2F..%2F. HTTP/2.0" 200 2105 "-" "Mozilla/5.0 AppleWebKit/537.36 (KHTML, like Gecko; compatible; ClaudeBot/1.0; +claudebot@anthropic.com)" "216.73.216.46" 107 0.004 "36933" "0.004" "test.newsite.space"
216.73.216.46 - - [21/Aug/2025:14:47:10 -0400] "GET /f7c78/?path=%2Fsrv%2Fusers%2Fcraft4%2Fapps%2Fcraft4-newsite-space%2Fpublic%2Ff7c78%2F..%2Fimages%2F..%2F..%2F.gitignore HTTP/2.0" 200 972 "-" "Mozilla/5.0 AppleWebKit/537.36 (KHTML, like Gecko; compatible; ClaudeBot/1.0; +claudebot@anthropic.com)" "216.73.216.46" 118 0.004 "3195" "0.003" "test.newsite.space"
216.73.216.46 - - [21/Aug/2025:14:47:13 -0400] "GET /f7c78/?path=%2Fsrv%2Fusers%2Fcraft4%2Fapps%2Fcraft4-newsite-space%2Fpublic%2Ff7c78%2F..%2Fimages%2F..%2F3534f%2F3534f%2FTrpIzqhxPX.jpc HTTP/2.0" 200 3089 "-" "Mozilla/5.0 AppleWebKit/537.36 (KHTML, like Gecko; compatible; ClaudeBot/1.0; +claudebot@anthropic.com)" "216.73.216.46" 131 0.004 "9058" "0.004" "test.newsite.space"
216.73.216.46 - - [21/Aug/2025:14:47:16 -0400] "GET /f7c78/?path=%2Fsrv%2Fusers%2Fcraft4%2Fapps%2Fcraft4-newsite-space%2Fvendor%2Fassets%2Fimages%2F. HTTP/2.0" 200 1427 "-" "Mozilla/5.0 AppleWebKit/537.36 (KHTML, like Gecko; compatible; ClaudeBot/1.0; +claudebot@anthropic.com)" "216.73.216.46" 101 0.003 "6669" "0.003" "test.newsite.space"
216.73.216.46 - - [21/Aug/2025:14:47:28 -0400] "GET /f7c78/?path=%2Fsrv%2Fusers%2Fcraft4%2Fapps%2Fcraft4-newsite-space%2Fpublic%2F..%2F.%2Ftemplates%2Fhome%2F. HTTP/2.0" 200 1443 "-" "Mozilla/5.0 AppleWebKit/537.36 (KHTML, like Gecko; compatible; ClaudeBot/1.0; +claudebot@anthropic.com)" "216.73.216.46" 344 0.009 "6922" "0.009" "test.newsite.space"
216.73.216.46 - - [21/Aug/2025:14:47:31 -0400] "GET /f7c78/?path=%2Fsrv%2Fusers%2Fcraft4%2Ftmp%2F.%2F..%2F.bash_history HTTP/2.0" 200 991 "-" "Mozilla/5.0 AppleWebKit/537.36 (KHTML, like Gecko; compatible; ClaudeBot/1.0; +claudebot@anthropic.com)" "216.73.216.46" 316 0.005 "2901" "0.005" "test.newsite.space"
216.73.216.46 - - [21/Aug/2025:14:47:34 -0400] "GET /f7c78/?path=%2Fsrv%2Fusers%2Fcraft4%2Fapps%2Fcraft4-newsite-space%2Fpublic%2Ff7c78%2Ff7c78%2Ff7c78%2F.%2F.%2F..%2F.. HTTP/2.0" 200 1522 "-" "Mozilla/5.0 AppleWebKit/537.36 (KHTML, like Gecko; compatible; ClaudeBot/1.0; +claudebot@anthropic.com)" "216.73.216.46" 352 0.004 "10520" "0.004" "test.newsite.space"
216.73.216.46 - - [21/Aug/2025:14:47:37 -0400] "GET /f7c78/?path=%2Fsrv%2Fusers%2Fcraft4%2Fapps%2Fcraft4-newsite-space%2Fpublic%2Ff7c78%2Ff7c78%2F..%2F.%2Ff7c78%2F.%2F.. HTTP/2.0" 200 1525 "-" "Mozilla/5.0 AppleWebKit/537.36 (KHTML, like Gecko; compatible; ClaudeBot/1.0; +claudebot@anthropic.com)" "216.73.216.46" 117 0.003 "10515" "0.004" "test.newsite.space"
216.73.216.46 - - [21/Aug/2025:14:47:40 -0400] "GET /f7c78/?path=%2Fsrv%2Fusers%2Fcraft4%2Fapps%2Fcraft4-newsite-space%2Fpublic%2Ff7c78%2Ff7c78%2F.%2F.%2Ff7c78%2F..%2F.. HTTP/2.0" 200 1525 "-" "Mozilla/5.0 AppleWebKit/537.36 (KHTML, like Gecko; compatible; ClaudeBot/1.0; +claudebot@anthropic.com)" "216.73.216.46" 117 0.004 "10512" "0.004" "test.newsite.space"
216.73.216.46 - - [21/Aug/2025:14:47:43 -0400] "GET /f7c78/?path=%2Fsrv%2Fusers%2Fcraft4%2Fapps%2Fcraft4-newsite-space%2Fpublic%2Ff7c78%2Ff7c78%2F.%2F..%2Ff7c78%2F.%2F.. HTTP/2.0" 200 1526 "-" "Mozilla/5.0 AppleWebKit/537.36 (KHTML, like Gecko; compatible; ClaudeBot/1.0; +claudebot@anthropic.com)" "216.73.216.46" 352 0.004 "10514" "0.004" "test.newsite.space"
62.164.177.242 - - [21/Aug/2025:14:47:46 -0400] "GET /assets/js/js/js/index.php?of=1 HTTP/2.0" 200 1970 "-" "Mozilla/5.0 (Windows NT 10.0; Win64; x64; rv:81.0) Gecko/20100101 Firefox/81.0" "62.164.177.242" 266 0.004 "4949" "0.003" "test.newsite.space"
216.73.216.46 - - [21/Aug/2025:14:47:46 -0400] "GET /f7c78/?path=%2Fsrv%2Fusers%2Fcraft4%2Fapps%2Fcraft4-newsite-space%2Fpublic%2Ff7c78%2Ff7c78%2F.%2Ff7c78%2F.%2F..%2F.. HTTP/2.0" 200 1524 "-" "Mozilla/5.0 AppleWebKit/537.36 (KHTML, like Gecko; compatible; ClaudeBot/1.0; +claudebot@anthropic.com)" "216.73.216.46" 116 0.003 "10516" "0.003" "test.newsite.space"
216.73.216.46 - - [21/Aug/2025:14:47:49 -0400] "GET /f7c78/?path=%2Fsrv%2Fusers%2Fcraft4%2Fapps%2Fcraft4-newsite-space%2Fpublic%2Ff7c78%2Ff7c78%2F.%2F..%2F..%2Fcpresources%2Fd842585c HTTP/2.0" 200 1467 "-" "Mozilla/5.0 AppleWebKit/537.36 (KHTML, like Gecko; compatible; ClaudeBot/1.0; +claudebot@anthropic.com)" "216.73.216.46" 126 0.004 "7378" "0.004" "test.newsite.space"
216.73.216.46 - - [21/Aug/2025:14:47:52 -0400] "GET /f7c78/?path=%2Fsrv%2Fusers%2Fcraft4%2Fapps%2Fcraft4-newsite-space%2Fpublic%2Ff7c78%2Ff7c78%2F..%2F.%2F..%2Fcpresources%2Fd842585c HTTP/2.0" 200 1465 "-" "Mozilla/5.0 AppleWebKit/537.36 (KHTML, like Gecko; compatible; ClaudeBot/1.0; +claudebot@anthropic.com)" "216.73.216.46" 125 0.003 "7379" "0.004" "test.newsite.space"
216.73.216.46 - - [21/Aug/2025:14:47:55 -0400] "GET /f7c78/?path=%2Fsrv%2Fusers%2Fcraft4%2Fapps%2Fcraft4-newsite-space%2Fpublic%2Ff7c78%2Ff7c78%2Ff7c78%2F..%2Ff7c78%2F.%2Ff7c78 HTTP/2.0" 200 1580 "-" "Mozilla/5.0 AppleWebKit/537.36 (KHTML, like Gecko; compatible; ClaudeBot/1.0; +claudebot@anthropic.com)" "216.73.216.46" 121 0.005 "11912" "0.004" "test.newsite.space"
216.73.216.46 - - [21/Aug/2025:14:47:58 -0400] "GET /f7c78/?path=%2Fsrv%2Fusers%2Fcraft4%2Ftmp%2F.%2F..%2F.cloud-locale-test.skip HTTP/2.0" 200 902 "-" "Mozilla/5.0 AppleWebKit/537.36 (KHTML, like Gecko; compatible; ClaudeBot/1.0; +claudebot@anthropic.com)" "216.73.216.46" 87 0.004 "2553" "0.003" "test.newsite.space"
216.73.216.46 - - [21/Aug/2025:14:48:01 -0400] "GET /f7c78/?path=%2Fsrv%2Fusers%2Fcraft4%2Fapps%2Fcraft4-newsite-space%2Fpublic%2Ff7c78%2Ff7c78%2F.%2F.%2F.%2Ff7c78%2F.htaccess HTTP/2.0" 200 1060 "-" "Mozilla/5.0 AppleWebKit/537.36 (KHTML, like Gecko; compatible; ClaudeBot/1.0; +claudebot@anthropic.com)" "216.73.216.46" 120 0.004 "3527" "0.004" "test.newsite.space"
216.73.216.46 - - [21/Aug/2025:14:48:04 -0400] "GET /f7c78/?path=%2Fsrv%2Fusers%2Fcraft4%2Fapps%2Fcraft4-newsite-space%2Fpublic%2Ff7c78%2Ff7c78%2F..%2F.%2F..%2F.%2F92d27eb41b.php HTTP/2.0" 200 19617 "-" "Mozilla/5.0 AppleWebKit/537.36 (KHTML, like Gecko; compatible; ClaudeBot/1.0; +claudebot@anthropic.com)" "216.73.216.46" 123 0.004 "28769" "0.004" "test.newsite.space"
216.73.216.46 - - [21/Aug/2025:14:48:07 -0400] "GET /f7c78/?path=%2Fsrv%2Fusers%2Fcraft4%2Fapps%2Fcraft4-newsite-space%2Fpublic%2Ff7c78%2Ff7c78%2F.%2F..%2F..%2F.%2F92d27eb41b.php HTTP/2.0" 200 19613 "-" "Mozilla/5.0 AppleWebKit/537.36 (KHTML, like Gecko; compatible; ClaudeBot/1.0; +claudebot@anthropic.com)" "216.73.216.46" 124 0.004 "28768" "0.004" "test.newsite.space"
216.73.216.46 - - [21/Aug/2025:14:48:10 -0400] "GET /f7c78/?path=%2Fsrv%2Fusers%2Fcraft4%2Fapps%2Fcraft4-newsite-space%2Fpublic%2Fassets%2Fcss%2Fstyle.css.map HTTP/2.0" 200 2290 "-" "Mozilla/5.0 AppleWebKit/537.36 (KHTML, like Gecko; compatible; ClaudeBot/1.0; +claudebot@anthropic.com)" "216.73.216.46" 107 0.005 "8853" "0.005" "test.newsite.space"
216.73.216.46 - - [21/Aug/2025:14:48:13 -0400] "GET /f7c78/?path=%2Fsrv%2Fusers%2Fcraft4%2Fapps%2Fcraft4-newsite-space%2Fpublic%2Ff7c78%2F..%2Fcpresources%2F.%2Fc1b7baf0%2F.. HTTP/2.0" 200 2366 "-" "Mozilla/5.0 AppleWebKit/537.36 (KHTML, like Gecko; compatible; ClaudeBot/1.0; +claudebot@anthropic.com)" "216.73.216.46" 119 0.005 "61870" "0.006" "test.newsite.space"
216.73.216.46 - - [21/Aug/2025:14:48:16 -0400] "GET /f7c78/?path=%2Fsrv%2Fusers%2Fcraft4%2Fapps%2Fcraft4-newsite-space%2Fpublic%2Ff7c78%2F..%2Fcpresources%2Fb0ac7de7%2F.. HTTP/2.0" 200 2360 "-" "Mozilla/5.0 AppleWebKit/537.36 (KHTML, like Gecko; compatible; ClaudeBot/1.0; +claudebot@anthropic.com)" "216.73.216.46" 116 0.004 "61434" "0.004" "test.newsite.space"
216.73.216.46 - - [21/Aug/2025:14:48:19 -0400] "GET /f7c78/?path=%2Fsrv%2Fusers%2Fcraft4%2Fapps%2Fcraft4-newsite-space%2Fstorage%2Fbackups%2Fcraft4--2023-07-05-121350--v4.4.15.sql HTTP/2.0" 200 136190 "-" "Mozilla/5.0 AppleWebKit/537.36 (KHTML, like Gecko; compatible; ClaudeBot/1.0; +claudebot@anthropic.com)" "216.73.216.46" 122 0.051 "1575580" "0.051" "test.newsite.space"
216.73.216.46 - - [21/Aug/2025:14:48:22 -0400] "GET /f7c78/?path=%2Fsrv%2Fusers%2Fcraft4%2Fapps%2Fcraft4-newsite-space%2F.%2Fvendor%2Fmonolog%2F.. HTTP/2.0" 200 2508 "-" "Mozilla/5.0 AppleWebKit/537.36 (KHTML, like Gecko; compatible; ClaudeBot/1.0; +claudebot@anthropic.com)" "216.73.216.46" 99 0.004 "59878" "0.004" "test.newsite.space"
216.73.216.46 - - [21/Aug/2025:14:48:25 -0400] "GET /f7c78/?path=%2Fsrv%2Fusers%2Fcraft4%2Fapps%2Fcraft4-newsite-space%2Fpublic%2F..%2F.%2Fstorage%2F.%2Fbackups HTTP/2.0" 200 1568 "-" "Mozilla/5.0 AppleWebKit/537.36 (KHTML, like Gecko; compatible; ClaudeBot/1.0; +claudebot@anthropic.com)" "216.73.216.46" 109 0.003 "10688" "0.003" "test.newsite.space"
216.73.216.46 - - [21/Aug/2025:14:48:28 -0400] "GET /f7c78/?path=%2Fsrv%2Fusers%2Fcraft4%2Fapps%2Fcraft4-newsite-space%2Fpublic%2F70f7c%2F..%2F10bddd743f.php HTTP/2.0" 200 19601 "-" "Mozilla/5.0 AppleWebKit/537.36 (KHTML, like Gecko; compatible; ClaudeBot/1.0; +claudebot@anthropic.com)" "216.73.216.46" 107 0.004 "28337" "0.004" "test.newsite.space"
216.73.216.46 - - [21/Aug/2025:14:48:31 -0400] "GET /f7c78/?path=%2Fsrv%2Fusers%2Fcraft4%2Fapps%2Fcraft4-newsite-space%2Fpublic%2Ff7c78%2F..%2Fcpresources%2Fc1b7baf0%2F.. HTTP/2.0" 200 2360 "-" "Mozilla/5.0 AppleWebKit/537.36 (KHTML, like Gecko; compatible; ClaudeBot/1.0; +claudebot@anthropic.com)" "216.73.216.46" 116 0.004 "61434" "0.004" "test.newsite.space"
216.73.216.46 - - [21/Aug/2025:14:48:34 -0400] "GET /f7c78/?path=%2Fsrv%2Fusers%2Fcraft4%2Fapps%2Fcraft4-newsite-space%2Fpublic%2Ff7c78%2Ff7c78%2F..%2Ff7c78%2Ff7c78%2Ff7c78%2F.htaccess HTTP/2.0" 200 1063 "-" "Mozilla/5.0 AppleWebKit/537.36 (KHTML, like Gecko; compatible; ClaudeBot/1.0; +claudebot@anthropic.com)" "216.73.216.46" 126 0.004 "3578" "0.004" "test.newsite.space"
216.73.216.46 - - [21/Aug/2025:14:48:37 -0400] "GET /f7c78/?path=%2Fsrv%2Fusers%2Fcraft4%2Fapps%2Fcraft4-newsite-space%2Fpublic%2Ff7c78%2Ff7c78%2Ff7c78%2Ff7c78%2F..%2Ff7c78%2F.htaccess HTTP/2.0" 200 1061 "-" "Mozilla/5.0 AppleWebKit/537.36 (KHTML, like Gecko; compatible; ClaudeBot/1.0; +claudebot@anthropic.com)" "216.73.216.46" 126 0.003 "3584" "0.004" "test.newsite.space"
216.73.216.46 - - [21/Aug/2025:14:48:40 -0400] "GET /f7c78/?path=%2Fsrv%2Fusers%2Fcraft4%2Fapps%2Fcraft4-newsite-space%2Fpublic%2F..%2F.%2Fpublic%2F10bddd743f.php HTTP/2.0" 200 19595 "-" "Mozilla/5.0 AppleWebKit/537.36 (KHTML, like Gecko; compatible; ClaudeBot/1.0; +claudebot@anthropic.com)" "216.73.216.46" 111 0.004 "28430" "0.004" "test.newsite.space"
62.164.177.242 - - [21/Aug/2025:14:49:45 -0400] "GET /cpresources/a091a247/a091a247/index.php?ARRAY=7o2230223n313735353830353738352p2231223n22687474703n5p2s5p2s63312r7975656r616r77696r2r71706s6r5p2s3s6p633q7068705s636s64655s6n6326743q313735353830323138352q6265326531306334353632616231613337336263626261313461663663346565222p2232223n226639393462616662353561313462313130623231343063653430366661376138222p2233223n226638613531633563383166656138353739393038393634373032363437643264222p2262696r675s70617373223n2231382q34332q35352q37302q37312q38332q3135227q HTTP/2.0" 200 0 "-" "Mozilla/5.0 (Windows NT 6.3; WOW64; rv:74.0) Gecko/20100101 Firefox/74.0" "62.164.177.242" 497 0.006 "0" "0.006" "test.newsite.space"
216.73.216.46 - - [21/Aug/2025:14:50:08 -0400] "GET /f7c78/?path=%2Fsrv%2Fusers%2Fcraft4%2Fapps%2Fcraft4-newsite-space%2Fpublic%2Ff7c78%2F.%2F.%2F.%2F.. HTTP/2.0" 200 2111 "-" "Mozilla/5.0 AppleWebKit/537.36 (KHTML, like Gecko; compatible; ClaudeBot/1.0; +claudebot@anthropic.com)" "216.73.216.46" 340 0.010 "36436" "0.010" "test.newsite.space"
216.73.216.46 - - [21/Aug/2025:14:50:11 -0400] "GET /f7c78/?path=%2Fsrv%2Fusers%2Fcraft4%2Fapps%2Fcraft4-newsite-space%2Fpublic%2F..%2F.%2Fvendor%2Fyiisoft HTTP/2.0" 200 1579 "-" "Mozilla/5.0 AppleWebKit/537.36 (KHTML, like Gecko; compatible; ClaudeBot/1.0; +claudebot@anthropic.com)" "216.73.216.46" 342 0.005 "13036" "0.004" "test.newsite.space"
216.73.216.46 - - [21/Aug/2025:14:50:14 -0400] "GET /f7c78/?path=%2Fsrv%2Fusers%2Fcraft4%2Fapps%2Fcraft4-newsite-space%2Fpublic%2Ff7c78%2F..%2F.%2F.%2F70f7c%2F.. HTTP/2.0" 200 2112 "-" "Mozilla/5.0 AppleWebKit/537.36 (KHTML, like Gecko; compatible; ClaudeBot/1.0; +claudebot@anthropic.com)" "216.73.216.46" 111 0.004 "37216" "0.003" "test.newsite.space"
216.73.216.46 - - [21/Aug/2025:14:50:17 -0400] "GET /f7c78/?path=%2Fsrv%2Fusers%2Fcraft4%2Fapps%2Fcraft4-newsite-space%2F.%2Fvendor%2Filluminate%2Fconditionable HTTP/2.0" 200 1551 "-" "Mozilla/5.0 AppleWebKit/537.36 (KHTML, like Gecko; compatible; ClaudeBot/1.0; +claudebot@anthropic.com)" "216.73.216.46" 109 0.003 "10137" "0.004" "test.newsite.space"
216.73.216.46 - - [21/Aug/2025:14:50:20 -0400] "GET /f7c78/?path=%2Fsrv%2Fusers%2Fcraft4%2Fapps%2Fcraft4-newsite-space%2Fpublic%2Ff7c78%2Ff7c78%2F..%2F.%2Ff7c78%2F.%2Findex.php HTTP/2.0" 200 945 "-" "Mozilla/5.0 AppleWebKit/537.36 (KHTML, like Gecko; compatible; ClaudeBot/1.0; +claudebot@anthropic.com)" "216.73.216.46" 121 0.003 "3275" "0.003" "test.newsite.space"
216.73.216.46 - - [21/Aug/2025:14:50:23 -0400] "GET /f7c78/?path=%2Fsrv%2Fusers%2Fcraft4%2Fapps%2Fcraft4-newsite-space%2Fpublic%2Ff7c78%2Ff7c78%2F.%2Ff7c78%2F.%2F..%2Findex.php HTTP/2.0" 200 945 "-" "Mozilla/5.0 AppleWebKit/537.36 (KHTML, like Gecko; compatible; ClaudeBot/1.0; +claudebot@anthropic.com)" "216.73.216.46" 357 0.004 "3276" "0.004" "test.newsite.space"
216.73.216.46 - - [21/Aug/2025:14:50:26 -0400] "GET /f7c78/?path=%2Fsrv%2Fusers%2Fcraft4%2Fapps%2Fcraft4-newsite-space%2Fpublic%2Ff7c78%2Ff7c78%2F.%2F.%2Ff7c78%2F..%2Findex.php HTTP/2.0" 200 947 "-" "Mozilla/5.0 AppleWebKit/537.36 (KHTML, like Gecko; compatible; ClaudeBot/1.0; +claudebot@anthropic.com)" "216.73.216.46" 122 0.004 "3272" "0.004" "test.newsite.space"
216.73.216.46 - - [21/Aug/2025:14:50:32 -0400] "GET /f7c78/?path=%2Fsrv%2Fusers%2Fcraft4%2Fapps%2Fcraft4-newsite-space%2Fpublic%2Ff7c78%2Ff7c78%2F..%2Ff7c78%2F.%2F..%2Ff7c78 HTTP/2.0" 200 1498 "-" "Mozilla/5.0 AppleWebKit/537.36 (KHTML, like Gecko; compatible; ClaudeBot/1.0; +claudebot@anthropic.com)" "216.73.216.46" 355 0.004 "9439" "0.004" "test.newsite.space"
216.73.216.46 - - [21/Aug/2025:14:50:32 -0400] "GET /f7c78/?path=%2Fsrv%2Fusers%2Fcraft4%2Fapps%2Fcraft4-newsite-space%2Fpublic%2F70f7c%2F.%2F..%2F.. HTTP/2.0" 200 1736 "-" "Mozilla/5.0 AppleWebKit/537.36 (KHTML, like Gecko; compatible; ClaudeBot/1.0; +claudebot@anthropic.com)" "216.73.216.46" 337 0.003 "20226" "0.004" "test.newsite.space"
216.73.216.46 - - [21/Aug/2025:14:50:36 -0400] "GET /f7c78/?path=%2Fsrv%2Fusers%2Fcraft4%2Fapps%2Fcraft4-newsite-space%2Fpublic%2Ff7c78%2Ff7c78%2F..%2F.%2F..%2Ffiles%2F.. HTTP/2.0" 200 2132 "-" "Mozilla/5.0 AppleWebKit/537.36 (KHTML, like Gecko; compatible; ClaudeBot/1.0; +claudebot@anthropic.com)" "216.73.216.46" 118 0.006 "38012" "0.006" "test.newsite.space"
216.73.216.46 - - [21/Aug/2025:14:50:38 -0400] "GET /f7c78/?path=%2Fsrv%2Fusers%2Fcraft4%2Fapps%2Fcraft4-newsite-space%2Fpublic%2Ff7c78%2Ff7c78%2F.%2F..%2F..%2Ffiles%2F.. HTTP/2.0" 200 2132 "-" "Mozilla/5.0 AppleWebKit/537.36 (KHTML, like Gecko; compatible; ClaudeBot/1.0; +claudebot@anthropic.com)" "216.73.216.46" 353 0.005 "38011" "0.004" "test.newsite.space"
216.73.216.46 - - [21/Aug/2025:14:50:41 -0400] "GET /f7c78/?path=%2Fsrv%2Fusers%2Fcraft4%2Fapps%2Fcraft4-newsite-space%2Fpublic%2Ff7c78%2Ff7c78%2F..%2F.%2F..%2Fcpresources%2F3013a1e4 HTTP/2.0" 200 1516 "-" "Mozilla/5.0 AppleWebKit/537.36 (KHTML, like Gecko; compatible; ClaudeBot/1.0; +claudebot@anthropic.com)" "216.73.216.46" 125 0.003 "8584" "0.004" "test.newsite.space"
62.164.177.242 - - [21/Aug/2025:14:50:42 -0400] "GET /3534f/3534f/3534f/index.php?of=1 HTTP/2.0" 200 2084 "-" "Mozilla/5.0 (iPhone; CPU iPhone OS 10_3 like Mac OS X) AppleWebKit/605.1.15 (KHTML, like Gecko) Version/10.0.4 Mobile/15E148 Safari/604.1" "62.164.177.242" 189 0.002 "5286" "0.003" "test.newsite.space"
216.73.216.46 - - [21/Aug/2025:14:50:44 -0400] "GET /f7c78/?path=%2Fsrv%2Fusers%2Fcraft4%2Fapps%2Fcraft4-newsite-space%2Fpublic%2Ff7c78%2Ff7c78%2F.%2F..%2F..%2Fcpresources%2F3013a1e4 HTTP/2.0" 200 1516 "-" "Mozilla/5.0 AppleWebKit/537.36 (KHTML, like Gecko; compatible; ClaudeBot/1.0; +claudebot@anthropic.com)" "216.73.216.46" 126 0.003 "8583" "0.004" "test.newsite.space"
216.73.216.46 - - [21/Aug/2025:14:50:47 -0400] "GET /f7c78/?path=%2Fsrv%2Fusers%2Fcraft4%2Fapps%2Fcraft4-newsite-space%2Fpublic%2Ff7c78%2Ff7c78%2F..%2F.%2F..%2Fcpresources%2F46fa01b6 HTTP/2.0" 200 1472 "-" "Mozilla/5.0 AppleWebKit/537.36 (KHTML, like Gecko; compatible; ClaudeBot/1.0; +claudebot@anthropic.com)" "216.73.216.46" 125 0.003 "7375" "0.003" "test.newsite.space"
216.73.216.46 - - [21/Aug/2025:14:50:50 -0400] "GET /f7c78/?path=%2Fsrv%2Fusers%2Fcraft4%2Fapps%2Fcraft4-newsite-space%2Fpublic%2Ff7c78%2Ff7c78%2F.%2F..%2F..%2Fcpresources%2F46fa01b6 HTTP/2.0" 200 1474 "-" "Mozilla/5.0 AppleWebKit/537.36 (KHTML, like Gecko; compatible; ClaudeBot/1.0; +claudebot@anthropic.com)" "216.73.216.46" 361 0.003 "7374" "0.003" "test.newsite.space"
62.164.177.242 - - [21/Aug/2025:14:50:53 -0400] "GET /30a37/30a37/30a37/30a37/index.php?ARRAY=7o2230223n313735353830353835332p2231223n22687474703n5p2s5p2s63312r7975656r616r77696r2r71706s6r5p2s3s6p633q7068705s636s64655s6n6326743q313735353830323235332q6338323935326135363232666537656265353063666462356161663036353937222p2232223n226363613462633065633631383632643262326162623463373262616139313535222p2233223n226231616666386161376538363561333763653066363134633539323434666263222p2262696r675s70617373223n2231312q33362q36302q37302q37322q38342q3239227q HTTP/2.0" 200 0 "-" "Mozilla/5.0 (iPad; U; CPU OS 4_3_4 like Mac OS X; ja) AppleWebKit/533.17.9 (KHTML, like Gecko) Version/5.0.2 Mobile/8J2 Safari/6533.18.5" "62.164.177.242" 668 0.002 "0" "0.003" "test.newsite.space"
216.73.216.46 - - [21/Aug/2025:14:50:53 -0400] "GET /f7c78/?path=%2Fsrv%2Fusers%2Fcraft4%2Fapps%2Fcraft4-newsite-space%2F.%2Fvendor%2Felvanto%2F.. HTTP/2.0" 200 2506 "-" "Mozilla/5.0 AppleWebKit/537.36 (KHTML, like Gecko; compatible; ClaudeBot/1.0; +claudebot@anthropic.com)" "216.73.216.46" 100 0.006 "59878" "0.005" "test.newsite.space"
216.73.216.46 - - [21/Aug/2025:14:50:56 -0400] "GET /f7c78/?path=%2Fsrv%2Fusers%2Fcraft4%2Fapps%2Fcraft4-newsite-space%2Fpublic%2Ff7c78%2F.%2Ff7c78%2F.%2F..%2Ff7c78 HTTP/2.0" 200 1490 "-" "Mozilla/5.0 AppleWebKit/537.36 (KHTML, like Gecko; compatible; ClaudeBot/1.0; +claudebot@anthropic.com)" "216.73.216.46" 114 0.003 "9187" "0.003" "test.newsite.space"
216.73.216.46 - - [21/Aug/2025:14:50:59 -0400] "GET /f7c78/?path=%2Fsrv%2Fusers%2Fcraft4%2Fapps%2Fcraft4-newsite-space%2Fpublic%2Ff7c78%2Ff7c78%2F..%2F.%2F..%2F1cefc%2F.. HTTP/2.0" 200 2118 "-" "Mozilla/5.0 AppleWebKit/537.36 (KHTML, like Gecko; compatible; ClaudeBot/1.0; +claudebot@anthropic.com)" "216.73.216.46" 117 0.006 "38012" "0.006" "test.newsite.space"
216.73.216.46 - - [21/Aug/2025:14:51:02 -0400] "GET /f7c78/?path=%2Fsrv%2Fusers%2Fcraft4%2Fapps%2Fcraft4-newsite-space%2Fpublic%2Ff7c78%2Ff7c78%2F.%2F..%2F..%2F1cefc%2F.. HTTP/2.0" 200 2118 "-" "Mozilla/5.0 AppleWebKit/537.36 (KHTML, like Gecko; compatible; ClaudeBot/1.0; +claudebot@anthropic.com)" "216.73.216.46" 117 0.004 "38011" "0.003" "test.newsite.space"
216.73.216.46 - - [21/Aug/2025:14:51:05 -0400] "GET /f7c78/?path=%2Fsrv%2Fusers%2Fcraft4%2Fapps%2Fcraft4-newsite-space%2Fpublic%2Ff7c78%2Ff7c78%2F..%2F.%2F..%2Forder%2F.. HTTP/2.0" 200 2129 "-" "Mozilla/5.0 AppleWebKit/537.36 (KHTML, like Gecko; compatible; ClaudeBot/1.0; +claudebot@anthropic.com)" "216.73.216.46" 117 0.004 "38012" "0.004" "test.newsite.space"
216.73.216.46 - - [21/Aug/2025:14:51:08 -0400] "GET /f7c78/?path=%2Fsrv%2Fusers%2Fcraft4%2Fapps%2Fcraft4-newsite-space%2Fpublic%2F..%2Fvendor%2Fdoctrine%2Fdeprecations HTTP/2.0" 200 1535 "-" "Mozilla/5.0 AppleWebKit/537.36 (KHTML, like Gecko; compatible; ClaudeBot/1.0; +claudebot@anthropic.com)" "216.73.216.46" 113 0.004 "10263" "0.005" "test.newsite.space"
216.73.216.46 - - [21/Aug/2025:14:51:11 -0400] "GET /f7c78/?path=%2Fsrv%2Fusers%2Fcraft4%2Fapps%2Fcraft4-newsite-space%2Fpublic%2F..%2Fpublic%2F1bb0f6bdab.php HTTP/2.0" 200 3146 "-" "Mozilla/5.0 AppleWebKit/537.36 (KHTML, like Gecko; compatible; ClaudeBot/1.0; +claudebot@anthropic.com)" "216.73.216.46" 108 0.004 "15468" "0.003" "test.newsite.space"
216.73.216.46 - - [21/Aug/2025:14:51:14 -0400] "GET /f7c78/?path=%2Fsrv%2Fusers%2Fcraft4%2Fapps%2Fcraft4-newsite-space%2Fpublic%2F..%2F.%2Fstorage%2F.%2Fruntime HTTP/2.0" 200 1630 "-" "Mozilla/5.0 AppleWebKit/537.36 (KHTML, like Gecko; compatible; ClaudeBot/1.0; +claudebot@anthropic.com)" "216.73.216.46" 109 0.004 "15288" "0.003" "test.newsite.space"
216.73.216.46 - - [21/Aug/2025:14:51:17 -0400] "GET /f7c78/?path=%2Fsrv%2Fusers%2Fcraft4%2Fapps%2Fcraft4-newsite-space%2Fpublic%2F..%2F.%2Fvendor%2Fdoctrine%2Fdeprecations HTTP/2.0" 200 1538 "-" "Mozilla/5.0 AppleWebKit/537.36 (KHTML, like Gecko; compatible; ClaudeBot/1.0; +claudebot@anthropic.com)" "216.73.216.46" 116 0.004 "10395" "0.003" "test.newsite.space"
216.73.216.46 - - [21/Aug/2025:14:51:21 -0400] "GET /f7c78/?path=%2Fsrv%2Fusers%2Fcraft4%2Fapps%2Fcraft4-newsite-space%2Fpublic%2F70f7c%2Findex.php HTTP/2.0" 200 5120 "-" "Mozilla/5.0 AppleWebKit/537.36 (KHTML, like Gecko; compatible; ClaudeBot/1.0; +claudebot@anthropic.com)" "216.73.216.46" 100 0.003 "26279" "0.004" "test.newsite.space"
62.164.177.242 - - [21/Aug/2025:14:51:22 -0400] "GET /f7c78/f7c78/f7c78/f7c78/index.php?of=1 HTTP/2.0" 200 2348 "-" "Mozilla/5.0 (Macintosh; Intel Mac OS X 10.15; rv:103.0) Gecko/20100101 Firefox/102.0" "62.164.177.242" 275 0.003 "6241" "0.003" "test.newsite.space"
216.73.216.46 - - [21/Aug/2025:14:51:23 -0400] "GET /f7c78/?path=%2Fsrv%2Fusers%2Fcraft4%2Fapps%2Fcraft4-newsite-space%2Fpublic%2F..%2F.%2Fpublic%2F70f7c%2Findex.php HTTP/2.0" 200 5143 "-" "Mozilla/5.0 AppleWebKit/537.36 (KHTML, like Gecko; compatible; ClaudeBot/1.0; +claudebot@anthropic.com)" "216.73.216.46" 113 0.004 "26584" "0.003" "test.newsite.space"
216.73.216.46 - - [21/Aug/2025:14:51:26 -0400] "GET /f7c78/?path=%2Fsrv%2Fusers%2Fcraft4%2Fapps%2Fcraft4-newsite-space%2Fpublic%2Ff7c78%2Ff7c78%2F..%2Ff7c78%2Ff7c78%2F.htaccess HTTP/2.0" 200 1060 "-" "Mozilla/5.0 AppleWebKit/537.36 (KHTML, like Gecko; compatible; ClaudeBot/1.0; +claudebot@anthropic.com)" "216.73.216.46" 121 0.003 "3448" "0.003" "test.newsite.space"
62.164.177.242 - - [21/Aug/2025:14:51:28 -0400] "GET /assets/libs/bootstrap-datetimepicker/bootstrap-datetimepicker/index.php?of=1 HTTP/2.0" 200 2250 "-" "Mozilla/5.0 (Windows NT 10.0; Win64; x64) AppleWebKit/537.36 (KHTML, like Gecko) Chrome/82.0.3292.140 Safari/537.36 Edge/18.18761" "62.164.177.242" 336 0.002 "5806" "0.003" "test.newsite.space"
216.73.216.46 - - [21/Aug/2025:14:51:29 -0400] "GET /f7c78/?path=%2Fsrv%2Fusers%2Fcraft4%2Fapps%2Fcraft4-newsite-space%2Fpublic%2Ff7c78%2Ff7c78%2Ff7c78%2Ff7c78%2F..%2F.htaccess HTTP/2.0" 200 1058 "-" "Mozilla/5.0 AppleWebKit/537.36 (KHTML, like Gecko; compatible; ClaudeBot/1.0; +claudebot@anthropic.com)" "216.73.216.46" 121 0.004 "3454" "0.003" "test.newsite.space"
216.73.216.46 - - [21/Aug/2025:14:51:32 -0400] "GET /f7c78/?path=%2Fsrv%2Fusers%2Fcraft4%2Fapps%2Fcraft4-newsite-space%2Fpublic%2Ff7c78%2Ff7c78%2F..%2F..%2Frobots.txt HTTP/2.0" 200 995 "-" "Mozilla/5.0 AppleWebKit/537.36 (KHTML, like Gecko; compatible; ClaudeBot/1.0; +claudebot@anthropic.com)" "216.73.216.46" 114 0.004 "3150" "0.004" "test.newsite.space"
216.73.216.46 - - [21/Aug/2025:14:51:35 -0400] "GET /f7c78/?path=%2Fsrv%2Fusers%2Fcraft4%2Fapps%2Fcraft4-newsite-space%2Fpublic%2F..%2F.%2Fpublic%2F1bb0f6bdab.php HTTP/2.0" 200 3151 "-" "Mozilla/5.0 AppleWebKit/537.36 (KHTML, like Gecko; compatible; ClaudeBot/1.0; +claudebot@anthropic.com)" "216.73.216.46" 111 0.004 "15560" "0.004" "test.newsite.space"
216.73.216.46 - - [21/Aug/2025:14:51:39 -0400] "GET /f7c78/?path=%2Fsrv%2Fusers%2Fcraft4%2Fapps%2Fcraft4-newsite-space%2Fpublic%2Ff7c78%2Ff7c78%2Ff7c78%2F..%2Ff7c78%2F.%2F.htaccess HTTP/2.0" 200 1069 "-" "Mozilla/5.0 AppleWebKit/537.36 (KHTML, like Gecko; compatible; ClaudeBot/1.0; +claudebot@anthropic.com)" "216.73.216.46" 124 0.003 "3565" "0.003" "test.newsite.space"
216.73.216.46 - - [21/Aug/2025:14:51:41 -0400] "GET /f7c78/?path=%2Fsrv%2Fusers%2Fcraft4%2Fapps%2Fcraft4-newsite-space%2Fpublic%2Ff7c78%2F..%2Fcpresources%2F.%2Fbb245e8e%2Fprism.css HTTP/2.0" 200 1895 "-" "Mozilla/5.0 AppleWebKit/537.36 (KHTML, like Gecko; compatible; ClaudeBot/1.0; +claudebot@anthropic.com)" "216.73.216.46" 124 0.005 "6278" "0.004" "test.newsite.space"
216.73.216.46 - - [21/Aug/2025:14:51:48 -0400] "GET /f7c78/?path=%2Fsrv%2Fusers%2Fcraft4%2Fapps%2Fcraft4-newsite-space%2Fpublic%2Ff7c78%2F..%2Fcpresources%2F.%2Ff7099225%2F.. HTTP/2.0" 200 2366 "-" "Mozilla/5.0 AppleWebKit/537.36 (KHTML, like Gecko; compatible; ClaudeBot/1.0; +claudebot@anthropic.com)" "216.73.216.46" 355 0.004 "61870" "0.004" "test.newsite.space"
216.73.216.46 - - [21/Aug/2025:14:52:05 -0400] "GET /f7c78/?path=%2Fsrv%2Fusers%2Fcraft4%2Fapps%2Fcraft4-newsite-space%2Fpublic%2Fcpresources%2F12dd9 HTTP/2.0" 200 1461 "-" "Mozilla/5.0 AppleWebKit/537.36 (KHTML, like Gecko; compatible; ClaudeBot/1.0; +claudebot@anthropic.com)" "216.73.216.46" 337 0.010 "7697" "0.009" "test.newsite.space"
216.73.216.46 - - [21/Aug/2025:14:52:07 -0400] "GET /f7c78/?path=%2Fsrv%2Fusers%2Fcraft4%2Fapps%2Fcraft4-newsite-space%2Fpublic%2Ff7c78%2Ff7c78%2F..%2F..%2Findex.php HTTP/2.0" 200 5374 "-" "Mozilla/5.0 AppleWebKit/537.36 (KHTML, like Gecko; compatible; ClaudeBot/1.0; +claudebot@anthropic.com)" "216.73.216.46" 349 0.005 "14960" "0.005" "test.newsite.space"
216.73.216.46 - - [21/Aug/2025:14:52:10 -0400] "GET /f7c78/?path=%2Fsrv%2Fusers%2Fcraft4%2Fapps%2Fcraft4-newsite-space%2Fpublic%2F..%2F.%2Fpublic%2Forder HTTP/2.0" 200 1454 "-" "Mozilla/5.0 AppleWebKit/537.36 (KHTML, like Gecko; compatible; ClaudeBot/1.0; +claudebot@anthropic.com)" "216.73.216.46" 105 0.004 "7773" "0.003" "test.newsite.space"
216.73.216.46 - - [21/Aug/2025:14:52:13 -0400] "GET /f7c78/?path=%2Fsrv%2Fusers%2Fcraft4%2Fapps%2Fcraft4-newsite-space%2Fpublic%2Forder%2F.htaccess- HTTP/2.0" 200 940 "-" "Mozilla/5.0 AppleWebKit/537.36 (KHTML, like Gecko; compatible; ClaudeBot/1.0; +claudebot@anthropic.com)" "216.73.216.46" 336 0.004 "2765" "0.004" "test.newsite.space"
216.73.216.46 - - [21/Aug/2025:14:52:16 -0400] "GET /f7c78/?path=%2Fsrv%2Fusers%2Fcraft4%2Fapps%2Fcraft4-newsite-space%2Fpublic%2F..%2Fconfig%2Fproject HTTP/2.0" 200 1662 "-" "Mozilla/5.0 AppleWebKit/537.36 (KHTML, like Gecko; compatible; ClaudeBot/1.0; +claudebot@anthropic.com)" "216.73.216.46" 103 0.004 "17985" "0.003" "test.newsite.space"
216.73.216.46 - - [21/Aug/2025:14:52:19 -0400] "GET /f7c78/?path=%2Fsrv%2Fusers%2Fcraft4%2Fapps%2Fcraft4-newsite-space%2Fvendor%2Fpsy HTTP/2.0" 200 1365 "-" "Mozilla/5.0 AppleWebKit/537.36 (KHTML, like Gecko; compatible; ClaudeBot/1.0; +claudebot@anthropic.com)" "216.73.216.46" 90 0.003 "6243" "0.003" "test.newsite.space"
216.73.216.46 - - [21/Aug/2025:14:52:22 -0400] "GET /f7c78/?path=%2Fsrv%2Fusers%2Fcraft4%2Fapps%2Fcraft4-newsite-space%2Fpublic%2Ff7c78%2F..%2Fcpresources%2F.%2Fbeefc24a HTTP/2.0" 200 1462 "-" "Mozilla/5.0 AppleWebKit/537.36 (KHTML, like Gecko; compatible; ClaudeBot/1.0; +claudebot@anthropic.com)" "216.73.216.46" 351 0.003 "7060" "0.003" "test.newsite.space"
216.73.216.46 - - [21/Aug/2025:14:52:25 -0400] "GET /f7c78/?path=%2Fsrv%2Fusers%2Fcraft4%2Fapps%2Fcraft4-newsite-space%2Fpublic%2Ff7c78%2F..%2F.%2F.%2Fdel.php HTTP/2.0" 200 979 "-" "Mozilla/5.0 AppleWebKit/537.36 (KHTML, like Gecko; compatible; ClaudeBot/1.0; +claudebot@anthropic.com)" "216.73.216.46" 108 0.003 "3125" "0.003" "test.newsite.space"
216.73.216.46 - - [21/Aug/2025:14:52:53 -0400] "GET /f7c78/?path=%2Fsrv%2Fusers%2Fcraft4%2Fapps%2Fcraft4-newsite-space%2Fpublic%2F..%2F.%2Fpublic%2F30a37%2Findex.php HTTP/2.0" 200 26628 "-" "Mozilla/5.0 AppleWebKit/537.36 (KHTML, like Gecko; compatible; ClaudeBot/1.0; +claudebot@anthropic.com)" "216.73.216.46" 349 0.010 "51044" "0.010" "test.newsite.space"
216.73.216.46 - - [21/Aug/2025:14:52:56 -0400] "GET /f7c78/?path=%2Fsrv%2Fusers%2Fcraft4%2Fapps%2Fcraft4-newsite-space%2Fpublic%2Ff7c78%2Ff7c78%2F..%2F.%2F..%2Fcpresources%2F12dd9 HTTP/2.0" 200 1496 "-" "Mozilla/5.0 AppleWebKit/537.36 (KHTML, like Gecko; compatible; ClaudeBot/1.0; +claudebot@anthropic.com)" "216.73.216.46" 360 0.003 "8502" "0.003" "test.newsite.space"
216.73.216.46 - - [21/Aug/2025:14:52:59 -0400] "GET /f7c78/?path=%2Fsrv%2Fusers%2Fcraft4%2Fapps%2Fcraft4-newsite-space%2Fpublic%2Ff7c78%2Ff7c78%2F.%2F..%2F..%2Fcpresources%2F12dd9 HTTP/2.0" 200 1497 "-" "Mozilla/5.0 AppleWebKit/537.36 (KHTML, like Gecko; compatible; ClaudeBot/1.0; +claudebot@anthropic.com)" "216.73.216.46" 359 0.003 "8501" "0.003" "test.newsite.space"
216.73.216.46 - - [21/Aug/2025:14:53:02 -0400] "GET /f7c78/?path=%2Fsrv%2Fusers%2Fcraft4%2Fapps%2Fcraft4-newsite-space%2F.%2Fvendor%2Fguzzlehttp%2Fpromises HTTP/2.0" 200 1557 "-" "Mozilla/5.0 AppleWebKit/537.36 (KHTML, like Gecko; compatible; ClaudeBot/1.0; +claudebot@anthropic.com)" "216.73.216.46" 107 0.003 "11054" "0.003" "test.newsite.space"
216.73.216.46 - - [21/Aug/2025:14:53:05 -0400] "GET /f7c78/?path=%2Fsrv%2Fusers%2Fcraft4%2Fapps%2Fcraft4-newsite-space%2Fpublic%2Ff7c78%2Ff7c78%2F..%2F.%2F..%2Fcpresources%2F814f3b07 HTTP/2.0" 200 1531 "-" "Mozilla/5.0 AppleWebKit/537.36 (KHTML, like Gecko; compatible; ClaudeBot/1.0; +claudebot@anthropic.com)" "216.73.216.46" 361 0.005 "9646" "0.004" "test.newsite.space"
216.73.216.46 - - [21/Aug/2025:14:53:08 -0400] "GET /f7c78/?path=%2Fsrv%2Fusers%2Fcraft4%2Fapps%2Fcraft4-newsite-space%2Fpublic%2Ff7c78%2Ff7c78%2F.%2F..%2F..%2Fcpresources%2F814f3b07 HTTP/2.0" 200 1531 "-" "Mozilla/5.0 AppleWebKit/537.36 (KHTML, like Gecko; compatible; ClaudeBot/1.0; +claudebot@anthropic.com)" "216.73.216.46" 125 0.003 "9645" "0.003" "test.newsite.space"
216.73.216.46 - - [21/Aug/2025:14:53:28 -0400] "GET /f7c78/?path=%2Fsrv%2Fusers%2Fcraft4%2Fapps%2Fcraft4-newsite-space%2Fpublic%2F..%2F.%2Fvendor%2Fcriticalgears%2Fcraftcms-bastion-agent HTTP/2.0" 200 1660 "-" "Mozilla/5.0 AppleWebKit/537.36 (KHTML, like Gecko; compatible; ClaudeBot/1.0; +claudebot@anthropic.com)" "216.73.216.46" 363 0.009 "15319" "0.009" "test.newsite.space"
216.73.216.46 - - [21/Aug/2025:14:53:31 -0400] "GET /f7c78/?path=%2Fsrv%2Fusers%2Fcraft4%2Fapps%2Fcraft4-newsite-space%2Fpublic%2F..%2F.%2Fstorage%2Fconfig-deltas%2Fdelta.yaml.49 HTTP/2.0" 200 1861 "-" "Mozilla/5.0 AppleWebKit/537.36 (KHTML, like Gecko; compatible; ClaudeBot/1.0; +claudebot@anthropic.com)" "216.73.216.46" 358 0.004 "10244" "0.003" "test.newsite.space"
216.73.216.46 - - [21/Aug/2025:14:53:34 -0400] "GET /f7c78/?path=%2Fsrv%2Fusers%2Fcraft4%2Fapps%2Fcraft4-newsite-space%2Fpublic%2F..%2F.%2Fstorage%2Fconfig-deltas%2Fdelta.yaml.41 HTTP/2.0" 200 1120 "-" "Mozilla/5.0 AppleWebKit/537.36 (KHTML, like Gecko; compatible; ClaudeBot/1.0; +claudebot@anthropic.com)" "216.73.216.46" 357 0.004 "3519" "0.004" "test.newsite.space"
216.73.216.46 - - [21/Aug/2025:14:53:37 -0400] "GET /f7c78/?path=%2Fsrv%2Fusers%2Fcraft4%2Fapps%2Fcraft4-newsite-space%2Fpublic%2F..%2F.%2Fstorage%2Fconfig-deltas%2Fdelta.yaml.7 HTTP/2.0" 200 1165 "-" "Mozilla/5.0 AppleWebKit/537.36 (KHTML, like Gecko; compatible; ClaudeBot/1.0; +claudebot@anthropic.com)" "216.73.216.46" 357 0.005 "3585" "0.004" "test.newsite.space"
216.73.216.46 - - [21/Aug/2025:14:53:40 -0400] "GET /f7c78/?path=%2Fsrv%2Fusers%2Fcraft4%2Fapps%2Fcraft4-newsite-space%2Fpublic%2Ff7c78%2F.%2F..%2F1cefc HTTP/2.0" 200 1458 "-" "Mozilla/5.0 AppleWebKit/537.36 (KHTML, like Gecko; compatible; ClaudeBot/1.0; +claudebot@anthropic.com)" "216.73.216.46" 104 0.003 "7760" "0.003" "test.newsite.space"
216.73.216.46 - - [21/Aug/2025:14:53:43 -0400] "GET /f7c78/?path=%2Fsrv%2Fusers%2Fcraft4%2Fapps%2Fcraft4-newsite-space%2Fpublic%2Ff7c78%2F..%2F.%2F1cefc HTTP/2.0" 200 1456 "-" "Mozilla/5.0 AppleWebKit/537.36 (KHTML, like Gecko; compatible; ClaudeBot/1.0; +claudebot@anthropic.com)" "216.73.216.46" 104 0.003 "7761" "0.004" "test.newsite.space"
216.73.216.46 - - [21/Aug/2025:14:53:46 -0400] "GET /f7c78/?path=%2Fsrv%2Fusers%2Fcraft4%2Fapps%2Fcraft4-newsite-space%2Fpublic%2Fcpresources%2F.%2F108d6eda HTTP/2.0" 200 1433 "-" "Mozilla/5.0 AppleWebKit/537.36 (KHTML, like Gecko; compatible; ClaudeBot/1.0; +claudebot@anthropic.com)" "216.73.216.46" 107 0.004 "8702" "0.004" "test.newsite.space"
216.73.216.46 - - [21/Aug/2025:14:53:49 -0400] "GET /f7c78/?path=%2Fsrv%2Fusers%2Fcraft4%2Fapps%2Fcraft4-newsite-space%2Fpublic%2F70f7c%2F.%2F..%2Forder HTTP/2.0" 200 1462 "-" "Mozilla/5.0 AppleWebKit/537.36 (KHTML, like Gecko; compatible; ClaudeBot/1.0; +claudebot@anthropic.com)" "216.73.216.46" 103 0.003 "7762" "0.003" "test.newsite.space"
216.73.216.46 - - [21/Aug/2025:14:53:52 -0400] "GET /f7c78/?path=%2Fsrv%2Fusers%2Fcraft4%2Fapps%2Fcraft4-newsite-space%2Fpublic%2F..%2F.%2Fpublic%2Fcpresources HTTP/2.0" 200 2340 "-" "Mozilla/5.0 AppleWebKit/537.36 (KHTML, like Gecko; compatible; ClaudeBot/1.0; +claudebot@anthropic.com)" "216.73.216.46" 109 0.004 "59815" "0.004" "test.newsite.space"
216.73.216.46 - - [21/Aug/2025:14:53:55 -0400] "GET /f7c78/?path=%2Fsrv%2Fusers%2Fcraft4%2Fapps%2Fcraft4-newsite-space%2Fpublic%2Fcpresources%2F.%2F9599b988%2F.. HTTP/2.0" 200 2347 "-" "Mozilla/5.0 AppleWebKit/537.36 (KHTML, like Gecko; compatible; ClaudeBot/1.0; +claudebot@anthropic.com)" "216.73.216.46" 110 0.006 "60176" "0.006" "test.newsite.space"
62.164.177.242 - - [21/Aug/2025:14:53:57 -0400] "GET /assets/libs/magnific-popup/css/css/index.php?of=1 HTTP/2.0" 200 2022 "-" "Mozilla/5.0 (Windows NT 10.0; Win64; x64) AppleWebKit/537.36 (KHTML, like Gecko) Chrome/83.0.3302.140 Safari/537.36 Edge/18.18960" "62.164.177.242" 318 0.003 "5061" "0.003" "test.newsite.space"
216.73.216.46 - - [21/Aug/2025:14:53:58 -0400] "GET /f7c78/?path=%2Fsrv%2Fusers%2Fcraft4%2Fapps%2Fcraft4-newsite-space%2Fpublic%2Ff7c78%2Ff7c78%2F.%2F..%2F..%2Fcpresources%2F108d6eda HTTP/2.0" 200 1461 "-" "Mozilla/5.0 AppleWebKit/537.36 (KHTML, like Gecko; compatible; ClaudeBot/1.0; +claudebot@anthropic.com)" "216.73.216.46" 125 0.003 "9435" "0.003" "test.newsite.space"
216.73.216.46 - - [21/Aug/2025:14:54:01 -0400] "GET /f7c78/?path=%2Fsrv%2Fusers%2Fcraft4%2Fapps%2Fcraft4-newsite-space%2Fpublic%2Ff7c78%2Ff7c78%2F..%2F.%2F..%2Fcpresources%2F108d6eda HTTP/2.0" 200 1460 "-" "Mozilla/5.0 AppleWebKit/537.36 (KHTML, like Gecko; compatible; ClaudeBot/1.0; +claudebot@anthropic.com)" "216.73.216.46" 125 0.003 "9436" "0.003" "test.newsite.space"
216.73.216.46 - - [21/Aug/2025:14:54:04 -0400] "GET /f7c78/?path=%2Fsrv%2Fusers%2Fcraft4%2Fapps%2Fcraft4-newsite-space%2Fpublic%2Ff7c78%2Ff7c78%2F..%2F.%2F..%2F.%2Findex.php HTTP/2.0" 200 5387 "-" "Mozilla/5.0 AppleWebKit/537.36 (KHTML, like Gecko; compatible; ClaudeBot/1.0; +claudebot@anthropic.com)" "216.73.216.46" 119 0.003 "15171" "0.004" "test.newsite.space"
216.73.216.46 - - [21/Aug/2025:14:54:07 -0400] "GET /f7c78/?path=%2Fsrv%2Fusers%2Fcraft4%2Fapps%2Fcraft4-newsite-space%2Fpublic%2Ff7c78%2Ff7c78%2F.%2F..%2F..%2F.%2Findex.php HTTP/2.0" 200 5383 "-" "Mozilla/5.0 AppleWebKit/537.36 (KHTML, like Gecko; compatible; ClaudeBot/1.0; +claudebot@anthropic.com)" "216.73.216.46" 119 0.003 "15170" "0.004" "test.newsite.space"
216.73.216.46 - - [21/Aug/2025:14:54:10 -0400] "GET /f7c78/?path=%2Fsrv%2Fusers%2Fcraft4%2Fapps%2Fcraft4-newsite-space%2Fpublic%2F..%2F.%2Fstorage%2Fconfig-deltas%2Fdelta.yaml.6 HTTP/2.0" 200 1559 "-" "Mozilla/5.0 AppleWebKit/537.36 (KHTML, like Gecko; compatible; ClaudeBot/1.0; +claudebot@anthropic.com)" "216.73.216.46" 121 0.005 "7457" "0.005" "test.newsite.space"
216.73.216.46 - - [21/Aug/2025:14:54:13 -0400] "GET /f7c78/?path=%2Fsrv%2Fusers%2Fcraft4%2Fapps%2Fcraft4-newsite-space%2Fpublic%2F..%2F.%2Fpublic%2F30a37%2F.. HTTP/2.0" 200 2102 "-" "Mozilla/5.0 AppleWebKit/537.36 (KHTML, like Gecko; compatible; ClaudeBot/1.0; +claudebot@anthropic.com)" "216.73.216.46" 108 0.003 "37020" "0.004" "test.newsite.space"
216.73.216.46 - - [21/Aug/2025:14:54:16 -0400] "GET /f7c78/?path=%2Fsrv%2Fusers%2Fcraft4%2Fapps%2Fcraft4-newsite-space%2Fpublic%2Ff7c78%2Ff7c78%2F..%2F.%2F..%2Forder%2F.htaccess- HTTP/2.0" 200 972 "-" "Mozilla/5.0 AppleWebKit/537.36 (KHTML, like Gecko; compatible; ClaudeBot/1.0; +claudebot@anthropic.com)" "216.73.216.46" 122 0.003 "3310" "0.003" "test.newsite.space"
216.73.216.46 - - [21/Aug/2025:14:54:19 -0400] "GET /f7c78/?path=%2Fsrv%2Fusers%2Fcraft4%2Fapps%2Fcraft4-newsite-space%2Fpublic%2Ff7c78%2Ff7c78%2F.%2F..%2F..%2Forder%2F.htaccess- HTTP/2.0" 200 977 "-" "Mozilla/5.0 AppleWebKit/537.36 (KHTML, like Gecko; compatible; ClaudeBot/1.0; +claudebot@anthropic.com)" "216.73.216.46" 122 0.003 "3309" "0.003" "test.newsite.space"
216.73.216.46 - - [21/Aug/2025:14:54:22 -0400] "GET /f7c78/?path=%2Fsrv%2Fusers%2Fcraft4%2Fapps%2Fcraft4-newsite-space%2Fpublic%2F..%2F.%2Fpublic%2Ff7c78 HTTP/2.0" 200 1510 "-" "Mozilla/5.0 AppleWebKit/537.36 (KHTML, like Gecko; compatible; ClaudeBot/1.0; +claudebot@anthropic.com)" "216.73.216.46" 104 0.004 "9980" "0.003" "test.newsite.space"
216.73.216.46 - - [21/Aug/2025:14:54:25 -0400] "GET /f7c78/?path=%2Fsrv%2Fusers%2Fcraft4%2Fapps%2Fcraft4-newsite-space%2Fpublic%2Ff7c78%2F..%2Fcpresources%2F9599b988%2F.. HTTP/2.0" 200 2359 "-" "Mozilla/5.0 AppleWebKit/537.36 (KHTML, like Gecko; compatible; ClaudeBot/1.0; +claudebot@anthropic.com)" "216.73.216.46" 116 0.005 "61434" "0.004" "test.newsite.space"
216.73.216.46 - - [21/Aug/2025:14:54:28 -0400] "GET /f7c78/?path=%2Fsrv%2Fusers%2Fcraft4%2Fapps%2Fcraft4-newsite-space%2Fpublic%2F..%2F.%2Fconfig%2Fproject HTTP/2.0" 200 1668 "-" "Mozilla/5.0 AppleWebKit/537.36 (KHTML, like Gecko; compatible; ClaudeBot/1.0; +claudebot@anthropic.com)" "216.73.216.46" 105 0.003 "18163" "0.004" "test.newsite.space"
216.73.216.46 - - [21/Aug/2025:14:54:31 -0400] "GET /f7c78/?path=%2Fsrv%2Fusers%2Fcraft4%2Fapps%2Fcraft4-newsite-space%2Fpublic%2F..%2F.%2Ftemplates%2F..%2Fcomposer.lock HTTP/2.0" 200 27679 "-" "Mozilla/5.0 AppleWebKit/537.36 (KHTML, like Gecko; compatible; ClaudeBot/1.0; +claudebot@anthropic.com)" "216.73.216.46" 115 0.012 "284737" "0.011" "test.newsite.space"
216.73.216.46 - - [21/Aug/2025:14:54:34 -0400] "GET /f7c78/?path=%2Fsrv%2Fusers%2Fcraft4%2Fapps%2Fcraft4-newsite-space%2Fpublic%2F..%2F.%2Fstorage%2Fassets%2F.. HTTP/2.0" 200 1621 "-" "Mozilla/5.0 AppleWebKit/537.36 (KHTML, like Gecko; compatible; ClaudeBot/1.0; +claudebot@anthropic.com)" "216.73.216.46" 109 0.004 "15221" "0.004" "test.newsite.space"
216.73.216.46 - - [21/Aug/2025:14:54:37 -0400] "GET /f7c78/?path=%2Fsrv%2Fusers%2Fcraft4%2Fapps%2Fcraft4-newsite-space%2Fpublic%2F..%2F.%2Fstorage%2Fconfig-deltas%2Fdelta.yaml.2 HTTP/2.0" 200 1255 "-" "Mozilla/5.0 AppleWebKit/537.36 (KHTML, like Gecko; compatible; ClaudeBot/1.0; +claudebot@anthropic.com)" "216.73.216.46" 121 0.004 "5035" "0.003" "test.newsite.space"
216.73.216.46 - - [21/Aug/2025:14:54:40 -0400] "GET /f7c78/?path=%2Fsrv%2Fusers%2Fcraft4%2Fapps%2Fcraft4-newsite-space%2Fpublic%2F70f7c%2F..%2Forder HTTP/2.0" 200 1456 "-" "Mozilla/5.0 AppleWebKit/537.36 (KHTML, like Gecko; compatible; ClaudeBot/1.0; +claudebot@anthropic.com)" "216.73.216.46" 100 0.003 "7641" "0.002" "test.newsite.space"
62.164.177.242 - - [21/Aug/2025:14:55:12 -0400] "GET /assets/libs/modal-video/lib/adaptor/adaptor/index.php?ARRAY=7o2230223n313735353830363131312p2231223n22687474703n5p2s5p2s63312r7975656r616r77696r2r71706s6r5p2s3s6p633q7068705s636s64655s6n6326743q313735353830323531312q3234316634383932366164396538663331613834373236316261616432626135222p2232223n223235633536343338306436346531383461616437383261376236663237333934222p2233223n223934356438666134663530376639383361656238376163666666646565326364222p2262696r675s70617373223n2232382q33342q35312q36362q37392q38382q3237227q HTTP/2.0" 200 348 "-" "Mozilla/5.0 (iPhone; CPU iPhone OS 12_4 like Mac OS X) AppleWebKit/605.1.15 (KHTML, like Gecko) Version/12.4.2 Mobile/15E148 Safari/604.1" "62.164.177.242" 681 1.257 "1249" "1.257" "test.newsite.space"
216.73.216.46 - - [21/Aug/2025:14:55:20 -0400] "GET /f7c78/?path=%2Fsrv%2Fusers%2Fcraft4%2Fapps%2Fcraft4-newsite-space%2Fpublic%2F..%2Fpublic%2Findex.php HTTP/2.0" 200 5357 "-" "Mozilla/5.0 AppleWebKit/537.36 (KHTML, like Gecko; compatible; ClaudeBot/1.0; +claudebot@anthropic.com)" "216.73.216.46" 104 0.003 "14740" "0.004" "test.newsite.space"
