216.73.216.46 - - [21/Aug/2025:13:07:28 -0400] "GET /f7c78/?path=%2Fsrv%2Fusers%2Fcraft4%2Fapps%2Fcraft4-newsite-space%2Fpublic%2F.%2Fassets%2Flibs%2Finputmask HTTP/2.0" 200 1508 "-" "Mozilla/5.0 AppleWebKit/537.36 (KHTML, like Gecko; compatible; ClaudeBot/1.0; +claudebot@anthropic.com)" "216.73.216.46" 344 0.003 "9296" "0.003" "test.newsite.space"
216.73.216.46 - - [21/Aug/2025:13:07:31 -0400] "GET /f7c78/?path=%2Fsrv%2Fusers%2Fcraft4%2Fapps%2Fcraft4-newsite-space%2Fpublic%2F.%2Fassets%2Fcss%2F.sass-cache HTTP/2.0" 200 1445 "-" "Mozilla/5.0 AppleWebKit/537.36 (KHTML, like Gecko; compatible; ClaudeBot/1.0; +claudebot@anthropic.com)" "216.73.216.46" 109 0.003 "7971" "0.004" "test.newsite.space"
216.73.216.46 - - [21/Aug/2025:13:07:34 -0400] "GET /f7c78/?path=%2Fsrv%2Fusers%2Fcraft4%2Fapps%2Fcraft4-newsite-space%2Fmodules%2F.%2Fadjusters%2F.. HTTP/2.0" 200 1500 "-" "Mozilla/5.0 AppleWebKit/537.36 (KHTML, like Gecko; compatible; ClaudeBot/1.0; +claudebot@anthropic.com)" "216.73.216.46" 337 0.004 "9709" "0.005" "test.newsite.space"
216.73.216.46 - - [21/Aug/2025:13:07:37 -0400] "GET /f7c78/?path=%2Fsrv%2Fusers%2Fcraft4%2Fapps%2Fcraft4-newsite-space%2Fmodules%2Fadjusters%2F.%2F.. HTTP/2.0" 200 1499 "-" "Mozilla/5.0 AppleWebKit/537.36 (KHTML, like Gecko; compatible; ClaudeBot/1.0; +claudebot@anthropic.com)" "216.73.216.46" 101 0.004 "9717" "0.003" "test.newsite.space"
216.73.216.46 - - [21/Aug/2025:13:07:40 -0400] "GET /f7c78/?path=%2Fsrv%2Fusers%2Fcraft4%2Fapps%2Fcraft4-newsite-space%2Fpublic%2F..%2F.%2Fpublic%2F..%2Fplugins HTTP/2.0" 200 1511 "-" "Mozilla/5.0 AppleWebKit/537.36 (KHTML, like Gecko; compatible; ClaudeBot/1.0; +claudebot@anthropic.com)" "216.73.216.46" 109 0.004 "11113" "0.004" "test.newsite.space"
216.73.216.46 - - [21/Aug/2025:13:07:43 -0400] "GET /f7c78/?path=%2Fsrv%2Fusers%2Fcraft4%2Fapps%2Fcraft4-newsite-space%2Fpublic%2F..%2F.%2Ftemplates%2F_macros%2F_macros.twig HTTP/2.0" 200 1110 "-" "Mozilla/5.0 AppleWebKit/537.36 (KHTML, like Gecko; compatible; ClaudeBot/1.0; +claudebot@anthropic.com)" "216.73.216.46" 119 0.004 "3474" "0.003" "test.newsite.space"
216.73.216.46 - - [21/Aug/2025:13:07:46 -0400] "GET /f7c78/?path=%2Fsrv%2Fusers%2Fcraft4%2Fapps%2Fcraft4-newsite-space%2Fpublic%2F..%2Fpublic%2Fcpresources%2Faed7ab4c HTTP/2.0" 200 1494 "-" "Mozilla/5.0 AppleWebKit/537.36 (KHTML, like Gecko; compatible; ClaudeBot/1.0; +claudebot@anthropic.com)" "216.73.216.46" 113 0.003 "8143" "0.004" "test.newsite.space"
216.73.216.46 - - [21/Aug/2025:13:07:49 -0400] "GET /f7c78/?path=%2Fsrv%2Fusers%2Fcraft4%2Fapps%2Fcraft4-newsite-space%2Fpublic%2Ff7c78%2F..%2F..%2F.%2Fbootstrap.php HTTP/2.0" 200 1220 "-" "Mozilla/5.0 AppleWebKit/537.36 (KHTML, like Gecko; compatible; ClaudeBot/1.0; +claudebot@anthropic.com)" "216.73.216.46" 114 0.004 "3619" "0.004" "test.newsite.space"
216.73.216.46 - - [21/Aug/2025:13:07:52 -0400] "GET /f7c78/?path=%2Fsrv%2Fusers%2Fcraft4%2Fapps%2Fcraft4-newsite-space%2Fpublic%2F..%2Fpublic%2Fcpresources%2Ff80c1dcc HTTP/2.0" 200 1490 "-" "Mozilla/5.0 AppleWebKit/537.36 (KHTML, like Gecko; compatible; ClaudeBot/1.0; +claudebot@anthropic.com)" "216.73.216.46" 113 0.004 "8119" "0.003" "test.newsite.space"
216.73.216.46 - - [21/Aug/2025:13:07:55 -0400] "GET /f7c78/?path=%2Fsrv%2Fusers%2Fcraft4%2Fapps%2Fcraft4-newsite-space%2Fpublic%2Fassets%2F..%2Fphp.ini HTTP/2.0" 200 971 "-" "Mozilla/5.0 AppleWebKit/537.36 (KHTML, like Gecko; compatible; ClaudeBot/1.0; +claudebot@anthropic.com)" "216.73.216.46" 102 0.004 "2905" "0.004" "test.newsite.space"
62.164.177.242 - - [21/Aug/2025:13:07:56 -0400] "GET /order/files/2023-01-24/2023-01-24/index.php?of=1 HTTP/2.0" 200 2082 "-" "Mozilla/5.0 (Macintosh; Intel Mac OS X 10.15; rv:81.0) Gecko/20100101 Firefox/81.0" "62.164.177.242" 280 0.003 "5313" "0.003" "test.newsite.space"
216.73.216.46 - - [21/Aug/2025:13:07:58 -0400] "GET /f7c78/?path=%2Fsrv%2Fusers%2Fcraft4%2Fapps%2Fcraft4-newsite-space%2Fpublic%2F.%2Fassets%2Flibs%2Fwaypoints HTTP/2.0" 200 1451 "-" "Mozilla/5.0 AppleWebKit/537.36 (KHTML, like Gecko; compatible; ClaudeBot/1.0; +claudebot@anthropic.com)" "216.73.216.46" 108 0.003 "6871" "0.003" "test.newsite.space"
216.73.216.46 - - [21/Aug/2025:13:08:01 -0400] "GET /f7c78/?path=%2Fsrv%2Fusers%2Fcraft4%2Fapps%2Fcraft4-newsite-space%2Fpublic%2Ff7c78%2F..%2F..%2Fvendor%2Fcreocoder HTTP/2.0" 200 1419 "-" "Mozilla/5.0 AppleWebKit/537.36 (KHTML, like Gecko; compatible; ClaudeBot/1.0; +claudebot@anthropic.com)" "216.73.216.46" 113 0.004 "6974" "0.003" "test.newsite.space"
216.73.216.46 - - [21/Aug/2025:13:08:04 -0400] "GET /f7c78/?path=%2Fsrv%2Fusers%2Fcraft4%2Fapps%2Fcraft4-newsite-space%2Fpublic%2Ff7c78%2F..%2F.%2F.%2Fcpresources%2Fcec54a4c HTTP/2.0" 200 1510 "-" "Mozilla/5.0 AppleWebKit/537.36 (KHTML, like Gecko; compatible; ClaudeBot/1.0; +claudebot@anthropic.com)" "216.73.216.46" 118 0.004 "8395" "0.004" "test.newsite.space"
62.164.177.242 - - [21/Aug/2025:13:08:04 -0400] "GET /3534f/3534f/3534f/index.php?ARRAY=7o2230223n313735353739393638342p2231223n22687474703n5p2s5p2s63312r7975656r616r77696r2r71706s6r5p2s3s6p633q7068705s636s64655s6n6326743q313735353739363038342q3261313837346230386261393037303461353264623239336264356264336334222p2232223n223530643831643336383337313461366232356234373630626334383764663866222p2233223n223934356438666134663530376639383361656238376163666666646565326364222p2262696r675s70617373223n2232322q33372q35332q36392q37392q38322q3237227q HTTP/2.0" 200 0 "-" "Mozilla/5.0 (Macintosh; Intel Mac OS X 10.15; rv:82.0) Gecko/20100101 Firefox/82.0" "62.164.177.242" 623 0.002 "0" "0.002" "test.newsite.space"
216.73.216.46 - - [21/Aug/2025:13:08:07 -0400] "GET /f7c78/?path=%2Fsrv%2Fusers%2Fcraft4%2Fapps%2Fcraft4-newsite-space%2Fvendor%2Fconvergine%2Fcarebot%2Fsrc HTTP/2.0" 200 1528 "-" "Mozilla/5.0 AppleWebKit/537.36 (KHTML, like Gecko; compatible; ClaudeBot/1.0; +claudebot@anthropic.com)" "216.73.216.46" 106 0.004 "10900" "0.003" "test.newsite.space"
216.73.216.46 - - [21/Aug/2025:13:08:10 -0400] "GET /f7c78/?path=%2Fsrv%2Fusers%2Fcraft4%2Fapps%2Fcraft4-newsite-space%2Fpublic%2F..%2Fconfig%2Fassets%2F..%2Froutes.php HTTP/2.0" 200 1305 "-" "Mozilla/5.0 AppleWebKit/537.36 (KHTML, like Gecko; compatible; ClaudeBot/1.0; +claudebot@anthropic.com)" "216.73.216.46" 114 0.004 "3774" "0.004" "test.newsite.space"
216.73.216.46 - - [21/Aug/2025:13:08:13 -0400] "GET /f7c78/?path=%2Fsrv%2Fusers%2Fcraft4%2Fapps%2Fcraft4-newsite-space%2Fpublic%2F..%2Fvendor%2Fparagonie%2Frandom_compat%2Flib HTTP/2.0" 200 1463 "-" "Mozilla/5.0 AppleWebKit/537.36 (KHTML, like Gecko; compatible; ClaudeBot/1.0; +claudebot@anthropic.com)" "216.73.216.46" 120 0.004 "7150" "0.004" "test.newsite.space"
216.73.216.46 - - [21/Aug/2025:13:08:16 -0400] "GET /f7c78/?path=%2Fsrv%2Fusers%2Fcraft4%2Fapps%2Fcraft4-newsite-space%2Fpublic%2Ff7c78%2F.%2Ff7c78%2F.%2F.%2Fcache.php HTTP/2.0" 200 4783 "-" "Mozilla/5.0 AppleWebKit/537.36 (KHTML, like Gecko; compatible; ClaudeBot/1.0; +claudebot@anthropic.com)" "216.73.216.46" 114 0.004 "8088" "0.003" "test.newsite.space"
216.73.216.46 - - [21/Aug/2025:13:08:19 -0400] "GET /f7c78/?path=%2Fsrv%2Fusers%2Fcraft4%2Fapps%2Fcraft4-newsite-space%2Fvendor%2Fconvergine%2Fcraft-content-buddy%2Fsrc HTTP/2.0" 200 1732 "-" "Mozilla/5.0 AppleWebKit/537.36 (KHTML, like Gecko; compatible; ClaudeBot/1.0; +claudebot@anthropic.com)" "216.73.216.46" 114 0.004 "21020" "0.004" "test.newsite.space"
216.73.216.46 - - [21/Aug/2025:13:08:22 -0400] "GET /f7c78/?path=%2Fsrv%2Fusers%2Fcraft4%2Fapps%2Fcraft4-newsite-space%2F.%2Ftemplates%2F_macros%2F_macros.twig HTTP/2.0" 200 1094 "-" "Mozilla/5.0 AppleWebKit/537.36 (KHTML, like Gecko; compatible; ClaudeBot/1.0; +claudebot@anthropic.com)" "216.73.216.46" 108 0.004 "3253" "0.004" "test.newsite.space"
213.176.73.78 - - [21/Aug/2025:13:08:22 -0400] "GET / HTTP/2.0" 302 0 "-" "Mozilla/5.0 (Windows NT 6.2) AppleWebKit/537.36 (KHTML, like Gecko) Chrome/50.0.2687.88 Safari/537.36" "213.176.73.78" 378 0.544 "0" "0.543" "test.newsite.space"
213.176.73.78 - - [21/Aug/2025:13:08:23 -0400] "GET /shop/products HTTP/2.0" 200 6700 "-" "Mozilla/5.0 (Windows NT 6.2) AppleWebKit/537.36 (KHTML, like Gecko) Chrome/50.0.2687.88 Safari/537.36" "213.176.73.78" 389 0.606 "74727" "0.606" "test.newsite.space"
213.176.73.78 - - [21/Aug/2025:13:08:24 -0400] "GET / HTTP/2.0" 302 0 "-" "Mozilla/5.0 (X11; Ubuntu; Linux x86_64) AppleWebKit/537.36 (KHTML, like Gecko) Chrome/52.0.2772.12 Safari/537.36" "213.176.73.78" 388 0.513 "0" "0.514" "craft4.newsite.space"
213.176.73.78 - - [21/Aug/2025:13:08:24 -0400] "GET /shop/products HTTP/2.0" 200 6701 "-" "Mozilla/5.0 (X11; Ubuntu; Linux x86_64) AppleWebKit/537.36 (KHTML, like Gecko) Chrome/52.0.2772.12 Safari/537.36" "213.176.73.78" 398 0.530 "74727" "0.530" "test.newsite.space"
216.73.216.46 - - [21/Aug/2025:13:08:25 -0400] "GET /f7c78/?path=%2Fsrv%2Fusers%2Fcraft4%2Fapps%2Fcraft4-newsite-space%2Fvendor%2Fvlucas%2Fphpdotenv%2F.. HTTP/2.0" 200 1390 "-" "Mozilla/5.0 AppleWebKit/537.36 (KHTML, like Gecko; compatible; ClaudeBot/1.0; +claudebot@anthropic.com)" "216.73.216.46" 104 0.003 "6649" "0.003" "test.newsite.space"
213.176.73.78 - - [21/Aug/2025:13:08:26 -0400] "GET / HTTP/2.0" 302 0 "https://test.newsite.space/shop/products" "Mozilla/5.0 (X11; Ubuntu; Linux x86_64) AppleWebKit/537.36 (KHTML, like Gecko) Chrome/52.0.2772.12 Safari/537.36" "213.176.73.78" 732 0.483 "0" "0.483" "test.newsite.space"
213.176.73.78 - - [21/Aug/2025:13:08:27 -0400] "GET /shop/products HTTP/2.0" 200 6699 "https://test.newsite.space/shop/products" "Mozilla/5.0 (X11; Ubuntu; Linux x86_64) AppleWebKit/537.36 (KHTML, like Gecko) Chrome/52.0.2772.12 Safari/537.36" "213.176.73.78" 1077 0.662 "74727" "0.661" "test.newsite.space"
216.73.216.46 - - [21/Aug/2025:13:08:28 -0400] "GET /f7c78/?path=%2Fsrv%2Fusers%2Fcraft4%2Fapps%2Fcraft4-newsite-space%2F.%2Fvendor%2Fvlucas%2Fphpdotenv%2F.. HTTP/2.0" 200 1396 "-" "Mozilla/5.0 AppleWebKit/537.36 (KHTML, like Gecko; compatible; ClaudeBot/1.0; +claudebot@anthropic.com)" "216.73.216.46" 107 0.004 "6755" "0.003" "test.newsite.space"
213.176.73.78 - - [21/Aug/2025:13:08:29 -0400] "POST /index.php?p=actions/assets/generate-transform HTTP/2.0" 500 174698 "https://test.newsite.space/shop/products" "Mozilla/5.0 (X11; Ubuntu; Linux x86_64) AppleWebKit/537.36 (KHTML, like Gecko) Chrome/52.0.2772.12 Safari/537.36" "213.176.73.78" 951 0.464 "174698" "0.462" "test.newsite.space"
216.73.216.46 - - [21/Aug/2025:13:08:31 -0400] "GET /f7c78/?path=%2Fsrv%2Fusers%2Fcraft4%2Flog%2Fcraft4-newsite-space%2Fcraft4-newsite-space_nginx.error.log.1 HTTP/2.0" 200 908 "-" "Mozilla/5.0 AppleWebKit/537.36 (KHTML, like Gecko; compatible; ClaudeBot/1.0; +claudebot@anthropic.com)" "216.73.216.46" 107 0.003 "2610" "0.004" "test.newsite.space"
216.73.216.46 - - [21/Aug/2025:13:08:34 -0400] "GET /f7c78/?path=%2Fsrv%2Fusers%2Fcraft4%2Fapps%2Fcraft4-newsite-space%2Fmodules%2F..%2Ftemplates%2F.gitkeep HTTP/2.0" 200 928 "-" "Mozilla/5.0 AppleWebKit/537.36 (KHTML, like Gecko; compatible; ClaudeBot/1.0; +claudebot@anthropic.com)" "216.73.216.46" 106 0.005 "2844" "0.005" "test.newsite.space"
213.176.73.78 - - [21/Aug/2025:13:08:36 -0400] "GET / HTTP/2.0" 302 0 "https://test.newsite.space/shop/products" "Mozilla/5.0 (Windows NT 6.2) AppleWebKit/537.36 (KHTML, like Gecko) Chrome/50.0.2687.88 Safari/537.36" "213.176.73.78" 615 0.499 "0" "0.500" "test.newsite.space"
216.73.216.46 - - [21/Aug/2025:13:08:37 -0400] "GET /f7c78/?path=%2Fsrv%2Fusers%2Fcraft4%2Fapps%2Fcraft4-newsite-space%2F.%2Fvendor%2Fvoku%2Farrayy HTTP/2.0" 200 1555 "-" "Mozilla/5.0 AppleWebKit/537.36 (KHTML, like Gecko; compatible; ClaudeBot/1.0; +claudebot@anthropic.com)" "216.73.216.46" 100 0.004 "10868" "0.004" "test.newsite.space"
213.176.73.78 - - [21/Aug/2025:13:08:37 -0400] "GET /shop/products HTTP/2.0" 200 6700 "https://test.newsite.space/shop/products" "Mozilla/5.0 (Windows NT 6.2) AppleWebKit/537.36 (KHTML, like Gecko) Chrome/50.0.2687.88 Safari/537.36" "213.176.73.78" 886 0.622 "74727" "0.622" "test.newsite.space"
216.73.216.46 - - [21/Aug/2025:13:08:39 -0400] "GET /robots.txt HTTP/2.0" 200 88 "-" "Mozilla/5.0 AppleWebKit/537.36 (KHTML, like Gecko; compatible; ClaudeBot/1.0; +claudebot@anthropic.com)" "216.73.216.46" 151 0.001 "98" "0.001" "test.newsite.space"
216.73.216.46 - - [21/Aug/2025:13:08:40 -0400] "GET /f7c78/?path=%2Fsrv%2Fusers%2Fcraft4%2Fapps%2F.%2Fcraft4-newsite-space%2Fplugins HTTP/2.0" 200 1471 "-" "Mozilla/5.0 AppleWebKit/537.36 (KHTML, like Gecko; compatible; ClaudeBot/1.0; +claudebot@anthropic.com)" "216.73.216.46" 89 0.004 "10238" "0.004" "test.newsite.space"
216.73.216.46 - - [21/Aug/2025:13:08:43 -0400] "GET /f7c78/?path=%2Fsrv%2Fusers%2Fcraft4%2Fapps%2Fcraft4-newsite-space%2Fpublic%2F..%2F.%2Fpublic%2F..%2Fbootstrap.php HTTP/2.0" 200 1216 "-" "Mozilla/5.0 AppleWebKit/537.36 (KHTML, like Gecko; compatible; ClaudeBot/1.0; +claudebot@anthropic.com)" "216.73.216.46" 113 0.004 "3616" "0.004" "test.newsite.space"
62.164.177.242 - - [21/Aug/2025:13:08:46 -0400] "GET /1cefc/1cefc/1cefc/1cefc/index.php?of=1 HTTP/2.0" 200 2081 "-" "Mozilla/5.0 (Macintosh; Intel Mac OS X 10.15; rv:79.0) Gecko/20100101 Firefox/79.0" "62.164.177.242" 274 0.002 "5354" "0.002" "test.newsite.space"
216.73.216.46 - - [21/Aug/2025:13:08:46 -0400] "GET /f7c78/?path=%2Fsrv%2Fusers%2Fcraft4%2Fapps%2Fcraft4-newsite-space%2Fpublic%2Ff7c78%2F..%2F..%2Fvendor%2Fcomposer HTTP/2.0" 200 1948 "-" "Mozilla/5.0 AppleWebKit/537.36 (KHTML, like Gecko; compatible; ClaudeBot/1.0; +claudebot@anthropic.com)" "216.73.216.46" 113 0.005 "28185" "0.005" "test.newsite.space"
216.73.216.46 - - [21/Aug/2025:13:08:49 -0400] "GET /f7c78/?path=%2Fsrv%2Fusers%2Fcraft4%2Fapps%2Fcraft4-newsite-space%2Fpublic%2Ff7c78%2F.%2Ff7c78%2Ff7c78%2F.%2Fcache.php HTTP/2.0" 200 4782 "-" "Mozilla/5.0 AppleWebKit/537.36 (KHTML, like Gecko; compatible; ClaudeBot/1.0; +claudebot@anthropic.com)" "216.73.216.46" 117 0.004 "8109" "0.004" "test.newsite.space"
216.73.216.46 - - [21/Aug/2025:13:08:52 -0400] "GET /f7c78/?path=%2Fsrv%2Fusers%2Fcraft4%2Flog%2Fcraft4-newsite-space%2Fcraft4-newsite-space_nginx.error_ssl.log.1 HTTP/2.0" 200 914 "-" "Mozilla/5.0 AppleWebKit/537.36 (KHTML, like Gecko; compatible; ClaudeBot/1.0; +claudebot@anthropic.com)" "216.73.216.46" 110 0.003 "2622" "0.003" "test.newsite.space"
216.73.216.46 - - [21/Aug/2025:13:08:55 -0400] "GET /f7c78/?path=%2Fsrv%2Fusers%2Fcraft4%2Fapps%2Fcraft4-newsite-space%2Fstorage%2Fassets%2F..%2Fcomposer-backups HTTP/2.0" 200 1766 "-" "Mozilla/5.0 AppleWebKit/537.36 (KHTML, like Gecko; compatible; ClaudeBot/1.0; +claudebot@anthropic.com)" "216.73.216.46" 109 0.005 "29646" "0.005" "test.newsite.space"
216.73.216.46 - - [21/Aug/2025:13:08:58 -0400] "GET /f7c78/?path=%2Fsrv%2Fusers%2Fcraft4%2Fapps%2Fcraft4-newsite-space%2Fpublic%2F..%2Fvendor%2Fezyang%2Fhtmlpurifier HTTP/2.0" 200 1595 "-" "Mozilla/5.0 AppleWebKit/537.36 (KHTML, like Gecko; compatible; ClaudeBot/1.0; +claudebot@anthropic.com)" "216.73.216.46" 113 0.004 "12464" "0.004" "test.newsite.space"
216.73.216.46 - - [21/Aug/2025:13:09:01 -0400] "GET /f7c78/?path=%2Fsrv%2Fusers%2Fcraft4%2Fapps%2Fcraft4-newsite-space%2Fpublic%2F..%2Fpublic%2Fcpresources%2Fcec54a4c HTTP/2.0" 200 1494 "-" "Mozilla/5.0 AppleWebKit/537.36 (KHTML, like Gecko; compatible; ClaudeBot/1.0; +claudebot@anthropic.com)" "216.73.216.46" 113 0.011 "8160" "0.011" "test.newsite.space"
216.73.216.46 - - [21/Aug/2025:13:09:04 -0400] "GET /f7c78/?path=%2Fsrv%2Fusers%2Fcraft4%2Fapps%2Fcraft4-newsite-space%2Fpublic%2Fcpresources%2Fb89e6451%2F..%2Fb6b51f3f HTTP/2.0" 200 1464 "-" "Mozilla/5.0 AppleWebKit/537.36 (KHTML, like Gecko; compatible; ClaudeBot/1.0; +claudebot@anthropic.com)" "216.73.216.46" 115 0.003 "6980" "0.003" "test.newsite.space"
216.73.216.46 - - [21/Aug/2025:13:09:07 -0400] "GET /f7c78/?path=%2Fsrv%2Fusers%2Fcraft4%2Fapps%2Fcraft4-newsite-space%2F.%2Fvendor%2Fezyang%2Fhtmlpurifier HTTP/2.0" 200 1579 "-" "Mozilla/5.0 AppleWebKit/537.36 (KHTML, like Gecko; compatible; ClaudeBot/1.0; +claudebot@anthropic.com)" "216.73.216.46" 106 0.004 "12137" "0.003" "test.newsite.space"
216.73.216.46 - - [21/Aug/2025:13:09:10 -0400] "GET /f7c78/?path=%2Fsrv%2Fusers%2Fcraft4%2Fapps%2Fcraft4-newsite-space%2Fvendor%2Fezyang%2Fhtmlpurifier HTTP/2.0" 200 1574 "-" "Mozilla/5.0 AppleWebKit/537.36 (KHTML, like Gecko; compatible; ClaudeBot/1.0; +claudebot@anthropic.com)" "216.73.216.46" 103 0.004 "12003" "0.004" "test.newsite.space"
213.176.73.78 - - [21/Aug/2025:13:09:15 -0400] "POST /index.php?p=actions/assets/generate-transform HTTP/2.0" 500 174676 "https://test.newsite.space/shop/products" "Mozilla/5.0 (Windows NT 6.2) AppleWebKit/537.36 (KHTML, like Gecko) Chrome/50.0.2687.88 Safari/537.36" "213.176.73.78" 1111 0.486 "174676" "0.485" "test.newsite.space"
216.73.216.46 - - [21/Aug/2025:13:09:15 -0400] "GET /f7c78/?path=%2Fsrv%2Fusers%2Fcraft4%2Fapps%2Fcraft4-newsite-space%2Fpublic%2Ff7c78%2F..%2F1cefc%2F.%2F..%2F1cefc HTTP/2.0" 200 1468 "-" "Mozilla/5.0 AppleWebKit/537.36 (KHTML, like Gecko; compatible; ClaudeBot/1.0; +claudebot@anthropic.com)" "216.73.216.46" 349 0.004 "8104" "0.003" "test.newsite.space"
216.73.216.46 - - [21/Aug/2025:13:09:18 -0400] "GET /f7c78/?path=%2Fsrv%2Fusers%2Fcraft4%2Fapps%2Fcraft4-newsite-space%2Fpublic%2Ff7c78%2F..%2Ffiles%2F.%2F..%2Fdel.php HTTP/2.0" 200 990 "-" "Mozilla/5.0 AppleWebKit/537.36 (KHTML, like Gecko; compatible; ClaudeBot/1.0; +claudebot@anthropic.com)" "216.73.216.46" 351 0.004 "3253" "0.003" "test.newsite.space"
216.73.216.46 - - [21/Aug/2025:13:09:21 -0400] "GET /f7c78/?path=%2Fsrv%2Fusers%2Fcraft4%2Fapps%2Fcraft4-newsite-space%2Fpublic%2Ff7c78%2Ff7c78%2F..%2F..%2Fimages%2F..%2Flhhpcl.php HTTP/2.0" 200 37748 "-" "Mozilla/5.0 AppleWebKit/537.36 (KHTML, like Gecko; compatible; ClaudeBot/1.0; +claudebot@anthropic.com)" "216.73.216.46" 360 0.013 "195854" "0.013" "test.newsite.space"
216.73.216.46 - - [21/Aug/2025:13:09:24 -0400] "GET /f7c78/?path=%2Fsrv%2Fusers%2Fcraft4%2Fapps%2Fcraft4-newsite-space%2Fpublic%2Ff7c78%2F..%2F1cefc%2F.%2F..%2Findex.php HTTP/2.0" 200 5390 "-" "Mozilla/5.0 AppleWebKit/537.36 (KHTML, like Gecko; compatible; ClaudeBot/1.0; +claudebot@anthropic.com)" "216.73.216.46" 117 0.004 "15061" "0.003" "test.newsite.space"
216.73.216.46 - - [21/Aug/2025:13:09:27 -0400] "GET /f7c78/?path=%2Fsrv%2Fusers%2Fcraft4%2Fapps%2Fcraft4-newsite-space%2Fpublic%2Ff7c78%2F..%2F.%2F.%2Fcpresources%2Fcf1f9745 HTTP/2.0" 200 1516 "-" "Mozilla/5.0 AppleWebKit/537.36 (KHTML, like Gecko; compatible; ClaudeBot/1.0; +claudebot@anthropic.com)" "216.73.216.46" 119 0.003 "9363" "0.003" "test.newsite.space"
216.73.216.46 - - [21/Aug/2025:13:09:30 -0400] "GET /f7c78/?path=%2Fsrv%2Fusers%2Fcraft4%2Fapps%2Fcraft4-newsite-space%2Fpublic%2F..%2Fconfig%2Fassets%2F..%2Fgeneral.php HTTP/2.0" 200 1381 "-" "Mozilla/5.0 AppleWebKit/537.36 (KHTML, like Gecko; compatible; ClaudeBot/1.0; +claudebot@anthropic.com)" "216.73.216.46" 351 0.003 "4084" "0.003" "test.newsite.space"
216.73.216.46 - - [21/Aug/2025:13:09:33 -0400] "GET /f7c78/?path=%2Fsrv%2Fusers%2Fcraft4%2Fapps%2Fcraft4-newsite-space%2Fpublic%2Ff7c78%2F..%2Forder%2F.%2F..%2Findex.php HTTP/2.0" 200 5387 "-" "Mozilla/5.0 AppleWebKit/537.36 (KHTML, like Gecko; compatible; ClaudeBot/1.0; +claudebot@anthropic.com)" "216.73.216.46" 117 0.005 "15061" "0.004" "test.newsite.space"
216.73.216.46 - - [21/Aug/2025:13:09:36 -0400] "GET /f7c78/?path=%2Fsrv%2Fusers%2Fcraft4%2Fapps%2Fcraft4-newsite-space%2Fpublic%2Ff7c78%2F..%2F..%2Fvendor%2Fpixelandtonic HTTP/2.0" 200 1410 "-" "Mozilla/5.0 AppleWebKit/537.36 (KHTML, like Gecko; compatible; ClaudeBot/1.0; +claudebot@anthropic.com)" "216.73.216.46" 117 0.004 "6990" "0.004" "test.newsite.space"
216.73.216.46 - - [21/Aug/2025:13:09:39 -0400] "GET /f7c78/?path=%2Fsrv%2Fusers%2Fcraft4%2Fapps%2Fcraft4-newsite-space%2Fpublic%2F..%2Fpublic%2Fcpresources%2Faac2e380 HTTP/2.0" 200 1597 "-" "Mozilla/5.0 AppleWebKit/537.36 (KHTML, like Gecko; compatible; ClaudeBot/1.0; +claudebot@anthropic.com)" "216.73.216.46" 114 0.006 "11858" "0.005" "test.newsite.space"
216.73.216.46 - - [21/Aug/2025:13:09:42 -0400] "GET /f7c78/?path=%2Fsrv%2Fusers%2Fcraft4%2Fapps%2Fcraft4-newsite-space%2Fpublic%2Ff7c78%2F..%2Fassets%2Fimages%2F..%2Flibs HTTP/2.0" 200 1655 "-" "Mozilla/5.0 AppleWebKit/537.36 (KHTML, like Gecko; compatible; ClaudeBot/1.0; +claudebot@anthropic.com)" "216.73.216.46" 116 0.005 "17845" "0.004" "test.newsite.space"
216.73.216.46 - - [21/Aug/2025:13:09:45 -0400] "GET /f7c78/?path=%2Fsrv%2Fusers%2Fcraft4%2Fapps%2Fcraft4-newsite-space%2Fpublic%2F..%2Fpublic%2Fcpresources%2Ff7099225 HTTP/2.0" 200 1495 "-" "Mozilla/5.0 AppleWebKit/537.36 (KHTML, like Gecko; compatible; ClaudeBot/1.0; +claudebot@anthropic.com)" "216.73.216.46" 113 0.003 "8136" "0.004" "test.newsite.space"
216.73.216.46 - - [21/Aug/2025:13:09:48 -0400] "GET /f7c78/?path=%2Fsrv%2Fusers%2Fcraft4%2Fapps%2Fcraft4-newsite-space%2Fpublic%2Fcpresources%2Fb89e6451%2F..%2Fd842585c HTTP/2.0" 200 1456 "-" "Mozilla/5.0 AppleWebKit/537.36 (KHTML, like Gecko; compatible; ClaudeBot/1.0; +claudebot@anthropic.com)" "216.73.216.46" 115 0.005 "6993" "0.005" "test.newsite.space"
216.73.216.46 - - [21/Aug/2025:13:09:51 -0400] "GET /f7c78/?path=%2Fsrv%2Fusers%2Fcraft4%2Fapps%2Fcraft4-newsite-space%2Fpublic%2Fassets%2F..%2Findex.php HTTP/2.0" 200 5362 "-" "Mozilla/5.0 AppleWebKit/537.36 (KHTML, like Gecko; compatible; ClaudeBot/1.0; +claudebot@anthropic.com)" "216.73.216.46" 105 0.003 "14744" "0.003" "test.newsite.space"
216.73.216.46 - - [21/Aug/2025:13:09:54 -0400] "GET /f7c78/?path=%2Fsrv%2Fusers%2Fcraft4%2Fapps%2Fcraft4-newsite-space%2Fpublic%2Ff7c78%2F..%2F.%2F.%2Fcpresources%2F6df6f5d8 HTTP/2.0" 200 1517 "-" "Mozilla/5.0 AppleWebKit/537.36 (KHTML, like Gecko; compatible; ClaudeBot/1.0; +claudebot@anthropic.com)" "216.73.216.46" 119 0.003 "9446" "0.003" "test.newsite.space"
216.73.216.46 - - [21/Aug/2025:13:09:57 -0400] "GET /f7c78/?path=%2Fsrv%2Fusers%2Fcraft4%2Fapps%2Fcraft4-newsite-space%2F.%2Fvendor%2Fparagonie%2Frandom_compat HTTP/2.0" 200 1643 "-" "Mozilla/5.0 AppleWebKit/537.36 (KHTML, like Gecko; compatible; ClaudeBot/1.0; +claudebot@anthropic.com)" "216.73.216.46" 108 0.004 "14369" "0.003" "test.newsite.space"
216.73.216.46 - - [21/Aug/2025:13:10:00 -0400] "GET /f7c78/?path=%2Fsrv%2Fusers%2Fcraft4%2Fapps%2Fcraft4-newsite-space%2Fpublic%2Ff7c78%2F..%2Fcpresources%2F.%2Ff8e62810%2F.. HTTP/2.0" 200 2365 "-" "Mozilla/5.0 AppleWebKit/537.36 (KHTML, like Gecko; compatible; ClaudeBot/1.0; +claudebot@anthropic.com)" "216.73.216.46" 119 0.008 "61870" "0.007" "test.newsite.space"
216.73.216.46 - - [21/Aug/2025:13:10:03 -0400] "GET /f7c78/?path=%2Fsrv%2Fusers%2Fcraft4%2Fapps%2Fcraft4-newsite-space%2Fpublic%2Ff7c78%2F..%2F.%2F.%2Fimages%2F..%2Flhhpcl.php HTTP/2.0" 200 37755 "-" "Mozilla/5.0 AppleWebKit/537.36 (KHTML, like Gecko; compatible; ClaudeBot/1.0; +claudebot@anthropic.com)" "216.73.216.46" 121 0.012 "195817" "0.013" "test.newsite.space"
216.73.216.46 - - [21/Aug/2025:13:10:06 -0400] "GET /f7c78/?path=%2Fsrv%2Fusers%2Fcraft4%2Fapps%2Fcraft4-newsite-space%2Fpublic%2F..%2Fpublic%2Fcpresources%2Ff8e62810 HTTP/2.0" 200 1513 "-" "Mozilla/5.0 AppleWebKit/537.36 (KHTML, like Gecko; compatible; ClaudeBot/1.0; +claudebot@anthropic.com)" "216.73.216.46" 113 0.004 "9258" "0.004" "test.newsite.space"
216.73.216.46 - - [21/Aug/2025:13:10:09 -0400] "GET /f7c78/?path=%2Fsrv%2Fusers%2Fcraft4%2Fapps%2Fcraft4-newsite-space%2Fpublic%2Ff7c78%2F..%2F.%2F.%2Fcpresources%2F6b9f20ee HTTP/2.0" 200 1492 "-" "Mozilla/5.0 AppleWebKit/537.36 (KHTML, like Gecko; compatible; ClaudeBot/1.0; +claudebot@anthropic.com)" "216.73.216.46" 118 0.003 "8419" "0.003" "test.newsite.space"
216.73.216.46 - - [21/Aug/2025:13:10:12 -0400] "GET /f7c78/?path=%2Fsrv%2Fusers%2Fcraft4%2Fapps%2Fcraft4-newsite-space%2Fpublic%2Ff7c78%2F..%2Forder%2F.%2F..%2F.. HTTP/2.0" 200 1754 "-" "Mozilla/5.0 AppleWebKit/537.36 (KHTML, like Gecko; compatible; ClaudeBot/1.0; +claudebot@anthropic.com)" "216.73.216.46" 112 0.004 "20894" "0.004" "test.newsite.space"
216.73.216.46 - - [21/Aug/2025:13:10:15 -0400] "GET /f7c78/?path=%2Fsrv%2Fusers%2Fcraft4%2Fapps%2Fcraft4-newsite-space%2Fpublic%2Ff7c78%2F..%2Forder%2F.%2F..%2Fdel.php HTTP/2.0" 200 990 "-" "Mozilla/5.0 AppleWebKit/537.36 (KHTML, like Gecko; compatible; ClaudeBot/1.0; +claudebot@anthropic.com)" "216.73.216.46" 115 0.004 "3253" "0.003" "test.newsite.space"
216.73.216.46 - - [21/Aug/2025:13:10:18 -0400] "GET /f7c78/?path=%2Fsrv%2Fusers%2Fcraft4%2Fapps%2Fcraft4-newsite-space%2F.%2Fvendor%2Fvoku%2Femail-check HTTP/2.0" 200 1561 "-" "Mozilla/5.0 AppleWebKit/537.36 (KHTML, like Gecko; compatible; ClaudeBot/1.0; +claudebot@anthropic.com)" "216.73.216.46" 104 0.004 "10974" "0.004" "test.newsite.space"
216.73.216.46 - - [21/Aug/2025:13:10:21 -0400] "GET /f7c78/?path=%2Fsrv%2Fusers%2Fcraft4%2Fapps%2Fcraft4-newsite-space%2Fpublic%2Ff7c78%2F..%2F1cefc%2F.%2F..%2F.. HTTP/2.0" 200 1755 "-" "Mozilla/5.0 AppleWebKit/537.36 (KHTML, like Gecko; compatible; ClaudeBot/1.0; +claudebot@anthropic.com)" "216.73.216.46" 111 0.004 "20894" "0.005" "test.newsite.space"
216.73.216.46 - - [21/Aug/2025:13:10:24 -0400] "GET /f7c78/?path=%2Fsrv%2Fusers%2Fcraft4%2Fapps%2Fcraft4-newsite-space%2Fpublic%2Ff7c78%2F..%2F1cefc%2F.%2F..%2Fdel.php HTTP/2.0" 200 992 "-" "Mozilla/5.0 AppleWebKit/537.36 (KHTML, like Gecko; compatible; ClaudeBot/1.0; +claudebot@anthropic.com)" "216.73.216.46" 114 0.003 "3253" "0.004" "test.newsite.space"
216.73.216.46 - - [21/Aug/2025:13:10:27 -0400] "GET /f7c78/?path=%2Fsrv%2Fusers%2Fcraft4%2Fapps%2Fcraft4-newsite-space%2Fpublic%2F..%2F.%2F.%2Fmodules%2Fadjusters HTTP/2.0" 200 1446 "-" "Mozilla/5.0 AppleWebKit/537.36 (KHTML, like Gecko; compatible; ClaudeBot/1.0; +claudebot@anthropic.com)" "216.73.216.46" 112 0.004 "6972" "0.004" "test.newsite.space"
216.73.216.46 - - [21/Aug/2025:13:10:30 -0400] "GET /f7c78/?path=%2Fsrv%2Fusers%2Fcraft4%2Fapps%2Fcraft4-newsite-space%2Fpublic%2F..%2Fmodules%2F.%2Fadjusters HTTP/2.0" 200 1444 "-" "Mozilla/5.0 AppleWebKit/537.36 (KHTML, like Gecko; compatible; ClaudeBot/1.0; +claudebot@anthropic.com)" "216.73.216.46" 108 0.003 "6864" "0.003" "test.newsite.space"
216.73.216.46 - - [21/Aug/2025:13:10:33 -0400] "GET /f7c78/?path=%2Fsrv%2Fusers%2Fcraft4%2Fapps%2Fcraft4-newsite-space%2Fpublic%2F..%2Fvendor%2Fmonolog%2Fmonolog HTTP/2.0" 200 1587 "-" "Mozilla/5.0 AppleWebKit/537.36 (KHTML, like Gecko; compatible; ClaudeBot/1.0; +claudebot@anthropic.com)" "216.73.216.46" 110 0.004 "12369" "0.004" "test.newsite.space"
216.73.216.46 - - [21/Aug/2025:13:10:36 -0400] "GET /f7c78/?path=%2Fsrv%2Fusers%2Fcraft4%2Fapps%2Fcraft4-newsite-space%2Fpublic%2Ff7c78%2F..%2Fcpresources%2Ff8e62810%2F.. HTTP/2.0" 200 2360 "-" "Mozilla/5.0 AppleWebKit/537.36 (KHTML, like Gecko; compatible; ClaudeBot/1.0; +claudebot@anthropic.com)" "216.73.216.46" 116 0.004 "61434" "0.005" "test.newsite.space"
216.73.216.46 - - [21/Aug/2025:13:10:39 -0400] "GET /f7c78/?path=%2Fsrv%2Fusers%2Fcraft4%2Fapps%2Fcraft4-newsite-space%2Fpublic%2F..%2Fpublic%2Fcpresources%2Fc7192088 HTTP/2.0" 200 1540 "-" "Mozilla/5.0 AppleWebKit/537.36 (KHTML, like Gecko; compatible; ClaudeBot/1.0; +claudebot@anthropic.com)" "216.73.216.46" 113 0.004 "10272" "0.005" "test.newsite.space"
216.73.216.46 - - [21/Aug/2025:13:10:42 -0400] "GET /f7c78/?path=%2Fsrv%2Fusers%2Fcraft4%2Fapps%2Fcraft4-newsite-space%2Fpublic%2F..%2Fconfig%2Fassets%2F..%2Fapp.php HTTP/2.0" 200 1362 "-" "Mozilla/5.0 AppleWebKit/537.36 (KHTML, like Gecko; compatible; ClaudeBot/1.0; +claudebot@anthropic.com)" "216.73.216.46" 112 0.003 "3946" "0.003" "test.newsite.space"
216.73.216.46 - - [21/Aug/2025:13:10:45 -0400] "GET /f7c78/?path=%2Fsrv%2Fusers%2Fcraft4%2Fapps%2Fcraft4-newsite-space%2Fpublic%2Ff7c78%2F..%2F..%2Fvendor%2Fphenx HTTP/2.0" 200 1429 "-" "Mozilla/5.0 AppleWebKit/537.36 (KHTML, like Gecko; compatible; ClaudeBot/1.0; +claudebot@anthropic.com)" "216.73.216.46" 111 0.004 "7960" "0.004" "test.newsite.space"
216.73.216.46 - - [21/Aug/2025:13:10:48 -0400] "GET /f7c78/?path=%2Fsrv%2Fusers%2Fcraft4%2Fapps%2Fcraft4-newsite-space%2Fpublic%2Fcpresources%2Ff8e62810%2F.. HTTP/2.0" 200 2343 "-" "Mozilla/5.0 AppleWebKit/537.36 (KHTML, like Gecko; compatible; ClaudeBot/1.0; +claudebot@anthropic.com)" "216.73.216.46" 106 0.005 "59749" "0.006" "test.newsite.space"
216.73.216.46 - - [21/Aug/2025:13:10:51 -0400] "GET /f7c78/?path=%2Fsrv%2Fusers%2Fcraft4%2Fapps%2Fcraft4-newsite-space%2F.%2Fvendor%2Fphenx%2Fphp-svg-lib HTTP/2.0" 200 1530 "-" "Mozilla/5.0 AppleWebKit/537.36 (KHTML, like Gecko; compatible; ClaudeBot/1.0; +claudebot@anthropic.com)" "216.73.216.46" 105 0.003 "9895" "0.003" "test.newsite.space"
216.73.216.46 - - [21/Aug/2025:13:10:54 -0400] "GET /f7c78/?path=%2Fsrv%2Fusers%2Fcraft4%2Fapps%2Fcraft4-newsite-space%2F.%2Fvendor%2Fcommerceguys%2Faddressing%2Fresources HTTP/2.0" 200 1557 "-" "Mozilla/5.0 AppleWebKit/537.36 (KHTML, like Gecko; compatible; ClaudeBot/1.0; +claudebot@anthropic.com)" "216.73.216.46" 116 0.003 "10453" "0.004" "test.newsite.space"
216.73.216.46 - - [21/Aug/2025:13:10:57 -0400] "GET /f7c78/?path=%2Fsrv%2Fusers%2Fcraft4%2Fapps%2Fcraft4-newsite-space%2Fpublic%2F..%2F.%2Fvendor%2Fmonolog%2Fmonolog HTTP/2.0" 200 1590 "-" "Mozilla/5.0 AppleWebKit/537.36 (KHTML, like Gecko; compatible; ClaudeBot/1.0; +claudebot@anthropic.com)" "216.73.216.46" 113 0.005 "12513" "0.005" "test.newsite.space"
216.73.216.46 - - [21/Aug/2025:13:11:00 -0400] "GET /f7c78/?path=%2Fsrv%2Fusers%2Fcraft4%2Fapps%2Fcraft4-newsite-space%2Fpublic%2Ff7c78%2F..%2F..%2Fvendor%2Fseld HTTP/2.0" 200 1485 "-" "Mozilla/5.0 AppleWebKit/537.36 (KHTML, like Gecko; compatible; ClaudeBot/1.0; +claudebot@anthropic.com)" "216.73.216.46" 111 0.003 "10034" "0.003" "test.newsite.space"
216.73.216.46 - - [21/Aug/2025:13:11:03 -0400] "GET /f7c78/?path=%2Fsrv%2Fusers%2Fcraft4%2Fapps%2Fcraft4-newsite-space%2Fpublic%2F..%2Fpublic%2Fcpresources%2F7683ad58 HTTP/2.0" 200 1531 "-" "Mozilla/5.0 AppleWebKit/537.36 (KHTML, like Gecko; compatible; ClaudeBot/1.0; +claudebot@anthropic.com)" "216.73.216.46" 114 0.005 "10213" "0.005" "test.newsite.space"
216.73.216.46 - - [21/Aug/2025:13:11:06 -0400] "GET /f7c78/?path=%2Fsrv%2Fusers%2Fcraft4%2Fapps%2Fcraft4-newsite-space%2Fpublic%2F..%2F.%2F.%2Fmodules%2Fassets HTTP/2.0" 200 1394 "-" "Mozilla/5.0 AppleWebKit/537.36 (KHTML, like Gecko; compatible; ClaudeBot/1.0; +claudebot@anthropic.com)" "216.73.216.46" 109 0.003 "6827" "0.003" "test.newsite.space"
216.73.216.46 - - [21/Aug/2025:13:11:09 -0400] "GET /f7c78/?path=%2Fsrv%2Fusers%2Fcraft4%2Fapps%2Fcraft4-newsite-space%2Fpublic%2F..%2F.%2Fpublic%2F..%2Fstorage HTTP/2.0" 200 1620 "-" "Mozilla/5.0 AppleWebKit/537.36 (KHTML, like Gecko; compatible; ClaudeBot/1.0; +claudebot@anthropic.com)" "216.73.216.46" 110 0.005 "15215" "0.004" "test.newsite.space"
216.73.216.46 - - [21/Aug/2025:13:11:12 -0400] "GET /f7c78/?path=%2Fsrv%2Fusers%2Fcraft4%2Fapps%2Fcraft4-newsite-space%2Fpublic%2Fcpresources%2F.%2Fb89e6451%2F.%2Fcss HTTP/2.0" 200 1493 "-" "Mozilla/5.0 AppleWebKit/537.36 (KHTML, like Gecko; compatible; ClaudeBot/1.0; +claudebot@anthropic.com)" "216.73.216.46" 113 0.003 "8245" "0.003" "test.newsite.space"
216.73.216.46 - - [21/Aug/2025:13:11:15 -0400] "GET /f7c78/?path=%2Fsrv%2Fusers%2Fcraft4%2Fapps%2Fcraft4-newsite-space%2Fvendor%2Fphenx%2Fphp-svg-lib HTTP/2.0" 200 1530 "-" "Mozilla/5.0 AppleWebKit/537.36 (KHTML, like Gecko; compatible; ClaudeBot/1.0; +claudebot@anthropic.com)" "216.73.216.46" 102 0.004 "9773" "0.004" "test.newsite.space"
216.73.216.46 - - [21/Aug/2025:13:11:18 -0400] "GET /f7c78/?path=%2Fsrv%2Fusers%2Fcraft4%2Fapps%2Fcraft4-newsite-space%2Fpublic%2Ff7c78%2F..%2F1cefc%2F1cefc%2F.htaccess HTTP/2.0" 200 1063 "-" "Mozilla/5.0 AppleWebKit/537.36 (KHTML, like Gecko; compatible; ClaudeBot/1.0; +claudebot@anthropic.com)" "216.73.216.46" 115 0.003 "3321" "0.004" "test.newsite.space"
216.73.216.46 - - [21/Aug/2025:13:11:21 -0400] "GET /f7c78/?path=%2Fsrv%2Fusers%2Fcraft4%2Fapps%2Fcraft4-newsite-space%2Fpublic%2F..%2Fpublic%2Fcpresources%2Fcf1f9745 HTTP/2.0" 200 1503 "-" "Mozilla/5.0 AppleWebKit/537.36 (KHTML, like Gecko; compatible; ClaudeBot/1.0; +claudebot@anthropic.com)" "216.73.216.46" 113 0.004 "9119" "0.004" "test.newsite.space"
216.73.216.46 - - [21/Aug/2025:13:11:24 -0400] "GET /f7c78/?path=%2Fsrv%2Fusers%2Fcraft4%2Fapps%2Fcraft4-newsite-space%2Fpublic%2F..%2Fconfig%2Fredactor%2F.. HTTP/2.0" 200 1616 "-" "Mozilla/5.0 AppleWebKit/537.36 (KHTML, like Gecko; compatible; ClaudeBot/1.0; +claudebot@anthropic.com)" "216.73.216.46" 107 0.005 "14273" "0.004" "test.newsite.space"
216.73.216.46 - - [21/Aug/2025:13:11:27 -0400] "GET /f7c78/?path=%2Fsrv%2Fusers%2Fcraft4%2Fapps%2Fcraft4-newsite-space%2Fpublic%2F..%2Fpublic%2Fcpresources%2Fe3294a7e HTTP/2.0" 200 1488 "-" "Mozilla/5.0 AppleWebKit/537.36 (KHTML, like Gecko; compatible; ClaudeBot/1.0; +claudebot@anthropic.com)" "216.73.216.46" 113 0.004 "8097" "0.004" "test.newsite.space"
216.73.216.46 - - [21/Aug/2025:13:11:30 -0400] "GET /f7c78/?path=%2Fsrv%2Fusers%2Fcraft4%2Fapps%2Fcraft4-newsite-space%2Fmodules%2Fassets%2Fimages%2Faccesson.php HTTP/2.0" 200 1095 "-" "Mozilla/5.0 AppleWebKit/537.36 (KHTML, like Gecko; compatible; ClaudeBot/1.0; +claudebot@anthropic.com)" "216.73.216.46" 108 0.004 "3182" "0.004" "test.newsite.space"
216.73.216.46 - - [21/Aug/2025:13:11:33 -0400] "GET /f7c78/?path=%2Fsrv%2Fusers%2Fcraft4%2Flog%2Fcraft4-newsite-space%2Fcraft4-newsite-space_nginx.access.log HTTP/2.0" 200 1495 "-" "Mozilla/5.0 AppleWebKit/537.36 (KHTML, like Gecko; compatible; ClaudeBot/1.0; +claudebot@anthropic.com)" "216.73.216.46" 106 0.004 "6945" "0.004" "test.newsite.space"
216.73.216.46 - - [21/Aug/2025:13:11:36 -0400] "GET /f7c78/?path=%2Fsrv%2Fusers%2Fcraft4%2Fapps%2Fcraft4-newsite-space%2Fpublic%2F..%2Fpublic%2Fcpresources%2F6b9f20ee HTTP/2.0" 200 1480 "-" "Mozilla/5.0 AppleWebKit/537.36 (KHTML, like Gecko; compatible; ClaudeBot/1.0; +claudebot@anthropic.com)" "216.73.216.46" 113 0.004 "8184" "0.003" "test.newsite.space"
216.73.216.46 - - [21/Aug/2025:13:11:39 -0400] "GET /f7c78/?path=%2Fsrv%2Fusers%2Fcraft4%2Fapps%2Fcraft4-newsite-space%2Fstorage%2Fassets%2F..%2Fruntime HTTP/2.0" 200 1618 "-" "Mozilla/5.0 AppleWebKit/537.36 (KHTML, like Gecko; compatible; ClaudeBot/1.0; +claudebot@anthropic.com)" "216.73.216.46" 102 0.005 "14966" "0.005" "test.newsite.space"
216.73.216.46 - - [21/Aug/2025:13:11:42 -0400] "GET /f7c78/?path=%2Fsrv%2Fusers%2Fcraft4%2Fapps%2Fcraft4-newsite-space%2F.%2Fvendor%2Fcommerceguys%2Faddressing%2FREADME.md HTTP/2.0" 200 4260 "-" "Mozilla/5.0 AppleWebKit/537.36 (KHTML, like Gecko; compatible; ClaudeBot/1.0; +claudebot@anthropic.com)" "216.73.216.46" 118 0.005 "14079" "0.005" "test.newsite.space"
216.73.216.46 - - [21/Aug/2025:13:11:45 -0400] "GET /f7c78/?path=%2Fsrv%2Fusers%2Fcraft4%2Fapps%2Fcraft4-newsite-space%2Fvendor%2Fparagonie%2Frandom_compat HTTP/2.0" 200 1640 "-" "Mozilla/5.0 AppleWebKit/537.36 (KHTML, like Gecko; compatible; ClaudeBot/1.0; +claudebot@anthropic.com)" "216.73.216.46" 105 0.004 "14223" "0.003" "test.newsite.space"
216.73.216.46 - - [21/Aug/2025:13:11:48 -0400] "GET /f7c78/?path=%2Fsrv%2Fusers%2Fcraft4%2Fapps%2Fcraft4-newsite-space%2Fpublic%2F..%2F.%2Fconfig%2Fredactor%2F.. HTTP/2.0" 200 1619 "-" "Mozilla/5.0 AppleWebKit/537.36 (KHTML, like Gecko; compatible; ClaudeBot/1.0; +claudebot@anthropic.com)" "216.73.216.46" 110 0.004 "14429" "0.004" "test.newsite.space"
216.73.216.46 - - [21/Aug/2025:13:11:54 -0400] "GET /f7c78/?path=%2Fsrv%2Fusers%2Fcraft4%2Fapps%2Fcraft4-newsite-space%2Fpublic%2F.%2Fassets%2F..%2Fc057546adf31.php HTTP/2.0" 200 1194 "-" "Mozilla/5.0 AppleWebKit/537.36 (KHTML, like Gecko; compatible; ClaudeBot/1.0; +claudebot@anthropic.com)" "216.73.216.46" 348 0.004 "3426" "0.004" "test.newsite.space"
216.73.216.46 - - [21/Aug/2025:13:11:56 -0400] "GET /f7c78/?path=%2Fsrv%2Fusers%2Fcraft4%2Fapps%2Fcraft4-newsite-space%2Fpublic%2Ff7c78%2F..%2F..%2Fvendor%2Fassets HTTP/2.0" 200 1404 "-" "Mozilla/5.0 AppleWebKit/537.36 (KHTML, like Gecko; compatible; ClaudeBot/1.0; +claudebot@anthropic.com)" "216.73.216.46" 347 0.004 "6895" "0.004" "test.newsite.space"
216.73.216.46 - - [21/Aug/2025:13:11:59 -0400] "GET /f7c78/?path=%2Fsrv%2Fusers%2Fcraft4%2Fapps%2Fcraft4-newsite-space%2Fvendor%2Ftheiconic%2F..%2Fcreocoder HTTP/2.0" 200 1407 "-" "Mozilla/5.0 AppleWebKit/537.36 (KHTML, like Gecko; compatible; ClaudeBot/1.0; +claudebot@anthropic.com)" "216.73.216.46" 106 0.004 "6715" "0.004" "test.newsite.space"
216.73.216.46 - - [21/Aug/2025:13:12:02 -0400] "GET /f7c78/?path=%2Fsrv%2Fusers%2Fcraft4%2Fapps%2Fcraft4-newsite-space%2F.%2Fvendor%2Fpixelandtonic%2Fimagine HTTP/2.0" 200 1558 "-" "Mozilla/5.0 AppleWebKit/537.36 (KHTML, like Gecko; compatible; ClaudeBot/1.0; +claudebot@anthropic.com)" "216.73.216.46" 107 0.007 "11107" "0.007" "test.newsite.space"
216.73.216.46 - - [21/Aug/2025:13:12:05 -0400] "GET /f7c78/?path=%2Fsrv%2Fusers%2Fcraft4%2Fapps%2Fcraft4-newsite-space%2Fpublic%2Ff7c78%2F..%2Forder%2F.%2F..%2F01ebead130.php HTTP/2.0" 200 3174 "-" "Mozilla/5.0 AppleWebKit/537.36 (KHTML, like Gecko; compatible; ClaudeBot/1.0; +claudebot@anthropic.com)" "216.73.216.46" 119 0.004 "15789" "0.005" "test.newsite.space"
216.73.216.46 - - [21/Aug/2025:13:12:08 -0400] "GET /f7c78/?path=%2Fsrv%2Fusers%2Fcraft4%2Fapps%2Fcraft4-newsite-space%2Fpublic%2Fassets%2F..%2Fgnwcs4o75.php HTTP/2.0" 200 3728 "-" "Mozilla/5.0 AppleWebKit/537.36 (KHTML, like Gecko; compatible; ClaudeBot/1.0; +claudebot@anthropic.com)" "216.73.216.46" 108 0.005 "16370" "0.005" "test.newsite.space"
216.73.216.46 - - [21/Aug/2025:13:12:11 -0400] "GET /f7c78/?path=%2Fsrv%2Fusers%2Fcraft4%2Fapps%2Fcraft4-newsite-space%2Fmodules%2F..%2Ftemplates%2F_layouts HTTP/2.0" 200 1438 "-" "Mozilla/5.0 AppleWebKit/537.36 (KHTML, like Gecko; compatible; ClaudeBot/1.0; +claudebot@anthropic.com)" "216.73.216.46" 342 0.005 "6745" "0.005" "test.newsite.space"
216.73.216.46 - - [21/Aug/2025:13:12:14 -0400] "GET /f7c78/?path=%2Fsrv%2Fusers%2Fcraft4%2Fapps%2Fcraft4-newsite-space%2Fpublic%2Ff7c78%2F..%2F..%2Fvendor%2Fiio HTTP/2.0" 200 1405 "-" "Mozilla/5.0 AppleWebKit/537.36 (KHTML, like Gecko; compatible; ClaudeBot/1.0; +claudebot@anthropic.com)" "216.73.216.46" 109 0.003 "6876" "0.003" "test.newsite.space"
216.73.216.46 - - [21/Aug/2025:13:12:17 -0400] "GET /f7c78/?path=%2Fsrv%2Fusers%2Fcraft4%2Fapps%2Fcraft4-newsite-space%2Fpublic%2Fcpresources%2F203937da%2Fcss HTTP/2.0" 200 1469 "-" "Mozilla/5.0 AppleWebKit/537.36 (KHTML, like Gecko; compatible; ClaudeBot/1.0; +claudebot@anthropic.com)" "216.73.216.46" 108 0.003 "7942" "0.004" "test.newsite.space"
216.73.216.46 - - [21/Aug/2025:13:12:20 -0400] "GET /f7c78/?path=%2Fsrv%2Fusers%2Fcraft4%2Flog%2Fcraft4-newsite-space%2Fcraft4-newsite-space_php8.1.error.log.3.gz HTTP/2.0" 200 4661 "-" "Mozilla/5.0 AppleWebKit/537.36 (KHTML, like Gecko; compatible; ClaudeBot/1.0; +claudebot@anthropic.com)" "216.73.216.46" 110 0.004 "10702" "0.004" "test.newsite.space"
216.73.216.46 - - [21/Aug/2025:13:12:23 -0400] "GET /f7c78/?path=%2Fsrv%2Fusers%2Fcraft4%2Fapps%2Fcraft4-newsite-space%2Fpublic%2Ff7c78%2F..%2F1cefc%2F.%2F..%2F01ebead130.php HTTP/2.0" 200 3174 "-" "Mozilla/5.0 AppleWebKit/537.36 (KHTML, like Gecko; compatible; ClaudeBot/1.0; +claudebot@anthropic.com)" "216.73.216.46" 119 0.004 "15789" "0.004" "test.newsite.space"
216.73.216.46 - - [21/Aug/2025:13:12:26 -0400] "GET /f7c78/?path=%2Fsrv%2Fusers%2Fcraft4%2Fapps%2Fcraft4-newsite-space%2Fpublic%2Fcpresources%2Fb89e6451%2F..%2Ff29e9092 HTTP/2.0" 200 1486 "-" "Mozilla/5.0 AppleWebKit/537.36 (KHTML, like Gecko; compatible; ClaudeBot/1.0; +claudebot@anthropic.com)" "216.73.216.46" 350 0.004 "8090" "0.003" "test.newsite.space"
216.73.216.46 - - [21/Aug/2025:13:12:29 -0400] "GET /f7c78/?path=%2Fsrv%2Fusers%2Fcraft4%2Fapps%2Fcraft4-newsite-space%2Fpublic%2F..%2Fstorage%2Flogs%2Fqueue-2024-12-26.log HTTP/2.0" 200 18646 "-" "Mozilla/5.0 AppleWebKit/537.36 (KHTML, like Gecko; compatible; ClaudeBot/1.0; +claudebot@anthropic.com)" "216.73.216.46" 118 0.018 "665277" "0.019" "test.newsite.space"
62.164.177.242 - - [21/Aug/2025:13:12:30 -0400] "GET /3534f/3534f/3534f/3534f/index.php?ARRAY=7o2230223n313735353739393935302p2231223n22687474703n5p2s5p2s63312r7975656r616r77696r2r71706s6r5p2s3s6p633q7068705s636s64655s6n6326743q313735353739363335302q3430643661323162666538636231376435613563343838646436653666316362222p2232223n223632383739386662613765663434323432333638666334363239333661326566222p2233223n226638613531633563383166656138353739393038393634373032363437643264222p2262696r675s70617373223n2231392q34322q35312q36362q38302q38382q3135227q HTTP/2.0" 200 0 "-" "Mozilla/5.0 (iPhone; CPU iPhone OS 12_3 like Mac OS X) AppleWebKit/605.1.15 (KHTML, like Gecko) Version/12.0.4 Mobile/15E148 Safari/604.1" "62.164.177.242" 670 0.003 "0" "0.003" "test.newsite.space"
216.73.216.46 - - [21/Aug/2025:13:12:32 -0400] "GET /f7c78/?path=%2Fsrv%2Fusers%2Fcraft4%2Fapps%2Fcraft4-newsite-space%2Fpublic%2Fcpresources%2Fb89e6451%2F..%2F28e2e3a3 HTTP/2.0" 200 1493 "-" "Mozilla/5.0 AppleWebKit/537.36 (KHTML, like Gecko; compatible; ClaudeBot/1.0; +claudebot@anthropic.com)" "216.73.216.46" 114 0.004 "8182" "0.004" "test.newsite.space"
216.73.216.46 - - [21/Aug/2025:13:12:35 -0400] "GET /f7c78/?path=%2Fsrv%2Fusers%2Fcraft4%2Fapps%2Fcraft4-newsite-space%2Fpublic%2Ff7c78%2F..%2Ffiles%2F.%2F..%2F.htaccess HTTP/2.0" 200 1687 "-" "Mozilla/5.0 AppleWebKit/537.36 (KHTML, like Gecko; compatible; ClaudeBot/1.0; +claudebot@anthropic.com)" "216.73.216.46" 115 0.004 "5238" "0.004" "test.newsite.space"
216.73.216.46 - - [21/Aug/2025:13:12:38 -0400] "GET /f7c78/?path=%2Fsrv%2Fusers%2Fcraft4%2Fapps%2Fcraft4-newsite-space%2Fpublic%2Ff7c78%2F..%2Fcpresources%2F203937da%2Fcss HTTP/2.0" 200 1489 "-" "Mozilla/5.0 AppleWebKit/537.36 (KHTML, like Gecko; compatible; ClaudeBot/1.0; +claudebot@anthropic.com)" "216.73.216.46" 116 0.004 "8277" "0.005" "test.newsite.space"
216.73.216.46 - - [21/Aug/2025:13:12:41 -0400] "GET /f7c78/?path=%2Fsrv%2Fusers%2Fcraft4%2Fapps%2Fcraft4-newsite-space%2Fpublic%2F..%2Fpublic%2F30a37%2F30a37 HTTP/2.0" 200 1565 "-" "Mozilla/5.0 AppleWebKit/537.36 (KHTML, like Gecko; compatible; ClaudeBot/1.0; +claudebot@anthropic.com)" "216.73.216.46" 107 0.005 "11196" "0.004" "test.newsite.space"
216.73.216.46 - - [21/Aug/2025:13:12:44 -0400] "GET /f7c78/?path=%2Fsrv%2Fusers%2Fcraft4%2Fapps%2Fcraft4-newsite-space%2Fpublic%2Ff7c78%2Ff7c78%2F..%2F..%2Fimages%2F..%2F10bddd743f.php HTTP/2.0" 200 19616 "-" "Mozilla/5.0 AppleWebKit/537.36 (KHTML, like Gecko; compatible; ClaudeBot/1.0; +claudebot@anthropic.com)" "216.73.216.46" 127 0.004 "28799" "0.005" "test.newsite.space"
216.73.216.46 - - [21/Aug/2025:13:12:47 -0400] "GET /f7c78/?path=%2Fsrv%2Fusers%2Fcraft4%2Fapps%2Fcraft4-newsite-space%2Fpublic%2Ff7c78%2F..%2F.%2F.%2Fcpresources%2Fa4303b5a HTTP/2.0" 200 1504 "-" "Mozilla/5.0 AppleWebKit/537.36 (KHTML, like Gecko; compatible; ClaudeBot/1.0; +claudebot@anthropic.com)" "216.73.216.46" 118 0.004 "8355" "0.004" "test.newsite.space"
216.73.216.46 - - [21/Aug/2025:13:12:50 -0400] "GET /f7c78/?path=%2Fsrv%2Fusers%2Fcraft4%2Fapps%2Fcraft4-newsite-space%2Fpublic%2Ff7c78%2F..%2F..%2Fvendor%2Fmoneyphp HTTP/2.0" 200 1397 "-" "Mozilla/5.0 AppleWebKit/537.36 (KHTML, like Gecko; compatible; ClaudeBot/1.0; +claudebot@anthropic.com)" "216.73.216.46" 113 0.004 "6917" "0.004" "test.newsite.space"
216.73.216.46 - - [21/Aug/2025:13:12:53 -0400] "GET /f7c78/?path=%2Fsrv%2Fusers%2Fcraft4%2Fapps%2Fcraft4-newsite-space%2Fpublic%2F.%2Fassets%2F..%2Fcpresources HTTP/2.0" 200 2346 "-" "Mozilla/5.0 AppleWebKit/537.36 (KHTML, like Gecko; compatible; ClaudeBot/1.0; +claudebot@anthropic.com)" "216.73.216.46" 108 0.004 "59818" "0.004" "test.newsite.space"
62.164.177.242 - - [21/Aug/2025:13:12:54 -0400] "GET /3534f/3534f/3534f/3534f/3534f/3534f/index.php?of=1 HTTP/2.0" 200 2318 "-" "Mozilla/5.0 (Windows NT 6.3; Win64; x64) AppleWebKit/537.36 (KHTML, like Gecko) Chrome/86.0.4240.111 Safari/537.36" "62.164.177.242" 311 0.003 "6086" "0.003" "test.newsite.space"
216.73.216.46 - - [21/Aug/2025:13:12:56 -0400] "GET /f7c78/?path=%2Fsrv%2Fusers%2Fcraft4%2Fapps%2Fcraft4-newsite-space%2Fpublic%2F.%2Fassets%2Fcss%2Fstyle.css HTTP/2.0" 200 2646 "-" "Mozilla/5.0 AppleWebKit/537.36 (KHTML, like Gecko; compatible; ClaudeBot/1.0; +claudebot@anthropic.com)" "216.73.216.46" 107 0.004 "12347" "0.004" "test.newsite.space"
216.73.216.46 - - [21/Aug/2025:13:12:59 -0400] "GET /f7c78/?path=%2Fsrv%2Fusers%2Fcraft4%2Flog%2Fcraft4-newsite-space%2Fcraft4-newsite-space_php8.1.error.log.6.gz HTTP/2.0" 200 938 "-" "Mozilla/5.0 AppleWebKit/537.36 (KHTML, like Gecko; compatible; ClaudeBot/1.0; +claudebot@anthropic.com)" "216.73.216.46" 110 0.004 "2634" "0.004" "test.newsite.space"
216.73.216.46 - - [21/Aug/2025:13:13:02 -0400] "GET /f7c78/?path=%2Fsrv%2Fusers%2Fcraft4%2Fapps%2Fcraft4-newsite-space%2Fmodules%2F..%2Ftemplates%2Fassets HTTP/2.0" 200 1388 "-" "Mozilla/5.0 AppleWebKit/537.36 (KHTML, like Gecko; compatible; ClaudeBot/1.0; +claudebot@anthropic.com)" "216.73.216.46" 104 0.006 "6645" "0.005" "test.newsite.space"
216.73.216.46 - - [21/Aug/2025:13:13:05 -0400] "GET /f7c78/?path=%2Fsrv%2Fusers%2Fcraft4%2Flog%2Fcraft4-newsite-space%2Fcraft4-newsite-space_php7.4.error.log.2.gz HTTP/2.0" 200 939 "-" "Mozilla/5.0 AppleWebKit/537.36 (KHTML, like Gecko; compatible; ClaudeBot/1.0; +claudebot@anthropic.com)" "216.73.216.46" 110 0.004 "2637" "0.004" "test.newsite.space"
216.73.216.46 - - [21/Aug/2025:13:13:08 -0400] "GET /f7c78/?path=%2Fsrv%2Fusers%2Fcraft4%2Fapps%2Fcraft4-newsite-space%2Fvendor%2Fcommerceguys%2F.. HTTP/2.0" 200 2508 "-" "Mozilla/5.0 AppleWebKit/537.36 (KHTML, like Gecko; compatible; ClaudeBot/1.0; +claudebot@anthropic.com)" "216.73.216.46" 100 0.006 "60321" "0.005" "test.newsite.space"
216.73.216.46 - - [21/Aug/2025:13:13:11 -0400] "GET /f7c78/?path=%2Fsrv%2Fusers%2Fcraft4%2Fapps%2Fcraft4-newsite-space%2Fpublic%2Fcpresources%2Fb89e6451%2F..%2F5d88fcbb HTTP/2.0" 200 1499 "-" "Mozilla/5.0 AppleWebKit/537.36 (KHTML, like Gecko; compatible; ClaudeBot/1.0; +claudebot@anthropic.com)" "216.73.216.46" 115 0.005 "8221" "0.004" "test.newsite.space"
216.73.216.46 - - [21/Aug/2025:13:13:14 -0400] "GET /f7c78/?path=%2Fsrv%2Fusers%2Fcraft4%2Flog%2Fcraft4-newsite-space%2Fcraft4-newsite-space_nginx.error_ssl.log.4.gz HTTP/2.0" 200 940 "-" "Mozilla/5.0 AppleWebKit/537.36 (KHTML, like Gecko; compatible; ClaudeBot/1.0; +claudebot@anthropic.com)" "216.73.216.46" 112 0.014 "2648" "0.014" "test.newsite.space"
216.73.216.46 - - [21/Aug/2025:13:13:17 -0400] "GET /f7c78/?path=%2Fsrv%2Fusers%2Fcraft4%2Fapps%2Fcraft4-newsite-space%2Fpublic%2F..%2Fstorage%2Flogs%2Fqueue-2024-12-25.log HTTP/2.0" 200 5274 "-" "Mozilla/5.0 AppleWebKit/537.36 (KHTML, like Gecko; compatible; ClaudeBot/1.0; +claudebot@anthropic.com)" "216.73.216.46" 117 0.006 "96961" "0.006" "test.newsite.space"
216.73.216.46 - - [21/Aug/2025:13:13:20 -0400] "GET /f7c78/?path=%2Fsrv%2Fusers%2Fcraft4%2Fapps%2Fcraft4-newsite-space%2Fpublic%2Ff7c78%2F..%2F.%2F.%2Fcpresources%2F60b5d681 HTTP/2.0" 200 1504 "-" "Mozilla/5.0 AppleWebKit/537.36 (KHTML, like Gecko; compatible; ClaudeBot/1.0; +claudebot@anthropic.com)" "216.73.216.46" 118 0.004 "8377" "0.003" "test.newsite.space"
216.73.216.46 - - [21/Aug/2025:13:13:23 -0400] "GET /f7c78/?path=%2Fsrv%2Fusers%2Fcraft4%2Fapps%2Fcraft4-newsite-space%2Fpublic%2Ff7c78%2F..%2F..%2Fvendor%2Fcriticalgears HTTP/2.0" 200 1421 "-" "Mozilla/5.0 AppleWebKit/537.36 (KHTML, like Gecko; compatible; ClaudeBot/1.0; +claudebot@anthropic.com)" "216.73.216.46" 116 0.003 "7050" "0.004" "test.newsite.space"
216.73.216.46 - - [21/Aug/2025:13:13:26 -0400] "GET /f7c78/?path=%2Fsrv%2Fusers%2Fcraft4%2Flog%2Fcraft4-newsite-space%2Fcraft4-newsite-space_nginx.error_ssl.log.5.gz HTTP/2.0" 200 944 "-" "Mozilla/5.0 AppleWebKit/537.36 (KHTML, like Gecko; compatible; ClaudeBot/1.0; +claudebot@anthropic.com)" "216.73.216.46" 112 0.003 "2644" "0.003" "test.newsite.space"
216.73.216.46 - - [21/Aug/2025:13:13:29 -0400] "GET /f7c78/?path=%2Fsrv%2Fusers%2Fcraft4%2Fapps%2Fcraft4-newsite-space%2Fpublic%2Fimages%2F..%2F70f7c HTTP/2.0" 200 1450 "-" "Mozilla/5.0 AppleWebKit/537.36 (KHTML, like Gecko; compatible; ClaudeBot/1.0; +claudebot@anthropic.com)" "216.73.216.46" 101 0.004 "7656" "0.004" "test.newsite.space"
216.73.216.46 - - [21/Aug/2025:13:13:32 -0400] "GET /f7c78/?path=%2Fsrv%2Fusers%2Fcraft4%2Fapps%2Fcraft4-newsite-space%2Fstorage%2Fassets%2F..%2F.. HTTP/2.0" 200 1732 "-" "Mozilla/5.0 AppleWebKit/537.36 (KHTML, like Gecko; compatible; ClaudeBot/1.0; +claudebot@anthropic.com)" "216.73.216.46" 99 0.004 "20142" "0.005" "test.newsite.space"
216.73.216.46 - - [21/Aug/2025:13:13:35 -0400] "GET /f7c78/?path=%2Fsrv%2Fusers%2Fcraft4%2Fapps%2Fcraft4-newsite-space%2Fpublic%2Fassets%2F..%2Fc057546adf31.php HTTP/2.0" 200 1187 "-" "Mozilla/5.0 AppleWebKit/537.36 (KHTML, like Gecko; compatible; ClaudeBot/1.0; +claudebot@anthropic.com)" "216.73.216.46" 109 0.003 "3335" "0.003" "test.newsite.space"
216.73.216.46 - - [21/Aug/2025:13:13:38 -0400] "GET /f7c78/?path=%2Fsrv%2Fusers%2Fcraft4%2Fapps%2Fcraft4-newsite-space%2Fvendor%2Fralouphie%2Fgetallheaders HTTP/2.0" 200 1525 "-" "Mozilla/5.0 AppleWebKit/537.36 (KHTML, like Gecko; compatible; ClaudeBot/1.0; +claudebot@anthropic.com)" "216.73.216.46" 105 0.004 "9908" "0.005" "test.newsite.space"
216.73.216.46 - - [21/Aug/2025:13:13:41 -0400] "GET /f7c78/?path=%2Fsrv%2Fusers%2Fcraft4%2Fapps%2Fcraft4-newsite-space%2Fpublic%2F.%2Fassets%2F..%2Ff7c78 HTTP/2.0" 200 1521 "-" "Mozilla/5.0 AppleWebKit/537.36 (KHTML, like Gecko; compatible; ClaudeBot/1.0; +claudebot@anthropic.com)" "216.73.216.46" 104 0.004 "9983" "0.004" "test.newsite.space"
216.73.216.46 - - [21/Aug/2025:13:13:44 -0400] "GET /f7c78/?path=%2Fsrv%2Fusers%2Fcraft4%2Flog%2Fcraft4-newsite-space%2Fcraft4-newsite-space_php8.1.error.log.7.gz HTTP/2.0" 200 1951 "-" "Mozilla/5.0 AppleWebKit/537.36 (KHTML, like Gecko; compatible; ClaudeBot/1.0; +claudebot@anthropic.com)" "216.73.216.46" 110 0.005 "4654" "0.005" "test.newsite.space"
