uawdijnntqw1x1x1
IP : 216.73.216.111
Hostname : toronto-dev2
Kernel : Linux toronto-dev2 4.15.0-213-generic #224-Ubuntu SMP Mon Jun 19 13:30:12 UTC 2023 x86_64
Disable Function : None :)
OS : Linux
PATH:
/
srv
/
users
/
craft4
/
.
/
run
/
.
/
..
/
.
/
log
/
craft4-newsite-space
/
craft4-newsite-space_nginx.access.log.1
/
/
213.109.224.165 - - [13/Dec/2025:06:59:00 -0500] "GET / HTTP/1.1" 301 410 "-" "Mozilla/5.0 (Windows NT 6.2; Trident/7.0; rv:11.0) like Gecko" "213.109.224.165" 562 0.001 "410" "0.001" "test.newsite.space"
91.84.106.190 - - [13/Dec/2025:07:52:54 -0500] "GET / HTTP/1.1" 301 410 "-" "Mozilla/5.0 (Windows NT 6.3; Win64; x64; rv:51.0) Gecko/20100101 Firefox/51.0" "91.84.106.190" 574 0.001 "410" "0.000" "test.newsite.space"
46.37.123.160 - - [13/Dec/2025:08:15:19 -0500] "GET / HTTP/1.1" 301 410 "-" "Mozilla/5.0 (X11; Ubuntu; Linux i686; rv:48.0) Gecko/20100101 Firefox/48.0" "46.37.123.160" 571 0.001 "410" "0.001" "test.newsite.space"
46.149.66.101 - - [13/Dec/2025:08:47:45 -0500] "GET / HTTP/1.1" 301 410 "-" "Mozilla/5.0 (Macintosh; Intel Mac OS X 10.11; rv:48.0) Gecko/20100101 Firefox/48.0" "46.149.66.101" 579 0.000 "410" "0.000" "test.newsite.space"
87.236.176.78 - - [13/Dec/2025:09:35:51 -0500] "GET / HTTP/1.1" 301 410 "-" "Mozilla/5.0 (compatible; InternetMeasurement/1.0; +https://internet-measurement.com/)" "87.236.176.78" 403 0.000 "410" "0.001" "test.newsite.space"
46.149.66.101 - - [13/Dec/2025:09:43:29 -0500] "GET / HTTP/1.1" 301 410 "-" "Mozilla/5.0 (Macintosh; Intel Mac OS X 10.10; rv:45.0) Gecko/20100101 Firefox/45.0" "46.149.66.101" 579 0.001 "410" "0.001" "test.newsite.space"
194.68.32.135 - - [13/Dec/2025:10:26:13 -0500] "GET / HTTP/1.1" 301 412 "-" "Mozilla/5.0 (Macintosh; Intel Mac OS X 10_10_4) AppleWebKit/537.36 (KHTML, like Gecko) Chrome/54.0.2876.44 Safari/537.36" "194.68.32.135" 619 0.001 "412" "0.000" "craft4.newsite.space"
194.68.32.135 - - [13/Dec/2025:10:26:28 -0500] "GET / HTTP/1.1" 301 410 "-" "Mozilla/5.0 (Macintosh; Intel Mac OS X 10_11_2) AppleWebKit/537.36 (KHTML, like Gecko) Chrome/49.0.2625.16 Safari/537.36" "194.68.32.135" 617 0.000 "410" "0.000" "test.newsite.space"
91.84.106.190 - - [13/Dec/2025:10:38:20 -0500] "GET / HTTP/1.1" 301 410 "-" "Mozilla/5.0 (Macintosh; Intel Mac OS X 10.12; rv:45.0) Gecko/20100101 Firefox/45.0" "91.84.106.190" 579 0.000 "410" "0.000" "test.newsite.space"
194.110.207.198 - - [13/Dec/2025:11:36:19 -0500] "GET / HTTP/1.1" 301 410 "-" "Mozilla/5.0 (compatible; MSIE 9.0; Windows NT 5.1; Trident/5.0)" "194.110.207.198" 564 0.001 "410" "0.001" "test.newsite.space"
46.37.123.160 - - [13/Dec/2025:12:17:32 -0500] "GET / HTTP/1.1" 301 410 "-" "Mozilla/5.0 (X11; Ubuntu; Linux i686; rv:50.0) Gecko/20100101 Firefox/50.0" "46.37.123.160" 571 0.000 "410" "0.001" "test.newsite.space"
213.109.224.165 - - [13/Dec/2025:12:32:11 -0500] "GET / HTTP/1.1" 301 410 "-" "Mozilla/5.0 (Macintosh; Intel Mac OS X 10.10; rv:46.0) Gecko/20100101 Firefox/46.0" "213.109.224.165" 583 0.001 "410" "0.001" "test.newsite.space"
46.149.66.101 - - [13/Dec/2025:13:25:27 -0500] "GET / HTTP/1.1" 301 410 "-" "Mozilla/5.0 (X11; Ubuntu; Linux i686; rv:50.0) Gecko/20100101 Firefox/50.0" "46.149.66.101" 571 0.000 "410" "0.000" "test.newsite.space"
185.65.202.110 - - [13/Dec/2025:14:19:26 -0500] "GET / HTTP/1.1" 301 410 "-" "Mozilla/5.0 (Macintosh; Intel Mac OS X 10_9_2) AppleWebKit/537.36 (KHTML, like Gecko) Chrome/54.0.2841.11 Safari/537.36" "185.65.202.110" 618 0.000 "410" "0.000" "test.newsite.space"
194.110.207.198 - - [13/Dec/2025:15:14:33 -0500] "GET / HTTP/1.1" 301 410 "-" "Mozilla/5.0 (X11; Ubuntu; Linux i686 on x86_64) AppleWebKit/537.36 (KHTML, like Gecko) Chrome/55.0.2891.47 Safari/537.36" "194.110.207.198" 621 0.001 "410" "0.000" "test.newsite.space"
109.252.161.240 - - [13/Dec/2025:16:06:51 -0500] "GET / HTTP/1.1" 301 410 "-" "Mozilla/5.0 (X11; Linux i686 on x86_64) AppleWebKit/537.36 (KHTML, like Gecko) Chrome/51.0.2714.18 Safari/537.36" "109.252.161.240" 613 0.000 "410" "0.000" "test.newsite.space"
194.110.207.198 - - [13/Dec/2025:16:07:01 -0500] "GET / HTTP/1.1" 301 410 "-" "Mozilla/5.0 (Windows NT 10.0; WOW64; rv:45.0) Gecko/20100101 Firefox/45.0" "194.110.207.198" 574 0.000 "410" "0.000" "test.newsite.space"
194.110.207.198 - - [13/Dec/2025:17:01:20 -0500] "GET / HTTP/1.1" 301 410 "-" "Mozilla/5.0 (Windows NT 10.0) AppleWebKit/537.36 (KHTML, like Gecko) Chrome/50.0.2701.67 Safari/537.36" "194.110.207.198" 603 0.001 "410" "0.001" "test.newsite.space"
91.84.106.190 - - [13/Dec/2025:17:51:37 -0500] "GET / HTTP/1.1" 301 410 "-" "Mozilla/5.0 (X11; Linux x86_64) AppleWebKit/537.36 (KHTML, like Gecko) Chrome/53.0.2837.69 Safari/537.36" "91.84.106.190" 601 0.000 "410" "0.000" "test.newsite.space"
13.79.87.25 - - [13/Dec/2025:18:26:49 -0500] "GET /wp-content/plugins/hellopress/wp_filemanager.php HTTP/1.1" 301 458 "-" "-" "13.79.87.25" 335 0.000 "458" "0.000" "test.newsite.space"
13.79.87.25 - - [13/Dec/2025:18:26:50 -0500] "GET /class-t.api.php HTTP/1.1" 301 425 "-" "-" "13.79.87.25" 302 0.001 "425" "0.001" "test.newsite.space"
13.79.87.25 - - [13/Dec/2025:18:26:50 -0500] "GET /xz89.php HTTP/1.1" 301 418 "-" "-" "13.79.87.25" 295 0.000 "418" "0.000" "test.newsite.space"
13.79.87.25 - - [13/Dec/2025:18:26:50 -0500] "GET /lopst.php HTTP/1.1" 301 419 "-" "-" "13.79.87.25" 296 0.001 "419" "0.000" "test.newsite.space"
13.79.87.25 - - [13/Dec/2025:18:26:50 -0500] "GET /wsvvs.php HTTP/1.1" 301 419 "-" "-" "13.79.87.25" 296 0.000 "419" "0.001" "test.newsite.space"
13.79.87.25 - - [13/Dec/2025:18:26:50 -0500] "GET /vbbn.php HTTP/1.1" 301 418 "-" "-" "13.79.87.25" 295 0.000 "418" "0.000" "test.newsite.space"
13.79.87.25 - - [13/Dec/2025:18:26:51 -0500] "GET /pn.php HTTP/1.1" 301 416 "-" "-" "13.79.87.25" 293 0.000 "416" "0.000" "test.newsite.space"
13.79.87.25 - - [13/Dec/2025:18:26:51 -0500] "GET /fz.php HTTP/1.1" 301 416 "-" "-" "13.79.87.25" 293 0.000 "416" "0.001" "test.newsite.space"
13.79.87.25 - - [13/Dec/2025:18:26:51 -0500] "GET /wl.php HTTP/1.1" 301 416 "-" "-" "13.79.87.25" 293 0.000 "416" "0.000" "test.newsite.space"
13.79.87.25 - - [13/Dec/2025:18:26:51 -0500] "GET /sang.php HTTP/1.1" 301 418 "-" "-" "13.79.87.25" 295 0.001 "418" "0.000" "test.newsite.space"
13.79.87.25 - - [13/Dec/2025:18:26:52 -0500] "GET /0o0.php HTTP/1.1" 301 417 "-" "-" "13.79.87.25" 294 0.000 "417" "0.000" "test.newsite.space"
13.79.87.25 - - [13/Dec/2025:18:26:52 -0500] "GET /zxl.php HTTP/1.1" 301 417 "-" "-" "13.79.87.25" 294 0.001 "417" "0.000" "test.newsite.space"
13.79.87.25 - - [13/Dec/2025:18:26:52 -0500] "GET /zwso.php HTTP/1.1" 301 418 "-" "-" "13.79.87.25" 295 0.000 "418" "0.001" "test.newsite.space"
13.79.87.25 - - [13/Dec/2025:18:26:52 -0500] "GET /wp-admin/css/colors/blue/index.php HTTP/1.1" 301 444 "-" "-" "13.79.87.25" 321 0.001 "444" "0.001" "test.newsite.space"
13.79.87.25 - - [13/Dec/2025:18:26:53 -0500] "GET /class19.php HTTP/1.1" 301 421 "-" "-" "13.79.87.25" 298 0.000 "421" "0.000" "test.newsite.space"
13.79.87.25 - - [13/Dec/2025:18:26:53 -0500] "GET /class20.php HTTP/1.1" 301 421 "-" "-" "13.79.87.25" 298 0.001 "421" "0.000" "test.newsite.space"
13.79.87.25 - - [13/Dec/2025:18:26:53 -0500] "GET /admin.php?p= HTTP/1.1" 301 422 "-" "-" "13.79.87.25" 299 0.000 "422" "0.001" "test.newsite.space"
13.79.87.25 - - [13/Dec/2025:18:26:53 -0500] "GET /randkeyword.php HTTP/1.1" 301 425 "-" "-" "13.79.87.25" 302 0.000 "425" "0.000" "test.newsite.space"
13.79.87.25 - - [13/Dec/2025:18:26:54 -0500] "GET /fwe.php HTTP/1.1" 301 417 "-" "-" "13.79.87.25" 294 0.001 "417" "0.000" "test.newsite.space"
13.79.87.25 - - [13/Dec/2025:18:26:54 -0500] "GET /g.php HTTP/1.1" 301 415 "-" "-" "13.79.87.25" 292 0.001 "415" "0.001" "test.newsite.space"
13.79.87.25 - - [13/Dec/2025:18:26:54 -0500] "GET /tx1.php HTTP/1.1" 301 417 "-" "-" "13.79.87.25" 294 0.000 "417" "0.000" "test.newsite.space"
13.79.87.25 - - [13/Dec/2025:18:26:54 -0500] "GET /xv.php HTTP/1.1" 301 416 "-" "-" "13.79.87.25" 293 0.001 "416" "0.001" "test.newsite.space"
13.79.87.25 - - [13/Dec/2025:18:26:55 -0500] "GET /htaccess.php HTTP/1.1" 301 422 "-" "-" "13.79.87.25" 299 0.001 "422" "0.001" "test.newsite.space"
13.79.87.25 - - [13/Dec/2025:18:26:55 -0500] "GET /readme.php HTTP/1.1" 301 420 "-" "-" "13.79.87.25" 297 0.001 "420" "0.001" "test.newsite.space"
13.79.87.25 - - [13/Dec/2025:18:26:55 -0500] "GET /fv.php HTTP/1.1" 301 416 "-" "-" "13.79.87.25" 293 0.000 "416" "0.000" "test.newsite.space"
13.79.87.25 - - [13/Dec/2025:18:26:55 -0500] "GET /file.php? HTTP/1.1" 301 419 "-" "-" "13.79.87.25" 296 0.000 "419" "0.001" "test.newsite.space"
13.79.87.25 - - [13/Dec/2025:18:26:55 -0500] "GET /lsd.php HTTP/1.1" 301 417 "-" "-" "13.79.87.25" 294 0.001 "417" "0.000" "test.newsite.space"
13.79.87.25 - - [13/Dec/2025:18:26:56 -0500] "GET /as.php HTTP/1.1" 301 416 "-" "-" "13.79.87.25" 293 0.000 "416" "0.000" "test.newsite.space"
13.79.87.25 - - [13/Dec/2025:18:26:56 -0500] "GET /wsd.php HTTP/1.1" 301 417 "-" "-" "13.79.87.25" 294 0.000 "417" "0.000" "test.newsite.space"
13.79.87.25 - - [13/Dec/2025:18:26:56 -0500] "GET /gtc.php HTTP/1.1" 301 417 "-" "-" "13.79.87.25" 294 0.001 "417" "0.001" "test.newsite.space"
13.79.87.25 - - [13/Dec/2025:18:26:56 -0500] "GET /atx.php HTTP/1.1" 301 417 "-" "-" "13.79.87.25" 294 0.001 "417" "0.001" "test.newsite.space"
13.79.87.25 - - [13/Dec/2025:18:26:57 -0500] "GET /z60.php HTTP/1.1" 301 417 "-" "-" "13.79.87.25" 294 0.000 "417" "0.001" "test.newsite.space"
13.79.87.25 - - [13/Dec/2025:18:26:57 -0500] "GET /403.php HTTP/1.1" 301 417 "-" "-" "13.79.87.25" 294 0.000 "417" "0.001" "test.newsite.space"
13.79.87.25 - - [13/Dec/2025:18:26:57 -0500] "GET /themes.php HTTP/1.1" 301 420 "-" "-" "13.79.87.25" 297 0.000 "420" "0.000" "test.newsite.space"
13.79.87.25 - - [13/Dec/2025:18:26:57 -0500] "GET /wp-admin/maint/about.php HTTP/1.1" 301 434 "-" "-" "13.79.87.25" 311 0.000 "434" "0.001" "test.newsite.space"
13.79.87.25 - - [13/Dec/2025:18:26:58 -0500] "GET /wp-admin/network/wp-conflg.php?p= HTTP/1.1" 301 443 "-" "-" "13.79.87.25" 320 0.000 "443" "0.001" "test.newsite.space"
13.79.87.25 - - [13/Dec/2025:18:26:58 -0500] "GET /click.php HTTP/1.1" 301 419 "-" "-" "13.79.87.25" 296 0.001 "419" "0.001" "test.newsite.space"
13.79.87.25 - - [13/Dec/2025:18:26:58 -0500] "GET /install.php HTTP/1.1" 301 421 "-" "-" "13.79.87.25" 298 0.001 "421" "0.000" "test.newsite.space"
13.79.87.25 - - [13/Dec/2025:18:26:58 -0500] "GET /simple.php HTTP/1.1" 301 420 "-" "-" "13.79.87.25" 297 0.000 "420" "0.000" "test.newsite.space"
13.79.87.25 - - [13/Dec/2025:18:26:59 -0500] "GET /css.php HTTP/1.1" 301 417 "-" "-" "13.79.87.25" 294 0.000 "417" "0.001" "test.newsite.space"
13.79.87.25 - - [13/Dec/2025:18:26:59 -0500] "GET /cong.php HTTP/1.1" 301 418 "-" "-" "13.79.87.25" 295 0.001 "418" "0.000" "test.newsite.space"
13.79.87.25 - - [13/Dec/2025:18:26:59 -0500] "GET /wp-includes/images/wp-login.php HTTP/1.1" 301 441 "-" "-" "13.79.87.25" 318 0.000 "441" "0.000" "test.newsite.space"
13.79.87.25 - - [13/Dec/2025:18:26:59 -0500] "GET /cong.php HTTP/1.1" 301 418 "-" "-" "13.79.87.25" 295 0.001 "418" "0.000" "test.newsite.space"
13.79.87.25 - - [13/Dec/2025:18:27:00 -0500] "GET /w.php HTTP/1.1" 301 415 "-" "-" "13.79.87.25" 292 0.001 "415" "0.000" "test.newsite.space"
13.79.87.25 - - [13/Dec/2025:18:27:00 -0500] "GET /404.php HTTP/1.1" 301 417 "-" "-" "13.79.87.25" 294 0.001 "417" "0.001" "test.newsite.space"
13.79.87.25 - - [13/Dec/2025:18:27:00 -0500] "GET /ioxi-o.php HTTP/1.1" 301 420 "-" "-" "13.79.87.25" 297 0.000 "420" "0.000" "test.newsite.space"
13.79.87.25 - - [13/Dec/2025:18:27:00 -0500] "GET /0x.php HTTP/1.1" 301 416 "-" "-" "13.79.87.25" 293 0.001 "416" "0.000" "test.newsite.space"
13.79.87.25 - - [13/Dec/2025:18:27:00 -0500] "GET /css.php HTTP/1.1" 301 417 "-" "-" "13.79.87.25" 294 0.000 "417" "0.000" "test.newsite.space"
13.79.87.25 - - [13/Dec/2025:18:27:01 -0500] "GET /222.php HTTP/1.1" 301 417 "-" "-" "13.79.87.25" 294 0.001 "417" "0.000" "test.newsite.space"
13.79.87.25 - - [13/Dec/2025:18:27:01 -0500] "GET /wp-content/index.php HTTP/1.1" 301 430 "-" "-" "13.79.87.25" 307 0.001 "430" "0.000" "test.newsite.space"
13.79.87.25 - - [13/Dec/2025:18:27:01 -0500] "GET /admin.php HTTP/1.1" 301 419 "-" "-" "13.79.87.25" 296 0.001 "419" "0.001" "test.newsite.space"
13.79.87.25 - - [13/Dec/2025:18:27:02 -0500] "GET /wp-admin/maint/maint.php HTTP/1.1" 301 434 "-" "-" "13.79.87.25" 311 0.001 "434" "0.000" "test.newsite.space"
13.79.87.25 - - [13/Dec/2025:18:27:02 -0500] "GET /classwithtostring.php HTTP/1.1" 301 431 "-" "-" "13.79.87.25" 308 0.000 "431" "0.000" "test.newsite.space"
13.79.87.25 - - [13/Dec/2025:18:27:02 -0500] "GET /abcd.php HTTP/1.1" 301 418 "-" "-" "13.79.87.25" 295 0.001 "418" "0.000" "test.newsite.space"
13.79.87.25 - - [13/Dec/2025:18:27:02 -0500] "GET /autoload_classmap.php?p= HTTP/1.1" 301 434 "-" "-" "13.79.87.25" 311 0.001 "434" "0.001" "test.newsite.space"
13.79.87.25 - - [13/Dec/2025:18:27:02 -0500] "GET /inputs.php HTTP/1.1" 301 420 "-" "-" "13.79.87.25" 297 0.000 "420" "0.000" "test.newsite.space"
13.79.87.25 - - [13/Dec/2025:18:27:03 -0500] "GET /about3.php HTTP/1.1" 301 420 "-" "-" "13.79.87.25" 297 0.001 "420" "0.001" "test.newsite.space"
13.79.87.25 - - [13/Dec/2025:18:27:03 -0500] "GET /themes/twentytwentytwo/index.php HTTP/1.1" 301 442 "-" "-" "13.79.87.25" 319 0.000 "442" "0.000" "test.newsite.space"
13.79.87.25 - - [13/Dec/2025:18:27:03 -0500] "GET /wp-admin/js/wp-conflg.php?p= HTTP/1.1" 301 438 "-" "-" "13.79.87.25" 315 0.000 "438" "0.000" "test.newsite.space"
13.79.87.25 - - [13/Dec/2025:18:27:04 -0500] "GET /wp-admin/wp-conflg.php?p= HTTP/1.1" 301 435 "-" "-" "13.79.87.25" 312 0.001 "435" "0.000" "test.newsite.space"
13.79.87.25 - - [13/Dec/2025:18:27:04 -0500] "GET /wp-admin/css/wp-conflg.php?p= HTTP/1.1" 301 439 "-" "-" "13.79.87.25" 316 0.000 "439" "0.000" "test.newsite.space"
13.79.87.25 - - [13/Dec/2025:18:27:04 -0500] "GET /manager.php?p= HTTP/1.1" 301 424 "-" "-" "13.79.87.25" 301 0.001 "424" "0.001" "test.newsite.space"
13.79.87.25 - - [13/Dec/2025:18:27:05 -0500] "GET /item.php HTTP/1.1" 301 418 "-" "-" "13.79.87.25" 295 0.001 "418" "0.001" "test.newsite.space"
13.79.87.25 - - [13/Dec/2025:18:27:05 -0500] "GET /plugins/Cache/footer.php HTTP/1.1" 301 434 "-" "-" "13.79.87.25" 311 0.000 "434" "0.000" "test.newsite.space"
13.79.87.25 - - [13/Dec/2025:18:27:05 -0500] "GET /404.php HTTP/1.1" 301 417 "-" "-" "13.79.87.25" 294 0.000 "417" "0.001" "test.newsite.space"
13.79.87.25 - - [13/Dec/2025:18:27:05 -0500] "GET /mail.php HTTP/1.1" 301 418 "-" "-" "13.79.87.25" 295 0.001 "418" "0.001" "test.newsite.space"
13.79.87.25 - - [13/Dec/2025:18:27:06 -0500] "GET /wp-content/plugins/index.php HTTP/1.1" 301 438 "-" "-" "13.79.87.25" 315 0.001 "438" "0.000" "test.newsite.space"
13.79.87.25 - - [13/Dec/2025:18:27:06 -0500] "GET /sx.php HTTP/1.1" 301 416 "-" "-" "13.79.87.25" 293 0.000 "416" "0.000" "test.newsite.space"
13.79.87.25 - - [13/Dec/2025:18:27:06 -0500] "GET /wp-admin/maint/admin.php HTTP/1.1" 301 434 "-" "-" "13.79.87.25" 311 0.000 "434" "0.000" "test.newsite.space"
13.79.87.25 - - [13/Dec/2025:18:27:06 -0500] "GET /alfa.php HTTP/1.1" 301 418 "-" "-" "13.79.87.25" 295 0.001 "418" "0.001" "test.newsite.space"
13.79.87.25 - - [13/Dec/2025:18:27:07 -0500] "GET /1.php HTTP/1.1" 301 415 "-" "-" "13.79.87.25" 292 0.001 "415" "0.001" "test.newsite.space"
13.79.87.25 - - [13/Dec/2025:18:27:07 -0500] "GET /wp-trackback.php HTTP/1.1" 301 426 "-" "-" "13.79.87.25" 303 0.001 "426" "0.000" "test.newsite.space"
13.79.87.25 - - [13/Dec/2025:18:27:07 -0500] "GET /.well-known/index.php HTTP/1.1" 301 431 "-" "-" "13.79.87.25" 308 0.001 "431" "0.001" "test.newsite.space"
13.79.87.25 - - [13/Dec/2025:18:27:07 -0500] "GET /wp-admin/network/plugins.php HTTP/1.1" 301 438 "-" "-" "13.79.87.25" 315 0.001 "438" "0.001" "test.newsite.space"
13.79.87.25 - - [13/Dec/2025:18:27:08 -0500] "GET /wp-admin/about.php HTTP/1.1" 301 428 "-" "-" "13.79.87.25" 305 0.000 "428" "0.000" "test.newsite.space"
13.79.87.25 - - [13/Dec/2025:18:27:08 -0500] "GET /gmo.php HTTP/1.1" 301 417 "-" "-" "13.79.87.25" 294 0.000 "417" "0.001" "test.newsite.space"
13.79.87.25 - - [13/Dec/2025:18:27:08 -0500] "GET /wp-includes/ID3/about.php HTTP/1.1" 301 435 "-" "-" "13.79.87.25" 312 0.001 "435" "0.001" "test.newsite.space"
13.79.87.25 - - [13/Dec/2025:18:27:09 -0500] "GET /css/index.php HTTP/1.1" 301 423 "-" "-" "13.79.87.25" 300 0.001 "423" "0.000" "test.newsite.space"
13.79.87.25 - - [13/Dec/2025:18:27:09 -0500] "GET /wp-includes/SimplePie/wp-login.php HTTP/1.1" 301 444 "-" "-" "13.79.87.25" 321 0.001 "444" "0.001" "test.newsite.space"
13.79.87.25 - - [13/Dec/2025:18:27:09 -0500] "GET /wp-content/themes/about.php HTTP/1.1" 301 437 "-" "-" "13.79.87.25" 314 0.000 "437" "0.000" "test.newsite.space"
13.79.87.25 - - [13/Dec/2025:18:27:10 -0500] "GET /filemanager/dialog.php HTTP/1.1" 301 432 "-" "-" "13.79.87.25" 309 0.001 "432" "0.001" "test.newsite.space"
13.79.87.25 - - [13/Dec/2025:18:27:10 -0500] "GET /wp-admin/maint/index.php HTTP/1.1" 301 434 "-" "-" "13.79.87.25" 311 0.001 "434" "0.000" "test.newsite.space"
13.79.87.25 - - [13/Dec/2025:18:27:10 -0500] "GET /wp-includes/customize/about.php HTTP/1.1" 301 441 "-" "-" "13.79.87.25" 318 0.000 "441" "0.000" "test.newsite.space"
13.79.87.25 - - [13/Dec/2025:18:27:11 -0500] "GET /index/function.php HTTP/1.1" 301 428 "-" "-" "13.79.87.25" 305 0.000 "428" "0.000" "test.newsite.space"
13.79.87.25 - - [13/Dec/2025:18:27:11 -0500] "GET /uploads/autoload_classmap.php HTTP/1.1" 301 439 "-" "-" "13.79.87.25" 316 0.000 "439" "0.000" "test.newsite.space"
13.79.87.25 - - [13/Dec/2025:18:27:11 -0500] "GET /wp-includes/style-engine/about.php HTTP/1.1" 301 444 "-" "-" "13.79.87.25" 321 0.000 "444" "0.000" "test.newsite.space"
13.79.87.25 - - [13/Dec/2025:18:27:11 -0500] "GET /ww1.php HTTP/1.1" 301 417 "-" "-" "13.79.87.25" 294 0.000 "417" "0.000" "test.newsite.space"
13.79.87.25 - - [13/Dec/2025:18:27:12 -0500] "GET /about/function.php HTTP/1.1" 301 428 "-" "-" "13.79.87.25" 305 0.000 "428" "0.001" "test.newsite.space"
13.79.87.25 - - [13/Dec/2025:18:27:12 -0500] "GET /admin/function.php HTTP/1.1" 301 428 "-" "-" "13.79.87.25" 305 0.001 "428" "0.001" "test.newsite.space"
13.79.87.25 - - [13/Dec/2025:18:27:13 -0500] "GET /css/colors/blue/index.php HTTP/1.1" 301 435 "-" "-" "13.79.87.25" 312 0.001 "435" "0.000" "test.newsite.space"
13.79.87.25 - - [13/Dec/2025:18:27:13 -0500] "GET /security.php HTTP/1.1" 301 422 "-" "-" "13.79.87.25" 299 0.001 "422" "0.000" "test.newsite.space"
13.79.87.25 - - [13/Dec/2025:18:27:13 -0500] "GET /wp-admin/user/about.php HTTP/1.1" 301 433 "-" "-" "13.79.87.25" 310 0.001 "433" "0.001" "test.newsite.space"
13.79.87.25 - - [13/Dec/2025:18:27:13 -0500] "GET /wp-admin/js/index.php HTTP/1.1" 301 431 "-" "-" "13.79.87.25" 308 0.001 "431" "0.000" "test.newsite.space"
13.79.87.25 - - [13/Dec/2025:18:27:14 -0500] "GET /wp-content/upgrade/about.php HTTP/1.1" 301 438 "-" "-" "13.79.87.25" 315 0.000 "438" "0.000" "test.newsite.space"
13.79.87.25 - - [13/Dec/2025:18:27:14 -0500] "GET /wp-includes/assets/index.php HTTP/1.1" 301 438 "-" "-" "13.79.87.25" 315 0.000 "438" "0.001" "test.newsite.space"
13.79.87.25 - - [13/Dec/2025:18:27:14 -0500] "GET /wp-content/radio.php HTTP/1.1" 301 430 "-" "-" "13.79.87.25" 307 0.000 "430" "0.001" "test.newsite.space"
13.79.87.25 - - [13/Dec/2025:18:27:15 -0500] "GET /wp-includes/fonts/index.php?p= HTTP/1.1" 301 440 "-" "-" "13.79.87.25" 317 0.001 "440" "0.001" "test.newsite.space"
13.79.87.25 - - [13/Dec/2025:18:27:15 -0500] "GET /.well-known/admin.php HTTP/1.1" 301 431 "-" "-" "13.79.87.25" 308 0.001 "431" "0.000" "test.newsite.space"
13.79.87.25 - - [13/Dec/2025:18:27:15 -0500] "GET /wp-content/admin.php HTTP/1.1" 301 430 "-" "-" "13.79.87.25" 307 0.001 "430" "0.000" "test.newsite.space"
13.79.87.25 - - [13/Dec/2025:18:27:15 -0500] "GET /wp-content/plugins/admin.php HTTP/1.1" 301 438 "-" "-" "13.79.87.25" 315 0.000 "438" "0.000" "test.newsite.space"
13.79.87.25 - - [13/Dec/2025:18:27:16 -0500] "GET /wp-content/themes/twentytwentytwo/index.php?p= HTTP/1.1" 301 456 "-" "-" "13.79.87.25" 333 0.000 "456" "0.001" "test.newsite.space"
13.79.87.25 - - [13/Dec/2025:18:27:16 -0500] "GET /.well-known/log.php HTTP/1.1" 301 429 "-" "-" "13.79.87.25" 306 0.000 "429" "0.000" "test.newsite.space"
13.79.87.25 - - [13/Dec/2025:18:27:16 -0500] "GET /class.php HTTP/1.1" 301 419 "-" "-" "13.79.87.25" 296 0.001 "419" "0.001" "test.newsite.space"
13.79.87.25 - - [13/Dec/2025:18:27:17 -0500] "GET /bless5.php HTTP/1.1" 301 420 "-" "-" "13.79.87.25" 297 0.001 "420" "0.001" "test.newsite.space"
13.79.87.25 - - [13/Dec/2025:18:27:17 -0500] "GET /wp-includes/js/codemirror/index.php HTTP/1.1" 301 445 "-" "-" "13.79.87.25" 322 0.000 "445" "0.001" "test.newsite.space"
13.79.87.25 - - [13/Dec/2025:18:27:17 -0500] "GET /wp-includes/block-patterns/index.php HTTP/1.1" 301 446 "-" "-" "13.79.87.25" 323 0.000 "446" "0.001" "test.newsite.space"
13.79.87.25 - - [13/Dec/2025:18:27:18 -0500] "GET /lock360.php HTTP/1.1" 301 421 "-" "-" "13.79.87.25" 298 0.000 "421" "0.000" "test.newsite.space"
13.79.87.25 - - [13/Dec/2025:18:27:18 -0500] "GET /f35.php HTTP/1.1" 301 417 "-" "-" "13.79.87.25" 294 0.000 "417" "0.000" "test.newsite.space"
13.79.87.25 - - [13/Dec/2025:18:27:18 -0500] "GET /ioxi-o1.php HTTP/1.1" 301 421 "-" "-" "13.79.87.25" 298 0.000 "421" "0.000" "test.newsite.space"
13.79.87.25 - - [13/Dec/2025:18:27:18 -0500] "GET /ha.php HTTP/1.1" 301 416 "-" "-" "13.79.87.25" 293 0.001 "416" "0.000" "test.newsite.space"
13.79.87.25 - - [13/Dec/2025:18:27:18 -0500] "GET /gg.php HTTP/1.1" 301 416 "-" "-" "13.79.87.25" 293 0.001 "416" "0.001" "test.newsite.space"
13.79.87.25 - - [13/Dec/2025:18:27:19 -0500] "GET /ar.php HTTP/1.1" 301 416 "-" "-" "13.79.87.25" 293 0.000 "416" "0.001" "test.newsite.space"
13.79.87.25 - - [13/Dec/2025:18:27:19 -0500] "GET /x.php HTTP/1.1" 301 415 "-" "-" "13.79.87.25" 292 0.001 "415" "0.001" "test.newsite.space"
13.79.87.25 - - [13/Dec/2025:18:27:19 -0500] "GET /xx.php HTTP/1.1" 301 416 "-" "-" "13.79.87.25" 293 0.001 "416" "0.000" "test.newsite.space"
13.79.87.25 - - [13/Dec/2025:18:27:19 -0500] "GET /gifclass4.php HTTP/1.1" 301 423 "-" "-" "13.79.87.25" 300 0.001 "423" "0.001" "test.newsite.space"
13.79.87.25 - - [13/Dec/2025:18:27:20 -0500] "GET /bibil.php HTTP/1.1" 301 419 "-" "-" "13.79.87.25" 296 0.001 "419" "0.000" "test.newsite.space"
13.79.87.25 - - [13/Dec/2025:18:27:20 -0500] "GET /radio.php HTTP/1.1" 301 419 "-" "-" "13.79.87.25" 296 0.001 "419" "0.001" "test.newsite.space"
13.79.87.25 - - [13/Dec/2025:18:27:20 -0500] "GET /files.php HTTP/1.1" 301 419 "-" "-" "13.79.87.25" 296 0.000 "419" "0.000" "test.newsite.space"
13.79.87.25 - - [13/Dec/2025:18:27:20 -0500] "GET /file7.php HTTP/1.1" 301 419 "-" "-" "13.79.87.25" 296 0.001 "419" "0.000" "test.newsite.space"
13.79.87.25 - - [13/Dec/2025:18:27:21 -0500] "GET /gifclass.php HTTP/1.1" 301 422 "-" "-" "13.79.87.25" 299 0.001 "422" "0.000" "test.newsite.space"
13.79.87.25 - - [13/Dec/2025:18:27:21 -0500] "GET /wp-admin/css/colors/midnight/about.php HTTP/1.1" 301 448 "-" "-" "13.79.87.25" 325 0.000 "448" "0.000" "test.newsite.space"
13.79.87.25 - - [13/Dec/2025:18:27:21 -0500] "GET /nox.php HTTP/1.1" 301 417 "-" "-" "13.79.87.25" 294 0.000 "417" "0.000" "test.newsite.space"
13.79.87.25 - - [13/Dec/2025:18:27:21 -0500] "GET /file48.php HTTP/1.1" 301 420 "-" "-" "13.79.87.25" 297 0.000 "420" "0.001" "test.newsite.space"
13.79.87.25 - - [13/Dec/2025:18:27:21 -0500] "GET /info.php HTTP/1.1" 301 418 "-" "-" "13.79.87.25" 295 0.001 "418" "0.001" "test.newsite.space"
13.79.87.25 - - [13/Dec/2025:18:27:22 -0500] "GET /class9.php HTTP/1.1" 301 420 "-" "-" "13.79.87.25" 297 0.000 "420" "0.000" "test.newsite.space"
13.79.87.25 - - [13/Dec/2025:18:27:22 -0500] "GET /la.php HTTP/1.1" 301 416 "-" "-" "13.79.87.25" 293 0.001 "416" "0.001" "test.newsite.space"
13.79.87.25 - - [13/Dec/2025:18:27:22 -0500] "GET /bless11.php HTTP/1.1" 301 421 "-" "-" "13.79.87.25" 298 0.001 "421" "0.000" "test.newsite.space"
13.79.87.25 - - [13/Dec/2025:18:27:23 -0500] "GET /ton.php HTTP/1.1" 301 417 "-" "-" "13.79.87.25" 294 0.001 "417" "0.000" "test.newsite.space"
13.79.87.25 - - [13/Dec/2025:18:27:23 -0500] "GET /403.php HTTP/1.1" 301 417 "-" "-" "13.79.87.25" 294 0.001 "417" "0.001" "test.newsite.space"
13.79.87.25 - - [13/Dec/2025:18:27:23 -0500] "GET /file9.php HTTP/1.1" 301 419 "-" "-" "13.79.87.25" 296 0.001 "419" "0.001" "test.newsite.space"
13.79.87.25 - - [13/Dec/2025:18:27:23 -0500] "GET /ac.php HTTP/1.1" 301 416 "-" "-" "13.79.87.25" 293 0.000 "416" "0.001" "test.newsite.space"
13.79.87.25 - - [13/Dec/2025:18:27:23 -0500] "GET /new4.php HTTP/1.1" 301 418 "-" "-" "13.79.87.25" 295 0.001 "418" "0.001" "test.newsite.space"
13.79.87.25 - - [13/Dec/2025:18:27:24 -0500] "GET /az.php HTTP/1.1" 301 416 "-" "-" "13.79.87.25" 293 0.000 "416" "0.000" "test.newsite.space"
13.79.87.25 - - [13/Dec/2025:18:27:24 -0500] "GET /xaz.php HTTP/1.1" 301 417 "-" "-" "13.79.87.25" 294 0.000 "417" "0.000" "test.newsite.space"
13.79.87.25 - - [13/Dec/2025:18:27:24 -0500] "GET /up4.php HTTP/1.1" 301 417 "-" "-" "13.79.87.25" 294 0.000 "417" "0.000" "test.newsite.space"
13.79.87.25 - - [13/Dec/2025:18:27:24 -0500] "GET /elp.php HTTP/1.1" 301 417 "-" "-" "13.79.87.25" 294 0.001 "417" "0.001" "test.newsite.space"
13.79.87.25 - - [13/Dec/2025:18:27:25 -0500] "GET /galex.php HTTP/1.1" 301 419 "-" "-" "13.79.87.25" 296 0.000 "419" "0.001" "test.newsite.space"
13.79.87.25 - - [13/Dec/2025:18:27:25 -0500] "GET /xb.php HTTP/1.1" 301 416 "-" "-" "13.79.87.25" 293 0.000 "416" "0.000" "test.newsite.space"
13.79.87.25 - - [13/Dec/2025:18:27:25 -0500] "GET /vx.php HTTP/1.1" 301 416 "-" "-" "13.79.87.25" 293 0.001 "416" "0.001" "test.newsite.space"
13.79.87.25 - - [13/Dec/2025:18:27:25 -0500] "GET /rh.php HTTP/1.1" 301 416 "-" "-" "13.79.87.25" 293 0.000 "416" "0.001" "test.newsite.space"
13.79.87.25 - - [13/Dec/2025:18:27:26 -0500] "GET /chosen.php HTTP/1.1" 301 420 "-" "-" "13.79.87.25" 297 0.001 "420" "0.001" "test.newsite.space"
13.79.87.25 - - [13/Dec/2025:18:27:26 -0500] "GET /wp-good.php HTTP/1.1" 301 421 "-" "-" "13.79.87.25" 298 0.000 "421" "0.000" "test.newsite.space"
13.79.87.25 - - [13/Dec/2025:18:27:26 -0500] "GET /admiin.php HTTP/1.1" 301 420 "-" "-" "13.79.87.25" 297 0.000 "420" "0.000" "test.newsite.space"
13.79.87.25 - - [13/Dec/2025:18:27:27 -0500] "GET /xse25.php HTTP/1.1" 301 419 "-" "-" "13.79.87.25" 296 0.000 "419" "0.001" "test.newsite.space"
13.79.87.25 - - [13/Dec/2025:18:27:27 -0500] "GET /wp-includes/customize/sx.php HTTP/1.1" 301 438 "-" "-" "13.79.87.25" 315 0.001 "438" "0.001" "test.newsite.space"
13.79.87.25 - - [13/Dec/2025:18:27:27 -0500] "GET /wp-includes/blocks/about.php HTTP/1.1" 301 438 "-" "-" "13.79.87.25" 315 0.000 "438" "0.001" "test.newsite.space"
13.79.87.25 - - [13/Dec/2025:18:27:28 -0500] "GET /cgi-bin/wp-login.php HTTP/1.1" 301 430 "-" "-" "13.79.87.25" 307 0.000 "430" "0.000" "test.newsite.space"
13.79.87.25 - - [13/Dec/2025:18:27:28 -0500] "GET /wp-admin/includes/index.php HTTP/1.1" 301 437 "-" "-" "13.79.87.25" 314 0.000 "437" "0.000" "test.newsite.space"
13.79.87.25 - - [13/Dec/2025:18:27:28 -0500] "GET /wp-includes/index.php HTTP/1.1" 301 431 "-" "-" "13.79.87.25" 308 0.000 "431" "0.000" "test.newsite.space"
13.79.87.25 - - [13/Dec/2025:18:27:29 -0500] "GET /wp-signin.php HTTP/1.1" 301 423 "-" "-" "13.79.87.25" 300 0.000 "423" "0.001" "test.newsite.space"
13.79.87.25 - - [13/Dec/2025:18:27:29 -0500] "GET /wp-includes/rest-api/about.php HTTP/1.1" 301 440 "-" "-" "13.79.87.25" 317 0.001 "440" "0.001" "test.newsite.space"
13.79.87.25 - - [13/Dec/2025:18:27:29 -0500] "GET /fm.php HTTP/1.1" 301 416 "-" "-" "13.79.87.25" 293 0.001 "416" "0.000" "test.newsite.space"
13.79.87.25 - - [13/Dec/2025:18:27:30 -0500] "GET /shoyo.php HTTP/1.1" 301 419 "-" "-" "13.79.87.25" 296 0.000 "419" "0.000" "test.newsite.space"
13.79.87.25 - - [13/Dec/2025:18:27:30 -0500] "GET /flower.php HTTP/1.1" 301 420 "-" "-" "13.79.87.25" 297 0.001 "420" "0.001" "test.newsite.space"
13.79.87.25 - - [13/Dec/2025:18:27:30 -0500] "GET /waq.php HTTP/1.1" 301 417 "-" "-" "13.79.87.25" 294 0.001 "417" "0.000" "test.newsite.space"
13.79.87.25 - - [13/Dec/2025:18:27:30 -0500] "GET /yyy.php HTTP/1.1" 301 417 "-" "-" "13.79.87.25" 294 0.001 "417" "0.001" "test.newsite.space"
13.79.87.25 - - [13/Dec/2025:18:27:30 -0500] "GET /wakak.php HTTP/1.1" 301 419 "-" "-" "13.79.87.25" 296 0.001 "419" "0.001" "test.newsite.space"
13.79.87.25 - - [13/Dec/2025:18:27:31 -0500] "GET /wp-gzone.php HTTP/1.1" 301 422 "-" "-" "13.79.87.25" 299 0.001 "422" "0.001" "test.newsite.space"
13.79.87.25 - - [13/Dec/2025:18:27:31 -0500] "GET /nansa.php HTTP/1.1" 301 419 "-" "-" "13.79.87.25" 296 0.000 "419" "0.000" "test.newsite.space"
13.79.87.25 - - [13/Dec/2025:18:27:31 -0500] "GET /quoys.php HTTP/1.1" 301 419 "-" "-" "13.79.87.25" 296 0.000 "419" "0.000" "test.newsite.space"
13.79.87.25 - - [13/Dec/2025:18:27:31 -0500] "GET /waw.php HTTP/1.1" 301 417 "-" "-" "13.79.87.25" 294 0.000 "417" "0.000" "test.newsite.space"
13.79.87.25 - - [13/Dec/2025:18:27:32 -0500] "GET /wbw.php HTTP/1.1" 301 417 "-" "-" "13.79.87.25" 294 0.001 "417" "0.001" "test.newsite.space"
13.79.87.25 - - [13/Dec/2025:18:27:32 -0500] "GET /wfw.php HTTP/1.1" 301 417 "-" "-" "13.79.87.25" 294 0.000 "417" "0.000" "test.newsite.space"
213.109.224.165 - - [13/Dec/2025:18:46:52 -0500] "GET / HTTP/1.1" 301 410 "-" "Mozilla/5.0 (Windows NT 6.2; rv:47.0) Gecko/20100101 Firefox/47.0" "213.109.224.165" 566 0.000 "410" "0.000" "test.newsite.space"
185.65.202.110 - - [13/Dec/2025:19:39:22 -0500] "GET / HTTP/1.1" 301 410 "-" "Mozilla/5.0 (compatible; MSIE 8.0; Windows NT 6.2; Trident/4.0)" "185.65.202.110" 562 0.001 "410" "0.001" "test.newsite.space"
194.68.32.135 - - [13/Dec/2025:20:01:59 -0500] "GET / HTTP/1.1" 301 410 "-" "Mozilla/5.0 (Macintosh; Intel Mac OS X 10_11_1) AppleWebKit/537.36 (KHTML, like Gecko) Chrome/53.0.2816.19 Safari/537.36" "194.68.32.135" 617 0.001 "410" "0.000" "test.newsite.space"
91.84.106.190 - - [13/Dec/2025:20:33:03 -0500] "GET / HTTP/1.1" 301 410 "-" "Mozilla/5.0 (Macintosh; Intel Mac OS X 10.12; rv:46.0) Gecko/20100101 Firefox/46.0" "91.84.106.190" 579 0.000 "410" "0.000" "test.newsite.space"
194.68.32.135 - - [13/Dec/2025:21:20:14 -0500] "GET / HTTP/1.1" 301 410 "-" "Mozilla/5.0 (X11; Linux x86_64) AppleWebKit/537.36 (KHTML, like Gecko) Chrome/54.0.2847.13 Safari/537.36" "194.68.32.135" 601 0.000 "410" "0.000" "test.newsite.space"
194.68.32.135 - - [13/Dec/2025:21:20:19 -0500] "GET / HTTP/1.1" 301 412 "-" "Mozilla/5.0 (Macintosh; Intel Mac OS X 10.10; rv:49.0) Gecko/20100101 Firefox/49.0" "194.68.32.135" 581 0.001 "412" "0.000" "craft4.newsite.space"
185.65.202.110 - - [13/Dec/2025:21:26:27 -0500] "GET / HTTP/1.1" 301 410 "-" "Mozilla/5.0 (X11; Ubuntu; Linux i686 on x86_64) AppleWebKit/537.36 (KHTML, like Gecko) Chrome/52.0.2783.90 Safari/537.36" "185.65.202.110" 619 0.000 "410" "0.000" "test.newsite.space"
91.84.106.190 - - [13/Dec/2025:22:19:33 -0500] "GET / HTTP/1.1" 301 410 "-" "Mozilla/5.0 (X11; Linux i686) AppleWebKit/537.36 (KHTML, like Gecko) Chrome/56.0.2945.27 Safari/537.36" "91.84.106.190" 599 0.001 "410" "0.000" "test.newsite.space"
91.84.106.190 - - [13/Dec/2025:23:11:46 -0500] "GET / HTTP/1.1" 301 410 "-" "Mozilla/5.0 (Windows NT 10.0; Win64; x64) AppleWebKit/537.36 (KHTML, like Gecko) Chrome/49.0.2659.25 Safari/537.36" "91.84.106.190" 611 0.001 "410" "0.001" "test.newsite.space"
46.37.123.160 - - [13/Dec/2025:23:50:37 -0500] "GET / HTTP/1.1" 301 410 "-" "Mozilla/5.0 (compatible; MSIE 8.0; Windows NT 6.1; Win64; x64; Trident/4.0)" "46.37.123.160" 572 0.000 "410" "0.001" "test.newsite.space"
185.65.202.110 - - [14/Dec/2025:00:04:19 -0500] "GET / HTTP/1.1" 301 410 "-" "Mozilla/5.0 (X11; Linux x86_64; rv:50.0) Gecko/20100101 Firefox/50.0" "185.65.202.110" 567 0.001 "410" "0.000" "test.newsite.space"
185.65.202.110 - - [14/Dec/2025:00:55:55 -0500] "GET / HTTP/1.1" 301 410 "-" "Mozilla/5.0 (Macintosh; Intel Mac OS X 10.9; rv:46.0) Gecko/20100101 Firefox/46.0" "185.65.202.110" 580 0.001 "410" "0.001" "test.newsite.space"
91.84.106.190 - - [14/Dec/2025:01:51:14 -0500] "GET / HTTP/1.1" 301 410 "-" "Mozilla/5.0 (Windows NT 6.3) AppleWebKit/537.36 (KHTML, like Gecko) Chrome/53.0.2808.8 Safari/537.36" "91.84.106.190" 597 0.000 "410" "0.000" "test.newsite.space"
194.110.207.198 - - [14/Dec/2025:02:44:19 -0500] "GET / HTTP/1.1" 301 410 "-" "Mozilla/5.0 (X11; Linux x86_64; rv:50.0) Gecko/20100101 Firefox/50.0" "194.110.207.198" 569 0.001 "410" "0.001" "test.newsite.space"
46.149.66.101 - - [14/Dec/2025:03:36:32 -0500] "GET / HTTP/1.1" 301 410 "-" "Mozilla/5.0 (X11; Linux i686 on x86_64) AppleWebKit/537.36 (KHTML, like Gecko) Chrome/54.0.2877.77 Safari/537.36" "46.149.66.101" 609 0.000 "410" "0.000" "test.newsite.space"
194.68.32.135 - - [14/Dec/2025:03:45:30 -0500] "GET / HTTP/1.1" 301 410 "-" "Mozilla/5.0 (Macintosh; Intel Mac OS X 10_12_1) AppleWebKit/537.36 (KHTML, like Gecko) Chrome/53.0.2803.29 Safari/537.36" "194.68.32.135" 617 0.000 "410" "0.000" "test.newsite.space"
185.65.202.110 - - [14/Dec/2025:04:29:29 -0500] "GET / HTTP/1.1" 301 410 "-" "Mozilla/5.0 (Windows NT 10.0; WOW64; rv:49.0) Gecko/20100101 Firefox/49.0" "185.65.202.110" 572 0.001 "410" "0.001" "test.newsite.space"
194.110.207.198 - - [14/Dec/2025:05:24:37 -0500] "GET / HTTP/1.1" 301 410 "-" "Mozilla/5.0 (X11; Ubuntu; Linux i686 on x86_64; rv:51.0) Gecko/20100101 Firefox/51.0" "194.110.207.198" 585 0.001 "410" "0.001" "test.newsite.space"
194.110.207.198 - - [14/Dec/2025:06:18:23 -0500] "GET / HTTP/1.1" 301 410 "-" "Mozilla/5.0 (Macintosh; Intel Mac OS X 10.12; rv:51.0) Gecko/20100101 Firefox/51.0" "194.110.207.198" 583 0.001 "410" "0.000" "test.newsite.space"
/srv/users/craft4/./run/./.././log/craft4-newsite-space/craft4-newsite-space_nginx.access.log.1