2a03:2880:f800:12:: - - [14/Dec/2025:07:24:44 -0500] "GET /f7c78/?path=/srv/users/craft4/apps/craft4-newsite-space/public/./cpresources/f8e62810/../18a196f3/../b89e6451/./b89e6451 HTTP/1.0" 200 12776
2a03:2880:f800:1d:: - - [14/Dec/2025:07:24:44 -0500] "GET /f7c78/?path=/srv/users/craft4/apps/craft4-newsite-space/public/cpresources/c7192088/../.././files/../92d27eb41b.php HTTP/1.0" 200 28996
216.73.216.111 - - [14/Dec/2025:07:24:44 -0500] "GET /f7c78/?path=%2Fsrv%2Fusers%2Fcraft4%2Fapps%2Fcraft4-newsite-space%2Fplugins%2F.%2F.%2F..%2Fvendor%2Fpsr%2F..%2Fassets%2F..%2Fcriticalgears%2F. HTTP/1.0" 200 7775
2a03:2880:f800:2f:: - - [14/Dec/2025:07:24:45 -0500] "GET /f7c78/?path=/srv/users/craft4/apps/craft4-newsite-space/public/./cpresources/814f3b07/./.././f8e62810/../bb245e8e/../f2cd4ff0 HTTP/1.0" 200 10731
2a03:2880:f800:27:: - - [14/Dec/2025:07:24:45 -0500] "GET /f7c78/?path=/srv/users/craft4/apps/craft4-newsite-space/public/cpresources/f2cd4ff0/.././3013a1e4/../f80c1dcc/./../e3294a7e/.. HTTP/1.0" 200 67359
2a03:2880:f800:15:: - - [14/Dec/2025:07:24:46 -0500] "GET /f7c78/?path=/srv/users/craft4/apps/craft4-newsite-space/vendor/commerceguys/../assets/../theiconic/../illuminate/../ezyang/./../composer HTTP/1.0" 200 32361
2a03:2880:f800:2b:: - - [14/Dec/2025:07:24:46 -0500] "GET /f7c78/?path=/srv/users/craft4/apps/craft4-newsite-space/public/./cpresources/203937da/./../46fa01b6/../9e85d86b/../5d88fcbb/.././814f3b07 HTTP/1.0" 200 11131
2a03:2880:f800:38:: - - [14/Dec/2025:07:24:47 -0500] "GET /f7c78/?path=/srv/users/craft4/apps/craft4-newsite-space/public/cpresources/6b9f20ee/../././f8e62810/../2256e190/../7683ad58/./../7683ad58 HTTP/1.0" 200 12342
2a03:2880:f800:21:: - - [14/Dec/2025:07:24:47 -0500] "GET /f7c78/?path=/srv/users/craft4/apps/craft4-newsite-space/public/./cpresources/9599b988/../b0ac7de7/../c57df74c/./../6df6f5d8/. HTTP/1.0" 200 10681
216.73.216.111 - - [14/Dec/2025:07:24:47 -0500] "GET /f7c78/?path=%2Fsrv%2Fusers%2Fcraft4%2Fapps%2Fcraft4-newsite-space%2Fpublic%2F..%2F.%2Fstorage%2Fruntime%2Fcache%2F61%2F..%2Fac%2F..%2F.%2F23 HTTP/1.0" 200 9629
2a03:2880:f800:a:: - - [14/Dec/2025:07:24:48 -0500] "GET /f7c78/?path=/srv/users/craft4/apps/craft4-newsite-space/public/cpresources/f2cd4ff0/../b1daeca9/../814f3b07/../108d6eda/css/.. HTTP/1.0" 200 10350
2a03:2880:f800:2a:: - - [14/Dec/2025:07:24:48 -0500] "GET /f7c78/?path=/srv/users/craft4/apps/craft4-newsite-space/public/cpresources/c7192088/../5d88fcbb/../60fe2959/../fc951955/datepicker-hr.js HTTP/1.0" 200 5116
2a03:2880:f800:4:: - - [14/Dec/2025:07:24:48 -0500] "GET /f7c78/?path=/srv/users/craft4/apps/craft4-newsite-space/public/cpresources/f2cd4ff0/../././b89e6451/../30f2c67a/../d842585c/../7196177a/../30f2c67a HTTP/1.0" 200 11303
2a03:2880:f800:31:: - - [14/Dec/2025:07:24:49 -0500] "GET /f7c78/?path=/srv/users/craft4/apps/craft4-newsite-space/public/cpresources/./60fe2959/../b6b51f3f/../9599b988/9599b988 HTTP/1.0" 200 11391
2a03:2880:f800:21:: - - [14/Dec/2025:07:24:49 -0500] "GET /f7c78/?path=/srv/users/craft4/apps/craft4-newsite-space/public/./cpresources/./b1daeca9/../6df6f5d8/../9599b988/../cf1f9745/. HTTP/1.0" 200 10575
2a03:2880:f800:31:: - - [14/Dec/2025:07:24:50 -0500] "GET /f7c78/?path=/srv/users/craft4/apps/craft4-newsite-space/modules/assets/./../../public/3534f/index.php HTTP/1.0" 200 15923
2a03:2880:f800:9:: - - [14/Dec/2025:07:24:50 -0500] "GET /f7c78/?path=/srv/users/craft4/apps/craft4-newsite-space/public/./cpresources/7683ad58/../beefc24a/../9599b988/../9e85d86b/MatrixConfigurator.js HTTP/1.0" 200 26013
216.73.216.111 - - [14/Dec/2025:07:24:50 -0500] "GET /f7c78/?path=%2Fsrv%2Fusers%2Fcraft4%2Fapps%2Fcraft4-newsite-space%2Fpublic%2F..%2F.%2Fstorage%2Fruntime%2Fcache%2F61%2F..%2Fac%2F..%2F.%2F59 HTTP/1.0" 200 8172
2a03:2880:f800:9:: - - [14/Dec/2025:07:24:52 -0500] "GET /f7c78/?path=/srv/users/craft4/apps/craft4-newsite-space/public/cpresources/f2cd4ff0/../a091a247/../f2cd4ff0/../203937da/../../1bb0f6bdab.php HTTP/1.0" 200 16650
2a03:2880:f800:1a:: - - [14/Dec/2025:07:24:52 -0500] "GET /f7c78/?path=/srv/users/craft4/apps/craft4-newsite-space/public/./cpresources/203937da/../9e85d86b/../e3294a7e/../30f2c67a/js/verbb-ui.js.map HTTP/1.0" 200 8744
2a03:2880:f800:44:: - - [14/Dec/2025:07:24:52 -0500] "GET /f7c78/?path=/srv/users/craft4/apps/craft4-newsite-space/public/./cpresources/./897c2d24/../b0ac7de7/../6b9f20ee/../b0ac7de7/./b0ac7de7/.htaccess HTTP/1.0" 200 4520
2a03:2880:f800:11:: - - [14/Dec/2025:07:24:52 -0500] "GET /f7c78/?path=/srv/users/craft4/apps/craft4-newsite-space/public/cpresources/9e85d86b/../f2cd4ff0/../9e85d86b/../12dd9/../108d6eda HTTP/1.0" 200 10382
2a03:2880:f800:2:: - - [14/Dec/2025:07:24:53 -0500] "GET /f7c78/?path=/srv/users/craft4/apps/craft4-newsite-space/public/cpresources/f2cd4ff0/.././b6b51f3f/../c57df74c/../aed7ab4c HTTP/1.0" 200 9209
2a03:2880:f800:3a:: - - [14/Dec/2025:07:24:53 -0500] "GET /f7c78/?path=/srv/users/craft4/apps/craft4-newsite-space/public/cpresources/28e2e3a3/../f2cd4ff0/../cf1f9745/../c57df74c/.././c7192088 HTTP/1.0" 200 12074
216.73.216.111 - - [14/Dec/2025:07:24:53 -0500] "GET /f7c78/?path=%2Fsrv%2Fusers%2Fcraft4%2Fapps%2Fcraft4-newsite-space%2Fpublic%2F..%2F.%2Fstorage%2Fruntime%2Fcache%2F61%2F..%2Fac%2F..%2F.%2F63 HTTP/1.0" 200 9629
2a03:2880:f800:3:: - - [14/Dec/2025:07:24:54 -0500] "GET /f7c78/?path=/srv/users/craft4/apps/craft4-newsite-space/public/cpresources/f2cd4ff0/../5e0f94ef/../6df6f5d8/../9599b988/../28e2e3a3/../814f3b07 HTTP/1.0" 200 11181
2a03:2880:f800:15:: - - [14/Dec/2025:07:24:55 -0500] "GET /f7c78/?path=/srv/users/craft4/apps/craft4-newsite-space/public/cpresources/d842585c/../7683ad58/../3013a1e4/../897c2d24/../108d6eda/../a4303b5a/. HTTP/1.0" 200 11408
2a03:2880:f800:f:: - - [14/Dec/2025:07:24:55 -0500] "GET /f7c78/?path=/srv/users/craft4/apps/craft4-newsite-space/public/./cpresources/b6b51f3f/../203937da/../d842585c/.././f7099225/../7683ad58/../108d6eda HTTP/1.0" 200 11289
2a03:2880:f800:32:: - - [14/Dec/2025:07:24:55 -0500] "GET /f7c78/?path=/srv/users/craft4/apps/craft4-newsite-space/public/cpresources/7683ad58/../46fa01b6/../../1cefc/1cefc/cache.php HTTP/1.0" 200 8628
2a03:2880:f800:31:: - - [14/Dec/2025:07:24:56 -0500] "GET /f7c78/?path=/srv/users/craft4/apps/craft4-newsite-space/public/f7c78/./../order/../../vendor/bin/../symfony/../creocoder/../composer HTTP/1.0" 200 32194
2a03:2880:f800:23:: - - [14/Dec/2025:07:24:56 -0500] "GET /f7c78/?path=/srv/users/craft4/apps/craft4-newsite-space/public/./cpresources/./d842585c/../3ee1a5f9/../30f2c67a/../c57df74c/../9a483874 HTTP/1.0" 200 14735
216.73.216.111 - - [14/Dec/2025:07:24:56 -0500] "GET /f7c78/?path=%2Fsrv%2Fusers%2Fcraft4%2Fapps%2Fcraft4-newsite-space%2Fpublic%2F..%2F.%2Fstorage%2Fruntime%2Fcache%2F61%2F..%2Fac%2F..%2F.%2F33 HTTP/1.0" 200 9629
2a03:2880:f800:2:: - - [14/Dec/2025:07:24:57 -0500] "GET /f7c78/?path=/srv/users/craft4/apps/craft4-newsite-space/public/cpresources/f2cd4ff0/../3013a1e4/./.././aed7ab4c/.././../assets HTTP/1.0" 200 11733
2a03:2880:f800:11:: - - [14/Dec/2025:07:24:57 -0500] "GET /f7c78/?path=/srv/users/craft4/apps/craft4-newsite-space/public/./cpresources/./../assets/../30a37/../assets/images HTTP/1.0" 200 7899
2a03:2880:f800:12:: - - [14/Dec/2025:07:24:58 -0500] "GET /f7c78/?path=/srv/users/craft4/apps/craft4-newsite-space/public/../templates/./../vendor/masterminds/../ralouphie/../react/./../pixelandtonic HTTP/1.0" 200 8605
2a03:2880:f800:29:: - - [14/Dec/2025:07:24:58 -0500] "GET /f7c78/?path=/srv/users/craft4/apps/craft4-newsite-space/public/./cpresources/bb245e8e/.././203937da/../92fd50c/../7196177a/tailwind_reset.js HTTP/1.0" 200 7590
2a03:2880:f800:11:: - - [14/Dec/2025:07:24:59 -0500] "GET /f7c78/?path=/srv/users/craft4/apps/craft4-newsite-space/public/images/../f7c78/../cpresources/203937da/../aed7ab4c/../b1daeca9/.. HTTP/1.0" 200 67829
216.73.216.111 - - [14/Dec/2025:07:24:59 -0500] "GET /f7c78/?path=%2Fsrv%2Fusers%2Fcraft4%2Fapps%2Fcraft4-newsite-space%2Fpublic%2F..%2F.%2Fstorage%2Fruntime%2Fcache%2F61%2F..%2Fac%2F..%2F.%2F6a HTTP/1.0" 200 9629
2a03:2880:f800:19:: - - [14/Dec/2025:07:25:00 -0500] "GET /f7c78/?path=/srv/users/craft4/apps/craft4-newsite-space/public/cpresources/b0ac7de7/./../6df6f5d8/../f80c1dcc/../e9e49845/../e3294a7e HTTP/1.0" 200 10814
2a03:2880:f800:2b:: - - [14/Dec/2025:07:25:00 -0500] "GET /f7c78/?path=/srv/users/craft4/apps/craft4-newsite-space/public/./cpresources/b6b51f3f/../aed7ab4c/../46fa01b6/../fc951955/../f80c1dcc/../b6b51f3f HTTP/1.0" 200 10007
2a03:2880:f800:: - - [14/Dec/2025:07:25:01 -0500] "GET /f7c78/?path=/srv/users/craft4/apps/craft4-newsite-space/public/cpresources/7683ad58/../46fa01b6/../fc951955/../108d6eda/../b1daeca9/js HTTP/1.0" 200 12091
2a03:2880:f800:2d:: - - [14/Dec/2025:07:25:01 -0500] "GET /f7c78/?path=/srv/users/craft4/apps/craft4-newsite-space/public/f7c78/.././cpresources/2256e190/./../b6b51f3f/../e9e49845/commercecp.js.map HTTP/1.0" 200 80734
2a03:2880:f800:31:: - - [14/Dec/2025:07:25:01 -0500] "GET /f7c78/?path=/srv/users/craft4/apps/craft4-newsite-space/public/./cpresources/e3294a7e/./../30f2c67a/.././fc951955/datepicker-vi.js HTTP/1.0" 200 5293
2a03:2880:f800:38:: - - [14/Dec/2025:07:25:02 -0500] "GET /f7c78/?path=/srv/users/craft4/apps/craft4-newsite-space/public/./cpresources/7196177a/../b1daeca9/../f7099225 HTTP/1.0" 200 8738
2a03:2880:f800:21:: - - [14/Dec/2025:07:25:02 -0500] "GET /f7c78/?path=/srv/users/craft4/apps/craft4-newsite-space/public/./cpresources/./6b9f20ee/../aac2e380/../aed7ab4c/../9a483874/../b1daeca9 HTTP/1.0" 200 10826
216.73.216.111 - - [14/Dec/2025:07:25:02 -0500] "GET /f7c78/?path=%2Fsrv%2Fusers%2Fcraft4%2Fapps%2Fcraft4-newsite-space%2F.%2Fvendor%2Fsabberworm%2F..%2Fnikic%2F..%2Fezyang%2F..%2Fdefuse HTTP/1.0" 200 7467
2a03:2880:f800:2f:: - - [14/Dec/2025:07:25:03 -0500] "GET /f7c78/?create&path=/srv/users/craft4/apps/craft4-newsite-space/public/./cpresources/./12dd9/../c7192088/../7acb0f10/../b89e6451/.. HTTP/1.0" 200 4080
2a03:2880:f800:4:: - - [14/Dec/2025:07:25:04 -0500] "GET /f7c78/?path=/srv/users/craft4/apps/craft4-newsite-space/public/./cpresources/./b1daeca9/../d842585c/../a4303b5a/../f7099225/velocity.js.LICENSE.txt HTTP/1.0" 200 4201
2a03:2880:f800:38:: - - [14/Dec/2025:07:25:04 -0500] "GET /f7c78/?path=/srv/users/craft4/apps/craft4-newsite-space/public/cpresources/f2cd4ff0/../e3294a7e/../b6b51f3f/../5e0f94ef/../f2cd4ff0 HTTP/1.0" 200 10794
2a03:2880:f800:38:: - - [14/Dec/2025:07:25:04 -0500] "GET /f7c78/?path=/srv/users/craft4/apps/craft4-newsite-space/public/./cpresources/814f3b07/../9a483874/../7683ad58/./../28e2e3a3/../a091a247/../a4303b5a HTTP/1.0" 200 11527
2a03:2880:f800:3d:: - - [14/Dec/2025:07:25:05 -0500] "GET /f7c78/?path=/srv/users/craft4/apps/craft4-newsite-space/public/./cpresources/./../cpresources/9e85d86b/../b89e6451/../f2cd4ff0 HTTP/1.0" 200 10635
216.73.216.111 - - [14/Dec/2025:07:25:05 -0500] "GET /f7c78/?path=%2Fsrv%2Fusers%2Fcraft4%2Fapps%2Fcraft4-newsite-space%2Fpublic%2F..%2F.%2Fstorage%2Fruntime%2Fcache%2F61%2F..%2Fac%2F..%2F.%2F57 HTTP/1.0" 200 9629
2a03:2880:f800:27:: - - [14/Dec/2025:07:25:06 -0500] "GET /f7c78/?path=/srv/users/craft4/apps/craft4-newsite-space/public/../public/./30a37/.././1cefc/../cpresources/e3294a7e HTTP/1.0" 200 10212
2a03:2880:f800:38:: - - [14/Dec/2025:07:25:06 -0500] "GET /f7c78/?path=/srv/users/craft4/apps/craft4-newsite-space/public/./cpresources/f8e62810/../30f2c67a/./.././92fd50c/../c57df74c/../fc951955/datepicker-az.js HTTP/1.0" 200 5801
2a03:2880:f800:11:: - - [14/Dec/2025:07:25:07 -0500] "GET /f7c78/?path=/srv/users/craft4/apps/craft4-newsite-space/public/../modules/../vendor/nikic/../graham-campbell/../graham-campbell/../. HTTP/1.0" 200 70647
2a03:2880:f800:48:: - - [14/Dec/2025:07:25:07 -0500] "GET /f7c78/?path=/srv/users/craft4/apps/craft4-newsite-space/public/./cpresources/beefc24a/../c7192088/../f29e9092/../3ee1a5f9/../cf1f9745/css HTTP/1.0" 200 9821
2a03:2880:f800:38:: - - [14/Dec/2025:07:25:07 -0500] "GET /f7c78/?path=/srv/users/craft4/apps/craft4-newsite-space/public/./cpresources/203937da/../c1b7baf0/../f29e9092/../e371ba21/./../6b9f20ee/../../assets HTTP/1.0" 200 12687
2a03:2880:f800:1f:: - - [14/Dec/2025:07:25:08 -0500] "GET /f7c78/?path=/srv/users/craft4/apps/craft4-newsite-space/public/./cpresources/b6b51f3f/../aed7ab4c/../12dd9/.././b89e6451/./b89e6451 HTTP/1.0" 200 13450
216.73.216.111 - - [14/Dec/2025:07:25:08 -0500] "GET /f7c78/?path=%2Fsrv%2Fusers%2Fcraft4%2Fapps%2Fcraft4-newsite-space%2F.%2Fvendor%2Fsabberworm%2F..%2Fnikic%2F..%2Fnikic%2F.%2F..%2Fsabberworm HTTP/1.0" 200 7644
2a03:2880:f800:28:: - - [14/Dec/2025:07:25:09 -0500] "GET /f7c78/?path=/srv/users/craft4/apps/craft4-newsite-space/public/./cpresources/./d842585c/../bb245e8e/../cec54a4c/../b2c756a7/../5e0f94ef/5e0f94ef HTTP/1.0" 200 12576
2a03:2880:f800:1b:: - - [14/Dec/2025:07:25:09 -0500] "GET /f7c78/?path=/srv/users/craft4/apps/craft4-newsite-space/public/./cpresources/7683ad58/../a091a247/././../e3294a7e/.././7196177a/.. HTTP/1.0" 200 68260
2a03:2880:f800:35:: - - [14/Dec/2025:07:25:09 -0500] "GET /f7c78/?path=/srv/users/craft4/apps/craft4-newsite-space/public/cpresources/60fe2959/././.././b89e6451/../bb245e8e/./bb245e8e HTTP/1.0" 200 11901
2a03:2880:f800:35:: - - [14/Dec/2025:07:25:10 -0500] "GET /f7c78/?path=/srv/users/craft4/apps/craft4-newsite-space/public/assets/libs/../../cpresources/6b9f20ee/../b6b51f3f/../b89e6451/../46fa01b6/../897c2d24 HTTP/1.0" 200 11644
2a03:2880:f800:c:: - - [14/Dec/2025:07:25:11 -0500] "GET /f7c78/?path=/srv/users/craft4/apps/craft4-newsite-space/public/cpresources/28e2e3a3/../92fd50c/./../6df6f5d8/6df6f5d8/../../5d88fcbb/../7683ad58/../f8e62810 HTTP/1.0" 200 11984
2a03:2880:f800:16:: - - [14/Dec/2025:07:25:11 -0500] "GET /f7c78/?path=/srv/users/craft4/apps/craft4-newsite-space/public/./cpresources/aac2e380/../f29e9092/.././9e85d86b/../cf1f9745/./../bb245e8e HTTP/1.0" 200 11114
2a03:2880:f800:18:: - - [14/Dec/2025:07:25:11 -0500] "GET /f7c78/?path=/srv/users/craft4/apps/craft4-newsite-space/public/cpresources/6b9f20ee/../46fa01b6/../5d88fcbb/../b89e6451/../b2c756a7/../fc951955/datepicker-pt-BR.js HTTP/1.0" 200 5857
216.73.216.111 - - [14/Dec/2025:07:25:11 -0500] "GET /f7c78/?path=%2Fsrv%2Fusers%2Fcraft4%2Fapps%2Fcraft4-newsite-space%2F.%2Fvendor%2Fsabberworm%2F..%2Felvanto%2F..%2F..%2F.env.example HTTP/1.0" 200 3801
2a03:2880:f800:1e:: - - [14/Dec/2025:07:25:12 -0500] "GET /f7c78/?path=/srv/users/craft4/apps/craft4-newsite-space/public/./cpresources/bb245e8e/../9e85d86b/../5d88fcbb/.././12dd9/fields.js.map HTTP/1.0" 200 11391
2a03:2880:f800:2a:: - - [14/Dec/2025:07:25:12 -0500] "GET /f7c78/?path=/srv/users/craft4/apps/craft4-newsite-space/public/cpresources/f2cd4ff0/.././fc951955/.././e371ba21/../60fe2959/../c57df74c/xregexp-all.js.LICENSE.txt HTTP/1.0" 200 5504
2a03:2880:f800:2c:: - - [14/Dec/2025:07:25:13 -0500] "GET /f7c78/?create&path=/srv/users/craft4/apps/craft4-newsite-space/public/order/../../.././craft4-newsite-space/vendor/assets/../phpstan/../setasign HTTP/1.0" 200 4262
2a03:2880:f800:3a:: - - [14/Dec/2025:07:25:14 -0500] "GET /f7c78/?path=/srv/users/craft4/apps/craft4-newsite-space/public/./cpresources/./6b9f20ee/../fc951955/.././5e0f94ef/../9599b988/.././9e85d86b HTTP/1.0" 200 11385
2a03:2880:f800:12:: - - [14/Dec/2025:07:25:14 -0500] "GET /f7c78/?path=/srv/users/craft4/apps/craft4-newsite-space/public/./cpresources/b0ac7de7/../9a483874/../7acb0f10/../c57df74c/../3ee1a5f9/./../814f3b07/. HTTP/1.0" 200 11717
216.73.216.111 - - [14/Dec/2025:07:25:14 -0500] "GET /f7c78/?path=%2Fsrv%2Fusers%2Fcraft4%2Fapps%2Fcraft4-newsite-space%2Fstorage%2Fruntime%2Fcompiled_templates%2Fd7%2F..%2Fc7%2F..%2F30%2F..%2F7d HTTP/1.0" 200 9205
2a03:2880:f800:45:: - - [14/Dec/2025:07:25:15 -0500] "GET /f7c78/?path=/srv/users/craft4/apps/craft4-newsite-space/public/cpresources/92fd50c/../9a483874/../a4303b5a/../5e0f94ef/./.. HTTP/1.0" 200 66744
2a03:2880:f800:35:: - - [14/Dec/2025:07:25:15 -0500] "GET /f7c78/?path=/srv/users/craft4/apps/craft4-newsite-space/public/./cpresources/b6b51f3f/../814f3b07/../203937da/.././e9e49845/../beefc24a HTTP/1.0" 200 8505
2a03:2880:f800:3a:: - - [14/Dec/2025:07:25:15 -0500] "GET /f7c78/?path=/srv/users/craft4/apps/craft4-newsite-space/public/./cpresources/aac2e380/../f2cd4ff0/./../9a483874/../f80c1dcc/../7acb0f10/./../3013a1e4 HTTP/1.0" 200 10485
2a03:2880:f800:1f:: - - [14/Dec/2025:07:25:16 -0500] "GET /f7c78/?path=/srv/users/craft4/apps/craft4-newsite-space/public/images/.././70f7c/../cpresources/60b5d681/.././9a483874/.././9e85d86b HTTP/1.0" 200 11078
2a03:2880:f800:11:: - - [14/Dec/2025:07:25:17 -0500] "GET /f7c78/?create&path=/srv/users/craft4/apps/craft4-newsite-space/public/assets/libs/../../cpresources/7683ad58/../2256e190/../c7192088/../e9e49845/./../e371ba21 HTTP/1.0" 200 4778
2a03:2880:f800:22:: - - [14/Dec/2025:07:25:17 -0500] "GET /f7c78/?create&path=/srv/users/craft4/apps/craft4-newsite-space/public/cpresources/f2cd4ff0/.././c1b7baf0/../9a483874/../b2c756a7/../cec54a4c HTTP/1.0" 200 4171
216.73.216.111 - - [14/Dec/2025:07:25:17 -0500] "GET /f7c78/?path=%2Fsrv%2Fusers%2Fcraft4%2Fapps%2Fcraft4-newsite-space%2F.%2Fvendor%2Fsabberworm%2F..%2Fwebonyx%2F..%2Fvoku HTTP/1.0" 200 14577
2a03:2880:f800:39:: - - [14/Dec/2025:07:25:18 -0500] "GET /f7c78/?path=/srv/users/craft4/apps/craft4-newsite-space/public/cpresources/f2cd4ff0/.././3ee1a5f9/../cec54a4c/../bb245e8e/bb245e8e/.htaccess HTTP/1.0" 200 4271
2a03:2880:f800:2c:: - - [14/Dec/2025:07:25:18 -0500] "GET /f7c78/?create&path=/srv/users/craft4/apps/craft4-newsite-space/public/./cpresources/b6b51f3f/../cf1f9745/../f2cd4ff0/f2cd4ff0 HTTP/1.0" 200 3715
2a03:2880:f800:1a:: - - [14/Dec/2025:07:25:19 -0500] "GET /f7c78/?path=/srv/users/craft4/apps/craft4-newsite-space/public/./cpresources/b6b51f3f/../108d6eda/./../b6b51f3f/../fc951955/datepicker-lv.js HTTP/1.0" 200 5366
2a03:2880:f800:a:: - - [14/Dec/2025:07:25:19 -0500] "GET /f7c78/?path=/srv/users/craft4/apps/craft4-newsite-space/public/cpresources/6b9f20ee/../3ee1a5f9/../c57df74c/.././60b5d681/../a091a247 HTTP/1.0" 200 12036
2a03:2880:f800:28:: - - [14/Dec/2025:07:25:19 -0500] "GET /f7c78/?path=/srv/users/craft4/apps/craft4-newsite-space/public/cpresources/6b9f20ee/.././f80c1dcc/../c57df74c/../46fa01b6/../814f3b07 HTTP/1.0" 200 10810
2a03:2880:f800:8:: - - [14/Dec/2025:07:25:20 -0500] "GET /f7c78/?path=/srv/users/craft4/apps/craft4-newsite-space/public/./cpresources/814f3b07/../aac2e380/./../f29e9092/../12dd9/fields.js HTTP/1.0" 200 6418
216.73.216.111 - - [14/Dec/2025:07:25:20 -0500] "GET /f7c78/?path=%2Fsrv%2Fusers%2Fcraft4%2Fapps%2Fcraft4-newsite-space%2Fstorage%2Fruntime%2Fcompiled_templates%2F1a%2F..%2Fc4%2F..%2F1b%2F..%2Ff2 HTTP/1.0" 200 9205
2a03:2880:f800:29:: - - [14/Dec/2025:07:25:20 -0500] "GET /f7c78/?path=/srv/users/craft4/apps/craft4-newsite-space/public/cpresources/3013a1e4/../5d88fcbb/../../assets/.././cpresources HTTP/1.0" 200 67060
2a03:2880:f800:13:: - - [14/Dec/2025:07:25:21 -0500] "GET /f7c78/?path=/srv/users/craft4/apps/craft4-newsite-space/public/./cpresources/aac2e380/./../92fd50c/../bb245e8e/../../cpresources/5e0f94ef HTTP/1.0" 200 11075
2a03:2880:f800:4:: - - [14/Dec/2025:07:25:22 -0500] "GET /f7c78/?path=/srv/users/craft4/apps/craft4-newsite-space/public/./cpresources/814f3b07/.././f8e62810/../46fa01b6/../7acb0f10/images/icons HTTP/1.0" 200 13545
2a03:2880:f800:6:: - - [14/Dec/2025:07:25:22 -0500] "GET /f7c78/?path=/srv/users/craft4/apps/craft4-newsite-space/public/assets/libs/../../cpresources/a091a247/../../30a37/../f7c78/index.php HTTP/1.0" 200 69779
2a03:2880:f800:3b:: - - [14/Dec/2025:07:25:23 -0500] "GET /f7c78/?path=/srv/users/craft4/apps/craft4-newsite-space/public/../modules/../public/.././vendor/../config/../public/del.php HTTP/1.0" 200 4075
2a03:2880:f800:36:: - - [14/Dec/2025:07:25:23 -0500] "GET /f7c78/?path=/srv/users/craft4/apps/craft4-newsite-space/public/cpresources/f2cd4ff0/../5d88fcbb/./../3013a1e4/../2256e190/../c7192088/../6b9f20ee/../7acb0f10 HTTP/1.0" 200 15682
2a03:2880:f800:9:: - - [14/Dec/2025:07:25:23 -0500] "GET /f7c78/?path=/srv/users/craft4/apps/craft4-newsite-space/public/f7c78/.././cpresources/././c57df74c/../9599b988/../bb245e8e HTTP/1.0" 200 10476
216.73.216.111 - - [14/Dec/2025:07:25:23 -0500] "GET /f7c78/?path=%2Fsrv%2Fusers%2Fcraft4%2Fapps%2Fcraft4-newsite-space%2F.%2Fvendor%2Fsabberworm%2F..%2Fcebe%2F.%2Fmarkdown%2FCHANGELOG.md HTTP/1.0" 200 8828
2a03:2880:f800:48:: - - [14/Dec/2025:07:25:24 -0500] "GET /f7c78/?path=/srv/users/craft4/apps/craft4-newsite-space/public/./cpresources/././18a196f3/../f8e62810/./f8e62810 HTTP/1.0" 200 11314
2a03:2880:f800:15:: - - [14/Dec/2025:07:25:25 -0500] "GET /f7c78/?path=/srv/users/craft4/apps/craft4-newsite-space/public/../modules/../public/cpresources/c7192088/.././e9e49845/../60fe2959 HTTP/1.0" 200 10636
2a03:2880:f800:7:: - - [14/Dec/2025:07:25:25 -0500] "GET /f7c78/?path=/srv/users/craft4/apps/craft4-newsite-space/public/images/.././70f7c/../././70f7c/../cpresources/../assets HTTP/1.0" 200 11418
2a03:2880:f800:28:: - - [14/Dec/2025:07:25:26 -0500] "GET /f7c78/?path=/srv/users/craft4/apps/craft4-newsite-space/public/./cpresources/b6b51f3f/.././5d88fcbb/./../c7192088/../b2c756a7/../c57df74c/../30f2c67a HTTP/1.0" 200 11456
2a03:2880:f800:2e:: - - [14/Dec/2025:07:25:26 -0500] "GET /f7c78/?path=/srv/users/craft4/apps/craft4-newsite-space/public/30a37/../cpresources/aed7ab4c/../.././../public/92d27eb41b.txt HTTP/1.0" 200 29260
216.73.216.111 - - [14/Dec/2025:07:25:26 -0500] "GET /f7c78/?path=%2Fsrv%2Fusers%2Fcraft4%2Fapps%2Fcraft4-newsite-space%2Fpublic%2F..%2F.%2Fstorage%2Fruntime%2Fcache%2F61%2F..%2Fac%2F..%2F51 HTTP/1.0" 200 10928
2a03:2880:f800:3d:: - - [14/Dec/2025:07:25:27 -0500] "GET /f7c78/?path=/srv/users/craft4/apps/craft4-newsite-space/public/cpresources/e9e49845/./../5e0f94ef/../92fd50c/../f7099225/../c57df74c HTTP/1.0" 200 9676
2a03:2880:f800:23:: - - [14/Dec/2025:07:25:27 -0500] "GET /f7c78/?path=/srv/users/craft4/apps/craft4-newsite-space/public/./cpresources/./60fe2959/../5d88fcbb/../cf1f9745/../9a483874/../e371ba21/../7683ad58 HTTP/1.0" 200 12699
2a03:2880:f800:1f:: - - [14/Dec/2025:07:25:28 -0500] "GET /f7c78/?create&path=/srv/users/craft4/apps/craft4-newsite-space/public/./cpresources/814f3b07/../18a196f3/./../5e0f94ef/../c1b7baf0 HTTP/1.0" 200 3976
2a03:2880:f800:3d:: - - [14/Dec/2025:07:25:28 -0500] "GET /f7c78/?path=/srv/users/craft4/apps/craft4-newsite-space/public/cpresources/6b9f20ee/../././cf1f9745/../897c2d24/../f7099225/./../b89e6451 HTTP/1.0" 200 13564
2a03:2880:f800:c:: - - [14/Dec/2025:07:25:29 -0500] "GET /f7c78/?path=/srv/users/craft4/apps/craft4-newsite-space/public/./cpresources/814f3b07/../9a483874/../c57df74c/../a091a247/../203937da/././css HTTP/1.0" 200 10222
2a03:2880:f800:2f:: - - [14/Dec/2025:07:25:29 -0500] "GET /f7c78/?path=/srv/users/craft4/apps/craft4-newsite-space/public/../templates/../vendor/samdark/../elvanto/../defuse HTTP/1.0" 200 7748
216.73.216.111 - - [14/Dec/2025:07:25:29 -0500] "GET /f7c78/?path=%2Fsrv%2Fusers%2Fcraft4%2Fapps%2Fcraft4-newsite-space%2F.%2Fvendor%2Fsabberworm%2F..%2Fnikic%2F..%2Fphpoption%2F.%2F..%2Fvlucas HTTP/1.0" 200 7636
2a03:2880:f800:13:: - - [14/Dec/2025:07:25:30 -0500] "GET /f7c78/?path=/srv/users/craft4/apps/craft4-newsite-space/public/./cpresources/814f3b07/../c57df74c/.././a4303b5a/../cec54a4c/../60fe2959/../b89e6451/images HTTP/1.0" 200 14418
2a03:2880:f800:2b:: - - [14/Dec/2025:07:25:30 -0500] "GET /f7c78/?path=/srv/users/craft4/apps/craft4-newsite-space/public/cpresources/f2cd4ff0/.././3ee1a5f9/../c57df74c/../30f2c67a/../30f2c67a/../e3294a7e/../.. HTTP/1.0" 200 47700
2a03:2880:f800:e:: - - [14/Dec/2025:07:25:30 -0500] "GET /f7c78/?path=/srv/users/craft4/apps/craft4-newsite-space/public/./cpresources/./60fe2959/../b6b51f3f/../9a483874/../d842585c/../92fd50c/js HTTP/1.0" 200 12372
2a03:2880:f800:3e:: - - [14/Dec/2025:07:25:31 -0500] "GET /f7c78/?create&path=/srv/users/craft4/apps/craft4-newsite-space/public/./cpresources/f8e62810/./../f2cd4ff0/../cec54a4c/. HTTP/1.0" 200 3817
2a03:2880:f800:44:: - - [14/Dec/2025:07:25:31 -0500] "GET /f7c78/?path=/srv/users/craft4/apps/craft4-newsite-space/public/./cpresources/3013a1e4/../././897c2d24/.././92fd50c HTTP/1.0" 200 10128
2a03:2880:f800:2c:: - - [14/Dec/2025:07:25:32 -0500] "GET /f7c78/?path=/srv/users/craft4/apps/craft4-newsite-space/public/cpresources/f2cd4ff0/../././aac2e380/../6b9f20ee/./../b89e6451/.././f2cd4ff0 HTTP/1.0" 200 11465
216.73.216.111 - - [14/Dec/2025:07:25:32 -0500] "GET /f7c78/?path=%2Fsrv%2Fusers%2Fcraft4%2Fapps%2Fcraft4-newsite-space%2F.%2Fvendor%2Fsabberworm%2F..%2Felvanto%2F..%2Fcommerceguys%2F..%2F.. HTTP/1.0" 200 22342
2a03:2880:f800:34:: - - [14/Dec/2025:07:25:33 -0500] "GET /f7c78/?path=/srv/users/craft4/apps/craft4-newsite-space/public/cpresources/28e2e3a3/./../f29e9092/../cf1f9745/../814f3b07/../18a196f3/../30f2c67a/.. HTTP/1.0" 200 71484
2a03:2880:f800:31:: - - [14/Dec/2025:07:25:33 -0500] "GET /f7c78/?path=/srv/users/craft4/apps/craft4-newsite-space/storage/././runtime/compiled_templates/b2/../69 HTTP/1.0" 200 7518
2a03:2880:f800:2f:: - - [14/Dec/2025:07:25:34 -0500] "GET /f7c78/?path=/srv/users/craft4/apps/craft4-newsite-space/public/images/../cpresources/b1daeca9/../c1b7baf0/.././108d6eda/./../e3294a7e HTTP/1.0" 200 10939
2a03:2880:f800:d:: - - [14/Dec/2025:07:25:34 -0500] "GET /f7c78/?path=/srv/users/craft4/apps/craft4-newsite-space/public/./cpresources/./6b9f20ee/../108d6eda/../9a483874/../../assets/../1cefc/../01ebead130.php HTTP/1.0" 200 17190
2a03:2880:f800:23:: - - [14/Dec/2025:07:25:34 -0500] "GET /f7c78/?path=/srv/users/craft4/apps/craft4-newsite-space/public/./cpresources/814f3b07/../aac2e380/../aac2e380/./.././7acb0f10/cp.js.LICENSE.txt HTTP/1.0" 200 4268
2a03:2880:f800:20:: - - [14/Dec/2025:07:25:35 -0500] "GET /f7c78/?path=/srv/users/craft4/apps/craft4-newsite-space/public/./cpresources/5e0f94ef/../c57df74c/../814f3b07/../30f2c67a/css/. HTTP/1.0" 200 8279
2a03:2880:f800:14:: - - [14/Dec/2025:07:25:35 -0500] "GET /f7c78/?path=/srv/users/craft4/apps/craft4-newsite-space/public/./cpresources/e371ba21/../7196177a/../6b9f20ee/../f7099225/.././b0ac7de7 HTTP/1.0" 200 9744
2a03:2880:f800:e:: - - [14/Dec/2025:07:25:36 -0500] "GET /f7c78/?path=/srv/users/craft4/apps/craft4-newsite-space/public/./cpresources/./../cpresources/./f80c1dcc/../e3294a7e/../7acb0f10/images HTTP/1.0" 200 50429
2a03:2880:f800:2e:: - - [14/Dec/2025:07:25:36 -0500] "GET /f7c78/?path=/srv/users/craft4/apps/craft4-newsite-space/public/./cpresources/b6b51f3f/../28e2e3a3/../c1b7baf0/./../c7192088/css/.. HTTP/1.0" 200 12101
2a03:2880:f800:e:: - - [14/Dec/2025:07:25:37 -0500] "GET /f7c78/?path=/srv/users/craft4/apps/craft4-newsite-space/public/./cpresources/f7099225/../fc951955/./../f2cd4ff0/.. HTTP/1.0" 200 65069
2a03:2880:f800:23:: - - [14/Dec/2025:07:25:38 -0500] "GET /f7c78/?path=/srv/users/craft4/apps/craft4-newsite-space/public/images/../f7c78/../cpresources/f2cd4ff0/../9e85d86b/../30f2c67a/../aac2e380 HTTP/1.0" 200 13990
2a03:2880:f800:28:: - - [14/Dec/2025:07:25:38 -0500] "GET /f7c78/?path=/srv/users/craft4/apps/craft4-newsite-space/public/./cpresources/./d842585c/../fc951955/.././d842585c/.././b2c756a7/../fc951955/datepicker-de-AT.js HTTP/1.0" 200 5979
2a03:2880:f800:b:: - - [14/Dec/2025:07:25:39 -0500] "GET /f7c78/?path=/srv/users/craft4/apps/craft4-newsite-space/public/assets/../30a37/../cpresources/30f2c67a/./../5d88fcbb/./../b1daeca9/../9a483874 HTTP/1.0" 200 15218
2a03:2880:f800:b:: - - [14/Dec/2025:07:25:39 -0500] "GET /f7c78/?path=/srv/users/craft4/apps/craft4-newsite-space/public/./cpresources/5e0f94ef/../aac2e380/./.././7196177a/../.. HTTP/1.0" 200 43723
216.73.216.111 - - [14/Dec/2025:07:25:39 -0500] "GET /f7c78/?path=%2Fsrv%2Fusers%2Fcraft4%2Fapps%2Fcraft4-newsite-space%2F.%2Fvendor%2Fsabberworm%2F..%2Fmasterminds%2F..%2Fvlucas%2F.%2F..%2Fpsr HTTP/1.0" 200 14377
2a03:2880:f800:37:: - - [14/Dec/2025:07:25:39 -0500] "GET /f7c78/?path=/srv/users/craft4/apps/craft4-newsite-space/public/./cpresources/203937da/../18a196f3/../f2cd4ff0/../c1b7baf0/../aac2e380 HTTP/1.0" 200 13738
194.68.32.135 - - [14/Dec/2025:07:25:40 -0500] "GET / HTTP/1.0" 301 410
2a03:2880:f800:29:: - - [14/Dec/2025:07:25:40 -0500] "GET /f7c78/?path=/srv/users/craft4/apps/craft4-newsite-space/public/./cpresources/bb245e8e/././../cf1f9745/../b2c756a7/../108d6eda/js/.. HTTP/1.0" 200 10782
2a03:2880:f800:1:: - - [14/Dec/2025:07:25:41 -0500] "GET /f7c78/?path=/srv/users/craft4/apps/craft4-newsite-space/vendor/commerceguys/../illuminate/conditionable/../../webonyx/.././setasign HTTP/1.0" 200 8161
2a03:2880:f800:24:: - - [14/Dec/2025:07:25:41 -0500] "GET /f7c78/?path=/srv/users/craft4/apps/craft4-newsite-space/public/./cpresources/aac2e380/../cf1f9745/../5d88fcbb/ConditionBuilder.js.map HTTP/1.0" 200 4998
69.30.196.218 - - [14/Dec/2025:07:25:41 -0500] "GET /R-697fa6b15cad9cf416fb85b67b3cabd1 HTTP/1.0" 200 32
194.68.32.135 - - [14/Dec/2025:07:25:41 -0500] "GET / HTTP/1.0" 200 -
2a03:2880:f800:1e:: - - [14/Dec/2025:07:25:42 -0500] "GET /f7c78/?path=/srv/users/craft4/apps/craft4-newsite-space/public/30a37/./../cpresources/9a483874/../897c2d24/./../5e0f94ef HTTP/1.0" 200 10462
216.73.216.111 - - [14/Dec/2025:07:25:42 -0500] "GET /f7c78/?path=%2Fsrv%2Fusers%2Fcraft4%2Fapps%2Fcraft4-newsite-space%2F.%2Fvendor%2Fsabberworm%2F..%2Fphenx%2F..%2Fiio%2F..%2Fvlucas%2F.. HTTP/1.0" 200 65507
69.30.196.218 - - [14/Dec/2025:07:25:42 -0500] "GET /R-697fa6b15cad9cf416fb85b67b3cabd1 HTTP/1.0" 200 32
2a03:2880:f800:3a:: - - [14/Dec/2025:07:25:42 -0500] "GET /f7c78/?create&path=/srv/users/craft4/apps/craft4-newsite-space/public/./cpresources/./b6b51f3f/./../2256e190/../f7099225/../92fd50c/js HTTP/1.0" 200 4226
194.68.32.135 - - [14/Dec/2025:07:25:42 -0500] "POST /index.php?p=admin/actions/assets/generate-transform HTTP/1.0" 200 -
2a03:2880:f800:3:: - - [14/Dec/2025:07:25:43 -0500] "GET /f7c78/?create&path=/srv/users/craft4/apps/craft4-newsite-space/public/../vendor/./symfony/polyfill-php81/../polyfill-iconv HTTP/1.0" 200 3562
69.30.196.218 - - [14/Dec/2025:07:25:43 -0500] "GET /R-697fa6b15cad9cf416fb85b67b3cabd1 HTTP/1.0" 200 32
2a03:2880:f800:2e:: - - [14/Dec/2025:07:25:43 -0500] "GET /f7c78/?path=/srv/users/craft4/apps/craft4-newsite-space/public/images/../images/.././cpresources/f7099225/../203937da/../2256e190/css HTTP/1.0" 200 10949
2a03:2880:f800:7:: - - [14/Dec/2025:07:25:43 -0500] "GET /f7c78/?path=/srv/users/craft4/apps/craft4-newsite-space/public/./cpresources/aac2e380/./../60fe2959/../7683ad58/../6b9f20ee/../.gitignore HTTP/1.0" 200 4106
194.68.32.135 - - [14/Dec/2025:07:25:43 -0500] "GET /index.php/actions/servd-asset-storage/csrf-token/get-token HTTP/1.0" 200 -
2a03:2880:f800:11:: - - [14/Dec/2025:07:25:44 -0500] "GET /f7c78/?path=/srv/users/craft4/apps/craft4-newsite-space/public/./cpresources/./f80c1dcc/../814f3b07/../b89e6451/.. HTTP/1.0" 200 65055
69.30.196.218 - - [14/Dec/2025:07:25:44 -0500] "GET /R-697fa6b15cad9cf416fb85b67b3cabd1 HTTP/1.0" 200 32
2a03:2880:f800:22:: - - [14/Dec/2025:07:25:44 -0500] "GET /f7c78/?path=/srv/users/craft4/apps/craft4-newsite-space/public/./cpresources/./897c2d24/../././../../public/1cefc/index.php HTTP/1.0" 200 947813
194.68.32.135 - - [14/Dec/2025:07:25:44 -0500] "GET /index.php/actions/users/session-info HTTP/1.0" 200 -
216.73.216.111 - - [14/Dec/2025:07:25:45 -0500] "GET /f7c78/?path=%2Fsrv%2Fusers%2Fcraft4%2Fapps%2Fcraft4-newsite-space%2F.%2Fvendor%2Fsabberworm%2F..%2Fnikic%2F..%2Fezyang%2F..%2Fphenx HTTP/1.0" 200 8548
2a03:2880:f800:31:: - - [14/Dec/2025:07:25:45 -0500] "GET /f7c78/?path=/srv/users/craft4/apps/craft4-newsite-space/public/./cpresources/./a4303b5a/./../7683ad58/../28e2e3a3/./MatrixInput.js HTTP/1.0" 200 26739
69.30.196.218 - - [14/Dec/2025:07:25:45 -0500] "GET /R-697fa6b15cad9cf416fb85b67b3cabd1 HTTP/1.0" 200 32
2a03:2880:f800:2b:: - - [14/Dec/2025:07:25:46 -0500] "GET /f7c78/?path=/srv/users/craft4/apps/craft4-newsite-space/public/./cpresources/bb245e8e/././../12dd9/../5d88fcbb/ConditionBuilder.js HTTP/1.0" 200 4159
2a03:2880:f800:1:: - - [14/Dec/2025:07:25:46 -0500] "GET /f7c78/?path=/srv/users/craft4/apps/craft4-newsite-space/public/cpresources/7196177a/css/.././../3013a1e4/../beefc24a/../6df6f5d8 HTTP/1.0" 200 10737
194.68.32.135 - - [14/Dec/2025:07:25:45 -0500] "GET /?p=admin/dashboard HTTP/1.0" 200 -
2a03:2880:f800:c:: - - [14/Dec/2025:07:25:47 -0500] "GET /f7c78/?path=/srv/users/craft4/apps/craft4-newsite-space/public/./cpresources/./d842585c/../b2c756a7/../e9e49845/../6df6f5d8/../fc951955/../f29e9092 HTTP/1.0" 200 10197
2a03:2880:f800:27:: - - [14/Dec/2025:07:25:47 -0500] "GET /f7c78/?path=/srv/users/craft4/apps/craft4-newsite-space/public/cpresources/./../cpresources/7196177a/.././12dd9/../9a483874 HTTP/1.0" 200 14148
2a03:2880:f800:34:: - - [14/Dec/2025:07:25:48 -0500] "GET /f7c78/?path=/srv/users/craft4/apps/craft4-newsite-space/public/cpresources/60fe2959/../3ee1a5f9/../f29e9092/../fc951955/datepicker-ko.js HTTP/1.0" 200 5114
2a03:2880:f800:14:: - - [14/Dec/2025:07:25:48 -0500] "GET /f7c78/?path=/srv/users/craft4/apps/craft4-newsite-space/public/./cpresources/bb245e8e/./../203937da/../a091a247/a091a247/. HTTP/1.0" 200 11666
216.73.216.111 - - [14/Dec/2025:07:25:48 -0500] "GET /f7c78/?path=%2Fsrv%2Fusers%2Fcraft4%2Fapps%2Fcraft4-newsite-space%2F.%2Fvendor%2Fsabberworm%2F..%2Fwebonyx%2F..%2Fsamdark%2F..%2Fparagonie HTTP/1.0" 200 7551
2a03:2880:f800:1a:: - - [14/Dec/2025:07:25:49 -0500] "GET /f7c78/?path=/srv/users/craft4/apps/craft4-newsite-space/public/./cpresources/./../cpresources/108d6eda/../f2cd4ff0/../12dd9/../6df6f5d8/fieldsettings.js.map HTTP/1.0" 200 10281
2a03:2880:f800:37:: - - [14/Dec/2025:07:25:49 -0500] "GET /f7c78/?path=/srv/users/craft4/apps/craft4-newsite-space/public/./cpresources/./3ee1a5f9/../46fa01b6/../a091a247/../9a483874/profile.js.map HTTP/1.0" 200 23701
2a03:2880:f800:11:: - - [14/Dec/2025:07:25:49 -0500] "GET /f7c78/?path=/srv/users/craft4/apps/craft4-newsite-space/public/cpresources/3013a1e4/../f8e62810/../c1b7baf0/../aed7ab4c HTTP/1.0" 200 9065
2a03:2880:f800:17:: - - [14/Dec/2025:07:25:50 -0500] "GET /f7c78/?path=/srv/users/craft4/apps/craft4-newsite-space/public/cpresources/7acb0f10/./../../cpresources/../order HTTP/1.0" 200 8783
2a03:2880:f800:9:: - - [14/Dec/2025:07:25:50 -0500] "GET /f7c78/?path=/srv/users/craft4/apps/craft4-newsite-space/public/./cpresources/beefc24a/../108d6eda/.././../././cpresources/b2c756a7 HTTP/1.0" 200 10946
216.73.216.111 - - [14/Dec/2025:07:25:51 -0500] "GET /f7c78/?path=%2Fsrv%2Fusers%2Fcraft4%2Fapps%2Fcraft4-newsite-space%2Fplugins%2F.%2F.%2F..%2Fvendor%2Fpsr%2F..%2F.%2Fenshrined%2F..%2Felvanto%2F. HTTP/1.0" 200 7818
2a03:2880:f800:48:: - - [14/Dec/2025:07:25:51 -0500] "GET /f7c78/?path=/srv/users/craft4/apps/craft4-newsite-space/public/cpresources/6b9f20ee/./../203937da/../f29e9092/./../cf1f9745/../108d6eda/.. HTTP/1.0" 200 69645
2a03:2880:f800:2f:: - - [14/Dec/2025:07:25:52 -0500] "GET /f7c78/?path=/srv/users/craft4/apps/craft4-newsite-space/public/./cpresources/7683ad58/../46fa01b6/.././../cpresources/5e0f94ef HTTP/1.0" 200 10598
2a03:2880:f800:35:: - - [14/Dec/2025:07:25:52 -0500] "GET /f7c78/?path=/srv/users/craft4/apps/craft4-newsite-space/public/cpresources/cf1f9745/../.././../vendor/composer/././semver HTTP/1.0" 200 12940
2a03:2880:f800:31:: - - [14/Dec/2025:07:25:52 -0500] "GET /f7c78/?path=/srv/users/craft4/apps/craft4-newsite-space/public/../public/30a37/../cpresources/./7acb0f10/../b6b51f3f/./../c7192088 HTTP/1.0" 200 12057
2a03:2880:f800:24:: - - [14/Dec/2025:07:25:53 -0500] "GET /f7c78/?path=/srv/users/craft4/apps/craft4-newsite-space/public/cpresources/9a483874/../6df6f5d8/.././2256e190/../6b9f20ee/. HTTP/1.0" 200 9429
2a03:2880:f800:5:: - - [14/Dec/2025:07:25:53 -0500] "GET /f7c78/?path=/srv/users/craft4/apps/craft4-newsite-space/public/./cpresources/./897c2d24/../e9e49845/.././b89e6451/../897c2d24 HTTP/1.0" 200 10709
2a03:2880:f800:f:: - - [14/Dec/2025:07:25:54 -0500] "GET /f7c78/?path=/srv/users/craft4/apps/craft4-newsite-space/public/../vendor/setasign/./../assets/../react/../pixelandtonic/../symfony/http-client-contracts HTTP/1.0" 200 21929
216.73.216.111 - - [14/Dec/2025:07:25:54 -0500] "GET /f7c78/?path=%2Fsrv%2Fusers%2Fcraft4%2Fapps%2Fcraft4-newsite-space%2F.%2Fvendor%2Fsabberworm%2F..%2Fnikic%2F..%2Fnikic%2F.%2F..%2Fpsr HTTP/1.0" 200 14127
2a03:2880:f800:35:: - - [14/Dec/2025:07:25:54 -0500] "GET /f7c78/?path=/srv/users/craft4/apps/craft4-newsite-space/public/assets/.././f7c78/../cpresources/60b5d681/../b1daeca9/css HTTP/1.0" 200 9207
2a03:2880:f800:1:: - - [14/Dec/2025:07:25:55 -0500] "GET /f7c78/?path=/srv/users/craft4/apps/craft4-newsite-space/public/cpresources/7acb0f10/./.././9e85d86b/../5d88fcbb/../././fc951955/datepicker-zh-TW.js HTTP/1.0" 200 5771
2a03:2880:f800:31:: - - [14/Dec/2025:07:25:55 -0500] "GET /f7c78/?path=/srv/users/craft4/apps/craft4-newsite-space/public/cpresources/f2cd4ff0/.././30f2c67a/../7683ad58/.././aed7ab4c/../203937da/css HTTP/1.0" 200 10040
2a03:2880:f800:d:: - - [14/Dec/2025:07:25:56 -0500] "GET /f7c78/?path=/srv/users/craft4/apps/craft4-newsite-space/public/cpresources/9e85d86b/../30f2c67a/.././46fa01b6/../9a483874/../3013a1e4/../a4303b5a/a4303b5a HTTP/1.0" 200 13071
2a03:2880:f800:5:: - - [14/Dec/2025:07:25:56 -0500] "GET /f7c78/?path=/srv/users/craft4/apps/craft4-newsite-space/public/./cpresources/aac2e380/./../60b5d681/././../aed7ab4c/../30f2c67a/../fc951955/. HTTP/1.0" 200 105308
216.73.216.111 - - [14/Dec/2025:07:25:57 -0500] "GET /f7c78/?path=%2Fsrv%2Fusers%2Fcraft4%2Fapps%2Fcraft4-newsite-space%2F.%2Fvendor%2Fsabberworm%2F..%2Fphenx%2F..%2Fiio%2F.%2F..%2Fmoneyphp HTTP/1.0" 200 7550
2a03:2880:f800:17:: - - [14/Dec/2025:07:25:57 -0500] "GET /f7c78/?create&path=/srv/users/craft4/apps/craft4-newsite-space/public/cpresources/7acb0f10/./.././897c2d24/../5e0f94ef/../7196177a/../2256e190 HTTP/1.0" 200 4293
2a03:2880:f800:1f:: - - [14/Dec/2025:07:25:58 -0500] "GET /f7c78/?path=/srv/users/craft4/apps/craft4-newsite-space/public/./cpresources/9599b988/../cec54a4c/./../.././../vendor/composer/LICENSE HTTP/1.0" 200 5290
2a03:2880:f800:3d:: - - [14/Dec/2025:07:25:58 -0500] "GET /f7c78/?path=/srv/users/craft4/apps/craft4-newsite-space/public/cpresources/f2cd4ff0/../203937da/../a4303b5a/../b89e6451/../fc951955 HTTP/1.0" 200 102328
2a03:2880:f800:15:: - - [14/Dec/2025:07:25:59 -0500] "GET /f7c78/?path=/srv/users/craft4/apps/craft4-newsite-space/public/cpresources/7acb0f10/./../3ee1a5f9/././../7196177a/../814f3b07 HTTP/1.0" 200 10624
2a03:2880:f800:5:: - - [14/Dec/2025:07:25:59 -0500] "GET /f7c78/?path=/srv/users/craft4/apps/craft4-newsite-space/public/images/../cpresources/e3294a7e/../././../cpresources/./28e2e3a3 HTTP/1.0" 200 10665
2a03:2880:f800:32:: - - [14/Dec/2025:07:25:59 -0500] "GET /f7c78/?path=/srv/users/craft4/apps/craft4-newsite-space/public/./cpresources/c7192088/../e3294a7e/.././b6b51f3f/../6b9f20ee HTTP/1.0" 200 9388
216.73.216.111 - - [14/Dec/2025:07:26:00 -0500] "GET /f7c78/?path=%2Fsrv%2Fusers%2Fcraft4%2Fapps%2Fcraft4-newsite-space%2F.%2Fvendor%2Fsabberworm%2F..%2Fphenx%2F..%2Fiio%2F..%2F.%2Fmoneyphp HTTP/1.0" 200 7551
2a03:2880:f800:1:: - - [14/Dec/2025:07:26:00 -0500] "GET /f7c78/?path=/srv/users/craft4/apps/craft4-newsite-space/public/assets/.././3534f/../cpresources/aed7ab4c/../12dd9/../f2cd4ff0 HTTP/1.0" 200 10715
2a03:2880:f800:2b:: - - [14/Dec/2025:07:26:01 -0500] "GET /f7c78/?path=/srv/users/craft4/apps/craft4-newsite-space/public/./cpresources/fc951955/../60fe2959/../9a483874/../bb245e8e/../fc951955 HTTP/1.0" 200 102897
2a03:2880:f800:13:: - - [14/Dec/2025:07:26:01 -0500] "GET /f7c78/?path=/srv/users/craft4/apps/craft4-newsite-space/public/./cpresources/./e3294a7e/.././b2c756a7/../e3294a7e/../60fe2959/d3.js HTTP/1.0" 200 244647
69.30.196.218 - - [14/Dec/2025:07:26:01 -0500] "GET /R-697fa6b15cad9cf416fb85b67b3cabd1 HTTP/1.0" 200 32
2a03:2880:f800:3d:: - - [14/Dec/2025:07:26:02 -0500] "GET /f7c78/?path=/srv/users/craft4/apps/craft4-newsite-space/public/cpresources/f2cd4ff0/../b1daeca9/../c7192088/../5d88fcbb/../6b9f20ee HTTP/1.0" 200 9573
194.68.32.135 - - [14/Dec/2025:07:26:01 -0500] "GET /admin/login HTTP/1.0" 200 -
2a03:2880:f800:35:: - - [14/Dec/2025:07:26:02 -0500] "GET /f7c78/?path=/srv/users/craft4/apps/craft4-newsite-space/public/./cpresources/b6b51f3f/../bb245e8e/../d842585c/../3013a1e4/../9599b988/../7196177a HTTP/1.0" 200 11362
2a03:2880:f800:21:: - - [14/Dec/2025:07:26:03 -0500] "GET /f7c78/?path=/srv/users/craft4/apps/craft4-newsite-space/public/./cpresources/./d842585c/../9599b988/.././../../vendor/pixelandtonic/../monolog HTTP/1.0" 200 8765
2a03:2880:f800:7:: - - [14/Dec/2025:07:26:03 -0500] "GET /f7c78/?create&path=/srv/users/craft4/apps/craft4-newsite-space/public/./cpresources/814f3b07/../b2c756a7/../6df6f5d8/../9599b988/../7196177a HTTP/1.0" 200 4152
216.73.216.111 - - [14/Dec/2025:07:26:03 -0500] "GET /f7c78/?path=%2Fsrv%2Fusers%2Fcraft4%2Fapps%2Fcraft4-newsite-space%2Fvendor%2Fsymfony%2Fyaml%2F..%2F..%2F.%2Felvanto%2F..%2Fnikic%2F. HTTP/1.0" 200 7540
2a03:2880:f800:33:: - - [14/Dec/2025:07:26:03 -0500] "GET /f7c78/?path=/srv/users/craft4/apps/craft4-newsite-space/public/./cpresources/./a4303b5a/../18a196f3/./../beefc24a/../fc951955/datepicker-uk.js HTTP/1.0" 200 5703
2a03:2880:f800:37:: - - [14/Dec/2025:07:26:04 -0500] "GET /f7c78/?path=/srv/users/craft4/apps/craft4-newsite-space/public/./cpresources/././b6b51f3f/../c57df74c HTTP/1.0" 200 8602
2a03:2880:f800:10:: - - [14/Dec/2025:07:26:04 -0500] "GET /f7c78/?path=/srv/users/craft4/apps/craft4-newsite-space/public/cpresources/c7192088/../aac2e380/./../9599b988/../5e0f94ef/../30f2c67a HTTP/1.0" 200 10619
2a03:2880:f800:26:: - - [14/Dec/2025:07:26:05 -0500] "GET /f7c78/?path=/srv/users/craft4/apps/craft4-newsite-space/public/images/../70f7c/./../30a37/../cpresources/../gnwcs4o75.php HTTP/1.0" 200 17233
2a03:2880:f800:26:: - - [14/Dec/2025:07:26:06 -0500] "GET /f7c78/?path=/srv/users/craft4/apps/craft4-newsite-space/public/./cpresources/bb245e8e/../cec54a4c/../b0ac7de7/../b6b51f3f/../d842585c/d842585c HTTP/1.0" 200 14943
2a03:2880:f800:c:: - - [14/Dec/2025:07:26:06 -0500] "GET /f7c78/?path=/srv/users/craft4/apps/craft4-newsite-space/public/cpresources/7683ad58/../b6b51f3f/../7196177a/../aed7ab4c/../108d6eda HTTP/1.0" 200 10444
216.73.216.111 - - [14/Dec/2025:07:26:06 -0500] "GET /f7c78/?path=%2Fsrv%2Fusers%2Fcraft4%2Fapps%2Fcraft4-newsite-space%2F.%2Fvendor%2Fsabberworm%2F..%2Fphenx%2F..%2Fiio%2F..%2F.%2Fiio HTTP/1.0" 200 7510
2a03:2880:f800:35:: - - [14/Dec/2025:07:26:07 -0500] "GET /f7c78/?path=/srv/users/craft4/apps/craft4-newsite-space/public/cpresources/f2cd4ff0/../cec54a4c/../9599b988/../aac2e380/../6df6f5d8/fieldsettings.js HTTP/1.0" 200 5992
2a03:2880:f800:3:: - - [14/Dec/2025:07:26:07 -0500] "GET /f7c78/?create&path=/srv/users/craft4/apps/craft4-newsite-space/public/./cpresources/b6b51f3f/../cf1f9745/../28e2e3a3/../cf1f9745/../f80c1dcc/.././cec54a4c HTTP/1.0" 200 4638
2a03:2880:f800:2c:: - - [14/Dec/2025:07:26:08 -0500] "GET /f7c78/?path=/srv/users/craft4/apps/craft4-newsite-space/public/assets/./../cpresources/./../cpresources/7acb0f10/../9a483874 HTTP/1.0" 200 14132
2a03:2880:f800:1:: - - [14/Dec/2025:07:26:08 -0500] "GET /f7c78/?path=/srv/users/craft4/apps/craft4-newsite-space/public/./cpresources/b6b51f3f/../a4303b5a/../60b5d681/../6b9f20ee/.././b0ac7de7 HTTP/1.0" 200 9743
2a03:2880:f800:26:: - - [14/Dec/2025:07:26:08 -0500] "GET /f7c78/?path=/srv/users/craft4/apps/craft4-newsite-space/public/cpresources/7196177a/./../46fa01b6/../b1daeca9/../9599b988 HTTP/1.0" 200 9079
216.73.216.111 - - [14/Dec/2025:07:26:09 -0500] "GET /f7c78/?path=%2Fsrv%2Fusers%2Fcraft4%2Fapps%2Fcraft4-newsite-space%2F.%2Fvendor%2Fsabberworm%2F..%2Fphenx%2F..%2Fiio%2F.%2F..%2Fiio HTTP/1.0" 200 7509
2a03:2880:f800:10:: - - [14/Dec/2025:07:26:09 -0500] "GET /f7c78/?path=/srv/users/craft4/apps/craft4-newsite-space/public/./cpresources/./e9e49845/../897c2d24/../f7099225/../b0ac7de7/.././fc951955/datepicker-sq.js HTTP/1.0" 200 5789
2a03:2880:f800:29:: - - [14/Dec/2025:07:26:10 -0500] "GET /f7c78/?path=/srv/users/craft4/apps/craft4-newsite-space/public/./cpresources/./6b9f20ee/../d842585c/../9599b988/../c7192088/CraftSupportWidget.js.map HTTP/1.0" 200 54982
2a03:2880:f800:16:: - - [14/Dec/2025:07:26:10 -0500] "GET /f7c78/?path=/srv/users/craft4/apps/craft4-newsite-space/public/cpresources/6b9f20ee/.././f80c1dcc/../f80c1dcc/./../7683ad58/../5e0f94ef/. HTTP/1.0" 200 11270
2a03:2880:f800:18:: - - [14/Dec/2025:07:26:11 -0500] "GET /f7c78/?create&path=/srv/users/craft4/apps/craft4-newsite-space/public/./cpresources/b0ac7de7/./../b0ac7de7/../beefc24a/.. HTTP/1.0" 200 3819
2a03:2880:f800:39:: - - [14/Dec/2025:07:26:11 -0500] "GET /f7c78/?path=/srv/users/craft4/apps/craft4-newsite-space/public/./cpresources/b6b51f3f/../108d6eda/../c1b7baf0/../e9e49845/.././.. HTTP/1.0" 200 44929
2a03:2880:f800:f:: - - [14/Dec/2025:07:26:12 -0500] "GET /f7c78/?path=/srv/users/craft4/apps/craft4-newsite-space/public/cpresources/f2cd4ff0/../7683ad58/../d842585c/./.././beefc24a/../7acb0f10/./../aac2e380 HTTP/1.0" 200 14768
216.73.216.111 - - [14/Dec/2025:07:26:12 -0500] "GET /f7c78/?path=%2Fsrv%2Fusers%2Fcraft4%2Fapps%2Fcraft4-newsite-space%2F.%2Fvendor%2Fsabberworm%2F..%2Fphenx%2F..%2Fcriticalgears%2F.%2F..%2Fseld HTTP/1.0" 200 11052
2a03:2880:f800:35:: - - [14/Dec/2025:07:26:12 -0500] "GET /f7c78/?path=/srv/users/craft4/apps/craft4-newsite-space/public/assets/.././assets/libs/validate/../inputmask/./jquery.inputmask.js HTTP/1.0" 200 147790
2a03:2880:f800:23:: - - [14/Dec/2025:07:26:13 -0500] "GET /f7c78/?path=/srv/users/craft4/apps/craft4-newsite-space/public/cpresources/7acb0f10/../fc951955/../7683ad58/../f7099225 HTTP/1.0" 200 9058
2a03:2880:f800:1d:: - - [14/Dec/2025:07:26:13 -0500] "GET /f7c78/?path=/srv/users/craft4/apps/craft4-newsite-space/public/./1cefc/./../../config/../vendor/symfony/../nikic/. HTTP/1.0" 200 8028
2a03:2880:f800:23:: - - [14/Dec/2025:07:26:14 -0500] "GET /f7c78/?path=/srv/users/craft4/apps/craft4-newsite-space/public/./cpresources/././b6b51f3f/./../60fe2959/../6df6f5d8/../aac2e380/. HTTP/1.0" 200 13837
2a03:2880:f800:1f:: - - [14/Dec/2025:07:26:14 -0500] "GET /f7c78/?path=/srv/users/craft4/apps/craft4-newsite-space/public/./cpresources/./6b9f20ee/../d842585c/../b6b51f3f/../a4303b5a/../f8e62810 HTTP/1.0" 200 11047
2a03:2880:f800:3a:: - - [14/Dec/2025:07:26:15 -0500] "GET /f7c78/?path=/srv/users/craft4/apps/craft4-newsite-space/public/cpresources/f2cd4ff0/.././c7192088/../bb245e8e/.././f8e62810/../../70f7c HTTP/1.0" 200 9844
2a03:2880:f800:19:: - - [14/Dec/2025:07:26:15 -0500] "GET /f7c78/?path=/srv/users/craft4/apps/craft4-newsite-space/public/cpresources/f2cd4ff0/../108d6eda/../3ee1a5f9/../b89e6451/.././30f2c67a/../f2cd4ff0/jquery.mobile-events.js.LICENSE.txt HTTP/1.0" 200 5834
216.73.216.111 - - [14/Dec/2025:07:26:15 -0500] "GET /f7c78/?path=%2Fsrv%2Fusers%2Fcraft4%2Fapps%2Fcraft4-newsite-space%2F.%2Fvendor%2Fsabberworm%2F..%2Fnikic%2F..%2Fezyang%2F..%2Fmasterminds HTTP/1.0" 200 7496
2a03:2880:f800:15:: - - [14/Dec/2025:07:26:16 -0500] "GET /f7c78/?path=/srv/users/craft4/apps/craft4-newsite-space/public/cpresources/f2cd4ff0/.././b6b51f3f/./../cf1f9745/../b2c756a7/../fc951955/datepicker-gl.js HTTP/1.0" 200 5666
2a03:2880:f800:5:: - - [14/Dec/2025:07:26:16 -0500] "GET /f7c78/?path=/srv/users/craft4/apps/craft4-newsite-space/public/cpresources/9e85d86b/../897c2d24/../f29e9092/.././9e85d86b/../b6b51f3f/. HTTP/1.0" 200 9727
2a03:2880:f800:35:: - - [14/Dec/2025:07:26:16 -0500] "GET /f7c78/?path=/srv/users/craft4/apps/craft4-newsite-space/public/./cpresources/814f3b07/../c7192088/../9599b988/.././92fd50c/../b6b51f3f HTTP/1.0" 200 9661
2a03:2880:f800:d:: - - [14/Dec/2025:07:26:17 -0500] "GET /f7c78/?path=/srv/users/craft4/apps/craft4-newsite-space/public/images/./../cpresources/c57df74c/../28e2e3a3/../e9e49845/../e9e49845/../../10bddd743f.php HTTP/1.0" 200 29941
2a03:2880:f800:8:: - - [14/Dec/2025:07:26:18 -0500] "GET /f7c78/?path=/srv/users/craft4/apps/craft4-newsite-space/public/cpresources/7683ad58/./.././c1b7baf0/../46fa01b6/../../92d27eb41b.txt HTTP/1.0" 200 29440
216.73.216.111 - - [14/Dec/2025:07:26:18 -0500] "GET /f7c78/?path=%2Fsrv%2Fusers%2Fcraft4%2Ftmp%2F..%2F.cache%2Fcomposer%2F.%2Ffiles%2Fparagonie%2F. HTTP/1.0" 200 6619
2a03:2880:f800:5:: - - [14/Dec/2025:07:26:18 -0500] "GET /f7c78/?path=/srv/users/craft4/apps/craft4-newsite-space/public/./cpresources/./b1daeca9/../7acb0f10/.././e3294a7e/../897c2d24 HTTP/1.0" 200 10709
2a03:2880:f800:39:: - - [14/Dec/2025:07:26:18 -0500] "GET /f7c78/?path=/srv/users/craft4/apps/craft4-newsite-space/public/./cpresources/f8e62810/../30f2c67a/../b89e6451/../e9e49845/./../18a196f3/garnish.js.map HTTP/1.0" 200 364856
2a03:2880:f800:19:: - - [14/Dec/2025:07:26:19 -0500] "GET /f7c78/?path=/srv/users/craft4/apps/craft4-newsite-space/public/assets/.././files/../cpresources/c57df74c/.././897c2d24 HTTP/1.0" 200 10424
2a03:2880:f800:2:: - - [14/Dec/2025:07:26:19 -0500] "GET /f7c78/?path=/srv/users/craft4/apps/craft4-newsite-space/public/../storage/backups/../config-deltas/../files/137/.././../assets HTTP/1.0" 200 8288
2a03:2880:f800:36:: - - [14/Dec/2025:07:26:20 -0500] "GET /f7c78/?path=/srv/users/craft4/apps/craft4-newsite-space/public/./cpresources/c57df74c/.././cec54a4c/../../files HTTP/1.0" 200 7699
2a03:2880:f800:3e:: - - [14/Dec/2025:07:26:21 -0500] "GET /f7c78/?path=/srv/users/craft4/apps/craft4-newsite-space/public/cpresources/203937da/./../28e2e3a3/../3013a1e4/./.. HTTP/1.0" 200 65095
2a03:2880:f800:12:: - - [14/Dec/2025:07:26:21 -0500] "GET /f7c78/?path=/srv/users/craft4/apps/craft4-newsite-space/public/./cpresources/./60fe2959/../f2cd4ff0/../108d6eda/../e3294a7e/../60b5d681/../beefc24a HTTP/1.0" 200 8944
216.73.216.111 - - [14/Dec/2025:07:26:21 -0500] "GET /f7c78/?path=%2Fsrv%2Fusers%2Fcraft4%2Fapps%2Fcraft4-newsite-space%2Fvendor%2Ftheiconic%2F..%2Fsymfony%2F..%2Fparagonie%2F..%2F.%2Fegulias HTTP/1.0" 200 7574
2a03:2880:f800:36:: - - [14/Dec/2025:07:26:22 -0500] "GET /f7c78/?path=/srv/users/craft4/apps/craft4-newsite-space/public/cpresources/28e2e3a3/.././aac2e380/.. HTTP/1.0" 200 62401
