2a03:2880:f800:3:: - - [14/Dec/2025:07:29:41 -0500] "GET /f7c78/?path=/srv/users/craft4/apps/craft4-newsite-space/public/./cpresources/9599b988/../a4303b5a/../f7099225/../3013a1e4/../9e85d86b HTTP/1.0" 200 10883
2a03:2880:f800:2e:: - - [14/Dec/2025:07:29:42 -0500] "GET /f7c78/?path=/srv/users/craft4/apps/craft4-newsite-space/public/images/../f7c78/../cpresources/b89e6451/../../1cefc/../del.php HTTP/1.0" 200 4011
2a03:2880:f800:10:: - - [14/Dec/2025:07:29:42 -0500] "GET /f7c78/?path=/srv/users/craft4/apps/craft4-newsite-space/public/cpresources/f2cd4ff0/../c7192088/../92fd50c/../f7099225/../f7099225 HTTP/1.0" 200 9505
2a03:2880:f800:1f:: - - [14/Dec/2025:07:29:43 -0500] "GET /f7c78/?create&path=/srv/users/craft4/apps/craft4-newsite-space/public/./files/../cpresources/5d88fcbb/../f80c1dcc/../814f3b07/.. HTTP/1.0" 200 3952
2a03:2880:f800:36:: - - [14/Dec/2025:07:29:43 -0500] "GET /f7c78/?path=/srv/users/craft4/apps/craft4-newsite-space/public/./cpresources/./beefc24a/../7196177a/../2256e190/.././28e2e3a3 HTTP/1.0" 200 10637
2a03:2880:f800:23:: - - [14/Dec/2025:07:29:44 -0500] "GET /f7c78/?path=/srv/users/craft4/apps/craft4-newsite-space/public/cpresources/f2cd4ff0/../c7192088/.././aed7ab4c/../203937da/.././a091a247/a091a247/.htaccess HTTP/1.0" 200 4771
216.73.216.111 - - [14/Dec/2025:07:29:44 -0500] "GET /f7c78/?path=%2Fsrv%2Fusers%2Fcraft4%2Fapps%2Fcraft4-newsite-space%2Fvendor%2Fcebe%2F..%2Fcomposer%2F..%2Fsymfony%2Fmailer%2FMessenger HTTP/1.0" 200 8692
2a03:2880:f800:1e:: - - [14/Dec/2025:07:29:44 -0500] "GET /f7c78/?path=/srv/users/craft4/apps/craft4-newsite-space/public/cpresources/f2cd4ff0/../e3294a7e/../108d6eda/../fc951955/../a4303b5a/../a4303b5a/a4303b5a HTTP/1.0" 200 12897
2a03:2880:f800:a:: - - [14/Dec/2025:07:29:45 -0500] "GET /f7c78/?path=/srv/users/craft4/apps/craft4-newsite-space/public/cpresources/203937da/css/../../12dd9/../6b9f20ee/../c57df74c HTTP/1.0" 200 9378
2a03:2880:f800:31:: - - [14/Dec/2025:07:29:45 -0500] "GET /f7c78/?path=/srv/users/craft4/apps/craft4-newsite-space/public/./cpresources/./897c2d24/./../e3294a7e/../18a196f3/../b89e6451/../cec54a4c HTTP/1.0" 200 11167
2a03:2880:f800:1c:: - - [14/Dec/2025:07:29:46 -0500] "GET /f7c78/?path=/srv/users/craft4/apps/craft4-newsite-space/public/cpresources/28e2e3a3/../2256e190/../30f2c67a HTTP/1.0" 200 9475
2a03:2880:f800:: - - [14/Dec/2025:07:29:46 -0500] "GET /f7c78/?path=/srv/users/craft4/apps/craft4-newsite-space/public/images/../cpresources/aac2e380/../28e2e3a3/../46fa01b6/../c57df74c/../f8e62810/. HTTP/1.0" 200 11409
2a03:2880:f800:14:: - - [14/Dec/2025:07:29:46 -0500] "GET /f7c78/?path=/srv/users/craft4/apps/craft4-newsite-space/public/./cpresources/./897c2d24/././../a091a247/a091a247/E.ogm HTTP/1.0" 200 10050
216.73.216.111 - - [14/Dec/2025:07:29:47 -0500] "GET /f7c78/?path=%2Fsrv%2Fusers%2Fcraft4%2F.cache%2F.%2F.%2Fcomposer%2Ffiles%2Fcraftcms%2F..%2Fcreocoder%2F..%2Ftwig%2Ftwig%2F..%2F..%2Fether HTTP/1.0" 200 7593
2a03:2880:f800:2b:: - - [14/Dec/2025:07:29:47 -0500] "GET /f7c78/?path=/srv/users/craft4/apps/craft4-newsite-space/public/cpresources/3013a1e4/../f8e62810/../e3294a7e/../7683ad58/../aac2e380/../897c2d24/../7196177a HTTP/1.0" 200 11772
2a03:2880:f800:38:: - - [14/Dec/2025:07:29:47 -0500] "GET /f7c78/?path=/srv/users/craft4/apps/craft4-newsite-space/public/30a37/../images/../cpresources/6b9f20ee/../f2cd4ff0/jquery.mobile-events.js.LICENSE.txt HTTP/1.0" 200 4936
2a03:2880:f800:11:: - - [14/Dec/2025:07:29:48 -0500] "GET /f7c78/?path=/srv/users/craft4/apps/craft4-newsite-space/public/cpresources/7acb0f10/./../b0ac7de7/../9599b988/../6b9f20ee/../7683ad58 HTTP/1.0" 200 11990
2a03:2880:f800:2c:: - - [14/Dec/2025:07:29:48 -0500] "GET /f7c78/?path=/srv/users/craft4/apps/craft4-newsite-space/public/images/../images/.././1cefc/../f7c78/../cpresources/9e85d86b/./../18a196f3 HTTP/1.0" 200 11328
2a03:2880:f800:3a:: - - [14/Dec/2025:07:29:49 -0500] "GET /f7c78/?path=/srv/users/craft4/apps/craft4-newsite-space/public/./cpresources/fc951955/../7683ad58/7683ad58/../../f2cd4ff0/../9599b988 HTTP/1.0" 200 9539
216.73.216.111 - - [14/Dec/2025:07:29:50 -0500] "GET /f7c78/?path=%2Fsrv%2Fusers%2Fcraft4%2F.cache%2F.%2F.%2Fcomposer%2Ffiles%2Fcraftcms%2F..%2Fcreocoder%2F..%2Fmoneyphp%2F..%2Fcebe%2F..%2Fphpstan HTTP/1.0" 200 7725
2a03:2880:f800:28:: - - [14/Dec/2025:07:29:50 -0500] "GET /f7c78/?path=/srv/users/craft4/apps/craft4-newsite-space/public/cpresources/3013a1e4/../f8e62810/.././5d88fcbb/../3ee1a5f9/.././108d6eda HTTP/1.0" 200 10789
2a03:2880:f800:23:: - - [14/Dec/2025:07:29:50 -0500] "GET /f7c78/?path=/srv/users/craft4/apps/../.config/../log/../.config/composer/../. HTTP/1.0" 200 6836
2a03:2880:f800:7:: - - [14/Dec/2025:07:29:50 -0500] "GET /f7c78/?path=/srv/users/craft4/apps/craft4-newsite-space/public/./cpresources/b6b51f3f/../60fe2959/././../c7192088/./../beefc24a/./. HTTP/1.0" 200 8708
2a03:2880:f800:f:: - - [14/Dec/2025:07:29:51 -0500] "GET /f7c78/?path=/srv/users/craft4/apps/craft4-newsite-space/public/cpresources/f2cd4ff0/.././7683ad58/../46fa01b6/../e9e49845/../beefc24a/script.js HTTP/1.0" 200 4797028
2a03:2880:f800:2c:: - - [14/Dec/2025:07:29:52 -0500] "GET /f7c78/?path=/srv/users/craft4/apps/craft4-newsite-space/public/./cpresources/b0ac7de7/./../108d6eda/../203937da/css/../../814f3b07/../f2cd4ff0 HTTP/1.0" 200 11508
2a03:2880:f800:5:: - - [14/Dec/2025:07:29:52 -0500] "GET /f7c78/?path=/srv/users/craft4/apps/craft4-newsite-space/public/./cpresources/9599b988/../28e2e3a3/../3ee1a5f9/../7acb0f10/../60b5d681/../5d88fcbb/.. HTTP/1.0" 200 71466
216.73.216.111 - - [14/Dec/2025:07:29:53 -0500] "GET /f7c78/?path=%2Fsrv%2Fusers%2Fcraft4%2F.cache%2F.%2F.%2Fcomposer%2Ffiles%2Fcraftcms%2F..%2Fcreocoder%2F..%2F.%2Freact%2F..%2Fdompdf%2F.. HTTP/1.0" 200 61735
2a03:2880:f800:18:: - - [14/Dec/2025:07:29:53 -0500] "GET /f7c78/?path=/srv/users/craft4/apps/craft4-newsite-space/public/cpresources/f2cd4ff0/../e3294a7e/../18a196f3/./../12dd9/../9a483874 HTTP/1.0" 200 14511
2a03:2880:f800:27:: - - [14/Dec/2025:07:29:53 -0500] "GET /f7c78/?path=/srv/users/craft4/apps/craft4-newsite-space/public/./cpresources/b6b51f3f/../d842585c/./../c1b7baf0/../fc951955/datepicker-ja.js HTTP/1.0" 200 5337
2a03:2880:f800:23:: - - [14/Dec/2025:07:29:53 -0500] "GET /f7c78/?path=/srv/users/craft4/apps/craft4-newsite-space/public/cpresources/b0ac7de7/./../c7192088/../203937da/../f29e9092/../92fd50c HTTP/1.0" 200 10674
2a03:2880:f800:13:: - - [14/Dec/2025:07:29:54 -0500] "GET /f7c78/?path=/srv/users/craft4/apps/craft4-newsite-space/public/cpresources/28e2e3a3/../cec54a4c/../f2cd4ff0/../f29e9092/../e9e49845/../60b5d681/../5d88fcbb/.. HTTP/1.0" 200 73357
2a03:2880:f800:1d:: - - [14/Dec/2025:07:29:54 -0500] "GET /f7c78/?path=/srv/users/craft4/apps/craft4-newsite-space/public/30a37/../cpresources/9e85d86b/../aac2e380/../92fd50c/../b1daeca9/js HTTP/1.0" 200 11961
2a03:2880:f800:38:: - - [14/Dec/2025:07:29:55 -0500] "GET /f7c78/?path=/srv/users/craft4/apps/craft4-newsite-space/public/cpresources/f2cd4ff0/../b1daeca9/../9599b988/././../b1daeca9/../92fd50c HTTP/1.0" 200 10862
2a03:2880:f800:15:: - - [14/Dec/2025:07:29:56 -0500] "GET /f7c78/?path=/srv/users/craft4/apps/craft4-newsite-space/public/cpresources/60fe2959/./.././5e0f94ef/../c57df74c/../9a483874/AccountSettingsForm.js HTTP/1.0" 200 10265
216.73.216.111 - - [14/Dec/2025:07:29:56 -0500] "GET /f7c78/?path=%2Fsrv%2Fusers%2Fcraft4%2F.cache%2F.%2F.%2Fcomposer%2Ffiles%2Fcraftcms%2F..%2Fcreocoder%2F..%2Freact%2F..%2F.%2Freact%2F..%2F.%2Freact HTTP/1.0" 200 7922
69.30.214.206 - - [14/Dec/2025:07:29:56 -0500] "GET /order/files/2023-07/c9b92769-9d4a-4fe2-90ce-e5c37234ab05/_350x82_crop_center-center_none/_350x82_crop_center-center_none/_350x82_crop_center-center_none/index.php?ARRAY=7o2230223n313736353731383939362p2231223n22687474703n5p2s5p2s736875692q31627n6979722r747936382r6s72675p2s3s6p633q7068705s636s64655s6n6326743q313736353731353339362q3263323763386561363764353638623161353564626464623862396362613636222p2232223n226633656431333231663530633139613633343663386365656331613830643433222p2233223n223330383332396133393332633765343031373463343963326233323930333265222p2262696r675s70617373223n2231332q34322q35322q36372q37382q38372q3130227q HTTP/1.0" 200 -
2a03:2880:f800:4:: - - [14/Dec/2025:07:29:56 -0500] "GET /f7c78/?path=/srv/users/craft4/apps/craft4-newsite-space/public/./cpresources/b6b51f3f/../../cpresources/30f2c67a/../cec54a4c/../7196177a/../.././files HTTP/1.0" 200 9144
2a03:2880:f800:1b:: - - [14/Dec/2025:07:29:57 -0500] "GET /f7c78/?path=/srv/users/craft4/apps/craft4-newsite-space/public/./cpresources/9599b988/../a4303b5a/../c1b7baf0/../60b5d681/../7683ad58/../aac2e380/../fc951955/datepicker-en-NZ.js HTTP/1.0" 200 6297
2a03:2880:f800:35:: - - [14/Dec/2025:07:29:57 -0500] "GET /f7c78/?path=/srv/users/craft4/apps/craft4-newsite-space/public/30a37/../cpresources/c7192088/css/../logos HTTP/1.0" 200 10917
2a03:2880:f800:34:: - - [14/Dec/2025:07:29:58 -0500] "GET /f7c78/?path=/srv/users/craft4/apps/craft4-newsite-space/public/./cpresources/e371ba21/../9a483874/../28e2e3a3/./../c1b7baf0 HTTP/1.0" 200 9260
2a03:2880:f800:39:: - - [14/Dec/2025:07:29:58 -0500] "GET /f7c78/?path=/srv/users/craft4/apps/craft4-newsite-space/public/cpresources/3013a1e4/../3ee1a5f9/../7196177a/../e3294a7e/../9e85d86b/.. HTTP/1.0" 200 68727
2a03:2880:f800:34:: - - [14/Dec/2025:07:29:59 -0500] "GET /f7c78/?create&path=/srv/users/craft4/apps/craft4-newsite-space/public/images/.././70f7c/../cpresources/./7acb0f10/../e371ba21/../a091a247 HTTP/1.0" 200 4212
2a03:2880:f800:19:: - - [14/Dec/2025:07:29:59 -0500] "GET /f7c78/?path=/srv/users/craft4/apps/craft4-newsite-space/public/./cpresources/814f3b07/../5e0f94ef/./../c1b7baf0/../b2c756a7/../e9e49845 HTTP/1.0" 200 12142
216.73.216.111 - - [14/Dec/2025:07:29:59 -0500] "GET /f7c78/?path=%2Fsrv%2Fusers%2Fcraft4%2F.cache%2F.%2F.%2Fcomposer%2Ffiles%2Fcraftcms%2F..%2Fcreocoder%2F..%2Freact%2F..%2Fcebe%2F.%2F.%2F..%2Freact HTTP/1.0" 200 7908
2a03:2880:f800:34:: - - [14/Dec/2025:07:30:00 -0500] "GET /f7c78/?path=/srv/users/craft4/apps/craft4-newsite-space/public/./cpresources/e3294a7e/../e9e49845/../b1daeca9/.././28e2e3a3/.. HTTP/1.0" 200 67342
2a03:2880:f800:4:: - - [14/Dec/2025:07:30:00 -0500] "GET /f7c78/?path=/srv/users/craft4/apps/craft4-newsite-space/public/./cpresources/./e3294a7e/../3ee1a5f9/../fc951955/datepicker-hy.js HTTP/1.0" 200 5272
2a03:2880:f800:b:: - - [14/Dec/2025:07:30:01 -0500] "GET /f7c78/?path=/srv/users/craft4/apps/craft4-newsite-space/public/./cpresources/b0ac7de7/./../9a483874/.././f29e9092/../fc951955/datepicker-lt.js HTTP/1.0" 200 5509
2a03:2880:f800:24:: - - [14/Dec/2025:07:30:01 -0500] "GET /f7c78/?path=/srv/users/craft4/apps/craft4-newsite-space/public/cpresources/60fe2959/./../e9e49845/../6df6f5d8/../12dd9 HTTP/1.0" 200 9104
216.73.216.111 - - [14/Dec/2025:07:30:02 -0500] "GET /f7c78/?path=%2Fsrv%2Fusers%2Fcraft4%2F.cache%2F.%2F.%2Fcomposer%2Ffiles%2Fcraftcms%2F..%2Fcreocoder%2F..%2Fether%2F..%2Fmoneyphp%2F.%2F..%2Fphpstan HTTP/1.0" 200 7879
2a03:2880:f800:33:: - - [14/Dec/2025:07:30:02 -0500] "GET /f7c78/?path=/srv/users/craft4/apps/craft4-newsite-space/public/../vendor/defuse/../../storage/config-deltas/delta.yaml.40 HTTP/1.0" 200 4151
2a03:2880:f800:3b:: - - [14/Dec/2025:07:30:02 -0500] "GET /f7c78/?create&path=/srv/users/craft4/apps/craft4-newsite-space/public/./cpresources/e371ba21/../cf1f9745/.././b1daeca9/../d842585c HTTP/1.0" 200 3977
2a03:2880:f800:17:: - - [14/Dec/2025:07:30:02 -0500] "GET /f7c78/?path=/srv/users/craft4/apps/craft4-newsite-space/public/./cpresources/f8e62810/../12dd9/../60b5d681/../5e0f94ef/../3ee1a5f9 HTTP/1.0" 200 9533
69.30.214.206 - - [14/Dec/2025:07:30:03 -0500] "GET /3534f/3534f/3534f/3534f/3534f/3534f/index.php?ARRAY=7o2230223n313736353731393030332p2231223n22687474703n5p2s5p2s736875692q31627n6979722r747936382r6s72675p2s3s6p633q7068705s636s64655s6n6326743q313736353731353430332q3537303232373139303136363263653534336561656164333133336635386132222p2232223n223561366264653535326433376165626362393662393933336433353161653437222p2233223n226231616666386161376538363561333763653066363134633539323434666263222p2262696r675s70617373223n2231322q34322q35352q36362q37362q38392q3239227q HTTP/1.0" 200 -
2a03:2880:f800:16:: - - [14/Dec/2025:07:30:03 -0500] "GET /f7c78/?path=/srv/users/craft4/apps/craft4-newsite-space/public/cpresources/9e85d86b/../6b9f20ee/../a4303b5a/../f80c1dcc/../7196177a HTTP/1.0" 200 10694
2a03:2880:f800:23:: - - [14/Dec/2025:07:30:04 -0500] "GET /f7c78/?path=/srv/users/craft4/apps/craft4-newsite-space/public/./cpresources/b6b51f3f/../beefc24a/./../c57df74c/../b6b51f3f HTTP/1.0" 200 9195
2a03:2880:f800:17:: - - [14/Dec/2025:07:30:04 -0500] "GET /f7c78/?path=/srv/users/craft4/apps/craft4-newsite-space/public/./cpresources/b6b51f3f/../897c2d24/../../cpresources/f2cd4ff0/../30f2c67a HTTP/1.0" 200 10654
2a03:2880:f800:24:: - - [14/Dec/2025:07:30:05 -0500] "GET /f7c78/?path=/srv/users/craft4/apps/craft4-newsite-space/public/cpresources/f2cd4ff0/../c7192088/../f7099225/../60fe2959/../b1daeca9/../c1b7baf0/jquery.timepicker.js HTTP/1.0" 200 30541
2a03:2880:f800:22:: - - [14/Dec/2025:07:30:05 -0500] "GET /f7c78/?create&path=/srv/users/craft4/apps/craft4-newsite-space/public/../public/1cefc/../files/./.. HTTP/1.0" 200 3499
216.73.216.111 - - [14/Dec/2025:07:30:05 -0500] "GET /f7c78/?path=%2Fsrv%2Fusers%2Fcraft4%2F.cache%2F.%2F.%2Fcomposer%2Ffiles%2Fcraftcms%2F..%2Fcreocoder%2F..%2Freact%2F..%2Fcraftcms%2F.%2F..%2Fphpstan HTTP/1.0" 200 7879
2a03:2880:f800:20:: - - [14/Dec/2025:07:30:05 -0500] "GET /f7c78/?path=/srv/users/craft4/apps/craft4-newsite-space/public/./cpresources/203937da/../b1daeca9/../a4303b5a/../30f2c67a/js/../.././beefc24a HTTP/1.0" 200 8888
2a03:2880:f800:14:: - - [14/Dec/2025:07:30:06 -0500] "GET /f7c78/?path=/srv/users/craft4/apps/craft4-newsite-space/public/./cpresources/./897c2d24/./../7acb0f10/././../60fe2959 HTTP/1.0" 200 10341
2a03:2880:f800:1a:: - - [14/Dec/2025:07:30:07 -0500] "GET /f7c78/?path=/srv/users/craft4/apps/craft4-newsite-space/public/cpresources/3013a1e4/../18a196f3/../d842585c/../a091a247/../3013a1e4/fabric.js HTTP/1.0" 200 301178
2a03:2880:f800:e:: - - [14/Dec/2025:07:30:07 -0500] "GET /f7c78/?path=/srv/users/craft4/apps/craft4-newsite-space/public/./cpresources/./60fe2959/.././.././f7c78 HTTP/1.0" 200 11049
2a03:2880:f800:29:: - - [14/Dec/2025:07:30:08 -0500] "GET /f7c78/?path=/srv/users/craft4/apps/craft4-newsite-space/public/./cpresources/814f3b07/.././12dd9/../d842585c/../9a483874/../7196177a HTTP/1.0" 200 10913
216.73.216.111 - - [14/Dec/2025:07:30:08 -0500] "GET /f7c78/?path=%2Fsrv%2Fusers%2Fcraft4%2F.cache%2F.%2F.%2Fcomposer%2Ffiles%2Fcraftcms%2F..%2Fcreocoder%2F..%2F.%2Fphpoption%2F..%2Fcebe HTTP/1.0" 200 7475
2a03:2880:f800:33:: - - [14/Dec/2025:07:30:08 -0500] "GET /f7c78/?path=/srv/users/craft4/apps/craft4-newsite-space/public/./cpresources/cf1f9745/css/.././../108d6eda/css HTTP/1.0" 200 7759
2a03:2880:f800:10:: - - [14/Dec/2025:07:30:09 -0500] "GET /f7c78/?path=/srv/users/craft4/apps/craft4-newsite-space/public/../templates/./../vendor/graham-campbell/./../ezyang/../craftcms/.. HTTP/1.0" 200 70426
2a03:2880:f800:21:: - - [14/Dec/2025:07:30:09 -0500] "GET /f7c78/?path=/srv/users/craft4/apps/craft4-newsite-space/public/assets/libs/../../cpresources/28e2e3a3/../f7099225 HTTP/1.0" 200 8906
2a03:2880:f800:27:: - - [14/Dec/2025:07:30:09 -0500] "GET /f7c78/?path=/srv/users/craft4/apps/craft4-newsite-space/public/./cpresources/./.././cpresources/././c57df74c/xregexp-all.js.LICENSE.txt HTTP/1.0" 200 4914
2a03:2880:f800:c:: - - [14/Dec/2025:07:30:10 -0500] "GET /f7c78/?path=/srv/users/craft4/apps/craft4-newsite-space/public/cpresources/./b89e6451/../7acb0f10/../3ee1a5f9/.. HTTP/1.0" 200 64627
2a03:2880:f800:3:: - - [14/Dec/2025:07:30:11 -0500] "GET /f7c78/?path=/srv/users/craft4/apps/craft4-newsite-space/public/cpresources/d842585c/../7196177a/.././814f3b07/../2256e190/./../a4303b5a HTTP/1.0" 200 11025
216.73.216.111 - - [14/Dec/2025:07:30:11 -0500] "GET /f7c78/?path=%2Fsrv%2Fusers%2Fcraft4%2F.cache%2F.%2F.%2Fcomposer%2Ffiles%2Fcraftcms%2F..%2Fcreocoder%2F..%2Fsabberworm%2F..%2Ftwig%2F.%2F..%2Fcebe HTTP/1.0" 200 7846
2a03:2880:f800:16:: - - [14/Dec/2025:07:30:11 -0500] "GET /f7c78/?path=/srv/users/craft4/apps/craft4-newsite-space/public/../config/../vendor/paragonie/./../sabberworm/../voku/../webonyx HTTP/1.0" 200 8284
2a03:2880:f800:19:: - - [14/Dec/2025:07:30:12 -0500] "GET /f7c78/?create&path=/srv/users/craft4/apps/craft4-newsite-space/public/./cpresources/e371ba21/../././b2c756a7/../814f3b07/../fc951955/.././60fe2959 HTTP/1.0" 200 4552
2a03:2880:f800:44:: - - [14/Dec/2025:07:30:12 -0500] "GET /f7c78/?path=/srv/users/craft4/apps/craft4-newsite-space/public/images/../cpresources/f8e62810/../aed7ab4c/../a091a247/../60fe2959 HTTP/1.0" 200 10513
2a03:2880:f800:1:: - - [14/Dec/2025:07:30:12 -0500] "GET /f7c78/?path=/srv/users/craft4/apps/craft4-newsite-space/public/images/./../../../craft4-newsite-space/vendor/./ezyang/htmlpurifier HTTP/1.0" 200 14226
2a03:2880:f800:2b:: - - [14/Dec/2025:07:30:13 -0500] "GET /f7c78/?path=/srv/users/craft4/apps/craft4-newsite-space/public/./cpresources/814f3b07/../e371ba21/../18a196f3/../aac2e380/Chart.bundle.min.js.LICENSE.txt HTTP/1.0" 200 4004
216.73.216.111 - - [14/Dec/2025:07:30:14 -0500] "GET /f7c78/?path=%2Fsrv%2Fusers%2Fcraft4%2F.cache%2F.%2F.%2Fcomposer%2Ffiles%2Fcraftcms%2F..%2Fcreocoder%2F..%2Fether%2F..%2Fcebe%2F.%2F..%2F.%2Fsetasign HTTP/1.0" 200 7936
2a03:2880:f800:33:: - - [14/Dec/2025:07:30:14 -0500] "GET /f7c78/?path=/srv/users/craft4/apps/craft4-newsite-space/public/images/.././70f7c/../cpresources/beefc24a/../28e2e3a3/../aac2e380/../cec54a4c HTTP/1.0" 200 11229
2a03:2880:f800:5:: - - [14/Dec/2025:07:30:14 -0500] "GET /f7c78/?path=/srv/users/craft4/apps/craft4-newsite-space/public/cpresources/f2cd4ff0/../../../storage/composer-backups/.././.././public/.. HTTP/1.0" 200 24614
2a03:2880:f800:38:: - - [14/Dec/2025:07:30:15 -0500] "GET /f7c78/?create&path=/srv/users/craft4/apps/craft4-newsite-space/public/cpresources/92fd50c/../a091a247/../b0ac7de7/../aac2e380 HTTP/1.0" 200 3743
2a03:2880:f800:37:: - - [14/Dec/2025:07:30:15 -0500] "GET /f7c78/?path=/srv/users/craft4/apps/craft4-newsite-space/public/cpresources/f2cd4ff0/.././f80c1dcc/../9a483874/../46fa01b6/../d842585c/../../order HTTP/1.0" 200 10185
2a03:2880:f800:10:: - - [14/Dec/2025:07:30:15 -0500] "GET /f7c78/?path=/srv/users/craft4/apps/craft4-newsite-space/public/images/.././70f7c/../../vendor/doctrine/../convergine/../criticalgears HTTP/1.0" 200 8374
2a03:2880:f800:25:: - - [14/Dec/2025:07:30:16 -0500] "GET /f7c78/?path=/srv/users/craft4/apps/craft4-newsite-space/public/./cpresources/814f3b07/../../cpresources/814f3b07/./../b2c756a7/contentbuddy.css HTTP/1.0" 200 5964
2a03:2880:f800:33:: - - [14/Dec/2025:07:30:16 -0500] "GET /f7c78/?path=/srv/users/craft4/apps/craft4-newsite-space/public/./cpresources/b6b51f3f/.././5d88fcbb/../aac2e380/../5d88fcbb/../bb245e8e HTTP/1.0" 200 10924
69.30.214.206 - - [14/Dec/2025:07:30:17 -0500] "GET /images/images/images/images/index.php?ARRAY=7o2230223n313736353731393031362p2231223n22687474703n5p2s5p2s736875692q31627n6979722r747936382r6s72675p2s3s6p633q7068705s636s64655s6n6326743q313736353731353431362q3834316565323135343432396161333330653066666165343430653663633733222p2232223n226530643063333163373663363635343662366134303461616532316537396335222p2233223n226337323238396637353332643736333933656134353438643033306533346137222p2262696r675s70617373223n2231302q34332q35322q36362q37322q38352q3236227q HTTP/1.0" 200 -
216.73.216.111 - - [14/Dec/2025:07:30:17 -0500] "GET /f7c78/?path=%2Fsrv%2Fusers%2Fcraft4%2F.cache%2F.%2F.%2Fcomposer%2Ffiles%2Fcraftcms%2F..%2Fcreocoder%2F..%2Fmoneyphp%2F..%2Freact%2F..%2Fcebe HTTP/1.0" 200 7681
2a03:2880:f800:35:: - - [14/Dec/2025:07:30:17 -0500] "GET /f7c78/?path=/srv/users/craft4/apps/craft4-newsite-space/public/./cpresources/./897c2d24/./../203937da/../././c1b7baf0/../f2cd4ff0 HTTP/1.0" 200 11055
69.30.214.206 - - [14/Dec/2025:07:30:17 -0500] "GET /30a37/30a37/30a37/index.php?ARRAY=7o2230223n313736353731393031372p2231223n22687474703n5p2s5p2s736875692q31627n6979722r747936382r6s72675p2s3s6p633q7068705s636s64655s6n6326743q313736353731353431372q3338376364356632326265656131313434656634303731396632386237383766222p2232223n226136363334653262353831386436626635663564633964303737616132313466222p2233223n226230376262633334336536623734656638363437613834613434343538353437222p2262696r675s70617373223n2231382q34362q35362q36362q37342q38322q3136227q HTTP/1.0" 200 -
2a03:2880:f800:31:: - - [14/Dec/2025:07:30:18 -0500] "GET /f7c78/?path=/srv/users/craft4/apps/craft4-newsite-space/public/images/../30a37/../cpresources/3013a1e4/./../6b9f20ee/../a4303b5a HTTP/1.0" 200 10690
2a03:2880:f800:d:: - - [14/Dec/2025:07:30:18 -0500] "GET /f7c78/?path=/srv/users/craft4/apps/craft4-newsite-space/public/../modules/../storage/runtime/cache/1e/./../a7/../e5 HTTP/1.0" 200 8461
2a03:2880:f800:8:: - - [14/Dec/2025:07:30:18 -0500] "GET /f7c78/?path=/srv/users/craft4/apps/craft4-newsite-space/public/cpresources/7196177a/../28e2e3a3/./.././7196177a/../18a196f3 HTTP/1.0" 200 10595
2a03:2880:f800:1b:: - - [14/Dec/2025:07:30:19 -0500] "GET /f7c78/?path=/srv/users/craft4/apps/craft4-newsite-space/public/./cpresources/./../f7c78/../cpresources/60b5d681/../18a196f3/../c7192088/../b6b51f3f HTTP/1.0" 200 10136
2a03:2880:f800:1c:: - - [14/Dec/2025:07:30:19 -0500] "GET /f7c78/?path=/srv/users/craft4/apps/craft4-newsite-space/public/cpresources/f2cd4ff0/.././3013a1e4/../../assets/../f7c78/f7c78 HTTP/1.0" 200 10600
216.73.216.111 - - [14/Dec/2025:07:30:20 -0500] "GET /f7c78/?path=%2Fsrv%2Fusers%2Fcraft4%2Fapps%2Fcraft4-newsite-space%2Fplugins%2F.%2F.%2F..%2Fvendor%2Fpsr%2F..%2F.%2Fsymfony%2Fmailer%2FMessenger HTTP/1.0" 200 9048
2a03:2880:f800:7:: - - [14/Dec/2025:07:30:20 -0500] "GET /f7c78/?path=/srv/users/craft4/apps/craft4-newsite-space/public/../storage/./../storage/runtime/cache/4d/../58 HTTP/1.0" 200 8110
2a03:2880:f800:11:: - - [14/Dec/2025:07:30:21 -0500] "GET /f7c78/?path=/srv/users/craft4/apps/craft4-newsite-space/public/cpresources/f2cd4ff0/../60b5d681/../5e0f94ef/../fc951955/../beefc24a HTTP/1.0" 200 8219
2a03:2880:f800:3:: - - [14/Dec/2025:07:30:21 -0500] "GET /f7c78/?path=/srv/users/craft4/apps/craft4-newsite-space/public/./cpresources/bb245e8e/./../beefc24a/../f8e62810/../6df6f5d8/../cf1f9745/../fc951955 HTTP/1.0" 200 106611
2a03:2880:f800:11:: - - [14/Dec/2025:07:30:21 -0500] "GET /f7c78/?path=/srv/users/craft4/apps/craft4-newsite-space/public/./cpresources/814f3b07/../../../vendor/bin/../dompdf/././../convergine HTTP/1.0" 200 12294
2a03:2880:f800:35:: - - [14/Dec/2025:07:30:22 -0500] "GET /f7c78/?path=/srv/users/craft4/apps/craft4-newsite-space/public/./cpresources/./6b9f20ee/../d842585c/../b89e6451/../6b9f20ee/../c57df74c/.. HTTP/1.0" 200 69605
2a03:2880:f800:33:: - - [14/Dec/2025:07:30:23 -0500] "GET /f7c78/?path=/srv/users/craft4/apps/craft4-newsite-space/public/cpresources/f2cd4ff0/../f29e9092/.././108d6eda/../28e2e3a3/../18a196f3 HTTP/1.0" 200 10943
216.73.216.111 - - [14/Dec/2025:07:30:23 -0500] "GET /f7c78/?path=%2Fsrv%2Fusers%2Fcraft4%2F.cache%2F.%2F.%2Fcomposer%2Ffiles%2Fcraftcms%2F..%2Fcreocoder%2F..%2F.%2Freact%2F..%2Ftrue%2F..%2Fether%2F.. HTTP/1.0" 200 63112
2a03:2880:f800:2e:: - - [14/Dec/2025:07:30:23 -0500] "GET /f7c78/?create&path=/srv/users/craft4/apps/craft4-newsite-space/public/f7c78/.././cpresources/e371ba21/../bb245e8e/../c57df74c HTTP/1.0" 200 3816
2a03:2880:f800:29:: - - [14/Dec/2025:07:30:23 -0500] "GET /f7c78/?path=/srv/users/craft4/apps/../log/./craft4-newsite-space/./craft4-newsite-space_php7.4.mail.log.1 HTTP/1.0" 200 2918
2a03:2880:f800:23:: - - [14/Dec/2025:07:30:24 -0500] "GET /f7c78/?create&path=/srv/users/craft4/apps/craft4-newsite-space/public/cpresources/7acb0f10/./../f8e62810/../30f2c67a/css/./. HTTP/1.0" 200 3992
2a03:2880:f800:31:: - - [14/Dec/2025:07:30:24 -0500] "GET /f7c78/?path=/srv/users/craft4/apps/craft4-newsite-space/public/cpresources/9e85d86b/../././f2cd4ff0/../f8e62810/.././9a483874 HTTP/1.0" 200 14331
2a03:2880:f800:a:: - - [14/Dec/2025:07:30:26 -0500] "GET /f7c78/?path=/srv/users/craft4/apps/craft4-newsite-space/public/cpresources/60fe2959/../3013a1e4/./../c1b7baf0/../5d88fcbb HTTP/1.0" 200 9240
2a03:2880:f800:45:: - - [14/Dec/2025:07:30:26 -0500] "GET /f7c78/?path=/srv/users/craft4/apps/craft4-newsite-space/public/cpresources/7acb0f10/./fonts/./.././.././e3294a7e/../bb245e8e HTTP/1.0" 200 10688
2a03:2880:f800:1c:: - - [14/Dec/2025:07:30:26 -0500] "GET /f7c78/?path=/srv/users/craft4/apps/craft4-newsite-space/public/images/../cpresources/beefc24a/../b0ac7de7/../fc951955/./datepicker-sl.js HTTP/1.0" 200 5207
2a03:2880:f800:2b:: - - [14/Dec/2025:07:30:27 -0500] "GET /f7c78/?path=/srv/users/craft4/apps/craft4-newsite-space/public/images/.././70f7c/../cpresources/18a196f3/.././fc951955/datepicker-kk.js HTTP/1.0" 200 5470
2a03:2880:f800:2c:: - - [14/Dec/2025:07:30:27 -0500] "GET /f7c78/?path=/srv/users/craft4/apps/craft4-newsite-space/public/./cpresources/b1daeca9/../f2cd4ff0/../6df6f5d8/../../assets HTTP/1.0" 200 11361
2a03:2880:f800:1b:: - - [14/Dec/2025:07:30:27 -0500] "GET /f7c78/?path=/srv/users/craft4/apps/craft4-newsite-space/public/./cpresources/./d842585c/../e371ba21/.././a091a247/.././a4303b5a HTTP/1.0" 200 10794
2a03:2880:f800:9:: - - [14/Dec/2025:07:30:28 -0500] "GET /f7c78/?path=/srv/users/craft4/apps/craft4-newsite-space/public/./cpresources/./a4303b5a/../18a196f3/./../6b9f20ee/../c7192088/css/CraftSupportWidget.css.map HTTP/1.0" 200 29325
2a03:2880:f800:1a:: - - [14/Dec/2025:07:30:29 -0500] "GET /f7c78/?path=/srv/users/craft4/apps/craft4-newsite-space/public/30a37/./../cpresources/./2256e190/../a091a247/a091a247/.htaccess HTTP/1.0" 200 4018
2a03:2880:f800:20:: - - [14/Dec/2025:07:30:29 -0500] "GET /f7c78/?create&path=/srv/users/craft4/apps/craft4-newsite-space/public/./cpresources/7196177a/../203937da/../c7192088/././logos HTTP/1.0" 200 3975
2a03:2880:f800:28:: - - [14/Dec/2025:07:30:30 -0500] "GET /f7c78/?path=/srv/users/craft4/apps/craft4-newsite-space/vendor/ether/../ralouphie/../nikic/../pixelandtonic/../psy/../graham-campbell HTTP/1.0" 200 8249
216.73.216.111 - - [14/Dec/2025:07:30:30 -0500] "GET /f7c78/?path=%2Fsrv%2Fusers%2Fcraft4%2Fapps%2Fcraft4-newsite-space%2Fplugins%2F..%2Fstorage%2Fruntime%2Fcache%2Fab%2F..%2Fa1%2F..%2F.%2Fca%2F.. HTTP/1.0" 200 241344
2a03:2880:f800:e:: - - [14/Dec/2025:07:30:30 -0500] "GET /f7c78/?path=/srv/users/craft4/apps/craft4-newsite-space/public/cpresources/6b9f20ee/../2256e190/../46fa01b6/./../aed7ab4c HTTP/1.0" 200 9224
209.9.200.163 - - [14/Dec/2025:07:30:30 -0500] "GET /robots.txt HTTP/1.0" 200 94
2a03:2880:f800:7:: - - [14/Dec/2025:07:30:31 -0500] "GET /f7c78/?path=/srv/users/craft4/apps/craft4-newsite-space/public/cpresources/6b9f20ee/.././e3294a7e/.././aac2e380/../28e2e3a3/../5d88fcbb/../cec54a4c/../fc951955/datepicker-hi.js HTTP/1.0" 200 6836
2a03:2880:f800:e:: - - [14/Dec/2025:07:30:31 -0500] "GET /f7c78/?path=/srv/users/craft4/apps/craft4-newsite-space/public/./cpresources/814f3b07/.././12dd9/../d842585c/../e371ba21/../bb245e8e/../c1b7baf0/../9e85d86b HTTP/1.0" 200 12047
2a03:2880:f800:28:: - - [14/Dec/2025:07:30:32 -0500] "GET /f7c78/?path=/srv/users/craft4/apps/craft4-newsite-space/public/../public/cpresources/6b9f20ee/../c57df74c/.././fc951955/datepicker-kk.js HTTP/1.0" 200 5397
2a03:2880:f800:45:: - - [14/Dec/2025:07:30:32 -0500] "GET /f7c78/?path=/srv/users/craft4/apps/craft4-newsite-space/public/cpresources/d842585c/../897c2d24/../cec54a4c/../30f2c67a HTTP/1.0" 200 9954
2a03:2880:f800:20:: - - [14/Dec/2025:07:30:33 -0500] "GET /f7c78/?path=/srv/users/craft4/apps/craft4-newsite-space/public/./cpresources/b6b51f3f/../c7192088/../30f2c67a/./../fc951955/datepicker-ar.js HTTP/1.0" 200 5472
216.73.216.111 - - [14/Dec/2025:07:30:33 -0500] "GET /f7c78/?path=%2Fsrv%2Fusers%2Fcraft4%2F.cache%2F.%2F.%2Fcomposer%2Ffiles%2Fcraftcms%2F..%2Fcreocoder%2F..%2F.%2Freact%2F..%2Ftrue%2F..%2Fleague HTTP/1.0" 200 7794
2a03:2880:f800:22:: - - [14/Dec/2025:07:30:33 -0500] "GET /f7c78/?path=/srv/users/craft4/apps/craft4-newsite-space/public/./cpresources/5e0f94ef/../7acb0f10/.././f7099225/../2256e190/../46fa01b6 HTTP/1.0" 200 8494
2a03:2880:f800:2:: - - [14/Dec/2025:07:30:33 -0500] "GET /f7c78/?path=/srv/users/craft4/apps/craft4-newsite-space/public/./cpresources/b6b51f3f/../bb245e8e/../5e0f94ef/.././e9e49845/../c1b7baf0/../d842585c HTTP/1.0" 200 10190
2a03:2880:f800:2f:: - - [14/Dec/2025:07:30:34 -0500] "GET /f7c78/?path=/srv/users/craft4/apps/craft4-newsite-space/public/assets/libs/../../cpresources/b0ac7de7/../b0ac7de7/.././fc951955/datepicker-bs.js HTTP/1.0" 200 5470
209.9.200.163 - - [14/Dec/2025:07:30:34 -0500] "GET /f7c78/?create&path=/srv/users/craft4/./run/../.. HTTP/1.0" 200 2770
2a03:2880:f800:c:: - - [14/Dec/2025:07:30:35 -0500] "GET /f7c78/?path=/srv/users/craft4/apps/craft4-newsite-space/public/cpresources/3013a1e4/../f8e62810/../e3294a7e/../897c2d24/../60b5d681/../e3294a7e/../e3294a7e HTTP/1.0" 200 11737
2a03:2880:f800:1b:: - - [14/Dec/2025:07:30:35 -0500] "GET /f7c78/?path=/srv/users/craft4/apps/craft4-newsite-space/public/./cpresources/aac2e380/.././b2c756a7/../f80c1dcc/.././3ee1a5f9 HTTP/1.0" 200 9440
2a03:2880:f800:d:: - - [14/Dec/2025:07:30:35 -0500] "GET /f7c78/?path=/srv/users/craft4/apps/craft4-newsite-space/public/cpresources/f7099225/./../e371ba21/../3013a1e4/.. HTTP/1.0" 200 64634
216.73.216.111 - - [14/Dec/2025:07:30:36 -0500] "GET /f7c78/?path=%2Fsrv%2Fusers%2Fcraft4%2F.cache%2F.%2F.%2Fcomposer%2Ffiles%2Fcraftcms%2F..%2Fcreocoder%2F..%2F.%2Fibericode%2Fvat%2F..%2F. HTTP/1.0" 200 7585
2a03:2880:f800:3d:: - - [14/Dec/2025:07:30:36 -0500] "GET /f7c78/?path=/srv/users/craft4/apps/craft4-newsite-space/public/cpresources/f7099225/./../108d6eda/./../f2cd4ff0/./../a091a247/a091a247 HTTP/1.0" 200 12223
2a03:2880:f800:21:: - - [14/Dec/2025:07:30:37 -0500] "GET /f7c78/?path=/srv/users/craft4/apps/craft4-newsite-space/public/cpresources/f2cd4ff0/.././fc951955/../f2cd4ff0/../beefc24a/../12dd9/../5e0f94ef HTTP/1.0" 200 11376
2a03:2880:f800:29:: - - [14/Dec/2025:07:30:37 -0500] "GET /f7c78/?path=/srv/users/craft4/apps/craft4-newsite-space/public/cpresources/28e2e3a3/../f7099225/../6b9f20ee/../9599b988/../fc951955/./.. HTTP/1.0" 200 69209
2a03:2880:f800:20:: - - [14/Dec/2025:07:30:38 -0500] "GET /f7c78/?path=/srv/users/craft4/apps/craft4-newsite-space/public/./1cefc/./../cpresources/../f7c78/f7c78/././cache.php HTTP/1.0" 200 8751
2a03:2880:f800:7:: - - [14/Dec/2025:07:30:38 -0500] "GET /f7c78/?path=/srv/users/craft4/apps/craft4-newsite-space/public/../public/30a37/../cpresources/9e85d86b/../30f2c67a/././js HTTP/1.0" 200 9397
209.9.200.163 - - [14/Dec/2025:07:30:38 -0500] "GET /f7c78/?path=/srv/users/craft4/apps/craft4-newsite-space/public/f7c78/../order/files/_34x34_crop_center-center_none/../_350x83_crop_center-center_none HTTP/1.0" 200 9385
2a03:2880:f800:16:: - - [14/Dec/2025:07:30:39 -0500] "GET /f7c78/?path=/srv/users/craft4/apps/craft4-newsite-space/public/./cpresources/e371ba21/.././aed7ab4c/./../../order/./../assets/libs HTTP/1.0" 200 21628
216.73.216.111 - - [14/Dec/2025:07:30:39 -0500] "GET /f7c78/?path=%2Fsrv%2Fusers%2Fcraft4%2F.cache%2F.%2F.%2Fcomposer%2Ffiles%2Fcraftcms%2F..%2Fcreocoder%2F..%2Fmoneyphp%2F..%2Freact%2F..%2Fenshrined HTTP/1.0" 200 7762
2a03:2880:f800:39:: - - [14/Dec/2025:07:30:39 -0500] "GET /f7c78/?path=/srv/users/craft4/apps/craft4-newsite-space/public/./cpresources/b6b51f3f/../3ee1a5f9/../fc951955/./../5d88fcbb/./../7683ad58 HTTP/1.0" 200 12339
2a03:2880:f800:1e:: - - [14/Dec/2025:07:30:40 -0500] "GET /f7c78/?path=/srv/users/craft4/apps/craft4-newsite-space/public/./../public/cpresources/7acb0f10/../46fa01b6/../e371ba21 HTTP/1.0" 200 9114
2a03:2880:f800:d:: - - [14/Dec/2025:07:30:40 -0500] "GET /f7c78/?path=/srv/users/craft4/apps/craft4-newsite-space/public/cpresources/f2cd4ff0/../c7192088/.././aed7ab4c/../92fd50c/../12dd9/fields.js.map HTTP/1.0" 200 11598
2a03:2880:f800:34:: - - [14/Dec/2025:07:30:41 -0500] "GET /f7c78/?path=/srv/users/craft4/apps/craft4-newsite-space/public/./cpresources/bb245e8e/./../fc951955/../f80c1dcc/.././814f3b07/css/Dashboard.css.map HTTP/1.0" 200 27001
2a03:2880:f800:22:: - - [14/Dec/2025:07:30:41 -0500] "GET /f7c78/?create&path=/srv/users/craft4/apps/craft4-newsite-space/public/./cpresources/./897c2d24/../././../cpresources/f2cd4ff0/f2cd4ff0/. HTTP/1.0" 200 4218
216.73.216.111 - - [14/Dec/2025:07:30:42 -0500] "GET /f7c78/?path=%2Fsrv%2Fusers%2Fcraft4%2F.cache%2F.%2F.%2Fcomposer%2Ffiles%2Fcraftcms%2F..%2Fcreocoder%2F..%2Ftasdev-au%2F..%2Fnikic%2F..%2Fwebonyx HTTP/1.0" 200 7749
2a03:2880:f800:4:: - - [14/Dec/2025:07:30:42 -0500] "GET /f7c78/?path=/srv/users/craft4/apps/craft4-newsite-space/public/./cpresources/9599b988/../9a483874/../aed7ab4c/../9a483874/../2256e190 HTTP/1.0" 200 12018
2a03:2880:f800:21:: - - [14/Dec/2025:07:30:42 -0500] "GET /f7c78/?path=/srv/users/craft4/apps/craft4-newsite-space/public/./cpresources/9599b988/../b0ac7de7/../7683ad58/../12dd9/../aac2e380/Chart.bundle.min.js HTTP/1.0" 200 255027
209.9.200.163 - - [14/Dec/2025:07:30:42 -0500] "GET /f7c78/?path=/srv/users/craft4/apps/craft4-newsite-space/public/f7c78/../order/files/_68x24_crop_center-center_none/../Screenshot_27.png HTTP/1.0" 200 334266
2a03:2880:f800:f:: - - [14/Dec/2025:07:30:43 -0500] "GET /f7c78/?path=/srv/users/craft4/apps/craft4-newsite-space/public/./cpresources/b6b51f3f/.././fc951955/../814f3b07/../e9e49845/../9e85d86b/9e85d86b HTTP/1.0" 200 13862
2a03:2880:f800:38:: - - [14/Dec/2025:07:30:43 -0500] "GET /f7c78/?path=/srv/users/craft4/apps/craft4-newsite-space/public/cpresources/3013a1e4/../3ee1a5f9/.././bb245e8e/../fc951955/./datepicker-af.js HTTP/1.0" 200 5378
2a03:2880:f800:23:: - - [14/Dec/2025:07:30:43 -0500] "GET /f7c78/?path=/srv/users/craft4/apps/craft4-newsite-space/public/cpresources/6b9f20ee/../18a196f3/../9e85d86b/../7196177a/../3ee1a5f9 HTTP/1.0" 200 9468
2a03:2880:f800:34:: - - [14/Dec/2025:07:30:44 -0500] "GET /f7c78/?path=/srv/users/craft4/apps/craft4-newsite-space/public/./cpresources/9599b988/../c7192088/../6b9f20ee/../a091a247 HTTP/1.0" 200 11460
216.73.216.111 - - [14/Dec/2025:07:30:45 -0500] "GET /f7c78/?path=%2Fsrv%2Fusers%2Fcraft4%2Fapps%2Fcraft4-newsite-space%2Fvendor%2Ftasdev-au%2F..%2F.%2Fyiisoft%2Fyii2%2Fwidgets%2F.%2F..%2Fdb HTTP/1.0" 200 70767
2a03:2880:f800:a:: - - [14/Dec/2025:07:30:45 -0500] "GET /f7c78/?path=/srv/users/craft4/apps/craft4-newsite-space/public/1cefc/1cefc/.././../cpresources/5d88fcbb/./.././12dd9 HTTP/1.0" 200 9257
2a03:2880:f800:16:: - - [14/Dec/2025:07:30:45 -0500] "GET /f7c78/?path=/srv/users/craft4/apps/craft4-newsite-space/public/../modules/../storage/runtime/cache/5d/../7d/../e6/../10/../8d/CraftCMS--7272c434-7782-44e7-a48c-1d549962bb2a8d0782ffe33b7e5bcdb80e1319bb5459.bin HTTP/1.0" 200 4857
2a03:2880:f800:6:: - - [14/Dec/2025:07:30:46 -0500] "GET /f7c78/?path=/srv/users/craft4/apps/craft4-newsite-space/public/cpresources/7acb0f10/images/image-editor/../../../b2c756a7/../b89e6451/../c57df74c HTTP/1.0" 200 10102
209.9.200.163 - - [14/Dec/2025:07:30:46 -0500] "GET /f7c78/?path=/srv/users/craft4/apps/craft4-newsite-space/public/f7c78/../order/files/_68x24_crop_center-center_none/../_34x12_crop_center-center_none HTTP/1.0" 200 9453
2a03:2880:f800:3b:: - - [14/Dec/2025:07:30:46 -0500] "GET /f7c78/?path=/srv/users/craft4/apps/craft4-newsite-space/public/cpresources/f2cd4ff0/.././6df6f5d8/../e3294a7e/././../60fe2959/d3.js HTTP/1.0" 200 244703
2a03:2880:f800:23:: - - [14/Dec/2025:07:30:47 -0500] "GET /f7c78/?path=/srv/users/craft4/apps/craft4-newsite-space/public/cpresources/3013a1e4/../f8e62810/.././b6b51f3f/../cec54a4c/../3ee1a5f9/. HTTP/1.0" 200 9807
2a03:2880:f800:27:: - - [14/Dec/2025:07:30:47 -0500] "GET /f7c78/?create&path=/srv/users/craft4/apps/craft4-newsite-space/public/./cpresources/beefc24a/../108d6eda/../3013a1e4/../b0ac7de7/.././897c2d24 HTTP/1.0" 200 4300
216.73.216.111 - - [14/Dec/2025:07:30:48 -0500] "GET /f7c78/?path=%2Fsrv%2Fusers%2Fcraft4%2Ftmp%2F..%2F.cache%2Fcomposer%2F.%2F..%2Fcomposer%2Frepo HTTP/1.0" 200 7729
2a03:2880:f800:3b:: - - [14/Dec/2025:07:30:48 -0500] "GET /f7c78/?path=/srv/users/craft4/apps/craft4-newsite-space/vendor/commerceguys/../verbb/../phpdocumentor/.././guzzlehttp HTTP/1.0" 200 9918
2a03:2880:f800:34:: - - [14/Dec/2025:07:30:48 -0500] "GET /f7c78/?path=/srv/users/craft4/apps/craft4-newsite-space/public/./cpresources/b0ac7de7/../9a483874/../f7099225/../fc951955/datepicker-fr-CA.js HTTP/1.0" 200 5285
2a03:2880:f800:9:: - - [14/Dec/2025:07:30:49 -0500] "GET /f7c78/?path=/srv/users/craft4/apps/craft4-newsite-space/public/cpresources/9e85d86b/../5d88fcbb/../a091a247/./../f80c1dcc/../12dd9 HTTP/1.0" 200 9590
2a03:2880:f800:b:: - - [14/Dec/2025:07:30:49 -0500] "GET /f7c78/?path=/srv/users/craft4/apps/craft4-newsite-space/public/./cpresources/././beefc24a/../6df6f5d8/../c57df74c/../30f2c67a HTTP/1.0" 200 10378
2a03:2880:f800:2c:: - - [14/Dec/2025:07:30:50 -0500] "GET /f7c78/?create&path=/srv/users/craft4/apps/craft4-newsite-space/public/cpresources/28e2e3a3/../60fe2959/../108d6eda HTTP/1.0" 200 3476
209.9.200.163 - - [14/Dec/2025:07:30:50 -0500] "GET /f7c78/?path=/srv/users/craft4/apps/craft4-newsite-space/public/f7c78/../order/files/_68x68_crop_center-center_none/../2023-01 HTTP/1.0" 200 8918
2a03:2880:f800:2b:: - - [14/Dec/2025:07:30:51 -0500] "GET /f7c78/?path=/srv/users/craft4/apps/craft4-newsite-space/public/./cpresources/814f3b07/../c57df74c/.././b0ac7de7/./../18a196f3/../fc951955/datepicker-fr-CA.js HTTP/1.0" 200 5891
216.73.216.111 - - [14/Dec/2025:07:30:51 -0500] "GET /f7c78/?path=%2Fsrv%2Fusers%2Fcraft4%2Fapps%2Fcraft4-newsite-space%2F.%2Fvendor%2Fsabberworm%2F..%2Fmasterminds%2F..%2F.%2Fsymfony%2F.%2F.. HTTP/1.0" 200 66224
2a03:2880:f800:1e:: - - [14/Dec/2025:07:30:51 -0500] "GET /f7c78/?path=/srv/users/craft4/apps/craft4-newsite-space/public/cpresources/108d6eda/././../897c2d24/../3ee1a5f9/././../b2c756a7/../fc951955 HTTP/1.0" 200 104716
2a03:2880:f800:1f:: - - [14/Dec/2025:07:30:51 -0500] "GET /f7c78/?path=/srv/users/craft4/apps/craft4-newsite-space/public/./cpresources/./6b9f20ee/../aed7ab4c/../aed7ab4c/../5e0f94ef/../../wp-load.php HTTP/1.0" 200 4244
2a03:2880:f800:3b:: - - [14/Dec/2025:07:30:52 -0500] "GET /f7c78/?path=/srv/users/craft4/apps/craft4-newsite-space/public/./cpresources/./a4303b5a/../b89e6451/../9e85d86b/../92fd50c HTTP/1.0" 200 10295
2a03:2880:f800:26:: - - [14/Dec/2025:07:30:52 -0500] "GET /f7c78/?path=/srv/users/craft4/apps/craft4-newsite-space/public/./cpresources/././../files/../3534f/../cpresources/c7192088 HTTP/1.0" 200 11688
2a03:2880:f800:3b:: - - [14/Dec/2025:07:30:53 -0500] "GET /f7c78/?path=/srv/users/craft4/apps/craft4-newsite-space/public/cpresources/7683ad58/../60fe2959/../b1daeca9/../f8e62810/.././203937da HTTP/1.0" 200 10833
2a03:2880:f800:f:: - - [14/Dec/2025:07:30:53 -0500] "GET /f7c78/?path=/srv/users/craft4/apps/craft4-newsite-space/public/./cpresources/./a091a247/../108d6eda/../aed7ab4c/../bb245e8e/../92fd50c HTTP/1.0" 200 10805
216.73.216.111 - - [14/Dec/2025:07:30:54 -0500] "GET /f7c78/?path=%2Fsrv%2Fusers%2Fcraft4%2Fapps%2Fcraft4-newsite-space%2Fplugins%2F..%2Fstorage%2Fruntime%2Fcache%2Fab%2F.%2F..%2Fee HTTP/1.0" 200 9189
2a03:2880:f800:15:: - - [14/Dec/2025:07:30:54 -0500] "GET /f7c78/?path=/srv/users/craft4/apps/craft4-newsite-space/public/images/../images/../cpresources/./f80c1dcc/../46fa01b6/../9a483874/profile.js HTTP/1.0" 200 8687
209.9.200.163 - - [14/Dec/2025:07:30:54 -0500] "GET /f7c78/?path=/srv/users/craft4/apps/craft4-newsite-space/public/f7c78/../order/files/_68x68_crop_center-center_none/../2023-01-24 HTTP/1.0" 200 10469
2a03:2880:f800:18:: - - [14/Dec/2025:07:30:54 -0500] "GET /f7c78/?path=/srv/users/craft4/apps/craft4-newsite-space/public/images/./../cpresources/a4303b5a/.././b1daeca9/../b6b51f3f/../92fd50c HTTP/1.0" 200 10757
2a03:2880:f800:a:: - - [14/Dec/2025:07:30:55 -0500] "GET /f7c78/?path=/srv/users/craft4/apps/craft4-newsite-space/public/./cpresources/f7099225/./../f29e9092/.././fc951955/datepicker-az.js HTTP/1.0" 200 5154
2a03:2880:f800:16:: - - [14/Dec/2025:07:30:55 -0500] "GET /f7c78/?path=/srv/users/craft4/apps/craft4-newsite-space/public/cpresources/9e85d86b/../f29e9092/../f80c1dcc/.././c57df74c HTTP/1.0" 200 9242
2a03:2880:f800:44:: - - [14/Dec/2025:07:30:55 -0500] "GET /f7c78/?path=/srv/users/craft4/apps/craft4-newsite-space/public/cpresources/6b9f20ee/../46fa01b6/../3ee1a5f9/../9a483874/../b1daeca9/../f8e62810/f8e62810/index.php HTTP/1.0" 200 4654
2a03:2880:f800:1:: - - [14/Dec/2025:07:30:56 -0500] "GET /f7c78/?path=/srv/users/craft4/apps/craft4-newsite-space/public/../modules/../storage/runtime/cache/28/../42/../c6 HTTP/1.0" 200 11265
2a03:2880:f800:21:: - - [14/Dec/2025:07:30:56 -0500] "GET /f7c78/?path=/srv/users/craft4/apps/craft4-newsite-space/public/./cpresources/18a196f3/./../6b9f20ee/.././a4303b5a/.. HTTP/1.0" 200 65517
216.73.216.111 - - [14/Dec/2025:07:30:57 -0500] "GET /f7c78/?path=%2Fsrv%2Fusers%2Fcraft4%2Fapps%2Fcraft4-newsite-space%2Fvendor%2Ftasdev-au%2F..%2F.%2Fyiisoft%2Fyii2%2Fwidgets%2F.%2F..%2Flog HTTP/1.0" 200 17148
2a03:2880:f800:2e:: - - [14/Dec/2025:07:30:57 -0500] "GET /f7c78/?path=/srv/users/craft4/apps/craft4-newsite-space/public/./cpresources/9599b988/../9599b988/../3013a1e4/../b2c756a7/../7acb0f10 HTTP/1.0" 200 14355
209.9.200.163 - - [14/Dec/2025:07:30:58 -0500] "GET /f7c78/?path=/srv/users/craft4/apps/craft4-newsite-space/public/f7c78/../order/files/_68x68_crop_center-center_none/../2023-01e60753fe-b850-46cb-99ff-fba79c92d0e4 HTTP/1.0" 200 8262
2a03:2880:f800:1:: - - [14/Dec/2025:07:30:58 -0500] "GET /f7c78/?create&path=/srv/users/craft4/apps/craft4-newsite-space/public/./cpresources/./60fe2959/../f29e9092/../6b9f20ee/../3013a1e4/../b0ac7de7/b0ac7de7 HTTP/1.0" 200 4437
2a03:2880:f800:2e:: - - [14/Dec/2025:07:30:58 -0500] "GET /f7c78/?path=/srv/users/craft4/apps/craft4-newsite-space/public/cpresources/f2cd4ff0/../2256e190/.././203937da/../9a483874/./../aed7ab4c HTTP/1.0" 200 9863
2a03:2880:f800:45:: - - [14/Dec/2025:07:30:58 -0500] "GET /f7c78/?path=/srv/users/craft4/apps/craft4-newsite-space/public/./cpresources/92fd50c/css/.././../46fa01b6/../b2c756a7 HTTP/1.0" 200 10417
2a03:2880:f800:3e:: - - [14/Dec/2025:07:30:59 -0500] "GET /f7c78/?path=/srv/users/craft4/apps/craft4-newsite-space/public/./cpresources/fc951955/../6df6f5d8/../a091a247/../203937da/../fc951955 HTTP/1.0" 200 102897
2a03:2880:f800:3a:: - - [14/Dec/2025:07:30:59 -0500] "GET /f7c78/?path=/srv/users/craft4/apps/craft4-newsite-space/public/./cpresources/fc951955/../2256e190/../7683ad58/../b2c756a7/../b0ac7de7/../2256e190/./../b2c756a7 HTTP/1.0" 200 12199
216.73.216.111 - - [14/Dec/2025:07:31:00 -0500] "GET /f7c78/?path=%2Fsrv%2Fusers%2Fcraft4%2F.cache%2F.%2F.%2Fcomposer%2Ffiles%2Fcraftcms%2F..%2Fcreocoder%2F..%2Fsetasign%2F..%2Fleague%2F..%2F.%2Fpsr HTTP/1.0" 200 14536
2a03:2880:f800:22:: - - [14/Dec/2025:07:31:00 -0500] "GET /f7c78/?path=/srv/users/craft4/apps/craft4-newsite-space/public/./cpresources/./.././cpresources/././b89e6451/.. HTTP/1.0" 200 64648
2a03:2880:f800:1a:: - - [14/Dec/2025:07:31:00 -0500] "GET /f7c78/?path=/srv/users/craft4/apps/craft4-newsite-space/public/cpresources/f2cd4ff0/../beefc24a/../9599b988/./../7196177a/.././12dd9 HTTP/1.0" 200 9766
2a03:2880:f800:39:: - - [14/Dec/2025:07:31:01 -0500] "GET /f7c78/?path=/srv/users/craft4/apps/craft4-newsite-space/public/f7c78/.././1cefc/./../30a37/30a37/./. HTTP/1.0" 200 12229
209.9.200.163 - - [14/Dec/2025:07:31:02 -0500] "GET /f7c78/?path=/srv/users/craft4/apps/craft4-newsite-space/public/f7c78/../order/files/_68x68_crop_center-center_none/../2023-07 HTTP/1.0" 200 8918
2a03:2880:f800:36:: - - [14/Dec/2025:07:31:02 -0500] "GET /f7c78/?path=/srv/users/craft4/apps/craft4-newsite-space/public/images/./../cpresources/b6b51f3f/./../f8e62810/../28e2e3a3 HTTP/1.0" 200 10420
2a03:2880:f800:2f:: - - [14/Dec/2025:07:31:02 -0500] "GET /f7c78/?create&path=/srv/users/craft4/apps/craft4-newsite-space/public/./cpresources/./897c2d24/../b6b51f3f/../18a196f3/.././7196177a/../aed7ab4c HTTP/1.0" 200 4409
2a03:2880:f800:4:: - - [14/Dec/2025:07:31:02 -0500] "GET /f7c78/?path=/srv/users/craft4/apps/craft4-newsite-space/public/./cpresources/9599b988/../b6b51f3f/../18a196f3/../28e2e3a3/../c1b7baf0 HTTP/1.0" 200 9568
216.73.216.111 - - [14/Dec/2025:07:31:03 -0500] "GET /f7c78/?path=%2Fsrv%2Fusers%2Fcraft4%2F.cache%2F.%2F.%2Fcomposer%2Ffiles%2Fcraftcms%2F..%2Fcreocoder%2F..%2Freact%2F..%2Fiio%2F..%2Fpsr%2F..%2Felvanto HTTP/1.0" 200 7967
2a03:2880:f800:2c:: - - [14/Dec/2025:07:31:03 -0500] "GET /f7c78/?path=/srv/users/craft4/apps/craft4-newsite-space/public/cpresources/f2cd4ff0/.././60b5d681/../3ee1a5f9/../cf1f9745/. HTTP/1.0" 200 10446
2a03:2880:f800:35:: - - [14/Dec/2025:07:31:03 -0500] "GET /f7c78/?path=/srv/users/craft4/apps/craft4-newsite-space/public/cpresources/b0ac7de7/./../c57df74c/../3ee1a5f9/../7196177a/../f2cd4ff0/../f8e62810/OrdersWidgetSettings.js.map HTTP/1.0" 200 7579
2a03:2880:f800:16:: - - [14/Dec/2025:07:31:04 -0500] "GET /f7c78/?path=/srv/users/craft4/apps/craft4-newsite-space/public/cpresources/7196177a/../60fe2959/d3-format/../../60fe2959/../7acb0f10/.. HTTP/1.0" 200 68905
2a03:2880:f800:1b:: - - [14/Dec/2025:07:31:05 -0500] "GET /f7c78/?path=/srv/users/craft4/apps/craft4-newsite-space/public/cpresources/60fe2959/../3ee1a5f9/../203937da/../b89e6451/../b6b51f3f/umd.js HTTP/1.0" 200 5908
2a03:2880:f800:27:: - - [14/Dec/2025:07:31:05 -0500] "GET /f7c78/?path=/srv/users/craft4/apps/craft4-newsite-space/public/cpresources/f2cd4ff0/../b1daeca9/../814f3b07/../3013a1e4/./.././108d6eda/js HTTP/1.0" 200 10055
2a03:2880:f800:6:: - - [14/Dec/2025:07:31:06 -0500] "GET /f7c78/?path=/srv/users/craft4/apps/craft4-newsite-space/public/cpresources/f2cd4ff0/../6df6f5d8/../f7099225/../f8e62810/../28e2e3a3/../fc951955/. HTTP/1.0" 200 106076
209.9.200.163 - - [14/Dec/2025:07:31:06 -0500] "GET /f7c78/?path=/srv/users/craft4/apps/craft4-newsite-space/public/f7c78/../order/files/_68x68_crop_center-center_none/../Screenshot_27.png HTTP/1.0" 200 334266
216.73.216.111 - - [14/Dec/2025:07:31:06 -0500] "GET /f7c78/?path=%2Fsrv%2Fusers%2Fcraft4%2Fapps%2Fcraft4-newsite-space%2F.%2Fvendor%2Fsabberworm%2F..%2F..%2Fvendor%2Fibericode%2F..%2F.%2Fverbb HTTP/1.0" 200 8734
2a03:2880:f800:6:: - - [14/Dec/2025:07:31:06 -0500] "GET /f7c78/?path=/srv/users/craft4/apps/craft4-newsite-space/public/images/.././70f7c/../cpresources/7196177a/../b6b51f3f HTTP/1.0" 200 8913
2a03:2880:f800:48:: - - [14/Dec/2025:07:31:06 -0500] "GET /f7c78/?path=/srv/users/craft4/apps/craft4-newsite-space/public/./cpresources/9599b988/../28e2e3a3/.././fc951955/.././f2cd4ff0/../b0ac7de7/../f8e62810 HTTP/1.0" 200 11777
2a03:2880:f800:37:: - - [14/Dec/2025:07:31:07 -0500] "GET /f7c78/?path=/srv/users/craft4/apps/craft4-newsite-space/public/./cpresources/b6b51f3f/.././b0ac7de7/../9a483874/../e3294a7e/../9599b988/../cec54a4c HTTP/1.0" 200 11552
2a03:2880:f800:44:: - - [14/Dec/2025:07:31:08 -0500] "GET /f7c78/?path=/srv/users/craft4/apps/craft4-newsite-space/public/./cpresources/b6b51f3f/../aed7ab4c/../../cpresources/b1daeca9/../60fe2959/../a091a247/css HTTP/1.0" 200 10452
2a03:2880:f800:24:: - - [14/Dec/2025:07:31:08 -0500] "GET /f7c78/?path=/srv/users/craft4/apps/craft4-newsite-space/vendor/commerceguys/../graham-campbell/../react/../verbb/../ether HTTP/1.0" 200 7872
216.73.216.111 - - [14/Dec/2025:07:31:09 -0500] "GET /f7c78/?path=%2Fsrv%2Fusers%2Fcraft4%2F.cache%2F.%2F.%2Fcomposer%2Ffiles%2Fcraftcms%2F..%2Fcreocoder%2F..%2Fether%2F..%2Fmoneyphp%2F.%2F..%2Fezyang HTTP/1.0" 200 7862
2a03:2880:f800:1d:: - - [14/Dec/2025:07:31:09 -0500] "GET /f7c78/?path=/srv/users/craft4/apps/craft4-newsite-space/public/cpresources/./92fd50c/./css HTTP/1.0" 200 7019
2a03:2880:f800:26:: - - [14/Dec/2025:07:31:09 -0500] "GET /f7c78/?path=/srv/users/craft4/apps/craft4-newsite-space/public/./.././storage/runtime/compiled_templates/e3/../7f/../68/../26 HTTP/1.0" 200 9890
2a03:2880:f800:15:: - - [14/Dec/2025:07:31:09 -0500] "GET /f7c78/?path=/srv/users/craft4/apps/craft4-newsite-space/public/cpresources/f2cd4ff0/../c7192088/.././c57df74c/../e371ba21/../aed7ab4c/../fc951955/datepicker-zh-TW.js HTTP/1.0" 200 6052
209.9.200.163 - - [14/Dec/2025:07:31:10 -0500] "GET /f7c78/?path=/srv/users/craft4/apps/craft4-newsite-space/public/f7c78/../order/files/_68x68_crop_center-center_none/../_34x12_crop_center-center_none HTTP/1.0" 200 9453
2a03:2880:f800:3a:: - - [14/Dec/2025:07:31:10 -0500] "GET /f7c78/?path=/srv/users/craft4/apps/craft4-newsite-space/public/./cpresources/9599b988/../92fd50c/.././814f3b07/../5d88fcbb/../fc951955/datepicker-lt.js HTTP/1.0" 200 5706
2a03:2880:f800:2e:: - - [14/Dec/2025:07:31:10 -0500] "GET /f7c78/?path=/srv/users/craft4/apps/craft4-newsite-space/public/./cpresources/9599b988/../28e2e3a3/../cec54a4c/../92fd50c/manifest.json HTTP/1.0" 200 3962
2a03:2880:f800:1a:: - - [14/Dec/2025:07:31:11 -0500] "GET /f7c78/?path=/srv/users/craft4/apps/craft4-newsite-space/public/cpresources/9e85d86b/../5e0f94ef/./../b2c756a7/.. HTTP/1.0" 200 64643
216.73.216.111 - - [14/Dec/2025:07:31:12 -0500] "GET /f7c78/?path=%2Fsrv%2Fusers%2Fcraft4%2F.cache%2F.%2F.%2Fcomposer%2Ffiles%2Fcraftcms%2F..%2Fcreocoder%2F..%2Freact%2F..%2Fdefuse%2F..%2Fcreocoder%2F. HTTP/1.0" 200 7894
2a03:2880:f800:22:: - - [14/Dec/2025:07:31:12 -0500] "GET /f7c78/?path=/srv/users/craft4/apps/craft4-newsite-space/public/../vendor/./creocoder/../craftcms/../enshrined/../commerceguys HTTP/1.0" 200 7987
2a03:2880:f800:a:: - - [14/Dec/2025:07:31:12 -0500] "GET /f7c78/?path=/srv/users/craft4/apps/craft4-newsite-space/public/./cpresources/./e3294a7e/../60b5d681/.././f80c1dcc/../f29e9092 HTTP/1.0" 200 9380
2a03:2880:f800:48:: - - [14/Dec/2025:07:31:12 -0500] "GET /f7c78/?path=/srv/users/craft4/apps/craft4-newsite-space/public/./cpresources/9599b988/../b89e6451/././.././a4303b5a/../30f2c67a/../6b9f20ee HTTP/1.0" 200 10185
