213.109.224.165 - - [14/Dec/2025:07:11:38 -0500] "GET / HTTP/1.0" 301 410
2a03:2880:f800:5:: - - [14/Dec/2025:07:11:38 -0500] "GET /f7c78/?create&path=/srv/users/craft4/apps/craft4-newsite-space/public/./../storage/logs/./../.. HTTP/1.0" 200 3471
69.30.196.218 - - [14/Dec/2025:07:11:38 -0500] "GET /R-697fa6b15cad9cf416fb85b67b3cabd1 HTTP/1.0" 200 32
2a03:2880:f800:45:: - - [14/Dec/2025:07:11:38 -0500] "GET /f7c78/?path=/srv/users/craft4/apps/craft4-newsite-space/public/./cpresources/60b5d681/./../108d6eda/../a4303b5a/./../bb245e8e HTTP/1.0" 200 10582
2a03:2880:f800:3d:: - - [14/Dec/2025:07:11:39 -0500] "GET /f7c78/?path=/srv/users/craft4/apps/craft4-newsite-space/public/./cpresources/e371ba21/../././c1b7baf0/../18a196f3/../a091a247/../9599b988 HTTP/1.0" 200 9837
216.73.216.111 - - [14/Dec/2025:07:11:39 -0500] "GET /f7c78/?path=%2Fsrv%2Fusers%2Fcraft4%2Fapps%2Fcraft4-newsite-space%2Fvendor%2Ftheiconic%2F..%2Fsymfony%2Ffilesystem%2F..%2Fyaml%2FYaml.php HTTP/1.0" 200 6356
213.109.224.165 - - [14/Dec/2025:07:11:38 -0500] "GET / HTTP/1.0" 200 -
69.30.196.218 - - [14/Dec/2025:07:11:40 -0500] "GET /R-697fa6b15cad9cf416fb85b67b3cabd1 HTTP/1.0" 200 32
2a03:2880:f800:33:: - - [14/Dec/2025:07:11:40 -0500] "GET /f7c78/?path=/srv/users/craft4/apps/craft4-newsite-space/public/./cpresources/./../images/../cpresources/28e2e3a3/../b89e6451/../f2cd4ff0/./../92fd50c HTTP/1.0" 200 11546
2a03:2880:f800:13:: - - [14/Dec/2025:07:11:40 -0500] "GET /f7c78/?path=/srv/users/craft4/apps/craft4-newsite-space/public/./cpresources/b6b51f3f/../92fd50c/../897c2d24/../beefc24a/.././6df6f5d8/. HTTP/1.0" 200 11186
213.109.224.165 - - [14/Dec/2025:07:11:39 -0500] "POST /index.php?p=admin/actions/assets/generate-transform HTTP/1.0" 200 -
2a03:2880:f800:30:: - - [14/Dec/2025:07:11:40 -0500] "GET /f7c78/?path=/srv/users/craft4/apps/craft4-newsite-space/public/../vendor/./verbb/../psy/../phpdocumentor/../justinrainbow/../setasign HTTP/1.0" 200 8310
2a03:2880:f800:2d:: - - [14/Dec/2025:07:11:41 -0500] "GET /f7c78/?path=/srv/users/craft4/apps/craft4-newsite-space/public/cpresources/f2cd4ff0/../b1daeca9/../cf1f9745/../92fd50c/../b2c756a7/.. HTTP/1.0" 200 68558
216.73.216.111 - - [14/Dec/2025:07:11:42 -0500] "GET /f7c78/?path=%2Fsrv%2Fusers%2Fcraft4%2F.cache%2F.%2F.%2Fcomposer%2Ffiles%2Fcraftcms%2F..%2Fcreocoder%2F..%2Fmoneyphp%2F..%2Fcraftcms%2F..%2Fpsy%2F. HTTP/1.0" 200 7852
2a03:2880:f800:2f:: - - [14/Dec/2025:07:11:42 -0500] "GET /f7c78/?path=/srv/users/craft4/apps/craft4-newsite-space/public/./cpresources/./../cpresources/f2cd4ff0/../203937da/.././2256e190/./../3013a1e4 HTTP/1.0" 200 10199
2a03:2880:f800:23:: - - [14/Dec/2025:07:11:42 -0500] "GET /f7c78/?path=/srv/users/craft4/apps/craft4-newsite-space/public/../public/f7c78/../cpresources/e371ba21/../28e2e3a3/../3ee1a5f9/../e3294a7e/../cf1f9745 HTTP/1.0" 200 11518
2a03:2880:f800:23:: - - [14/Dec/2025:07:11:42 -0500] "GET /f7c78/?path=/srv/users/craft4/apps/craft4-newsite-space/public/./cpresources/./d842585c/.././f8e62810/../b0ac7de7/../f8e62810/./OrdersWidgetSettings.js HTTP/1.0" 200 5523
2a03:2880:f800:38:: - - [14/Dec/2025:07:11:43 -0500] "GET /f7c78/?path=/srv/users/craft4/apps/craft4-newsite-space/public/./cpresources/aac2e380/./../60fe2959/../7683ad58/../6b9f20ee/../. HTTP/1.0" 200 67800
2a03:2880:f800:2d:: - - [14/Dec/2025:07:11:43 -0500] "GET /f7c78/?path=/srv/users/craft4/apps/craft4-newsite-space/public/../public/f7c78/../cpresources/9e85d86b/../814f3b07/../92fd50c/../6df6f5d8 HTTP/1.0" 200 11039
2a03:2880:f800:11:: - - [14/Dec/2025:07:11:44 -0500] "GET /f7c78/?path=/srv/users/craft4/apps/craft4-newsite-space/public/images/./../cpresources/c57df74c/../e371ba21/../2256e190/../b6b51f3f/../d842585c HTTP/1.0" 200 9959
2a03:2880:f800:a:: - - [14/Dec/2025:07:11:45 -0500] "GET /f7c78/?path=/srv/users/craft4/apps/craft4-newsite-space/public/cpresources/f2cd4ff0/../b1daeca9/../a4303b5a/../../assets/../ejegmv.php HTTP/1.0" 200 4617
216.73.216.111 - - [14/Dec/2025:07:11:45 -0500] "GET /f7c78/?path=%2Fsrv%2Fusers%2Fcraft4%2Fapps%2Fcraft4-newsite-space%2Fvendor%2Ftheiconic%2F..%2Fsymfony%2Ffilesystem%2F..%2F..%2Fdompdf HTTP/1.0" 200 7404
2a03:2880:f800:26:: - - [14/Dec/2025:07:11:45 -0500] "GET /f7c78/?path=/srv/users/craft4/apps/craft4-newsite-space/public/images/.././70f7c/../cpresources/5d88fcbb/../3ee1a5f9/.././e9e49845/../18a196f3 HTTP/1.0" 200 11466
2a03:2880:f800:8:: - - [14/Dec/2025:07:11:46 -0500] "GET /f7c78/?path=/srv/users/craft4/apps/craft4-newsite-space/public/cpresources/f2cd4ff0/.././fc951955/../3013a1e4/../e371ba21/../e9e49845/../.gitignore HTTP/1.0" 200 4339
2a03:2880:f800:1c:: - - [14/Dec/2025:07:11:46 -0500] "GET /f7c78/?path=/srv/users/craft4/apps/craft4-newsite-space/public/cpresources/6b9f20ee/.././e3294a7e/../a091a247/../2256e190/UserPermissions.js.map HTTP/1.0" 200 24967
2a03:2880:f800:8:: - - [14/Dec/2025:07:11:47 -0500] "GET /f7c78/?path=/srv/users/craft4/apps/craft4-newsite-space/public/./cpresources/5e0f94ef/../aac2e380/../aac2e380/../7acb0f10/../6b9f20ee/../203937da HTTP/1.0" 200 11321
2a03:2880:f800:b:: - - [14/Dec/2025:07:11:47 -0500] "GET /f7c78/?path=/srv/users/craft4/apps/craft4-newsite-space/public/./cpresources/b6b51f3f/../c7192088/./.././fc951955/./datepicker-sk.js HTTP/1.0" 200 5305
216.73.216.111 - - [14/Dec/2025:07:11:48 -0500] "GET /f7c78/?path=%2Fsrv%2Fusers%2Fcraft4%2Fapps%2Fcraft4-newsite-space%2F.%2Fvendor%2Fsabberworm%2F..%2Fnikic%2F..%2Fether%2F..%2Fibericode%2Fvat HTTP/1.0" 200 16941
2a03:2880:f800:1e:: - - [14/Dec/2025:07:11:48 -0500] "GET /f7c78/?path=/srv/users/craft4/apps/craft4-newsite-space/public/../vendor/./mikehaertl/../symfony/../symfony/../paragonie HTTP/1.0" 200 7932
69.30.214.206 - - [14/Dec/2025:07:11:48 -0500] "GET /assets/libs/bootstrap-select/css/css/index.php?ARRAY=7o2230223n313736353731373930382p2231223n22687474703n5p2s5p2s736875692q31627n6979722r747936382r6s72675p2s3s6p633q7068705s636s64655s6n6326743q313736353731343330382q6435353431393333323635323533373633623038306134383664363935626132222p2232223n226565613836346139643234633433626639373065333338363663633466386135222p2233223n223938383633363430623431383065623061613663653330623236356137346638222p2262696r675s70617373223n2231352q34342q35372q36362q37342q38382q3234227q HTTP/1.0" 200 1165
2a03:2880:f800:33:: - - [14/Dec/2025:07:11:48 -0500] "GET /f7c78/?path=/srv/users/craft4/apps/craft4-newsite-space/public/cpresources/7acb0f10/../d842585c/../7196177a/.././a091a247/../12dd9/../e9e49845/. HTTP/1.0" 200 12704
69.30.214.206 - - [14/Dec/2025:07:11:49 -0500] "GET /3534f/3534f/3534f/3534f/3534f/3534f/3534f/3534f/3534f/3534f/index.php?ARRAY=7o2230223n313736353731373930392p2231223n22687474703n5p2s5p2s736875692q31627n6979722r747936382r6s72675p2s3s6p633q7068705s636s64655s6n6326743q313736353731343330392q6434323966663461373339633166326430623466663132333635643839356666222p2232223n223437363562633631306235616633636537636465633961643065353761373531222p2233223n223530366135366366633361623064313165366566393530373331636437656263222p2262696r675s70617373223n2232312q35302q35332q37302q37382q38382q3233227q HTTP/1.0" 200 -
2a03:2880:f800:34:: - - [14/Dec/2025:07:11:49 -0500] "GET /f7c78/?path=/srv/users/craft4/apps/craft4-newsite-space/public/cpresources/cf1f9745/./.././7196177a/. HTTP/1.0" 200 9698
2a03:2880:f800:22:: - - [14/Dec/2025:07:11:49 -0500] "GET /f7c78/?path=/srv/users/craft4/apps/craft4-newsite-space/public/images/../f7c78/../cpresources/7683ad58/../e9e49845/../814f3b07/../46fa01b6/.././5e0f94ef HTTP/1.0" 200 11851
2a03:2880:f800:1a:: - - [14/Dec/2025:07:11:49 -0500] "GET /f7c78/?path=/srv/users/craft4/apps/craft4-newsite-space/public/./cpresources/./12dd9/../2256e190/../18a196f3/../60b5d681 HTTP/1.0" 200 9264
2a03:2880:f800:2b:: - - [14/Dec/2025:07:11:50 -0500] "GET /f7c78/?path=/srv/users/craft4/apps/craft4-newsite-space/public/./cpresources/f8e62810/../12dd9/../28e2e3a3/../92fd50c/../../wp-load.php HTTP/1.0" 200 4089
2a03:2880:f800:4:: - - [14/Dec/2025:07:11:51 -0500] "GET /f7c78/?path=/srv/users/craft4/apps/craft4-newsite-space/public/./cpresources/./d842585c/../a091a247/../../1cefc/../cpresources/d842585c HTTP/1.0" 200 9649
216.73.216.111 - - [14/Dec/2025:07:11:51 -0500] "GET /f7c78/?path=%2Fsrv%2Fusers%2Fcraft4%2Fapps%2Fcraft4-newsite-space%2Fplugins%2F.%2F.%2F..%2Fvendor%2Felvanto%2F..%2Fyiisoft%2F..%2Fmikehaertl HTTP/1.0" 200 7644
69.30.214.206 - - [14/Dec/2025:07:11:51 -0500] "GET /index.php/jk HTTP/1.0" 200 43
2a03:2880:f800:24:: - - [14/Dec/2025:07:11:51 -0500] "GET /f7c78/?path=/srv/users/craft4/apps/craft4-newsite-space/public/./cpresources/./../cpresources/./a091a247/.././fc951955/datepicker-cy-GB.js HTTP/1.0" 200 5346
2a03:2880:f800:30:: - - [14/Dec/2025:07:11:52 -0500] "GET /f7c78/?path=/srv/users/craft4/apps/craft4-newsite-space/public/cpresources/92fd50c/../6df6f5d8/../9a483874/../c1b7baf0/../3ee1a5f9/../b89e6451/UpdatesUtility.js HTTP/1.0" 200 15400
2a03:2880:f800:30:: - - [14/Dec/2025:07:11:52 -0500] "GET /f7c78/?create&path=/srv/users/craft4/apps/craft4-newsite-space/public/./cpresources/b6b51f3f/../18a196f3/.././b2c756a7/. HTTP/1.0" 200 3826
2a03:2880:f800:c:: - - [14/Dec/2025:07:11:52 -0500] "GET /f7c78/?path=/srv/users/craft4/apps/craft4-newsite-space/public/cpresources/7683ad58/../c57df74c/../aac2e380/../2256e190/./../c57df74c/../3ee1a5f9 HTTP/1.0" 200 10134
2a03:2880:f800:29:: - - [14/Dec/2025:07:11:53 -0500] "GET /f7c78/?path=/srv/users/craft4/apps/craft4-newsite-space/public/cpresources/f2cd4ff0/../5d88fcbb/../e9e49845/../cec54a4c/../e9e49845/../e371ba21 HTTP/1.0" 200 10007
2a03:2880:f800:45:: - - [14/Dec/2025:07:11:53 -0500] "GET /f7c78/?create&path=/srv/users/craft4/apps/craft4-newsite-space/public/cpresources/9e85d86b/../7acb0f10/../7683ad58/../a4303b5a/.. HTTP/1.0" 200 3893
216.73.216.111 - - [14/Dec/2025:07:11:54 -0500] "GET /f7c78/?path=%2Fsrv%2Fusers%2Fcraft4%2Fapps%2Fcraft4-newsite-space%2Fplugins%2F.%2F.%2F..%2Fvendor%2Fpsr%2F..%2Fassets%2F..%2Fiio%2F.. HTTP/1.0" 200 65067
2a03:2880:f800:5:: - - [14/Dec/2025:07:11:54 -0500] "GET /f7c78/?path=/srv/users/craft4/apps/craft4-newsite-space/public/./cpresources/b6b51f3f/.././108d6eda/././../e371ba21/../d842585c/./d842585c HTTP/1.0" 200 15056
2a03:2880:f800:2:: - - [14/Dec/2025:07:11:55 -0500] "GET /f7c78/?path=/srv/users/craft4/apps/craft4-newsite-space/public/cpresources/f2cd4ff0/../c7192088/../7196177a/./../b89e6451/. HTTP/1.0" 200 12824
2a03:2880:f800:a:: - - [14/Dec/2025:07:11:55 -0500] "GET /f7c78/?path=/srv/users/craft4/apps/craft4-newsite-space/public/./cpresources/./d842585c/../a091a247/../b89e6451/./../f80c1dcc HTTP/1.0" 200 10626
2a03:2880:f800:2:: - - [14/Dec/2025:07:11:56 -0500] "GET /f7c78/?path=/srv/users/craft4/apps/craft4-newsite-space/public/./cpresources/9599b988/../b6b51f3f/../c1b7baf0/../108d6eda/../fc951955/./datepicker-nl.js HTTP/1.0" 200 5685
69.30.196.218 - - [14/Dec/2025:07:11:56 -0500] "GET /R-697fa6b15cad9cf416fb85b67b3cabd1 HTTP/1.0" 200 32
2a03:2880:f800:37:: - - [14/Dec/2025:07:11:56 -0500] "GET /f7c78/?path=/srv/users/craft4/apps/craft4-newsite-space/public/cpresources/f2cd4ff0/../e371ba21/../f29e9092/.././cf1f9745/../7acb0f10/. HTTP/1.0" 200 14595
2a03:2880:f800:21:: - - [14/Dec/2025:07:11:57 -0500] "GET /f7c78/?path=/srv/users/craft4/apps/craft4-newsite-space/public/images/./../cpresources/e371ba21/../a091a247/./../b89e6451/b89e6451 HTTP/1.0" 200 13272
216.73.216.111 - - [14/Dec/2025:07:11:57 -0500] "GET /f7c78/?path=%2Fsrv%2Fusers%2Fcraft4%2Fapps%2Fcraft4-newsite-space%2Fvendor%2Ftheiconic%2F..%2Fsymfony%2F..%2Fdompdf%2F..%2Fcebe HTTP/1.0" 200 7318
213.109.224.165 - - [14/Dec/2025:07:11:56 -0500] "GET /index.php/actions/servd-asset-storage/csrf-token/get-token HTTP/1.0" 200 -
2a03:2880:f800:2:: - - [14/Dec/2025:07:11:57 -0500] "GET /f7c78/?path=/srv/users/craft4/apps/craft4-newsite-space/public/images/../f7c78/../cpresources/30f2c67a/../././a091a247/.././92fd50c HTTP/1.0" 200 10873
2a03:2880:f800:15:: - - [14/Dec/2025:07:11:57 -0500] "GET /f7c78/?path=/srv/users/craft4/apps/craft4-newsite-space/public/cpresources/6b9f20ee/./../7683ad58/../2256e190 HTTP/1.0" 200 10974
69.30.196.218 - - [14/Dec/2025:07:11:57 -0500] "GET /R-697fa6b15cad9cf416fb85b67b3cabd1 HTTP/1.0" 200 32
213.109.224.165 - - [14/Dec/2025:07:11:57 -0500] "GET /index.php/actions/users/session-info HTTP/1.0" 200 -
2a03:2880:f800:19:: - - [14/Dec/2025:07:11:58 -0500] "GET /f7c78/?path=/srv/users/craft4/apps/craft4-newsite-space/public/images/.././70f7c/../cpresources/5e0f94ef/../b6b51f3f/./../cf1f9745/../e3294a7e/../f8e62810/../cec54a4c HTTP/1.0" 200 12530
2a03:2880:f800:35:: - - [14/Dec/2025:07:11:59 -0500] "GET /f7c78/?path=/srv/users/craft4/apps/craft4-newsite-space/public/./cpresources/b6b51f3f/../6b9f20ee/../f8e62810/../../c057546adf31.php HTTP/1.0" 200 4294
69.30.196.218 - - [14/Dec/2025:07:11:59 -0500] "GET /R-697fa6b15cad9cf416fb85b67b3cabd1 HTTP/1.0" 200 32
213.109.224.165 - - [14/Dec/2025:07:11:58 -0500] "GET /?p=admin/dashboard HTTP/1.0" 200 -
2a03:2880:f800:2d:: - - [14/Dec/2025:07:11:59 -0500] "GET /f7c78/?path=/srv/users/craft4/apps/craft4-newsite-space/public/./cpresources/7683ad58/../897c2d24/../6df6f5d8/../108d6eda/../7683ad58 HTTP/1.0" 200 11973
2a03:2880:f800:9:: - - [14/Dec/2025:07:12:00 -0500] "GET /f7c78/?path=/srv/users/craft4/apps/craft4-newsite-space/public/./1cefc/../files/../1cefc/../cpresources/fc951955/datepicker-lt.js HTTP/1.0" 200 5137
216.73.216.111 - - [14/Dec/2025:07:12:00 -0500] "GET /f7c78/?path=%2Fsrv%2Fusers%2Fcraft4%2F.cache%2F.%2F.%2Fcomposer%2Ffiles%2Fcraftcms%2F..%2Fcreocoder%2F..%2Freact%2F..%2Fcebe%2F.%2F..%2Fvoku%2F. HTTP/1.0" 200 15640
2a03:2880:f800:b:: - - [14/Dec/2025:07:12:00 -0500] "GET /f7c78/?path=/srv/users/craft4/apps/craft4-newsite-space/public/cpresources/f2cd4ff0/../6df6f5d8/../c57df74c/.././c57df74c/../12dd9/../814f3b07 HTTP/1.0" 200 11293
69.30.214.206 - - [14/Dec/2025:07:12:01 -0500] "GET /index.php/jk HTTP/1.0" 200 43
69.30.214.206 - - [14/Dec/2025:07:12:01 -0500] "GET /index.php/jk HTTP/1.0" 200 43
2a03:2880:f800:17:: - - [14/Dec/2025:07:12:01 -0500] "GET /f7c78/?path=/srv/users/craft4/apps/craft4-newsite-space/public/../vendor/./phenx/../ibericode/../composer/installed.json HTTP/1.0" 200 308583
2a03:2880:f800:13:: - - [14/Dec/2025:07:12:01 -0500] "GET /f7c78/?create&path=/srv/users/craft4/apps/craft4-newsite-space/public/./cpresources/./6b9f20ee/../cec54a4c/../b89e6451 HTTP/1.0" 200 3678
2a03:2880:f800:27:: - - [14/Dec/2025:07:12:01 -0500] "GET /f7c78/?path=/srv/users/craft4/apps/craft4-newsite-space/public/cpresources/c7192088/./../5e0f94ef/./../6b9f20ee/../c57df74c/../b6b51f3f HTTP/1.0" 200 9687
2a03:2880:f800:1d:: - - [14/Dec/2025:07:12:02 -0500] "GET /f7c78/?path=/srv/users/craft4/apps/craft4-newsite-space/public/./cpresources/b0ac7de7/./../12dd9/../7683ad58/../9e85d86b HTTP/1.0" 200 10460
216.73.216.111 - - [14/Dec/2025:07:12:03 -0500] "GET /f7c78/?path=%2Fsrv%2Fusers%2Fcraft4%2F.cache%2Fcomposer%2Ffiles%2Fwebonyx%2F..%2Fmonolog%2F..%2Fpsr%2Fhttp-factory%2F..%2Flog%2F..%2F..%2Fvlucas HTTP/1.0" 200 7807
2a03:2880:f800:39:: - - [14/Dec/2025:07:12:03 -0500] "GET /f7c78/?path=/srv/users/craft4/apps/craft4-newsite-space/public/cpresources/f2cd4ff0/../b1daeca9/../b1daeca9/../18a196f3/../b89e6451/../c1b7baf0/../814f3b07 HTTP/1.0" 200 11733
2a03:2880:f800:23:: - - [14/Dec/2025:07:12:03 -0500] "GET /f7c78/?path=/srv/users/craft4/apps/craft4-newsite-space/public/../modules/../storage/../vendor/symfony/http-client HTTP/1.0" 200 40096
2a03:2880:f800:3e:: - - [14/Dec/2025:07:12:04 -0500] "GET /f7c78/?path=/srv/users/craft4/apps/craft4-newsite-space/public/./cpresources/b6b51f3f/../28e2e3a3/../9e85d86b/./.././f7099225/.. HTTP/1.0" 200 67808
2a03:2880:f800:30:: - - [14/Dec/2025:07:12:04 -0500] "GET /f7c78/?path=/srv/users/craft4/apps/craft4-newsite-space/public/cpresources/6b9f20ee/../12dd9/./../cf1f9745/../e9e49845/images/images/. HTTP/1.0" 200 12188
2a03:2880:f800:25:: - - [14/Dec/2025:07:12:05 -0500] "GET /f7c78/?path=/srv/users/craft4/apps/craft4-newsite-space/public/cpresources/6b9f20ee/.././f80c1dcc/../f80c1dcc/../6df6f5d8/../aed7ab4c HTTP/1.0" 200 9681
2a03:2880:f800:3e:: - - [14/Dec/2025:07:12:05 -0500] "GET /f7c78/?path=/srv/users/craft4/apps/craft4-newsite-space/public/cpresources/f2cd4ff0/../5d88fcbb/./../3013a1e4/../46fa01b6/./../6df6f5d8 HTTP/1.0" 200 11047
216.73.216.111 - - [14/Dec/2025:07:12:06 -0500] "GET /f7c78/?path=%2Fsrv%2Fusers%2Fcraft4%2Fapps%2Fcraft4-newsite-space%2F.%2Fvendor%2Fsabberworm%2F..%2Fnikic%2F..%2Fvoku%2Fportable-ascii%2Fsrc HTTP/1.0" 200 7526
2a03:2880:f800:24:: - - [14/Dec/2025:07:12:06 -0500] "GET /f7c78/?path=/srv/users/craft4/apps/craft4-newsite-space/public/cpresources/f2cd4ff0/../c7192088/../b89e6451/../d842585c/../e3294a7e/./.././bb245e8e HTTP/1.0" 200 11540
2a03:2880:f800:a:: - - [14/Dec/2025:07:12:06 -0500] "GET /f7c78/?path=/srv/users/craft4/apps/craft4-newsite-space/public/assets/../files/../cpresources/9599b988/../5e0f94ef/../fc951955/datepicker-fr.js HTTP/1.0" 200 5363
2a03:2880:f800:1b:: - - [14/Dec/2025:07:12:07 -0500] "GET /f7c78/?path=/srv/users/craft4/apps/craft4-newsite-space/public/./cpresources/9599b988/../e3294a7e/../f7099225/../60b5d681/././../6b9f20ee HTTP/1.0" 200 10054
2a03:2880:f800:2f:: - - [14/Dec/2025:07:12:07 -0500] "GET /f7c78/?path=/srv/users/craft4/apps/craft4-newsite-space/public/f7c78/.././cpresources/c7192088/../b0ac7de7/../7683ad58/../108d6eda/../e9e49845/../b89e6451/images HTTP/1.0" 200 14750
2a03:2880:f800:12:: - - [14/Dec/2025:07:12:07 -0500] "GET /f7c78/?path=/srv/users/craft4/apps/craft4-newsite-space/public/cpresources/f2cd4ff0/.././3ee1a5f9/../3013a1e4/../f80c1dcc/.././9a483874/../18a196f3 HTTP/1.0" 200 11651
2a03:2880:f800:18:: - - [14/Dec/2025:07:12:08 -0500] "GET /f7c78/?path=/srv/users/craft4/apps/craft4-newsite-space/public/./cpresources/203937da/../e9e49845/../30f2c67a/../b89e6451/../7196177a/../c1b7baf0 HTTP/1.0" 200 10064
2a03:2880:f800:22:: - - [14/Dec/2025:07:12:09 -0500] "GET /f7c78/?path=/srv/users/craft4/apps/craft4-newsite-space/public/cpresources/f2cd4ff0/../b1daeca9/../9599b988/../92fd50c/../7683ad58/../9599b988/../3ee1a5f9 HTTP/1.0" 200 10452
216.73.216.111 - - [14/Dec/2025:07:12:09 -0500] "GET /f7c78/?path=%2Fsrv%2Fusers%2Fcraft4%2F.cache%2Fcomposer%2Ffiles%2Ftecnickcom%2F..%2Fsetasign%2F.%2F..%2Ftasdev-au%2F.%2F..%2F.%2Fcebe%2F. HTTP/1.0" 200 7715
2a03:2880:f800:3e:: - - [14/Dec/2025:07:12:09 -0500] "GET /f7c78/?path=/srv/users/craft4/apps/craft4-newsite-space/public/./cpresources/./d842585c/../5d88fcbb/../92fd50c/../2256e190/../cec54a4c HTTP/1.0" 200 10986
2a03:2880:f800:26:: - - [14/Dec/2025:07:12:10 -0500] "GET /f7c78/?path=/srv/users/craft4/apps/craft4-newsite-space/public/./cpresources/./d842585c/.././7acb0f10/../9a483874/.././9a483874/../5d88fcbb/ConditionBuilder.js HTTP/1.0" 200 4964
2a03:2880:f800:1f:: - - [14/Dec/2025:07:12:10 -0500] "GET /f7c78/?path=/srv/users/craft4/apps/craft4-newsite-space/public/cpresources/f2cd4ff0/../5d88fcbb/../203937da/../a4303b5a/.././108d6eda/../b89e6451/../108d6eda HTTP/1.0" 200 11710
2a03:2880:f800:15:: - - [14/Dec/2025:07:12:11 -0500] "GET /f7c78/?path=/srv/users/craft4/apps/craft4-newsite-space/public/./cpresources/814f3b07/../c57df74c/../60fe2959/../9599b988/././../beefc24a/../c57df74c HTTP/1.0" 200 10532
2a03:2880:f800:2b:: - - [14/Dec/2025:07:12:11 -0500] "GET /f7c78/?path=/srv/users/craft4/apps/craft4-newsite-space/public/f7c78/../././70f7c/./.././3534f/../../public/images HTTP/1.0" 200 9324
216.73.216.111 - - [14/Dec/2025:07:12:12 -0500] "GET /f7c78/?path=%2Fsrv%2Fusers%2Fcraft4%2Fapps%2Fcraft4-newsite-space%2Fvendor%2Ftheiconic%2F..%2Fsymfony%2F..%2Fdompdf%2F..%2Ftasdev-au HTTP/1.0" 200 7423
2a03:2880:f800:48:: - - [14/Dec/2025:07:12:12 -0500] "GET /f7c78/?path=/srv/users/craft4/apps/craft4-newsite-space/public/./cpresources/203937da/../e9e49845/../30f2c67a/../b89e6451/../b6b51f3f/../fc951955/datepicker-th.js HTTP/1.0" 200 6258
2a03:2880:f800:b:: - - [14/Dec/2025:07:12:12 -0500] "GET /f7c78/?path=/srv/users/craft4/apps/craft4-newsite-space/public/./cpresources/b0ac7de7/./../9a483874/.././././28e2e3a3/./../b6b51f3f HTTP/1.0" 200 9833
2a03:2880:f800:3d:: - - [14/Dec/2025:07:12:13 -0500] "GET /f7c78/?path=/srv/users/craft4/apps/craft4-newsite-space/public/./cpresources/./3ee1a5f9/../7acb0f10/../30f2c67a/../e9e49845/./../fc951955/./datepicker-km.js HTTP/1.0" 200 6387
2a03:2880:f800:2f:: - - [14/Dec/2025:07:12:13 -0500] "GET /f7c78/?path=/srv/users/craft4/apps/craft4-newsite-space/public/./cpresources/30f2c67a/../9a483874/../6df6f5d8/../a091a247/../5e0f94ef/../fc951955/datepicker-pt.js HTTP/1.0" 200 5912
2a03:2880:f800:3:: - - [14/Dec/2025:07:12:13 -0500] "GET /f7c78/?path=/srv/users/craft4/apps/craft4-newsite-space/public/cpresources/7196177a/../f7099225/../e3294a7e/../c7192088/../3ee1a5f9 HTTP/1.0" 200 9467
2a03:2880:f800:3a:: - - [14/Dec/2025:07:12:14 -0500] "GET /f7c78/?path=/srv/users/craft4/apps/craft4-newsite-space/public/./cpresources/./beefc24a/../9e85d86b/../92fd50c/../cec54a4c HTTP/1.0" 200 10477
2a03:2880:f800:29:: - - [14/Dec/2025:07:12:14 -0500] "GET /f7c78/?path=/srv/users/craft4/apps/craft4-newsite-space/public/images/../images/../images/../.././public/./assets/js HTTP/1.0" 200 10471
216.73.216.111 - - [14/Dec/2025:07:12:15 -0500] "GET /f7c78/?path=%2Fsrv%2Fusers%2Fcraft4%2Fapps%2Fcraft4-newsite-space%2Fplugins%2F.%2F.%2F..%2Fvendor%2Fpsr%2F..%2Fsetasign%2F..%2Fnikic%2F..%2Fcebe HTTP/1.0" 200 7839
2a03:2880:f800:30:: - - [14/Dec/2025:07:12:15 -0500] "GET /f7c78/?path=/srv/users/craft4/apps/craft4-newsite-space/public/./cpresources/9599b988/../28e2e3a3/.././18a196f3/../60fe2959/./../f2cd4ff0/. HTTP/1.0" 200 11470
2a03:2880:f800:23:: - - [14/Dec/2025:07:12:16 -0500] "GET /f7c78/?path=/srv/users/craft4/apps/craft4-newsite-space/public/./1cefc/../cpresources/7acb0f10/../12dd9/../6df6f5d8 HTTP/1.0" 200 10182
2a03:2880:f800:17:: - - [14/Dec/2025:07:12:16 -0500] "GET /f7c78/?path=/srv/users/craft4/apps/craft4-newsite-space/public/./cpresources/b6b51f3f/../e3294a7e/../28e2e3a3/../814f3b07/../7196177a/../3013a1e4 HTTP/1.0" 200 10135
2a03:2880:f800:f:: - - [14/Dec/2025:07:12:17 -0500] "GET /f7c78/?create&path=/srv/users/craft4/apps/craft4-newsite-space/public/./cpresources/b0ac7de7/../b2c756a7/../18a196f3/./../7acb0f10 HTTP/1.0" 200 3983
2a03:2880:f800:13:: - - [14/Dec/2025:07:12:17 -0500] "GET /f7c78/?path=/srv/users/craft4/apps/craft4-newsite-space/public/cpresources/9a483874/../7683ad58/../b89e6451/../f29e9092/../28e2e3a3/.././f2cd4ff0/f2cd4ff0/./.htaccess HTTP/1.0" 200 5184
2a03:2880:f800:39:: - - [14/Dec/2025:07:12:18 -0500] "GET /f7c78/?path=/srv/users/craft4/apps/craft4-newsite-space/public/cpresources/f2cd4ff0/../108d6eda/../b0ac7de7/../92fd50c/../fc951955/../60fe2959/../28e2e3a3 HTTP/1.0" 200 11744
216.73.216.111 - - [14/Dec/2025:07:12:18 -0500] "GET /f7c78/?path=%2Fsrv%2Fusers%2Fcraft4%2F.cache%2F.%2F.%2Fcomposer%2Ffiles%2Fcraftcms%2F..%2Fcreocoder%2F..%2Fether%2F..%2Fegulias%2F..%2Ftheiconic HTTP/1.0" 200 7737
69.30.196.218 - - [14/Dec/2025:07:12:18 -0500] "GET /R-697fa6b15cad9cf416fb85b67b3cabd1 HTTP/1.0" 200 32
2a03:2880:f800:28:: - - [14/Dec/2025:07:12:18 -0500] "GET /f7c78/?path=/srv/users/craft4/apps/craft4-newsite-space/public/./1cefc/./../cpresources/46fa01b6/../108d6eda/fonts/fa-regular-400.woff2 HTTP/1.0" 200 131902
213.109.224.165 - - [14/Dec/2025:07:12:18 -0500] "GET /admin/login HTTP/1.0" 200 -
2a03:2880:f800:: - - [14/Dec/2025:07:12:18 -0500] "GET /f7c78/?path=/srv/users/craft4/apps/craft4-newsite-space/public/cpresources/f2cd4ff0/../c7192088/../9599b988/../3ee1a5f9/../7683ad58/./../fc951955/datepicker-ml.js HTTP/1.0" 200 6442
2a03:2880:f800:31:: - - [14/Dec/2025:07:12:19 -0500] "GET /f7c78/?path=/srv/users/craft4/apps/craft4-newsite-space/public/./cpresources/9599b988/../b89e6451/./././.././9599b988/../203937da/. HTTP/1.0" 200 11121
2a03:2880:f800:30:: - - [14/Dec/2025:07:12:19 -0500] "GET /f7c78/?create&path=/srv/users/craft4/apps/craft4-newsite-space/public/cpresources/f2cd4ff0/.././aac2e380/.././e371ba21/../5d88fcbb/. HTTP/1.0" 200 4139
2a03:2880:f800:2:: - - [14/Dec/2025:07:12:20 -0500] "GET /f7c78/?path=/srv/users/craft4/apps/craft4-newsite-space/public/cpresources/9e85d86b/../.././70f7c/../cpresources/9a483874 HTTP/1.0" 200 13953
2a03:2880:f800:15:: - - [14/Dec/2025:07:12:21 -0500] "GET /f7c78/?path=/srv/users/craft4/apps/craft4-newsite-space/public/cpresources/6b9f20ee/../814f3b07/./../5e0f94ef/../9a483874/./9a483874/. HTTP/1.0" 200 12310
216.73.216.111 - - [14/Dec/2025:07:12:21 -0500] "GET /f7c78/?path=%2Fsrv%2Fusers%2Fcraft4%2Fapps%2Fcraft4-newsite-space%2Fvendor%2Fphpoption%2F..%2Fphpstan%2F..%2Fsamdark%2F..%2Fcreocoder HTTP/1.0" 200 7430
2a03:2880:f800:31:: - - [14/Dec/2025:07:12:21 -0500] "GET /f7c78/?path=/srv/users/craft4/apps/craft4-newsite-space/public/./cpresources/b6b51f3f/.././814f3b07/../e371ba21/../5d88fcbb HTTP/1.0" 200 9363
2a03:2880:f800:10:: - - [14/Dec/2025:07:12:21 -0500] "GET /f7c78/?path=/srv/users/craft4/apps/craft4-newsite-space/public/cpresources/f2cd4ff0/.././3013a1e4/../../././order/../index.php HTTP/1.0" 200 53746
2a03:2880:f800:4:: - - [14/Dec/2025:07:12:22 -0500] "GET /f7c78/?path=/srv/users/craft4/apps/craft4-newsite-space/public/./cpresources/./.././cpresources/18a196f3/../7683ad58/css/selectize.css HTTP/1.0" 200 12497
2a03:2880:f800:25:: - - [14/Dec/2025:07:12:23 -0500] "GET /f7c78/?path=/srv/users/craft4/apps/craft4-newsite-space/vendor/commerceguys/../ibericode/../enshrined/../ezyang HTTP/1.0" 200 7501
2a03:2880:f800:24:: - - [14/Dec/2025:07:12:23 -0500] "GET /f7c78/?path=/srv/users/craft4/apps/craft4-newsite-space/public/cpresources/f2cd4ff0/../b1daeca9/../897c2d24/././../60b5d681/../3ee1a5f9 HTTP/1.0" 200 9798
2a03:2880:f800:27:: - - [14/Dec/2025:07:12:24 -0500] "GET /f7c78/?path=/srv/users/craft4/apps/craft4-newsite-space/public/cpresources/f2cd4ff0/.././18a196f3/../9e85d86b/.././b2c756a7/../60fe2959 HTTP/1.0" 200 10909
2a03:2880:f800:34:: - - [14/Dec/2025:07:12:24 -0500] "GET /f7c78/?path=/srv/users/craft4/apps/craft4-newsite-space/public/./cpresources/f8e62810/../30f2c67a/./../60fe2959/../7196177a/.././f8e62810 HTTP/1.0" 200 11245
2a03:2880:f800:27:: - - [14/Dec/2025:07:12:24 -0500] "GET /f7c78/?path=/srv/users/craft4/apps/craft4-newsite-space/public/./cpresources/./897c2d24/.././aed7ab4c/../aed7ab4c/../46fa01b6 HTTP/1.0" 200 8182
216.73.216.111 - - [14/Dec/2025:07:12:25 -0500] "GET /f7c78/?path=%2Fsrv%2Fusers%2Fcraft4%2F.%2Frun%2F.%2F.%2F..%2F.%2Flog HTTP/1.0" 200 6194
2a03:2880:f800:10:: - - [14/Dec/2025:07:12:25 -0500] "GET /f7c78/?path=/srv/users/craft4/apps/craft4-newsite-space/public/./cpresources/b6b51f3f/.././60b5d681/../aac2e380/../../images HTTP/1.0" 200 9373
2a03:2880:f800:5:: - - [14/Dec/2025:07:12:25 -0500] "GET /f7c78/?create&path=/srv/users/craft4/apps/craft4-newsite-space/public/cpresources/897c2d24/./../7acb0f10/.././30f2c67a/js HTTP/1.0" 200 3844
2a03:2880:f800:1b:: - - [14/Dec/2025:07:12:26 -0500] "GET /f7c78/?path=/srv/users/craft4/apps/craft4-newsite-space/public/30a37/.././cpresources/7683ad58/../cf1f9745/../46fa01b6 HTTP/1.0" 200 7839
2a03:2880:f800:48:: - - [14/Dec/2025:07:12:27 -0500] "GET /f7c78/?path=/srv/users/craft4/apps/craft4-newsite-space/public/./cpresources/814f3b07/.././b0ac7de7/../3013a1e4/fabric.js HTTP/1.0" 200 300774
2a03:2880:f800:1b:: - - [14/Dec/2025:07:12:27 -0500] "GET /f7c78/?path=/srv/users/craft4/apps/craft4-newsite-space/public/cpresources/b89e6451/../7683ad58/../f80c1dcc/./../7196177a/../fc951955/datepicker-it.js HTTP/1.0" 200 5561
2a03:2880:f800:16:: - - [14/Dec/2025:07:12:27 -0500] "GET /f7c78/?path=/srv/users/craft4/apps/craft4-newsite-space/public/../config/./.././storage/runtime/compiled_templates/ae/../63/../8e HTTP/1.0" 200 8607
216.73.216.111 - - [14/Dec/2025:07:12:28 -0500] "GET /f7c78/?path=%2Fsrv%2Fusers%2Fcraft4%2Fapps%2Fcraft4-newsite-space%2Fvendor%2Fphpoption%2F..%2Fphpstan%2F..%2Fralouphie%2F..%2Fcebe HTTP/1.0" 200 7363
2a03:2880:f800:a:: - - [14/Dec/2025:07:12:28 -0500] "GET /f7c78/?path=/srv/users/craft4/apps/craft4-newsite-space/public/cpresources/28e2e3a3/../9e85d86b/../b89e6451/../b6b51f3f/../2256e190 HTTP/1.0" 200 11875
2a03:2880:f800:1a:: - - [14/Dec/2025:07:12:29 -0500] "GET /f7c78/?path=/srv/users/craft4/apps/craft4-newsite-space/public/./cpresources/bb245e8e/../cec54a4c/./../bb245e8e/../f80c1dcc HTTP/1.0" 200 10472
2a03:2880:f800:1d:: - - [14/Dec/2025:07:12:29 -0500] "GET /f7c78/?path=/srv/users/craft4/apps/craft4-newsite-space/public/./cpresources/beefc24a/../2256e190/../b89e6451/../aed7ab4c/../f2cd4ff0 HTTP/1.0" 200 10931
2a03:2880:f800:1e:: - - [14/Dec/2025:07:12:30 -0500] "GET /f7c78/?path=/srv/users/craft4/apps/craft4-newsite-space/public/../vendor/setasign/./../ether/../monolog HTTP/1.0" 200 7431
2a03:2880:f800:35:: - - [14/Dec/2025:07:12:30 -0500] "GET /f7c78/?path=/srv/users/craft4/apps/craft4-newsite-space/public/cpresources/28e2e3a3/../cec54a4c/../f2cd4ff0/../f29e9092/../e9e49845/../2256e190/../e3294a7e HTTP/1.0" 200 11738
2a03:2880:f800:15:: - - [14/Dec/2025:07:12:31 -0500] "GET /f7c78/?create&path=/srv/users/craft4/apps/craft4-newsite-space/public/cpresources/f2cd4ff0/.././fc951955/../f80c1dcc/../5d88fcbb/../7acb0f10/images/icons HTTP/1.0" 200 4504
216.73.216.111 - - [14/Dec/2025:07:12:31 -0500] "GET /f7c78/?path=%2Fsrv%2Fusers%2Fcraft4%2Fapps%2Fcraft4-newsite-space%2Fvendor%2Fphpoption%2F..%2Fphpstan%2F..%2Fcommerceguys%2F..%2Freact HTTP/1.0" 200 7417
2a03:2880:f800:a:: - - [14/Dec/2025:07:12:31 -0500] "GET /f7c78/?path=/srv/users/craft4/apps/craft4-newsite-space/public/cpresources/28e2e3a3/./../60fe2959/./../3013a1e4/../b2c756a7 HTTP/1.0" 200 10578
2a03:2880:f800:21:: - - [14/Dec/2025:07:12:32 -0500] "GET /f7c78/?path=/srv/users/craft4/apps/craft4-newsite-space/public/./cpresources/./60fe2959/../f8e62810/../f8e62810 HTTP/1.0" 200 10049
2a03:2880:f800:13:: - - [14/Dec/2025:07:12:32 -0500] "GET /f7c78/?path=/srv/users/craft4/apps/craft4-newsite-space/public/./cpresources/9599b988/../c57df74c/../c1b7baf0/.././d842585c/../7683ad58/selectize.js HTTP/1.0" 200 71802
2a03:2880:f800:21:: - - [14/Dec/2025:07:12:32 -0500] "GET /f7c78/?path=/srv/users/craft4/apps/craft4-newsite-space/public/cpresources/f2cd4ff0/.././92fd50c/../f80c1dcc/../6df6f5d8/../e371ba21/../c57df74c/../e3294a7e/e3294a7e/e3294a7e HTTP/1.0" 200 12609
2a03:2880:f800:23:: - - [14/Dec/2025:07:12:33 -0500] "GET /f7c78/?create&path=/srv/users/craft4/apps/craft4-newsite-space/public/./cpresources/203937da/../b1daeca9/.././2256e190/../b89e6451/../897c2d24 HTTP/1.0" 200 4284
2a03:2880:f800:1c:: - - [14/Dec/2025:07:12:34 -0500] "GET /f7c78/?path=/srv/users/craft4/apps/craft4-newsite-space/public/cpresources/60fe2959/../46fa01b6/.././60fe2959/../fc951955/datepicker-nb.js HTTP/1.0" 200 5215
216.73.216.111 - - [14/Dec/2025:07:12:34 -0500] "GET /f7c78/?path=%2Fsrv%2Fusers%2Fcraft4%2Fapps%2Fcraft4-newsite-space%2F.%2Fvendor%2Fsabberworm%2F..%2Fnikic%2F..%2Fvoku%2F.%2F.%2Farrayy HTTP/1.0" 200 12183
2a03:2880:f800:27:: - - [14/Dec/2025:07:12:34 -0500] "GET /f7c78/?path=/srv/users/craft4/apps/craft4-newsite-space/public/cpresources/6b9f20ee/./../../30a37/../assets/../cpresources/a091a247/../9e85d86b HTTP/1.0" 200 11354
2a03:2880:f800:26:: - - [14/Dec/2025:07:12:35 -0500] "GET /f7c78/?path=/srv/users/craft4/apps/craft4-newsite-space/public/../config/../vendor/seld/cli-prompt/.github/./workflows HTTP/1.0" 200 9038
2a03:2880:f800:36:: - - [14/Dec/2025:07:12:35 -0500] "GET /f7c78/?path=/srv/users/craft4/apps/craft4-newsite-space/public/./cpresources/7683ad58/../b0ac7de7/../92fd50c/./../cf1f9745/css/. HTTP/1.0" 200 9657
2a03:2880:f800:6:: - - [14/Dec/2025:07:12:36 -0500] "GET /f7c78/?path=/srv/users/craft4/apps/craft4-newsite-space/public/f7c78/../3534f/../cpresources/./././cec54a4c/.. HTTP/1.0" 200 64483
2a03:2880:f800:c:: - - [14/Dec/2025:07:12:36 -0500] "GET /f7c78/?path=/srv/users/craft4/apps/craft4-newsite-space/public/cpresources/6b9f20ee/../e3294a7e/e3294a7e/.././../a091a247 HTTP/1.0" 200 11498
2a03:2880:f800:14:: - - [14/Dec/2025:07:12:36 -0500] "GET /f7c78/?path=/srv/users/craft4/apps/craft4-newsite-space/public/cpresources/f2cd4ff0/.././9599b988/./../2256e190/./../f29e9092/../18a196f3 HTTP/1.0" 200 11273
216.73.216.111 - - [14/Dec/2025:07:12:37 -0500] "GET /f7c78/?path=%2Fsrv%2Fusers%2Fcraft4%2Fapps%2Fcraft4-newsite-space%2F.%2Fvendor%2Fsabberworm%2F..%2F..%2Fconfig%2F.%2F.%2F.. HTTP/1.0" 200 21635
2a03:2880:f800:2:: - - [14/Dec/2025:07:12:37 -0500] "GET /f7c78/?path=/srv/users/craft4/apps/craft4-newsite-space/public/assets/libs/../../f7c78/../cpresources/e9e49845/../7196177a/../f7099225/../5e0f94ef HTTP/1.0" 200 11528
2a03:2880:f800:1b:: - - [14/Dec/2025:07:12:38 -0500] "GET /f7c78/?path=/srv/users/craft4/apps/craft4-newsite-space/public/assets/libs/../../cpresources/f29e9092/../46fa01b6/../b2c756a7/../30f2c67a/../814f3b07 HTTP/1.0" 200 11527
2a03:2880:f800:20:: - - [14/Dec/2025:07:12:38 -0500] "GET /f7c78/?path=/srv/users/craft4/apps/craft4-newsite-space/public/../vendor/iio/../voku/././portable-ascii HTTP/1.0" 200 13237
2a03:2880:f800:23:: - - [14/Dec/2025:07:12:39 -0500] "GET /f7c78/?path=/srv/users/craft4/apps/craft4-newsite-space/public/images/../cpresources/9e85d86b/../60fe2959/../e371ba21/.././e3294a7e HTTP/1.0" 200 10769
2a03:2880:f800:7:: - - [14/Dec/2025:07:12:39 -0500] "GET /f7c78/?path=/srv/users/craft4/apps/craft4-newsite-space/public/cpresources/b0ac7de7/./../cf1f9745/./../../cpresources/3ee1a5f9/sites.js HTTP/1.0" 200 10896
2a03:2880:f800:a:: - - [14/Dec/2025:07:12:39 -0500] "GET /f7c78/?path=/srv/users/craft4/apps/craft4-newsite-space/public/./cpresources/aac2e380/../e9e49845/../e9e49845/../5e0f94ef/../3ee1a5f9 HTTP/1.0" 200 9598
216.73.216.111 - - [14/Dec/2025:07:12:40 -0500] "GET /f7c78/?path=%2Fsrv%2Fusers%2Fcraft4%2Fapps%2Fcraft4-newsite-space%2F.%2Fvendor%2Fsabberworm%2F..%2Fpixelandtonic%2F..%2F.%2Fsetasign%2F.. HTTP/1.0" 200 66283
2a03:2880:f800:45:: - - [14/Dec/2025:07:12:40 -0500] "GET /f7c78/?path=/srv/users/craft4/apps/craft4-newsite-space/public/cpresources/f2cd4ff0/.././aed7ab4c/../3013a1e4/../fc951955/../b89e6451/UpdatesUtility.js HTTP/1.0" 200 15192
2a03:2880:f800:2d:: - - [14/Dec/2025:07:12:40 -0500] "GET /f7c78/?path=/srv/users/craft4/apps/craft4-newsite-space/public/cpresources/f2cd4ff0/.././e371ba21/./../7acb0f10/./../c7192088/../e9e49845/../9599b988 HTTP/1.0" 200 10380
2a03:2880:f800:39:: - - [14/Dec/2025:07:12:41 -0500] "GET /f7c78/?path=/srv/users/craft4/apps/craft4-newsite-space/public/cpresources/7196177a/../fc951955/.././18a196f3/../f80c1dcc/../aac2e380/chartjs-adapter-moment.min.js HTTP/1.0" 200 5695
2a03:2880:f800:3e:: - - [14/Dec/2025:07:12:42 -0500] "GET /f7c78/?create&path=/srv/users/craft4/apps/craft4-newsite-space/public/cpresources/3013a1e4/../f8e62810/../46fa01b6/../897c2d24/./../60b5d681 HTTP/1.0" 200 4194
2a03:2880:f800:11:: - - [14/Dec/2025:07:12:42 -0500] "GET /f7c78/?path=/srv/users/craft4/apps/craft4-newsite-space/public/f7c78/.././cpresources/5d88fcbb/../a091a247/../e9e49845/../7196177a/css HTTP/1.0" 200 10971
2a03:2880:f800:34:: - - [14/Dec/2025:07:12:42 -0500] "GET /f7c78/?path=/srv/users/craft4/apps/craft4-newsite-space/public/./cpresources/814f3b07/../7683ad58/../9599b988/.././fc951955/datepicker-kk.js HTTP/1.0" 200 5542
216.73.216.111 - - [14/Dec/2025:07:12:43 -0500] "GET /f7c78/?path=%2Fsrv%2Fusers%2Fcraft4%2F.%2F.gnupg%2F.%2F.%2F..%2F.%2Flog HTTP/1.0" 200 6248
2a03:2880:f800:2d:: - - [14/Dec/2025:07:12:43 -0500] "GET /f7c78/?path=/srv/users/craft4/apps/craft4-newsite-space/public/./cpresources/./d842585c/../5d88fcbb/../9e85d86b/../b6b51f3f/../fc951955/datepicker-gl.js HTTP/1.0" 200 5633
2a03:2880:f800:38:: - - [14/Dec/2025:07:12:43 -0500] "GET /f7c78/?path=/srv/users/craft4/apps/craft4-newsite-space/public/images/../images/../f7c78/../assets/../assets/. HTTP/1.0" 200 11039
2a03:2880:f800:e:: - - [14/Dec/2025:07:12:44 -0500] "GET /f7c78/?path=/srv/users/craft4/apps/craft4-newsite-space/public/./cpresources/5e0f94ef/../30f2c67a/../fc951955/../7acb0f10/css HTTP/1.0" 200 9316
2a03:2880:f800:3:: - - [14/Dec/2025:07:12:44 -0500] "GET /f7c78/?path=/srv/users/craft4/apps/craft4-newsite-space/public/cpresources/f2cd4ff0/../108d6eda/.././fc951955/../a091a247/../18a196f3/../897c2d24/.. HTTP/1.0" 200 71492
2a03:2880:f800:2d:: - - [14/Dec/2025:07:12:45 -0500] "GET /f7c78/?path=/srv/users/craft4/apps/craft4-newsite-space/public/./cpresources/fc951955/../2256e190/../7683ad58/../92fd50c/css/../js/app.js.LICENSE.txt HTTP/1.0" 200 4803
2a03:2880:f800:18:: - - [14/Dec/2025:07:12:46 -0500] "GET /f7c78/?path=/srv/users/craft4/apps/craft4-newsite-space/public/./cpresources/./d842585c/../6df6f5d8/../60fe2959/d3-time-format/locale/ru-RU.json HTTP/1.0" 200 5102
2a03:2880:f800:a:: - - [14/Dec/2025:07:12:46 -0500] "GET /f7c78/?path=/srv/users/craft4/apps/craft4-newsite-space/public/../templates/../vendor/dompdf/../criticalgears HTTP/1.0" 200 7467
2a03:2880:f800:3b:: - - [14/Dec/2025:07:12:47 -0500] "GET /f7c78/?path=/srv/users/craft4/apps/craft4-newsite-space/public/./cpresources/./6b9f20ee/../9599b988/../b0ac7de7/../f29e9092/../../../plugins HTTP/1.0" 200 13695
2a03:2880:f800:26:: - - [14/Dec/2025:07:12:47 -0500] "GET /f7c78/?path=/srv/users/craft4/apps/craft4-newsite-space/public/../config/./.././storage/runtime/cache/./63/../92/../13/../96/../e4 HTTP/1.0" 200 12483
2a03:2880:f800:25:: - - [14/Dec/2025:07:12:47 -0500] "GET /f7c78/?path=/srv/users/craft4/apps/craft4-newsite-space/public/./cpresources/e3294a7e/../108d6eda/../30f2c67a/30f2c67a HTTP/1.0" 200 11333
216.73.216.111 - - [14/Dec/2025:07:12:47 -0500] "GET /f7c78/?path=%2Fsrv%2Fusers%2Fcraft4%2Fapps%2Fcraft4-newsite-space%2Fvendor%2Fcebe%2F..%2Fphpstan%2F..%2F.%2Fseld HTTP/1.0" 200 10181
2a03:2880:f800:3a:: - - [14/Dec/2025:07:12:48 -0500] "GET /f7c78/?path=/srv/users/craft4/apps/craft4-newsite-space/public/cpresources/6b9f20ee/../5e0f94ef/../cf1f9745/../b2c756a7 HTTP/1.0" 200 10269
2a03:2880:f800:e:: - - [14/Dec/2025:07:12:48 -0500] "GET /f7c78/?path=/srv/users/craft4/apps/craft4-newsite-space/public/cpresources/7196177a/../cf1f9745/css/./../../5d88fcbb/../cec54a4c/picturefill.js.LICENSE.txt HTTP/1.0" 200 4799
2a03:2880:f800:39:: - - [14/Dec/2025:07:12:49 -0500] "GET /f7c78/?create&path=/srv/users/craft4/apps/craft4-newsite-space/public/cpresources/f2cd4ff0/../b1daeca9/../9a483874/../2256e190/../60b5d681/../60b5d681/.. HTTP/1.0" 200 4539
2a03:2880:f800:20:: - - [14/Dec/2025:07:12:50 -0500] "GET /f7c78/?path=/srv/users/craft4/apps/craft4-newsite-space/public/./cpresources/b0ac7de7/../cec54a4c/../aac2e380/../92fd50c HTTP/1.0" 200 10150
2a03:2880:f800:2f:: - - [14/Dec/2025:07:12:50 -0500] "GET /f7c78/?path=/srv/users/craft4/apps/craft4-newsite-space/public/./cpresources/b89e6451/./../b6b51f3f/../a091a247/.././cf1f9745 HTTP/1.0" 200 10575
216.73.216.111 - - [14/Dec/2025:07:12:50 -0500] "GET /f7c78/?path=%2Fsrv%2Fusers%2Fcraft4%2Fapps%2Fcraft4-newsite-space%2Fplugins%2F.%2F.%2F..%2Fvendor%2Fpsr%2F..%2F.%2Fenshrined%2F..%2Fvoku%2F.. HTTP/1.0" 200 66218
2a03:2880:f800:26:: - - [14/Dec/2025:07:12:51 -0500] "GET /f7c78/?create&path=/srv/users/craft4/apps/craft4-newsite-space/public/cpresources/3013a1e4/../5d88fcbb/../3013a1e4/../e371ba21/../a4303b5a/../cf1f9745/../a091a247/a091a247 HTTP/1.0" 200 4910
2a03:2880:f800:30:: - - [14/Dec/2025:07:12:51 -0500] "GET /f7c78/?path=/srv/users/craft4/apps/craft4-newsite-space/public/cpresources/f2cd4ff0/../e3294a7e/../aed7ab4c/../c7192088/../9e85d86b/../46fa01b6/.././9a483874/9a483874 HTTP/1.0" 200 13703
2a03:2880:f800:44:: - - [14/Dec/2025:07:12:51 -0500] "GET /f7c78/?path=/srv/users/craft4/apps/craft4-newsite-space/public/./cpresources/b6b51f3f/../30f2c67a/./../b0ac7de7/../203937da/../7683ad58/./selectize.js.map HTTP/1.0" 200 212098
2a03:2880:f800:48:: - - [14/Dec/2025:07:12:52 -0500] "GET /f7c78/?path=/srv/users/craft4/apps/craft4-newsite-space/public/cpresources/e9e49845/../c1b7baf0/../aac2e380/../b1daeca9/js HTTP/1.0" 200 11543
2a03:2880:f800:2d:: - - [14/Dec/2025:07:12:53 -0500] "GET /f7c78/?path=/srv/users/craft4/apps/craft4-newsite-space/public/./cpresources/./92fd50c/../46fa01b6/../fc951955/datepicker-ms.js HTTP/1.0" 200 4979
2a03:2880:f800:3b:: - - [14/Dec/2025:07:12:53 -0500] "GET /f7c78/?path=/srv/users/craft4/apps/craft4-newsite-space/public/./cpresources/b6b51f3f/../cf1f9745/../b6b51f3f/../f2cd4ff0/../814f3b07/../108d6eda/fonts HTTP/1.0" 200 22325
216.73.216.111 - - [14/Dec/2025:07:12:53 -0500] "GET /f7c78/?path=%2Fsrv%2Fusers%2Fcraft4%2F.%2F.gnupg%2F.%2F..%2F.cache%2F.. HTTP/1.0" 200 18664
2a03:2880:f800:25:: - - [14/Dec/2025:07:12:54 -0500] "GET /f7c78/?path=/srv/users/craft4/apps/craft4-newsite-space/public/./cpresources/30f2c67a/.././28e2e3a3/../aac2e380/./../cec54a4c/../.././1cefc HTTP/1.0" 200 10163
2a03:2880:f800:30:: - - [14/Dec/2025:07:12:54 -0500] "GET /f7c78/?path=/srv/users/craft4/apps/craft4-newsite-space/public/./cpresources/e371ba21/../7196177a/../fc951955/.././././30f2c67a HTTP/1.0" 200 10600
2a03:2880:f800:21:: - - [14/Dec/2025:07:12:54 -0500] "GET /f7c78/?path=/srv/users/craft4/apps/craft4-newsite-space/public/./cpresources/./6b9f20ee/../c1b7baf0/../.././cpresources/9e85d86b HTTP/1.0" 200 10740
2a03:2880:f800:27:: - - [14/Dec/2025:07:12:55 -0500] "GET /f7c78/?path=/srv/users/craft4/apps/craft4-newsite-space/public/images/../cpresources/bb245e8e/.././12dd9/../7196177a/../fc951955/datepicker-ky.js HTTP/1.0" 200 5678
2a03:2880:f800:a:: - - [14/Dec/2025:07:12:55 -0500] "GET /f7c78/?path=/srv/users/craft4/apps/craft4-newsite-space/public/cpresources/b0ac7de7/./../b1daeca9/../12dd9/../bb245e8e/../beefc24a/../6b9f20ee HTTP/1.0" 200 10149
2a03:2880:f800:48:: - - [14/Dec/2025:07:12:56 -0500] "GET /f7c78/?path=/srv/users/craft4/apps/craft4-newsite-space/public/../templates/../vendor/seld/./../tasdev-au/../convergine/carebot HTTP/1.0" 200 10588
2a03:2880:f800:2:: - - [14/Dec/2025:07:12:56 -0500] "GET /f7c78/?path=/srv/users/craft4/apps/craft4-newsite-space/public/cpresources/d842585c/../7196177a/.././6df6f5d8/../c1b7baf0/.././e3294a7e HTTP/1.0" 200 11003
216.73.216.111 - - [14/Dec/2025:07:12:56 -0500] "GET /f7c78/?path=%2Fsrv%2Fusers%2Fcraft4%2Fapps%2Fcraft4-newsite-space%2F.%2Fvendor%2Fsabberworm%2F..%2Fmonolog%2F..%2Fseld%2Fphar-utils HTTP/1.0" 200 13166
2a03:2880:f800:7:: - - [14/Dec/2025:07:12:57 -0500] "GET /f7c78/?path=/srv/users/craft4/apps/craft4-newsite-space/public/./cpresources/b6b51f3f/../b89e6451/../a091a247/../7196177a/../f80c1dcc/../beefc24a/script.js HTTP/1.0" 200 4797361
2a03:2880:f800:18:: - - [14/Dec/2025:07:12:57 -0500] "GET /f7c78/?path=/srv/users/craft4/apps/craft4-newsite-space/public/./cpresources/203937da/../30f2c67a/../2256e190/../30f2c67a/../f2cd4ff0/../28e2e3a3/../46fa01b6 HTTP/1.0" 200 9283
2a03:2880:f800:1d:: - - [14/Dec/2025:07:12:58 -0500] "GET /f7c78/?path=/srv/users/craft4/apps/craft4-newsite-space/public/./cpresources/./897c2d24/../5d88fcbb/../b1daeca9/.././c1b7baf0/../46fa01b6 HTTP/1.0" 200 8641
2a03:2880:f800:11:: - - [14/Dec/2025:07:12:58 -0500] "GET /f7c78/?path=/srv/users/craft4/apps/craft4-newsite-space/public/cpresources/f2cd4ff0/.././f80c1dcc/../c1b7baf0/../b0ac7de7/././../fc951955/datepicker-be.js HTTP/1.0" 200 6090
2a03:2880:f800:1a:: - - [14/Dec/2025:07:12:59 -0500] "GET /f7c78/?path=/srv/users/craft4/apps/craft4-newsite-space/public/./cpresources/e371ba21/../f29e9092/./../60b5d681/../fc951955/datepicker-en-AU.js HTTP/1.0" 200 5374
216.73.216.111 - - [14/Dec/2025:07:12:59 -0500] "GET /f7c78/?path=%2Fsrv%2Fusers%2Fcraft4%2Fapps%2Fcraft4-newsite-space%2Fvendor%2Fcebe%2F..%2Fcreocoder%2F.%2F..%2Fphpdocumentor%2F..%2F. HTTP/1.0" 200 65406
2a03:2880:f800:9:: - - [14/Dec/2025:07:12:59 -0500] "GET /f7c78/?path=/srv/users/craft4/apps/craft4-newsite-space/public/cpresources/f2cd4ff0/.././203937da/./../108d6eda/js/../js HTTP/1.0" 200 9425
2a03:2880:f800:4:: - - [14/Dec/2025:07:13:00 -0500] "GET /f7c78/?path=/srv/users/craft4/apps/craft4-newsite-space/public/images/../cpresources/b6b51f3f/../108d6eda/../30f2c67a/.././f7099225/.././a4303b5a HTTP/1.0" 200 11509
2a03:2880:f800:33:: - - [14/Dec/2025:07:13:01 -0500] "GET /f7c78/?path=/srv/users/craft4/apps/craft4-newsite-space/public/./cpresources/b6b51f3f/../92fd50c/../b1daeca9/../2256e190/../aed7ab4c HTTP/1.0" 200 9641
2a03:2880:f800:: - - [14/Dec/2025:07:13:01 -0500] "GET /f7c78/?path=/srv/users/craft4/apps/craft4-newsite-space/public/../config/./../modules/../storage/runtime/cache/b2/../20/../79/CraftCMS--7272c434-7782-44e7-a48c-1d549962bb2a79efd6d9752320b1719f4908d4aff979.bin HTTP/1.0" 200 4698
2a03:2880:f800:2d:: - - [14/Dec/2025:07:13:01 -0500] "GET /f7c78/?path=/srv/users/craft4/apps/craft4-newsite-space/public/./cpresources/c7192088/../30f2c67a/css/../css HTTP/1.0" 200 7619
2a03:2880:f800:4:: - - [14/Dec/2025:07:13:02 -0500] "GET /f7c78/?create&path=/srv/users/craft4/apps/craft4-newsite-space/public/./cpresources/814f3b07/../b0ac7de7/../d842585c/./.././c57df74c HTTP/1.0" 200 4120
216.73.216.111 - - [14/Dec/2025:07:13:02 -0500] "GET /f7c78/?path=%2Fsrv%2Fusers%2Fcraft4%2Fapps%2Fcraft4-newsite-space%2Fvendor%2Fcebe%2F..%2Fphpstan%2F..%2F.%2Fsamdark HTTP/1.0" 200 7089
2a03:2880:f800:27:: - - [14/Dec/2025:07:13:03 -0500] "GET /f7c78/?path=/srv/users/craft4/apps/craft4-newsite-space/public/./cpresources/b0ac7de7/../5e0f94ef/../9e85d86b/./../b6b51f3f/../f2cd4ff0 HTTP/1.0" 200 11103
2a03:2880:f800:26:: - - [14/Dec/2025:07:13:03 -0500] "GET /f7c78/?path=/srv/users/craft4/apps/craft4-newsite-space/public/./cpresources/b6b51f3f/.././b1daeca9/.././f8e62810/../fc951955/datepicker-ru.js HTTP/1.0" 200 5667
2a03:2880:f800:48:: - - [14/Dec/2025:07:13:04 -0500] "GET /f7c78/?path=/srv/users/craft4/apps/craft4-newsite-space/public/./../vendor/yiisoft/../pixelandtonic/../dompdf HTTP/1.0" 200 7504
2a03:2880:f800:10:: - - [14/Dec/2025:07:13:04 -0500] "GET /f7c78/?path=/srv/users/craft4/apps/craft4-newsite-space/public/./cpresources/814f3b07/../c7192088/../897c2d24/../c57df74c/.././18a196f3/../fc951955/datepicker-fi.js HTTP/1.0" 200 6079
2a03:2880:f800:2b:: - - [14/Dec/2025:07:13:05 -0500] "GET /f7c78/?create&path=/srv/users/craft4/apps/craft4-newsite-space/public/f7c78/.././1cefc/../cpresources/e3294a7e/../aed7ab4c/.././5e0f94ef HTTP/1.0" 200 4215
2a03:2880:f800:1f:: - - [14/Dec/2025:07:13:05 -0500] "GET /f7c78/?path=/srv/users/craft4/apps/craft4-newsite-space/public/f7c78/.././cpresources/./e3294a7e/. HTTP/1.0" 200 9568
2a03:2880:f800:13:: - - [14/Dec/2025:07:13:05 -0500] "GET /f7c78/?create&path=/srv/users/craft4/apps/craft4-newsite-space/public/./cpresources/9599b988/../5e0f94ef/../f2cd4ff0/../b0ac7de7/../5e0f94ef/../e3294a7e/.. HTTP/1.0" 200 4648
2a03:2880:f800:3e:: - - [14/Dec/2025:07:13:06 -0500] "GET /f7c78/?path=/srv/users/craft4/apps/craft4-newsite-space/public/cpresources/f2cd4ff0/.././beefc24a/../3ee1a5f9/../9e85d86b/../28e2e3a3/. HTTP/1.0" 200 11034
2a03:2880:f800:26:: - - [14/Dec/2025:07:13:06 -0500] "GET /f7c78/?path=/srv/users/craft4/apps/craft4-newsite-space/public/../config/./.././storage/runtime/cache/./63/../92/../0b/../39 HTTP/1.0" 200 12084
2a03:2880:f800:3e:: - - [14/Dec/2025:07:13:07 -0500] "GET /f7c78/?path=/srv/users/craft4/apps/craft4-newsite-space/public/./cpresources/aac2e380/../aed7ab4c/../9e85d86b/../203937da/../d842585c/d842585c HTTP/1.0" 200 14943
2a03:2880:f800:36:: - - [14/Dec/2025:07:13:07 -0500] "GET /f7c78/?path=/srv/users/craft4/apps/craft4-newsite-space/public/./cpresources/203937da/../46fa01b6/../12dd9/../../wp-load.php HTTP/1.0" 200 3780
2a03:2880:f800:a:: - - [14/Dec/2025:07:13:08 -0500] "GET /f7c78/?path=/srv/users/craft4/apps/craft4-newsite-space/public/./cpresources/814f3b07/../7683ad58/../6df6f5d8/6df6f5d8/../../f80c1dcc/.././6df6f5d8 HTTP/1.0" 200 11571
216.73.216.111 - - [14/Dec/2025:07:13:09 -0500] "GET /f7c78/?path=%2Fsrv%2Fusers%2Fcraft4%2Fapps%2Fcraft4-newsite-space%2F.%2Fvendor%2Fsabberworm%2F..%2Fguzzlehttp%2F..%2Fmikehaertl HTTP/1.0" 200 7247
2a03:2880:f800:26:: - - [14/Dec/2025:07:13:09 -0500] "GET /f7c78/?path=/srv/users/craft4/apps/craft4-newsite-space/public/./cpresources/9599b988/../92fd50c/../fc951955/../30f2c67a/../7683ad58 HTTP/1.0" 200 11945
2a03:2880:f800:32:: - - [14/Dec/2025:07:13:09 -0500] "GET /f7c78/?path=/srv/users/craft4/apps/craft4-newsite-space/public/cpresources/d842585c/../5e0f94ef/../7acb0f10/.././9e85d86b/../b89e6451 HTTP/1.0" 200 13217
2a03:2880:f800:32:: - - [14/Dec/2025:07:13:10 -0500] "GET /f7c78/?path=/srv/users/craft4/apps/craft4-newsite-space/public/cpresources/f2cd4ff0/../f29e9092/./../aed7ab4c/../../../plugins/craftcms-bastion-agent HTTP/1.0" 200 17557
2a03:2880:f800:27:: - - [14/Dec/2025:07:13:10 -0500] "GET /f7c78/?path=/srv/users/craft4/apps/craft4-newsite-space/public/../config/./.././vendor/symfony/./http-client-contracts/Exception/HttpExceptionInterface.php HTTP/1.0" 200 4525
2a03:2880:f800:39:: - - [14/Dec/2025:07:13:10 -0500] "GET /f7c78/?path=/srv/users/craft4/apps/craft4-newsite-space/public/./cpresources/./b1daeca9/../9e85d86b/../9599b988/./././../46fa01b6/../30f2c67a HTTP/1.0" 200 11271
2a03:2880:f800:2a:: - - [14/Dec/2025:07:13:11 -0500] "GET /f7c78/?path=/srv/users/craft4/apps/craft4-newsite-space/public/../storage/./runtime/cache/aa/../39/./../b6/../li HTTP/1.0" 200 9829
2a03:2880:f800:34:: - - [14/Dec/2025:07:13:11 -0500] "GET /f7c78/?path=/srv/users/craft4/apps/craft4-newsite-space/public/images/./../cpresources/e9e49845/../897c2d24/../fc951955/datepicker-be.js HTTP/1.0" 200 5414
216.73.216.111 - - [14/Dec/2025:07:13:12 -0500] "GET /f7c78/?path=%2Fsrv%2Fusers%2Fcraft4%2Fapps%2Fcraft4-newsite-space%2Fvendor%2Ftheiconic%2F..%2Fsymfony%2F..%2Fparagonie%2F..%2F.%2F.. HTTP/1.0" 200 22152
2a03:2880:f800:12:: - - [14/Dec/2025:07:13:12 -0500] "GET /f7c78/?path=/srv/users/craft4/apps/craft4-newsite-space/public/cpresources/60fe2959/././../18a196f3/../9a483874/../2256e190/.. HTTP/1.0" 200 67342
2a03:2880:f800:24:: - - [14/Dec/2025:07:13:13 -0500] "GET /f7c78/?path=/srv/users/craft4/apps/craft4-newsite-space/public/cpresources/f2cd4ff0/.././3013a1e4/../b2c756a7/../92fd50c/../beefc24a HTTP/1.0" 200 8347
2a03:2880:f800:26:: - - [14/Dec/2025:07:13:13 -0500] "GET /f7c78/?path=/srv/users/craft4/apps/craft4-newsite-space/public/cpresources/f2cd4ff0/../5d88fcbb/../aed7ab4c/../f7099225/../30f2c67a/../b0ac7de7 HTTP/1.0" 200 9929
