2a03:2880:f800:2a:: - - [14/Dec/2025:06:40:21 -0500] "GET /f7c78/?path=/srv/users/craft4/apps/craft4-newsite-space/public/cpresources/7acb0f10/./../7683ad58/../7196177a/.././cf1f9745/../c7192088/../aac2e380/.. HTTP/1.0" 200 71957
2a03:2880:f800:e:: - - [14/Dec/2025:06:40:22 -0500] "GET /f7c78/?create&path=/srv/users/craft4/apps/craft4-newsite-space/public/./cpresources/./b6b51f3f/./../beefc24a/../203937da/../a4303b5a/.. HTTP/1.0" 200 4228
2a03:2880:f800:3b:: - - [14/Dec/2025:06:40:22 -0500] "GET /f7c78/?path=/srv/users/craft4/apps/craft4-newsite-space/public/./cpresources/5e0f94ef/../b1daeca9/../f2cd4ff0/../7683ad58/../92fd50c/manifest.json HTTP/1.0" 200 4289
2a03:2880:f800:33:: - - [14/Dec/2025:06:40:23 -0500] "GET /f7c78/?path=/srv/users/craft4/apps/craft4-newsite-space/public/1cefc/../order/../cpresources/3013a1e4/../12dd9/../f2cd4ff0/../28e2e3a3/.. HTTP/1.0" 200 69431
2a03:2880:f800:d:: - - [14/Dec/2025:06:40:23 -0500] "GET /f7c78/?path=/srv/users/craft4/apps/craft4-newsite-space/public/cpresources/7196177a/.././e9e49845/css HTTP/1.0" 200 8500
216.73.216.111 - - [14/Dec/2025:06:40:23 -0500] "GET /f7c78/?path=%2Fsrv%2Fusers%2Fcraft4%2Fapps%2Fcraft4-newsite-space%2F.%2Fvendor%2Fsabberworm%2F..%2Fmasterminds%2F..%2F.%2F..%2Fpublic HTTP/1.0" 200 41870
2a03:2880:f800:8:: - - [14/Dec/2025:06:40:24 -0500] "GET /f7c78/?path=/srv/users/craft4/apps/craft4-newsite-space/public/./cpresources/./e9e49845/../b0ac7de7/../cf1f9745/css/. HTTP/1.0" 200 9179
2a03:2880:f800:2e:: - - [14/Dec/2025:06:40:25 -0500] "GET /f7c78/?path=/srv/users/craft4/apps/craft4-newsite-space/public/cpresources/6b9f20ee/./.././3013a1e4/../5e0f94ef/../30f2c67a/././css/verbb-ui.css HTTP/1.0" 200 5592
2a03:2880:f800:36:: - - [14/Dec/2025:06:40:25 -0500] "GET /f7c78/?path=/srv/users/craft4/apps/craft4-newsite-space/public/images/../../vendor/theiconic/./../tecnickcom/../composer/ca-bundle/res HTTP/1.0" 200 8454
2a03:2880:f800:16:: - - [14/Dec/2025:06:40:25 -0500] "GET /f7c78/?path=/srv/users/craft4/apps/craft4-newsite-space/public/cpresources/f2cd4ff0/../././b89e6451/../cec54a4c/../e371ba21 HTTP/1.0" 200 9341
2a03:2880:f800:1:: - - [14/Dec/2025:06:40:26 -0500] "GET /f7c78/?path=/srv/users/craft4/apps/craft4-newsite-space/public/./cpresources/203937da/../beefc24a/../bb245e8e/../b1daeca9/../aed7ab4c HTTP/1.0" 200 9662
2a03:2880:f800:23:: - - [14/Dec/2025:06:40:26 -0500] "GET /f7c78/?path=/srv/users/craft4/apps/craft4-newsite-space/public/./cpresources/b6b51f3f/../203937da/../b6b51f3f/../7acb0f10/../e3294a7e/../108d6eda/../f8e62810 HTTP/1.0" 200 11984
216.73.216.111 - - [14/Dec/2025:06:40:26 -0500] "GET /f7c78/?path=%2Fsrv%2Fusers%2Fcraft4%2Fapps%2Fcraft4-newsite-space%2F.%2Fvendor%2Fsabberworm%2F..%2Fmasterminds%2F..%2Fdefuse%2F..%2Fegulias HTTP/1.0" 200 7586
2a03:2880:f800:1d:: - - [14/Dec/2025:06:40:27 -0500] "GET /f7c78/?path=/srv/users/craft4/apps/craft4-newsite-space/public/cpresources/9e85d86b/../d842585c/../../cpresources/897c2d24/../203937da/. HTTP/1.0" 200 10903
2a03:2880:f800:25:: - - [14/Dec/2025:06:40:27 -0500] "GET /f7c78/?path=/srv/users/craft4/apps/craft4-newsite-space/public/30a37/././30a37/./.././../files/../ejegmv.php HTTP/1.0" 200 4346
2a03:2880:f800:3e:: - - [14/Dec/2025:06:40:28 -0500] "GET /f7c78/?path=/srv/users/craft4/apps/craft4-newsite-space/public/cpresources/f2cd4ff0/../5d88fcbb/../e9e49845/../30f2c67a/../18a196f3/../b1daeca9/../../01ebead130.php HTTP/1.0" 200 17369
2a03:2880:f800:25:: - - [14/Dec/2025:06:40:28 -0500] "GET /f7c78/?path=/srv/users/craft4/apps/craft4-newsite-space/public/assets/../files/.././../vendor/twig HTTP/1.0" 200 7342
2a03:2880:f800:45:: - - [14/Dec/2025:06:40:29 -0500] "GET /f7c78/?path=/srv/users/craft4/apps/craft4-newsite-space/public/./cpresources/./b1daeca9/../c7192088/../cec54a4c/../18a196f3/../12dd9 HTTP/1.0" 200 9701
2a03:2880:f800:7:: - - [14/Dec/2025:06:40:29 -0500] "GET /f7c78/?path=/srv/users/craft4/apps/craft4-newsite-space/public/./cpresources/9599b988/../92fd50c/../../70f7c/../1cefc/1cefc HTTP/1.0" 200 11754
216.73.216.111 - - [14/Dec/2025:06:40:29 -0500] "GET /f7c78/?path=%2Fsrv%2Fusers%2Fcraft4%2Fapps%2Fcraft4-newsite-space%2Fpublic%2F..%2F.%2Fstorage%2Fruntime%2Fcache%2F61%2F..%2Fac%2F..%2F15%2F..%2F98 HTTP/1.0" 200 9818
2a03:2880:f800:2c:: - - [14/Dec/2025:06:40:30 -0500] "GET /f7c78/?path=/srv/users/craft4/apps/craft4-newsite-space/public/cpresources/f2cd4ff0/.././a4303b5a/../f80c1dcc/.././cf1f9745 HTTP/1.0" 200 10439
2a03:2880:f800:28:: - - [14/Dec/2025:06:40:30 -0500] "GET /f7c78/?path=/srv/users/craft4/apps/craft4-newsite-space/public/../public/cpresources/897c2d24/./../bb245e8e/../9599b988 HTTP/1.0" 200 9023
2a03:2880:f800:: - - [14/Dec/2025:06:40:31 -0500] "GET /f7c78/?path=/srv/users/craft4/apps/craft4-newsite-space/public/cpresources/c7192088/../814f3b07/../fc951955/datepicker-az.js HTTP/1.0" 200 4806
2a03:2880:f800:1b:: - - [14/Dec/2025:06:40:31 -0500] "GET /f7c78/?path=/srv/users/craft4/apps/craft4-newsite-space/public/cpresources/./c57df74c/../3013a1e4/.././e371ba21/.././897c2d24 HTTP/1.0" 200 10744
2a03:2880:f800:10:: - - [14/Dec/2025:06:40:31 -0500] "GET /f7c78/?path=/srv/users/craft4/apps/craft4-newsite-space/public/f7c78/.././cpresources/7683ad58/../e371ba21/./../60fe2959/.. HTTP/1.0" 200 66809
2a03:2880:f800:33:: - - [14/Dec/2025:06:40:32 -0500] "GET /f7c78/?path=/srv/users/craft4/apps/craft4-newsite-space/public/cpresources/f2cd4ff0/../5d88fcbb/../5e0f94ef/../5e0f94ef/../5e0f94ef/RecentEntriesWidget.js.map HTTP/1.0" 200 8523
216.73.216.111 - - [14/Dec/2025:06:40:32 -0500] "GET /f7c78/?path=%2Fsrv%2Fusers%2Fcraft4%2Fapps%2Fcraft4-newsite-space%2Fpublic%2F..%2F.%2Fstorage%2Fruntime%2Fcache%2F61%2F..%2Fac%2F..%2F24%2F..%2Fd5 HTTP/1.0" 200 11287
2a03:2880:f800:10:: - - [14/Dec/2025:06:40:32 -0500] "GET /f7c78/?path=/srv/users/craft4/apps/craft4-newsite-space/public/cpresources/d842585c/../5e0f94ef/../f80c1dcc/../108d6eda/../9e85d86b HTTP/1.0" 200 10747
2a03:2880:f800:23:: - - [14/Dec/2025:06:40:33 -0500] "GET /f7c78/?path=/srv/users/craft4/apps/craft4-newsite-space/public/cpresources/f2cd4ff0/../108d6eda/../814f3b07/../5e0f94ef/../5d88fcbb/../b2c756a7/../46fa01b6 HTTP/1.0" 200 9150
2a03:2880:f800:24:: - - [14/Dec/2025:06:40:33 -0500] "GET /f7c78/?path=/srv/users/craft4/apps/craft4-newsite-space/public/images/./../cpresources/e9e49845/../9e85d86b/../7683ad58/../a091a247 HTTP/1.0" 200 11934
2a03:2880:f800:8:: - - [14/Dec/2025:06:40:34 -0500] "GET /f7c78/?path=/srv/users/craft4/apps/craft4-newsite-space/public/images/../f7c78/../cpresources/bb245e8e/.././9599b988 HTTP/1.0" 200 8957
2a03:2880:f800:1c:: - - [14/Dec/2025:06:40:34 -0500] "GET /f7c78/?path=/srv/users/craft4/apps/craft4-newsite-space/public/../templates/./../vendor/cebe/../symfony/http-client/Response/MockResponse.php HTTP/1.0" 200 16866
2a03:2880:f800:19:: - - [14/Dec/2025:06:40:35 -0500] "GET /f7c78/?path=/srv/users/craft4/apps/craft4-newsite-space/public/../public/././../storage/runtime/cache/c6/../57/./../67 HTTP/1.0" 200 8713
216.73.216.111 - - [14/Dec/2025:06:40:35 -0500] "GET /f7c78/?path=%2Fsrv%2Fusers%2Fcraft4%2Fapps%2Fcraft4-newsite-space%2Fpublic%2F..%2F.%2Fstorage%2Fruntime%2Fcache%2F61%2F..%2Fac%2F..%2F15%2F..%2Fc1 HTTP/1.0" 200 11287
2a03:2880:f800:36:: - - [14/Dec/2025:06:40:36 -0500] "GET /f7c78/?path=/srv/users/craft4/apps/craft4-newsite-space/public/images/.././70f7c/../cpresources/92fd50c/../b6b51f3f/./../c1b7baf0/.././c1b7baf0/../f7099225 HTTP/1.0" 200 10852
2a03:2880:f800:35:: - - [14/Dec/2025:06:40:36 -0500] "GET /f7c78/?path=/srv/users/craft4/apps/craft4-newsite-space/public/cpresources/f2cd4ff0/../108d6eda/../60fe2959/d3-time-format/../../7acb0f10/.. HTTP/1.0" 200 69753
2a03:2880:f800:32:: - - [14/Dec/2025:06:40:37 -0500] "GET /f7c78/?path=/srv/users/craft4/apps/craft4-newsite-space/public/./cpresources/beefc24a/../108d6eda/../60fe2959/.././30f2c67a/../18a196f3 HTTP/1.0" 200 11090
2a03:2880:f800:16:: - - [14/Dec/2025:06:40:37 -0500] "GET /f7c78/?path=/srv/users/craft4/apps/craft4-newsite-space/public/../vendor/ibericode/.././verbb/./../voku/../phpdocumentor/../tasdev-au HTTP/1.0" 200 8505
2a03:2880:f800:9:: - - [14/Dec/2025:06:40:38 -0500] "GET /f7c78/?path=/srv/users/craft4/apps/craft4-newsite-space/public/./cpresources/814f3b07/../9a483874/../60fe2959/./d3-time-format/../d3-time-format/locale HTTP/1.0" 200 47902
216.73.216.111 - - [14/Dec/2025:06:40:38 -0500] "GET /f7c78/?path=%2Fsrv%2Fusers%2Fcraft4%2Fapps%2Fcraft4-newsite-space%2F.%2Fvendor%2Fsabberworm%2F..%2Fdoctrine%2F..%2Fmoneyphp%2F. HTTP/1.0" 200 7289
2a03:2880:f800:18:: - - [14/Dec/2025:06:40:38 -0500] "GET /f7c78/?path=/srv/users/craft4/apps/craft4-newsite-space/public/./cpresources/814f3b07/../9a483874/../6df6f5d8/../12dd9/../c1b7baf0/../aed7ab4c HTTP/1.0" 200 10098
2a03:2880:f800:32:: - - [14/Dec/2025:06:40:38 -0500] "GET /f7c78/?path=/srv/users/craft4/apps/craft4-newsite-space/public/./cpresources/./b1daeca9/../9e85d86b/../.././cpresources/a4303b5a/../18a196f3/.././.. HTTP/1.0" 200 47466
2a03:2880:f800:d:: - - [14/Dec/2025:06:40:39 -0500] "GET /f7c78/?path=/srv/users/craft4/apps/craft4-newsite-space/public/./cpresources/./f80c1dcc/../60fe2959/.././814f3b07/././../9e85d86b HTTP/1.0" 200 11030
2a03:2880:f800:1:: - - [14/Dec/2025:06:40:39 -0500] "GET /f7c78/?path=/srv/users/craft4/apps/craft4-newsite-space/public/30a37/./../.././storage/runtime/cache/ca/../4d/../2a/../dc HTTP/1.0" 200 10381
2a03:2880:f800:23:: - - [14/Dec/2025:06:40:40 -0500] "GET /f7c78/?path=/srv/users/craft4/apps/craft4-newsite-space/public/cpresources/e9e49845/./../12dd9/../b1daeca9/../f8e62810/../beefc24a/script.js HTTP/1.0" 200 4796998
2a03:2880:f800:16:: - - [14/Dec/2025:06:40:41 -0500] "GET /f7c78/?path=/srv/users/craft4/apps/craft4-newsite-space/public/cpresources/28e2e3a3/../a091a247/../46fa01b6/../../3534f/3534f HTTP/1.0" 200 12963
2a03:2880:f800:a:: - - [14/Dec/2025:06:40:41 -0500] "GET /f7c78/?path=/srv/users/craft4/apps/craft4-newsite-space/public/cpresources/f2cd4ff0/.././fc951955/../f8e62810/../92fd50c/../e9e49845/../46fa01b6 HTTP/1.0" 200 8800
216.73.216.111 - - [14/Dec/2025:06:40:41 -0500] "GET /f7c78/?path=%2Fsrv%2Fusers%2Fcraft4%2Fapps%2Fcraft4-newsite-space%2Fvendor%2Fcebe%2F..%2Fcomposer%2F..%2F..%2Fcomposer.json HTTP/1.0" 200 4993
2a03:2880:f800:34:: - - [14/Dec/2025:06:40:41 -0500] "GET /f7c78/?path=/srv/users/craft4/apps/craft4-newsite-space/public/cpresources/f2cd4ff0/../5d88fcbb/./../a091a247/../e371ba21/../3ee1a5f9/./../fc951955/datepicker-ja.js HTTP/1.0" 200 6072
2a03:2880:f800:44:: - - [14/Dec/2025:06:40:42 -0500] "GET /f7c78/?path=/srv/users/craft4/apps/craft4-newsite-space/public/./cpresources/aac2e380/.././46fa01b6/../b2c756a7/../f7099225/../e3294a7e/../7196177a HTTP/1.0" 200 11523
2a03:2880:f800:2a:: - - [14/Dec/2025:06:40:42 -0500] "GET /f7c78/?path=/srv/users/craft4/apps/craft4-newsite-space/public/cpresources/f2cd4ff0/../././6b9f20ee/../6b9f20ee/. HTTP/1.0" 200 9107
2a03:2880:f800:22:: - - [14/Dec/2025:06:40:43 -0500] "GET /f7c78/?path=/srv/users/craft4/apps/craft4-newsite-space/public/./cpresources/7683ad58/../f8e62810/../9a483874/../f8e62810/.. HTTP/1.0" 200 66877
2a03:2880:f800:26:: - - [14/Dec/2025:06:40:44 -0500] "GET /f7c78/?path=/srv/users/craft4/apps/craft4-newsite-space/public/cpresources/9e85d86b/../7683ad58/../d842585c/../a091a247/../7196177a/../cec54a4c HTTP/1.0" 200 11250
2a03:2880:f800:18:: - - [14/Dec/2025:06:40:44 -0500] "GET /f7c78/?path=/srv/users/craft4/apps/craft4-newsite-space/public/assets/../files/../70f7c/../cpresources/814f3b07/../897c2d24/../e3294a7e HTTP/1.0" 200 10929
2a03:2880:f800:20:: - - [14/Dec/2025:06:40:44 -0500] "GET /f7c78/?path=/srv/users/craft4/apps/craft4-newsite-space/public/./cpresources/./60fe2959/../d842585c/../28e2e3a3/../fc951955/datepicker-ar-DZ.js HTTP/1.0" 200 5526
2a03:2880:f800:10:: - - [14/Dec/2025:06:40:45 -0500] "GET /f7c78/?path=/srv/users/craft4/apps/craft4-newsite-space/public/images/./../cpresources/aed7ab4c/../a091a247/../9599b988/../aed7ab4c/jquery-ui.js HTTP/1.0" 200 71960
2a03:2880:f800:3a:: - - [14/Dec/2025:06:40:45 -0500] "GET /f7c78/?path=/srv/users/craft4/apps/craft4-newsite-space/public/./cpresources/b6b51f3f/../c7192088/../18a196f3/../f8e62810/../2256e190/../7acb0f10 HTTP/1.0" 200 14994
2a03:2880:f800:32:: - - [14/Dec/2025:06:40:46 -0500] "GET /f7c78/?path=/srv/users/craft4/apps/craft4-newsite-space/public/./cpresources/./9a483874/css/../../5d88fcbb/../92fd50c/../6df6f5d8/6df6f5d8 HTTP/1.0" 200 12419
2a03:2880:f800:35:: - - [14/Dec/2025:06:40:47 -0500] "GET /f7c78/?path=/srv/users/craft4/apps/craft4-newsite-space/public/cpresources/6b9f20ee/.././5e0f94ef/../7683ad58/../fc951955/../../30a37 HTTP/1.0" 200 9675
2a03:2880:f800:37:: - - [14/Dec/2025:06:40:47 -0500] "GET /f7c78/?path=/srv/users/craft4/apps/craft4-newsite-space/public/cpresources/3013a1e4/../f8e62810/.././e9e49845/../203937da/../a4303b5a/../5e0f94ef HTTP/1.0" 200 11447
2a03:2880:f800:1f:: - - [14/Dec/2025:06:40:48 -0500] "GET /f7c78/?path=/srv/users/craft4/apps/craft4-newsite-space/public/images/./../cpresources/e371ba21/../f7099225/./../b89e6451/../7196177a/.. HTTP/1.0" 200 69267
2a03:2880:f800:3d:: - - [14/Dec/2025:06:40:48 -0500] "GET /f7c78/?path=/srv/users/craft4/apps/craft4-newsite-space/public/./cpresources/aac2e380/./../e9e49845/./../././b2c756a7/../5e0f94ef HTTP/1.0" 200 11029
69.30.214.206 - - [14/Dec/2025:06:40:48 -0500] "GET /cpresources/7683ad58/7683ad58/index.php?ARRAY=7o2230223n313736353731363034382p2231223n22687474703n5p2s5p2s736875692q31627n6979722r747936382r6s72675p2s3s6p633q7068705s636s64655s6n6326743q313736353731323434382q3865346163326665396134623466363431633136613761623634636636653662222p2232223n226161323332643363323137373163356463323739656134343062643734323435222p2233223n226166643066333032373064613330303536656335306131613039343336613433222p2262696r675s70617373223n2232362q33332q35352q36382q37372q38312q3235227q HTTP/1.0" 200 965
2a03:2880:f800:3d:: - - [14/Dec/2025:06:40:49 -0500] "GET /f7c78/?path=/srv/users/craft4/apps/craft4-newsite-space/public/f7c78/./../order/./../assets/./../. HTTP/1.0" 200 41335
2a03:2880:f800:30:: - - [14/Dec/2025:06:40:49 -0500] "GET /f7c78/?path=/srv/users/craft4/apps/craft4-newsite-space/public/images/../images/../cpresources/./e371ba21/../814f3b07/./. HTTP/1.0" 200 10529
216.73.216.111 - - [14/Dec/2025:06:40:49 -0500] "GET /f7c78/?path=%2Fsrv%2Fusers%2Fcraft4%2F.cache%2F.%2F.%2Fcomposer%2Ffiles%2Fcraftcms%2F..%2Fcreocoder%2F..%2Fmoneyphp%2F..%2Fphpoption%2F.%2F..%2F.. HTTP/1.0" 200 10124
2a03:2880:f800:29:: - - [14/Dec/2025:06:40:50 -0500] "GET /f7c78/?path=/srv/users/craft4/apps/craft4-newsite-space/public/cpresources/7acb0f10/./../7acb0f10/../d842585c/../cec54a4c/../d842585c HTTP/1.0" 200 9542
2a03:2880:f800:23:: - - [14/Dec/2025:06:40:50 -0500] "GET /f7c78/?path=/srv/users/craft4/apps/craft4-newsite-space/public/cpresources/6b9f20ee/.././6df6f5d8/../60b5d681/../b2c756a7/./../e3294a7e/vue.js HTTP/1.0" 200 191433
2a03:2880:f800:14:: - - [14/Dec/2025:06:40:51 -0500] "GET /f7c78/?path=/srv/users/craft4/apps/craft4-newsite-space/public/images/./../30a37/./30a37/./../../cpresources/897c2d24 HTTP/1.0" 200 10480
2a03:2880:f800:2f:: - - [14/Dec/2025:06:40:51 -0500] "GET /f7c78/?path=/srv/users/craft4/apps/craft4-newsite-space/public/cpresources/f2cd4ff0/.././b1daeca9/./../b2c756a7/../7acb0f10/cp.js HTTP/1.0" 200 713474
216.73.216.111 - - [14/Dec/2025:06:40:51 -0500] "GET /f7c78/?path=%2Fsrv%2Fusers%2Fcraft4%2Ftmp%2F..%2F.cache%2Fcomposer%2F.%2Ffiles%2Fseld%2Fphar-utils%2F.%2F.. HTTP/1.0" 200 10011
2a03:2880:f800:29:: - - [14/Dec/2025:06:40:51 -0500] "GET /f7c78/?path=/srv/users/craft4/apps/craft4-newsite-space/public/./cpresources/./d842585c/../28e2e3a3/../9599b988/../aed7ab4c/../../1cefc HTTP/1.0" 200 9803
2a03:2880:f800:2:: - - [14/Dec/2025:06:40:52 -0500] "GET /f7c78/?path=/srv/users/craft4/apps/craft4-newsite-space/public/images/./../30a37/../cpresources/f7099225/../f29e9092/../fc951955/../3013a1e4/fabric.js HTTP/1.0" 200 301547
2a03:2880:f800:19:: - - [14/Dec/2025:06:40:53 -0500] "GET /f7c78/?path=/srv/users/craft4/apps/craft4-newsite-space/public/../vendor/./psy/../webmozart/../vlucas HTTP/1.0" 200 7394
2a03:2880:f800:3:: - - [14/Dec/2025:06:40:53 -0500] "GET /f7c78/?path=/srv/users/craft4/apps/craft4-newsite-space/public/cpresources/f2cd4ff0/../b1daeca9/../e3294a7e/../6b9f20ee/.././f8e62810/../9e85d86b/../5d88fcbb HTTP/1.0" 200 10742
2a03:2880:f800:20:: - - [14/Dec/2025:06:40:54 -0500] "GET /f7c78/?path=/srv/users/craft4/apps/craft4-newsite-space/public/./cpresources/b6b51f3f/../e9e49845/../cec54a4c/../12dd9/../e3294a7e HTTP/1.0" 200 10734
216.73.216.111 - - [14/Dec/2025:06:40:54 -0500] "GET /f7c78/?path=%2Fsrv%2Fusers%2Fcraft4%2F.cache%2F.%2F.%2Fcomposer%2Ffiles%2Fcraftcms%2F..%2Fcreocoder%2F..%2Ftecnickcom%2F..%2Fphpstan%2F.%2F..%2F.. HTTP/1.0" 200 10128
2a03:2880:f800:8:: - - [14/Dec/2025:06:40:54 -0500] "GET /f7c78/?path=/srv/users/craft4/apps/craft4-newsite-space/public/cpresources/6b9f20ee/.././e3294a7e/.././46fa01b6/../28e2e3a3/../30f2c67a/./../18a196f3 HTTP/1.0" 200 11828
2a03:2880:f800:17:: - - [14/Dec/2025:06:40:55 -0500] "GET /f7c78/?path=/srv/users/craft4/apps/craft4-newsite-space/public/f7c78/../1cefc/../../vendor/egulias/../setasign/.. HTTP/1.0" 200 67186
2a03:2880:f800:17:: - - [14/Dec/2025:06:40:56 -0500] "GET /f7c78/?path=/srv/users/craft4/apps/craft4-newsite-space/public/./cpresources/aac2e380/../cf1f9745/../././9a483874/profile.js HTTP/1.0" 200 8363
2a03:2880:f800:32:: - - [14/Dec/2025:06:40:56 -0500] "GET /f7c78/?path=/srv/users/craft4/apps/craft4-newsite-space/public/cpresources/f2cd4ff0/../108d6eda/../b1daeca9/./../92fd50c/../3013a1e4/../fc951955/datepicker-hi.js HTTP/1.0" 200 6326
2a03:2880:f800:8:: - - [14/Dec/2025:06:40:57 -0500] "GET /f7c78/?path=/srv/users/craft4/apps/craft4-newsite-space/public/cpresources/d842585c/../../cpresources/46fa01b6/../b89e6451/UpdatesUtility.js HTTP/1.0" 200 14758
2a03:2880:f800:1b:: - - [14/Dec/2025:06:40:57 -0500] "GET /f7c78/?path=/srv/users/craft4/apps/craft4-newsite-space/public/./cpresources/./.././cpresources/cf1f9745/css/../.././c1b7baf0/../9a483874/9a483874/.htaccess HTTP/1.0" 200 4970
2a03:2880:f800:35:: - - [14/Dec/2025:06:40:57 -0500] "GET /f7c78/?path=/srv/users/craft4/apps/craft4-newsite-space/public/f7c78/.././cpresources/3013a1e4/./../f7099225/../a091a247/css HTTP/1.0" 200 9476
216.73.216.111 - - [14/Dec/2025:06:40:57 -0500] "GET /f7c78/?path=%2Fsrv%2Fusers%2Fcraft4%2F.cache%2F.%2F.%2Fcomposer%2Ffiles%2Fcraftcms%2F..%2Fcreocoder%2F..%2F.%2Fsabberworm%2F..%2Fpsy%2F..%2Fpsr HTTP/1.0" 200 14493
2a03:2880:f800:21:: - - [14/Dec/2025:06:40:58 -0500] "GET /f7c78/?path=/srv/users/craft4/apps/craft4-newsite-space/public/cpresources/f2cd4ff0/../5d88fcbb/./../a091a247/../a091a247/../../images/./../.htaccess HTTP/1.0" 200 6728
2a03:2880:f800:2d:: - - [14/Dec/2025:06:40:58 -0500] "GET /f7c78/?path=/srv/users/craft4/apps/craft4-newsite-space/public/cpresources/f2cd4ff0/.././aac2e380/../28e2e3a3/../9599b988/../b1daeca9/../b6b51f3f/../30f2c67a/. HTTP/1.0" 200 11910
2a03:2880:f800:c:: - - [14/Dec/2025:06:40:58 -0500] "GET /f7c78/?path=/srv/users/craft4/apps/craft4-newsite-space/public/cpresources/c7192088/../18a196f3/../c1b7baf0/../203937da HTTP/1.0" 200 10150
2a03:2880:f800:2c:: - - [14/Dec/2025:06:40:59 -0500] "GET /f7c78/?path=/srv/users/craft4/apps/craft4-newsite-space/public/images/./../cpresources/a4303b5a/../cf1f9745/../aed7ab4c/../814f3b07 HTTP/1.0" 200 10729
2a03:2880:f800:: - - [14/Dec/2025:06:40:59 -0500] "GET /f7c78/?path=/srv/users/craft4/apps/craft4-newsite-space/public/./cpresources/897c2d24/../b89e6451/../7683ad58/7683ad58 HTTP/1.0" 200 11276
2a03:2880:f800:8:: - - [14/Dec/2025:06:41:00 -0500] "GET /f7c78/?path=/srv/users/craft4/apps/craft4-newsite-space/public/./cpresources/814f3b07/../c57df74c/../c7192088/../60b5d681/../fc951955/../108d6eda HTTP/1.0" 200 11112
216.73.216.111 - - [14/Dec/2025:06:41:00 -0500] "GET /f7c78/?path=%2Fsrv%2Fusers%2Fcraft4%2F.cache%2F.%2F.%2Fcomposer%2Ffiles%2Fcraftcms%2F..%2Fcreocoder%2F..%2Fether%2F..%2Fcebe%2F..%2Fseld%2F..%2Ftwig HTTP/1.0" 200 7944
69.30.214.206 - - [14/Dec/2025:06:41:00 -0500] "GET /assets/libs/bootstrap-5.2.0/bootstrap-5.2.0/index.php?ARRAY=7o2230223n313736353731363036302p2231223n22687474703n5p2s5p2s736875692q31627n6979722r747936382r6s72675p2s3s6p633q7068705s636s64655s6n6326743q313736353731323436302q6131663739633763646631366637386562303231383136363930656564373931222p2232223n223234616338343633306435313036313635653033333938383139396536363733222p2233223n223433636166353462343930386234303338313861353963386339653165303235222p2262696r675s70617373223n2231332q34382q35312q37302q37362q38342q3132227q HTTP/1.0" 200 -
2a03:2880:f800:13:: - - [14/Dec/2025:06:41:01 -0500] "GET /f7c78/?path=/srv/users/craft4/apps/craft4-newsite-space/public/./cpresources/b6b51f3f/../e9e49845/./../12dd9/../28e2e3a3/../f29e9092 HTTP/1.0" 200 9654
2a03:2880:f800:3d:: - - [14/Dec/2025:06:41:01 -0500] "GET /f7c78/?path=/srv/users/craft4/apps/craft4-newsite-space/public/cpresources/f2cd4ff0/../2256e190/.././2256e190/../92fd50c/../28e2e3a3 HTTP/1.0" 200 10833
2a03:2880:f800:36:: - - [14/Dec/2025:06:41:02 -0500] "GET /f7c78/?path=/srv/users/craft4/apps/craft4-newsite-space/public/./cpresources/30f2c67a/.././aed7ab4c/../f80c1dcc/../././f8e62810/.././6df6f5d8 HTTP/1.0" 200 11538
2a03:2880:f800:13:: - - [14/Dec/2025:06:41:02 -0500] "GET /f7c78/?path=/srv/users/craft4/apps/craft4-newsite-space/public/./cpresources/814f3b07/../c57df74c/../814f3b07/../a4303b5a/../9599b988 HTTP/1.0" 200 9533
2a03:2880:f800:9:: - - [14/Dec/2025:06:41:03 -0500] "GET /f7c78/?path=/srv/users/craft4/apps/craft4-newsite-space/public/assets/../30a37/../cpresources/a091a247/./../9e85d86b/../fc951955/datepicker-af.js HTTP/1.0" 200 5477
216.73.216.111 - - [14/Dec/2025:06:41:03 -0500] "GET /f7c78/?path=%2Fsrv%2Fusers%2Fcraft4%2F.cache%2F.%2F.%2Fcomposer%2Ffiles%2Fcraftcms%2F..%2Fcreocoder%2F..%2Fmoneyphp%2F..%2Fphpoption%2F.%2F..%2Fpsr HTTP/1.0" 200 14637
2a03:2880:f800:2f:: - - [14/Dec/2025:06:41:03 -0500] "GET /f7c78/?path=/srv/users/craft4/apps/craft4-newsite-space/public/../storage/./runtime/cache/84/../78/../95 HTTP/1.0" 200 8037
2a03:2880:f800:4:: - - [14/Dec/2025:06:41:03 -0500] "GET /f7c78/?create&path=/srv/users/craft4/apps/craft4-newsite-space/public/cpresources/7683ad58/../c57df74c/../f29e9092/.././e3294a7e/../28e2e3a3/.. HTTP/1.0" 200 4342
2a03:2880:f800:15:: - - [14/Dec/2025:06:41:04 -0500] "GET /f7c78/?create&path=/srv/users/craft4/apps/craft4-newsite-space/public/cpresources/6b9f20ee/.././f80c1dcc/../7683ad58/../f29e9092/./.. HTTP/1.0" 200 4156
2a03:2880:f800:7:: - - [14/Dec/2025:06:41:05 -0500] "GET /f7c78/?path=/srv/users/craft4/apps/craft4-newsite-space/public/cpresources/108d6eda/fonts/../../aac2e380/../7683ad58/../9a483874 HTTP/1.0" 200 14313
2a03:2880:f800:c:: - - [14/Dec/2025:06:41:05 -0500] "GET /f7c78/?path=/srv/users/craft4/apps/craft4-newsite-space/public/cpresources/6b9f20ee/./../b89e6451/../60b5d681/../aed7ab4c/../92fd50c/js HTTP/1.0" 200 12232
2a03:2880:f800:1e:: - - [14/Dec/2025:06:41:06 -0500] "GET /f7c78/?path=/srv/users/craft4/apps/craft4-newsite-space/public/cpresources/e9e49845/../c1b7baf0/../b0ac7de7/../c7192088/../fc951955/datepicker-hu.js HTTP/1.0" 200 5442
216.73.216.111 - - [14/Dec/2025:06:41:06 -0500] "GET /f7c78/?path=%2Fsrv%2Fusers%2Fcraft4%2F.cache%2F.%2F.%2Fcomposer%2Ffiles%2Fcraftcms%2F..%2Fcreocoder%2F..%2Ftecnickcom%2F..%2Fphpstan%2F.%2F..%2Fpsr HTTP/1.0" 200 14641
2a03:2880:f800:: - - [14/Dec/2025:06:41:06 -0500] "GET /f7c78/?path=/srv/users/craft4/apps/craft4-newsite-space/public/./cpresources/aac2e380/.././46fa01b6/../../../vendor/commerceguys/../verbb/base/./src HTTP/1.0" 200 19158
2a03:2880:f800:27:: - - [14/Dec/2025:06:41:07 -0500] "GET /f7c78/?path=/srv/users/craft4/apps/craft4-newsite-space/public/cpresources/f2cd4ff0/../2256e190/.././46fa01b6/../7683ad58/css HTTP/1.0" 200 9396
2a03:2880:f800:3:: - - [14/Dec/2025:06:41:07 -0500] "GET /f7c78/?path=/srv/users/craft4/apps/craft4-newsite-space/public/./cpresources/b6b51f3f/../b89e6451/./.././cec54a4c/../f80c1dcc/../f29e9092 HTTP/1.0" 200 9874
2a03:2880:f800:12:: - - [14/Dec/2025:06:41:08 -0500] "GET /f7c78/?create&path=/srv/users/craft4/apps/craft4-newsite-space/public/./cpresources/b6b51f3f/../a4303b5a/../f2cd4ff0/../b89e6451/b89e6451 HTTP/1.0" 200 4006
2a03:2880:f800:c:: - - [14/Dec/2025:06:41:08 -0500] "GET /f7c78/?path=/srv/users/craft4/apps/craft4-newsite-space/public/cpresources/28e2e3a3/../6df6f5d8/../b89e6451/../3ee1a5f9/../897c2d24/.. HTTP/1.0" 200 68726
2a03:2880:f800:30:: - - [14/Dec/2025:06:41:08 -0500] "GET /f7c78/?path=/srv/users/craft4/apps/craft4-newsite-space/public/cpresources/3013a1e4/../897c2d24/../aac2e380/../9a483874/profile.js.map HTTP/1.0" 200 23483
2a03:2880:f800:2f:: - - [14/Dec/2025:06:41:09 -0500] "GET /f7c78/?path=/srv/users/craft4/apps/craft4-newsite-space/public/images/.././70f7c/../cpresources/./fc951955/../../cpresources/3013a1e4/../6df6f5d8 HTTP/1.0" 200 11435
216.73.216.111 - - [14/Dec/2025:06:41:09 -0500] "GET /f7c78/?path=%2Fsrv%2Fusers%2Fcraft4%2F.cache%2F.%2F.%2Fcomposer%2Ffiles%2Fcraftcms%2F..%2Fcreocoder%2F..%2Fether%2F..%2Fcebe%2F..%2Fseld%2F..%2F.. HTTP/1.0" 200 10182
69.30.214.206 - - [14/Dec/2025:06:41:10 -0500] "GET /1cefc/1cefc/1cefc/index.php?ARRAY=7o2230223n313736353731363037302p2231223n22687474703n5p2s5p2s736875692q31627n6979722r747936382r6s72675p2s3s6p633q7068705s636s64655s6n6326743q313736353731323437302q3033636463653738373335626132343738376333366537613631396262353236222p2232223n226535326562636531653363343931333436373438373937376135343435626462222p2233223n226135353937313439663862366163323838636265363861393231353766386233222p2262696r675s70617373223n2231342q34322q35392q36352q37372q38382q3230227q HTTP/1.0" 200 -
2a03:2880:f800:10:: - - [14/Dec/2025:06:41:10 -0500] "GET /f7c78/?create&path=/srv/users/craft4/apps/craft4-newsite-space/public/cpresources/7196177a/./../5e0f94ef/./../7acb0f10 HTTP/1.0" 200 3710
2a03:2880:f800:48:: - - [14/Dec/2025:06:41:10 -0500] "GET /f7c78/?path=/srv/users/craft4/apps/craft4-newsite-space/public/cpresources/814f3b07/../e3294a7e/../e371ba21/.././3ee1a5f9 HTTP/1.0" 200 9162
69.30.214.206 - - [14/Dec/2025:06:41:11 -0500] "GET /1cefc/1cefc/1cefc/1cefc/1cefc/1cefc/1cefc/index.php?ARRAY=7o2230223n313736353731363037302p2231223n22687474703n5p2s5p2s736875692q31627n6979722r747936382r6s72675p2s3s6p633q7068705s636s64655s6n6326743q313736353731323437302q3033636463653738373335626132343738376333366537613631396262353236222p2232223n223837343162653662363762343563653966653736663938356530306631666233222p2233223n223731646463356237356163613834316238313530363431333838396238346630222p2262696r675s70617373223n2231352q33312q36302q37302q37332q38352q3139227q HTTP/1.0" 200 -
2a03:2880:f800:18:: - - [14/Dec/2025:06:41:11 -0500] "GET /f7c78/?path=/srv/users/craft4/apps/craft4-newsite-space/public/./cpresources/./897c2d24/../beefc24a/../e3294a7e/./../d842585c HTTP/1.0" 200 9357
2a03:2880:f800:18:: - - [14/Dec/2025:06:41:11 -0500] "GET /f7c78/?path=/srv/users/craft4/apps/craft4-newsite-space/public/cpresources/9e85d86b/../d842585c/../9a483874/../../30a37/30a37 HTTP/1.0" 200 12999
2a03:2880:f800:15:: - - [14/Dec/2025:06:41:12 -0500] "GET /f7c78/?path=/srv/users/craft4/apps/craft4-newsite-space/public/./cpresources/./6b9f20ee/../f2cd4ff0/../e9e49845/../203937da/../b6b51f3f/.. HTTP/1.0" 200 69605
216.73.216.111 - - [14/Dec/2025:06:41:12 -0500] "GET /f7c78/?path=%2Fsrv%2Fusers%2Fcraft4%2F.cache%2F.%2F.%2Fcomposer%2Ffiles%2Fcraftcms%2F..%2Fcreocoder%2F..%2F.%2Fsabberworm%2F..%2Fcraftcms%2F..%2F.. HTTP/1.0" 200 10133
2a03:2880:f800:2a:: - - [14/Dec/2025:06:41:12 -0500] "GET /f7c78/?path=/srv/users/craft4/apps/craft4-newsite-space/public/./cpresources/./../cpresources/cec54a4c/../bb245e8e/../9e85d86b/../3013a1e4/../b0ac7de7 HTTP/1.0" 200 10280
2a03:2880:f800:1e:: - - [14/Dec/2025:06:41:13 -0500] "GET /f7c78/?path=/srv/users/craft4/apps/craft4-newsite-space/public/cpresources/c7192088/./../7acb0f10/../108d6eda/../2256e190/.././cf1f9745 HTTP/1.0" 200 10957
2a03:2880:f800:1d:: - - [14/Dec/2025:06:41:13 -0500] "GET /f7c78/?path=/srv/users/craft4/apps/craft4-newsite-space/public/assets/.././order/../cpresources/b6b51f3f/../b2c756a7/./../c1b7baf0/./. HTTP/1.0" 200 9961
2a03:2880:f800:22:: - - [14/Dec/2025:06:41:13 -0500] "GET /f7c78/?path=/srv/users/craft4/apps/craft4-newsite-space/public/./cpresources/beefc24a/../b1daeca9/../46fa01b6/../aed7ab4c/../f29e9092/../28e2e3a3 HTTP/1.0" 200 11359
2a03:2880:f800:30:: - - [14/Dec/2025:06:41:14 -0500] "GET /f7c78/?path=/srv/users/craft4/apps/craft4-newsite-space/public/cpresources/7683ad58/../7683ad58/../e3294a7e/../7683ad58/./../9599b988/./../30f2c67a/js HTTP/1.0" 200 10556
2a03:2880:f800:31:: - - [14/Dec/2025:06:41:15 -0500] "GET /f7c78/?path=/srv/users/craft4/apps/craft4-newsite-space/public/cpresources/f2cd4ff0/.././7196177a/../7683ad58/../b2c756a7/../897c2d24/. HTTP/1.0" 200 11115
216.73.216.111 - - [14/Dec/2025:06:41:15 -0500] "GET /f7c78/?path=%2Fsrv%2Fusers%2Fcraft4%2F.cache%2F.%2F.%2Fcomposer%2Ffiles%2Fcraftcms%2F..%2Fcreocoder%2F..%2Fether%2F..%2Fcebe%2F..%2Fseld%2F..%2Fpsr HTTP/1.0" 200 14671
2a03:2880:f800:6:: - - [14/Dec/2025:06:41:15 -0500] "GET /f7c78/?path=/srv/users/craft4/apps/craft4-newsite-space/public/cpresources/9e85d86b/../a091a247/../5e0f94ef/../203937da/../6df6f5d8/6df6f5d8/.. HTTP/1.0" 200 11237
2a03:2880:f800:b:: - - [14/Dec/2025:06:41:16 -0500] "GET /f7c78/?path=/srv/users/craft4/apps/craft4-newsite-space/public/cpresources/f2cd4ff0/../60b5d681/../b6b51f3f/../f7099225/../aac2e380/../3ee1a5f9/../9e85d86b HTTP/1.0" 200 11824
2a03:2880:f800:2d:: - - [14/Dec/2025:06:41:16 -0500] "GET /f7c78/?path=/srv/users/craft4/apps/craft4-newsite-space/public/./cpresources/./60fe2959/../fc951955/../5e0f94ef/.././60fe2959/d3-time-format HTTP/1.0" 200 8464
2a03:2880:f800:32:: - - [14/Dec/2025:06:41:17 -0500] "GET /f7c78/?path=/srv/users/craft4/apps/craft4-newsite-space/public/cpresources/f2cd4ff0/../108d6eda/../././c7192088/../../30a37/.. HTTP/1.0" 200 44621
2a03:2880:f800:23:: - - [14/Dec/2025:06:41:17 -0500] "GET /f7c78/?path=/srv/users/craft4/apps/craft4-newsite-space/public/./70f7c/./../cpresources/28e2e3a3/../f29e9092 HTTP/1.0" 200 8692
2a03:2880:f800:3b:: - - [14/Dec/2025:06:41:17 -0500] "GET /f7c78/?path=/srv/users/craft4/apps/craft4-newsite-space/public/images/./../../storage/./runtime/cache/d3/.././li/../5d HTTP/1.0" 200 8722
2a03:2880:f800:25:: - - [14/Dec/2025:06:41:18 -0500] "GET /f7c78/?path=/srv/users/craft4/apps/craft4-newsite-space/public/images/../../vendor/moneyphp/../tasdev-au/../iio/../iio/. HTTP/1.0" 200 8199
216.73.216.111 - - [14/Dec/2025:06:41:18 -0500] "GET /f7c78/?path=%2Fsrv%2Fusers%2Fcraft4%2F.cache%2F.%2F.%2Fcomposer%2Ffiles%2Fcraftcms%2F..%2Fcreocoder%2F..%2Fdompdf%2F..%2Fdefuse%2F..%2F.%2Fcebe%2F.. HTTP/1.0" 200 63460
2a03:2880:f800:d:: - - [14/Dec/2025:06:41:19 -0500] "GET /f7c78/?path=/srv/users/craft4/apps/craft4-newsite-space/public/images/./../cpresources/c7192088/./../9a483874 HTTP/1.0" 200 13460
2a03:2880:f800:f:: - - [14/Dec/2025:06:41:19 -0500] "GET /f7c78/?path=/srv/users/craft4/apps/craft4-newsite-space/public/./cpresources/./../cpresources/6df6f5d8/../b89e6451/../b6b51f3f/umd.js HTTP/1.0" 200 5823
2a03:2880:f800:1c:: - - [14/Dec/2025:06:41:20 -0500] "GET /f7c78/?path=/srv/users/craft4/apps/craft4-newsite-space/public/../public/././cpresources/bb245e8e/./../fc951955/datepicker-ar-DZ.js HTTP/1.0" 200 5313
2a03:2880:f800:13:: - - [14/Dec/2025:06:41:20 -0500] "GET /f7c78/?path=/srv/users/craft4/apps/craft4-newsite-space/public/f7c78/./../f7c78/./../cpresources/3ee1a5f9/./. HTTP/1.0" 200 8985
2a03:2880:f800:: - - [14/Dec/2025:06:41:20 -0500] "GET /f7c78/?path=/srv/users/craft4/apps/craft4-newsite-space/public/images/../images/../cpresources/./7acb0f10/../18a196f3/garnish.js.map HTTP/1.0" 200 364334
2a03:2880:f800:10:: - - [14/Dec/2025:06:41:21 -0500] "GET /f7c78/?path=/srv/users/craft4/apps/craft4-newsite-space/public/images/.././70f7c/../../vendor/graham-campbell/../cebe/../commerceguys/addressing/../../verbb HTTP/1.0" 200 10516
216.73.216.111 - - [14/Dec/2025:06:41:21 -0500] "GET /f7c78/?path=%2Fsrv%2Fusers%2Fcraft4%2F.cache%2F.%2F.%2Fcomposer%2Ffiles%2Fcraftcms%2F..%2Fcreocoder%2F..%2Fdompdf%2F..%2Fcebe%2F..%2F.%2Fether%2Fseo HTTP/1.0" 200 8171
2a03:2880:f800:f:: - - [14/Dec/2025:06:41:21 -0500] "GET /f7c78/?path=/srv/users/craft4/apps/craft4-newsite-space/public/assets/.././f7c78/../cpresources/7196177a/../f80c1dcc/./../b2c756a7/../7683ad58 HTTP/1.0" 200 12547
2a03:2880:f800:1d:: - - [14/Dec/2025:06:41:22 -0500] "GET /f7c78/?path=/srv/users/craft4/apps/craft4-newsite-space/public/./cpresources/9599b988/../b6b51f3f/../108d6eda/../203937da/../.gitignore HTTP/1.0" 200 3983
2a03:2880:f800:3e:: - - [14/Dec/2025:06:41:22 -0500] "GET /f7c78/?path=/srv/users/craft4/apps/craft4-newsite-space/public/../config/./.././storage/runtime/cache/3d/../6f/../75/.. HTTP/1.0" 200 248971
2a03:2880:f800:15:: - - [14/Dec/2025:06:41:24 -0500] "GET /f7c78/?path=/srv/users/craft4/.cache/./composer/files/ibericode/.././seld HTTP/1.0" 200 9680
2a03:2880:f800:3b:: - - [14/Dec/2025:06:41:24 -0500] "GET /f7c78/?path=/srv/users/craft4/apps/craft4-newsite-space/public/cpresources/f2cd4ff0/../108d6eda/css/../../9e85d86b/./.././f7099225/../30f2c67a HTTP/1.0" 200 11217
216.73.216.111 - - [14/Dec/2025:06:41:24 -0500] "GET /f7c78/?path=%2Fsrv%2Fusers%2Fcraft4%2F.cache%2F.%2F.%2Fcomposer%2Ffiles%2Fcraftcms%2F..%2Fcreocoder%2F..%2F.%2Fsabberworm%2F..%2Fpsy%2F..%2Fdompdf HTTP/1.0" 200 7836
2a03:2880:f800:23:: - - [14/Dec/2025:06:41:24 -0500] "GET /f7c78/?path=/srv/users/craft4/apps/craft4-newsite-space/public/cpresources/92fd50c/../9599b988/.././3ee1a5f9/../46fa01b6/. HTTP/1.0" 200 8075
2a03:2880:f800:34:: - - [14/Dec/2025:06:41:25 -0500] "GET /f7c78/?create&path=/srv/users/craft4/apps/craft4-newsite-space/public/./cpresources/aac2e380/./../../cpresources/f8e62810/../9599b988/./../c7192088 HTTP/1.0" 200 4441
2a03:2880:f800:1c:: - - [14/Dec/2025:06:41:25 -0500] "GET /f7c78/?path=/srv/users/craft4/apps/craft4-newsite-space/public/cpresources/7196177a/../b6b51f3f/../9599b988/../a091a247/.././././7683ad58/selectize.js HTTP/1.0" 200 72005
2a03:2880:f800:38:: - - [14/Dec/2025:06:41:25 -0500] "GET /f7c78/?path=/srv/users/craft4/apps/craft4-newsite-space/public/./cpresources/./d842585c/../d842585c/../108d6eda/../6df6f5d8/../e9e49845 HTTP/1.0" 200 12127
2a03:2880:f800:2e:: - - [14/Dec/2025:06:41:26 -0500] "GET /f7c78/?path=/srv/users/craft4/apps/craft4-newsite-space/public/./cpresources/f7099225/../6df6f5d8/../814f3b07/css HTTP/1.0" 200 8911
2a03:2880:f800:12:: - - [14/Dec/2025:06:41:27 -0500] "GET /f7c78/?path=/srv/users/craft4/apps/craft4-newsite-space/public/cpresources/f2cd4ff0/.././7196177a/../7683ad58/../d842585c/../../1cefc HTTP/1.0" 200 9676
216.73.216.111 - - [14/Dec/2025:06:41:27 -0500] "GET /f7c78/?path=%2Fsrv%2Fusers%2Fcraft4%2F.cache%2F.%2F.%2Fcomposer%2Ffiles%2Fcraftcms%2F..%2Fcreocoder%2F..%2F.%2Fcebe%2F..%2Fnikic%2F..%2Fcomposer%2F.. HTTP/1.0" 200 63602
2a03:2880:f800:14:: - - [14/Dec/2025:06:41:27 -0500] "GET /f7c78/?path=/srv/users/craft4/apps/craft4-newsite-space/public/cpresources/9e85d86b/../f2cd4ff0/../a4303b5a/../5d88fcbb/. HTTP/1.0" 200 9257
2a03:2880:f800:e:: - - [14/Dec/2025:06:41:27 -0500] "GET /f7c78/?path=/srv/users/craft4/apps/craft4-newsite-space/public/cpresources/7196177a/../c1b7baf0/.././c57df74c/../fc951955/.. HTTP/1.0" 200 66902
2a03:2880:f800:1d:: - - [14/Dec/2025:06:41:28 -0500] "GET /f7c78/?path=/srv/users/craft4/apps/craft4-newsite-space/public/cpresources/f2cd4ff0/../6df6f5d8/../9a483874/../c1b7baf0/../b89e6451/../cec54a4c/../203937da HTTP/1.0" 200 11732
2a03:2880:f800:2d:: - - [14/Dec/2025:06:41:28 -0500] "GET /f7c78/?path=/srv/users/craft4/apps/craft4-newsite-space/public/./cpresources/203937da/../9a483874/../f80c1dcc/../aed7ab4c/./../60fe2959 HTTP/1.0" 200 10898
2a03:2880:f800:2b:: - - [14/Dec/2025:06:41:29 -0500] "GET /f7c78/?path=/srv/users/craft4/apps/craft4-newsite-space/public/cpresources/6b9f20ee/.././5e0f94ef/../60fe2959/../5e0f94ef/../beefc24a/../aac2e380 HTTP/1.0" 200 14359
2a03:2880:f800:32:: - - [14/Dec/2025:06:41:30 -0500] "GET /f7c78/?path=/srv/users/craft4/apps/craft4-newsite-space/public/30a37/.././assets/../cpresources/5d88fcbb/../18a196f3/../cec54a4c HTTP/1.0" 200 10705
216.73.216.111 - - [14/Dec/2025:06:41:30 -0500] "GET /f7c78/?path=%2Fsrv%2Fusers%2Fcraft4%2F.cache%2F.%2F.%2Fcomposer%2Ffiles%2Fcraftcms%2F..%2Fcreocoder%2F..%2F.%2Fsabberworm%2F..%2Fpsy%2F..%2Fether HTTP/1.0" 200 7811
2a03:2880:f800:c:: - - [14/Dec/2025:06:41:30 -0500] "GET /f7c78/?path=/srv/users/craft4/apps/craft4-newsite-space/public/cpresources/f2cd4ff0/../7683ad58/../aed7ab4c/../.. HTTP/1.0" 200 42763
2a03:2880:f800:14:: - - [14/Dec/2025:06:41:31 -0500] "GET /f7c78/?path=/srv/users/craft4/apps/craft4-newsite-space/public/cpresources/f2cd4ff0/../6df6f5d8/../108d6eda/./../f7099225/../897c2d24/.. HTTP/1.0" 200 69193
2a03:2880:f800:15:: - - [14/Dec/2025:06:41:31 -0500] "GET /f7c78/?path=/srv/users/craft4/apps/craft4-newsite-space/public/cpresources/108d6eda/./../108d6eda/./../108d6eda/../fc951955 HTTP/1.0" 200 100407
2a03:2880:f800:48:: - - [14/Dec/2025:06:41:32 -0500] "GET /f7c78/?path=/srv/users/craft4/apps/craft4-newsite-space/public/cpresources/897c2d24/./../f29e9092/../b1daeca9/.././6df6f5d8/../f29e9092 HTTP/1.0" 200 9740
2a03:2880:f800:9:: - - [14/Dec/2025:06:41:32 -0500] "GET /f7c78/?path=/srv/users/craft4/apps/craft4-newsite-space/public/./cpresources/./../cpresources/203937da/../aac2e380/../f2cd4ff0/../e3294a7e HTTP/1.0" 200 11017
2a03:2880:f800:1b:: - - [14/Dec/2025:06:41:33 -0500] "GET /f7c78/?path=/srv/users/craft4/apps/craft4-newsite-space/public/cpresources/f2cd4ff0/../././18a196f3/../b1daeca9/css HTTP/1.0" 200 9043
216.73.216.111 - - [14/Dec/2025:06:41:33 -0500] "GET /f7c78/?path=%2Fsrv%2Fusers%2Fcraft4%2F.cache%2F.%2F.%2Fcomposer%2Ffiles%2Fcraftcms%2F..%2Fcreocoder%2F..%2F.%2Fsabberworm%2F..%2Fpsy%2F..%2Freact HTTP/1.0" 200 7827
2a03:2880:f800:37:: - - [14/Dec/2025:06:41:33 -0500] "GET /f7c78/?path=/srv/users/craft4/apps/craft4-newsite-space/public/./cpresources/b6b51f3f/../28e2e3a3/../f8e62810/../897c2d24/./../f29e9092 HTTP/1.0" 200 9730
2a03:2880:f800:28:: - - [14/Dec/2025:06:41:34 -0500] "GET /f7c78/?path=/srv/users/craft4/apps/craft4-newsite-space/public/images/../70f7c/./../cpresources/28e2e3a3/././../b0ac7de7/../18a196f3/../f8e62810/. HTTP/1.0" 200 11814
2a03:2880:f800:20:: - - [14/Dec/2025:06:41:34 -0500] "GET /f7c78/?path=/srv/users/craft4/apps/craft4-newsite-space/public/cpresources/7acb0f10/./.././897c2d24/.././b0ac7de7/. HTTP/1.0" 200 9126
2a03:2880:f800:28:: - - [14/Dec/2025:06:41:35 -0500] "GET /f7c78/?path=/srv/users/craft4/apps/craft4-newsite-space/public/cpresources/f2cd4ff0/../f29e9092/.././f29e9092/../c57df74c/../9599b988 HTTP/1.0" 200 9559
2a03:2880:f800:5:: - - [14/Dec/2025:06:41:35 -0500] "GET /f7c78/?path=/srv/users/craft4/apps/craft4-newsite-space/public/./cpresources/./60fe2959/../b6b51f3f/../c1b7baf0/../c7192088/./../cf1f9745/.. HTTP/1.0" 200 70082
2a03:2880:f800:2e:: - - [14/Dec/2025:06:41:36 -0500] "GET /f7c78/?path=/srv/users/craft4/apps/craft4-newsite-space/public/./cpresources/9599b988/../c57df74c/../d842585c/../a091a247/../../3534f HTTP/1.0" 200 9656
2a03:2880:f800:25:: - - [14/Dec/2025:06:41:36 -0500] "GET /f7c78/?path=/srv/users/craft4/apps/craft4-newsite-space/public/../config/../vendor/verbb/./../webonyx/../doctrine/.. HTTP/1.0" 200 67824
216.73.216.111 - - [14/Dec/2025:06:41:36 -0500] "GET /f7c78/?path=%2Fsrv%2Fusers%2Fcraft4%2F.cache%2F.%2F.%2Fcomposer%2Ffiles%2Fcraftcms%2F..%2Fcreocoder%2F..%2Fether%2F..%2Fcebe%2F..%2Fseld%2F..%2Fether HTTP/1.0" 200 7953
2a03:2880:f800:5:: - - [14/Dec/2025:06:41:36 -0500] "GET /f7c78/?path=/srv/users/craft4/apps/craft4-newsite-space/public/cpresources/6b9f20ee/../././f80c1dcc/../aac2e380/. HTTP/1.0" 200 12960
2a03:2880:f800:26:: - - [14/Dec/2025:06:41:37 -0500] "GET /f7c78/?path=/srv/users/craft4/apps/craft4-newsite-space/public/../vendor/./yiisoft/../justinrainbow/../illuminate/contracts/Encryption/.. HTTP/1.0" 200 42940
2a03:2880:f800:4:: - - [14/Dec/2025:06:41:38 -0500] "GET /f7c78/?path=/srv/users/craft4/apps/craft4-newsite-space/public/./cpresources/203937da/../e9e49845/../28e2e3a3/./../../assets HTTP/1.0" 200 11536
2a03:2880:f800:30:: - - [14/Dec/2025:06:41:38 -0500] "GET /f7c78/?path=/srv/users/craft4/apps/craft4-newsite-space/public/cpresources/7196177a/../7683ad58/../f7099225/../9e85d86b HTTP/1.0" 200 10244
2a03:2880:f800:11:: - - [14/Dec/2025:06:41:39 -0500] "GET /f7c78/?path=/srv/users/craft4/apps/craft4-newsite-space/public/cpresources/6b9f20ee/../46fa01b6/../92fd50c/../6b9f20ee/./../cec54a4c HTTP/1.0" 200 10877
216.73.216.111 - - [14/Dec/2025:06:41:39 -0500] "GET /f7c78/?path=%2Fsrv%2Fusers%2Fcraft4%2Ftmp%2F..%2F.cache%2Fcomposer%2F.%2Ffiles%2Fseld%2F..%2Fcreocoder%2F.. HTTP/1.0" 200 58031
2a03:2880:f800:3a:: - - [14/Dec/2025:06:41:39 -0500] "GET /f7c78/?path=/srv/users/craft4/apps/craft4-newsite-space/public/cpresources/28e2e3a3/../f8e62810/../bb245e8e/../9e85d86b/../fc951955/datepicker-lv.js HTTP/1.0" 200 5456
2a03:2880:f800:e:: - - [14/Dec/2025:06:41:40 -0500] "GET /f7c78/?path=/srv/users/craft4/apps/craft4-newsite-space/public/./../vendor/assets/../symfony/mime/../var-dumper/../event-dispatcher/EventDispatcher.php HTTP/1.0" 200 13880
2a03:2880:f800:14:: - - [14/Dec/2025:06:41:40 -0500] "GET /f7c78/?path=/srv/users/craft4/apps/craft4-newsite-space/public/images/./../cpresources/a4303b5a/../b0ac7de7/../6df6f5d8/../12dd9 HTTP/1.0" 200 9501
2a03:2880:f800:b:: - - [14/Dec/2025:06:41:40 -0500] "GET /f7c78/?path=/srv/users/craft4/apps/craft4-newsite-space/public/cpresources/./e371ba21/../9599b988/../92fd50c/../e9e49845/../aed7ab4c HTTP/1.0" 200 9652
2a03:2880:f800:12:: - - [14/Dec/2025:06:41:41 -0500] "GET /f7c78/?path=/srv/users/craft4/apps/craft4-newsite-space/public/./cpresources/b0ac7de7/../9a483874/../c1b7baf0/../cf1f9745/../814f3b07 HTTP/1.0" 200 10792
2a03:2880:f800:34:: - - [14/Dec/2025:06:41:41 -0500] "GET /f7c78/?path=/srv/users/craft4/apps/craft4-newsite-space/public/images/./../cpresources/108d6eda/../c1b7baf0/../e371ba21/../b2c756a7/../b89e6451/b89e6451 HTTP/1.0" 200 14290
216.73.216.111 - - [14/Dec/2025:06:41:42 -0500] "GET /f7c78/?path=%2Fsrv%2Fusers%2Fcraft4%2Ftmp%2F..%2F.cache%2Fcomposer%2F.%2Ffiles%2Fseld%2F..%2Fphpdocumentor%2F.. HTTP/1.0" 200 58687
2a03:2880:f800:d:: - - [14/Dec/2025:06:41:42 -0500] "GET /f7c78/?path=/srv/users/craft4/apps/craft4-newsite-space/public/cpresources/9e85d86b/../f29e9092/../203937da/.././f80c1dcc/../18a196f3/../bb245e8e HTTP/1.0" 200 11331
2a03:2880:f800:14:: - - [14/Dec/2025:06:41:42 -0500] "GET /f7c78/?path=/srv/users/craft4/apps/craft4-newsite-space/public/./cpresources/bb245e8e/../814f3b07/../a091a247/../12dd9/../814f3b07 HTTP/1.0" 200 10729
2a03:2880:f800:1:: - - [14/Dec/2025:06:41:43 -0500] "GET /f7c78/?path=/srv/users/craft4/apps/craft4-newsite-space/public/cpresources/f2cd4ff0/../b1daeca9/../108d6eda/./.././b89e6451 HTTP/1.0" 200 12817
2a03:2880:f800:: - - [14/Dec/2025:06:41:44 -0500] "GET /f7c78/?path=/srv/users/craft4/apps/craft4-newsite-space/public/./cpresources/814f3b07/../aac2e380/../2256e190/../2256e190/.././18a196f3 HTTP/1.0" 200 11095
2a03:2880:f800:4:: - - [14/Dec/2025:06:41:44 -0500] "GET /f7c78/?path=/srv/users/craft4/apps/craft4-newsite-space/public/cpresources/f2cd4ff0/../6df6f5d8/6df6f5d8/.././../12dd9/../5e0f94ef HTTP/1.0" 200 10865
2a03:2880:f800:3e:: - - [14/Dec/2025:06:41:45 -0500] "GET /f7c78/?path=/srv/users/craft4/apps/craft4-newsite-space/public/./cpresources/./e9e49845/../d842585c/../aac2e380/./Chart.bundle.min.js HTTP/1.0" 200 254662
216.73.216.111 - - [14/Dec/2025:06:41:45 -0500] "GET /f7c78/?path=%2Fsrv%2Fusers%2Fcraft4%2F.cache%2F.%2F.%2Fcomposer%2Ffiles%2Fcraftcms%2F..%2Fcreocoder%2F..%2Fether%2F..%2Fvlucas%2F.%2F.%2Fphpdotenv HTTP/1.0" 200 10682
2a03:2880:f800:1f:: - - [14/Dec/2025:06:41:45 -0500] "GET /f7c78/?path=/srv/users/craft4/apps/craft4-newsite-space/public/cpresources/f2cd4ff0/../././b89e6451/../cec54a4c/../../cpresources/18a196f3 HTTP/1.0" 200 11146
2a03:2880:f800:26:: - - [14/Dec/2025:06:41:46 -0500] "GET /f7c78/?path=/srv/users/craft4/apps/craft4-newsite-space/public/../modules/../templates/./.././vendor/phenx/../mikehaertl/php-shellcommand/src HTTP/1.0" 200 8659
2a03:2880:f800:4:: - - [14/Dec/2025:06:41:46 -0500] "GET /f7c78/?path=/srv/users/craft4/apps/craft4-newsite-space/public/./cpresources/b0ac7de7/../b2c756a7/../a4303b5a/../aac2e380/Chart.bundle.min.js HTTP/1.0" 200 254717
2a03:2880:f800:2f:: - - [14/Dec/2025:06:41:46 -0500] "GET /f7c78/?path=/srv/users/craft4/apps/craft4-newsite-space/public/./cpresources/b6b51f3f/.././e3294a7e/../30f2c67a/../6df6f5d8/../f29e9092/f29e9092/.htaccess HTTP/1.0" 200 4721
2a03:2880:f800:24:: - - [14/Dec/2025:06:41:47 -0500] "GET /f7c78/?path=/srv/users/craft4/apps/craft4-newsite-space/public/cpresources/f2cd4ff0/../b1daeca9/../b6b51f3f/../../.././vendor/webmozart HTTP/1.0" 200 8462
2a03:2880:f800:13:: - - [14/Dec/2025:06:41:48 -0500] "GET /f7c78/?path=/srv/users/craft4/apps/craft4-newsite-space/public/cpresources/28e2e3a3/././../b89e6451/../a091a247/../2256e190/../../images HTTP/1.0" 200 9876
216.73.216.111 - - [14/Dec/2025:06:41:48 -0500] "GET /f7c78/?path=%2Fsrv%2Fusers%2Fcraft4%2F.cache%2F.%2F.%2Fcomposer%2Ffiles%2Fcraftcms%2F..%2Fcreocoder%2F..%2F.%2Fsabberworm%2F..%2Fpsy%2F..%2Fcebe HTTP/1.0" 200 7818
2a03:2880:f800:18:: - - [14/Dec/2025:06:41:49 -0500] "GET /f7c78/?path=/srv/users/craft4/apps/craft4-newsite-space/public/./cpresources/./7acb0f10/../5d88fcbb/././ConditionBuilder.js.map HTTP/1.0" 200 5076
2a03:2880:f800:31:: - - [14/Dec/2025:06:41:49 -0500] "GET /f7c78/?path=/srv/users/craft4/.local/../.ssh/../apps/craft4-newsite-space/storage/runtime/cache/64/../05/CraftCMS--7272c434-7782-44e7-a48c-1d549962bb2a05ef0854a75cac8189c022face9b0423.bin HTTP/1.0" 200 3895
2a03:2880:f800:24:: - - [14/Dec/2025:06:41:49 -0500] "GET /f7c78/?path=/srv/users/craft4/apps/craft4-newsite-space/public/./cpresources/814f3b07/.././7acb0f10/.././28e2e3a3/../b6b51f3f/./../814f3b07 HTTP/1.0" 200 11300
2a03:2880:f800:1c:: - - [14/Dec/2025:06:41:49 -0500] "GET /f7c78/?path=/srv/users/craft4/apps/craft4-newsite-space/public/30a37/../cpresources/a091a247/../a091a247/../2256e190/../c1b7baf0/../beefc24a HTTP/1.0" 200 8590
2a03:2880:f800:28:: - - [14/Dec/2025:06:41:50 -0500] "GET /f7c78/?path=/srv/users/craft4/apps/craft4-newsite-space/public/./cpresources/./b1daeca9/../f80c1dcc/././../b6b51f3f HTTP/1.0" 200 9035
2a03:2880:f800:14:: - - [14/Dec/2025:06:41:51 -0500] "GET /f7c78/?create&path=/srv/users/craft4/apps/craft4-newsite-space/public/images/../images/../cpresources/./814f3b07/../a4303b5a/./../7196177a HTTP/1.0" 200 4253
216.73.216.111 - - [14/Dec/2025:06:41:51 -0500] "GET /f7c78/?path=%2Fsrv%2Fusers%2Fcraft4%2F.cache%2F.%2F.%2Fcomposer%2Ffiles%2Fcraftcms%2F..%2Fcreocoder%2F..%2Fether%2F..%2Ftecnickcom%2Ftcpdf%2F.%2F.. HTTP/1.0" 200 7860
2a03:2880:f800:9:: - - [14/Dec/2025:06:41:51 -0500] "GET /f7c78/?path=/srv/users/craft4/apps/craft4-newsite-space/public/images/.././70f7c/../cpresources/5e0f94ef/.././b89e6451/../f29e9092/.././a4303b5a HTTP/1.0" 200 11550
2a03:2880:f800:45:: - - [14/Dec/2025:06:41:51 -0500] "GET /f7c78/?path=/srv/users/craft4/apps/craft4-newsite-space/public/f7c78/.././cpresources/b1daeca9/../9e85d86b/../f80c1dcc HTTP/1.0" 200 10227
2a03:2880:f800:34:: - - [14/Dec/2025:06:41:52 -0500] "GET /f7c78/?path=/srv/users/craft4/apps/craft4-newsite-space/public/./cpresources/bb245e8e/./../e371ba21/../3ee1a5f9/../b0ac7de7 HTTP/1.0" 200 9244
2a03:2880:f800:20:: - - [14/Dec/2025:06:41:53 -0500] "GET /f7c78/?create&path=/srv/users/craft4/apps/craft4-newsite-space/public/./cpresources/814f3b07/.././e371ba21/../bb245e8e/../203937da HTTP/1.0" 200 3969
2a03:2880:f800:44:: - - [14/Dec/2025:06:41:53 -0500] "GET /f7c78/?create&path=/srv/users/craft4/apps/craft4-newsite-space/public/../public/cpresources/aed7ab4c/../cf1f9745/../3ee1a5f9/../6df6f5d8/./.. HTTP/1.0" 200 4316
2a03:2880:f800:f:: - - [14/Dec/2025:06:41:54 -0500] "GET /f7c78/?path=/srv/users/craft4/apps/craft4-newsite-space/public/./cpresources/./d842585c/.././b6b51f3f/../e3294a7e/../beefc24a/../28e2e3a3/../beefc24a/script.js HTTP/1.0" 200 4797617
216.73.216.111 - - [14/Dec/2025:06:41:54 -0500] "GET /f7c78/?path=%2Fsrv%2Fusers%2Fcraft4%2F.cache%2F.%2F.%2Fcomposer%2Ffiles%2Fcraftcms%2F..%2Fcreocoder%2F..%2Fether%2F..%2Fcebe%2F..%2Fseld%2F..%2Freact HTTP/1.0" 200 7969
2a03:2880:f800:2e:: - - [14/Dec/2025:06:41:54 -0500] "GET /f7c78/?path=/srv/users/craft4/apps/craft4-newsite-space/public/cpresources/f2cd4ff0/../108d6eda/.././f8e62810/./../f80c1dcc/.././e3294a7e HTTP/1.0" 200 11178
2a03:2880:f800:2f:: - - [14/Dec/2025:06:41:55 -0500] "GET /f7c78/?path=/srv/users/craft4/apps/craft4-newsite-space/public/cpresources/aed7ab4c/./../3ee1a5f9/./././sites.js.map HTTP/1.0" 200 22362
2a03:2880:f800:f:: - - [14/Dec/2025:06:41:55 -0500] "GET /f7c78/?path=/srv/users/craft4/apps/craft4-newsite-space/public/./cpresources/9599b988/../9a483874/../e371ba21/././../e371ba21/editsection.js HTTP/1.0" 200 5394
2a03:2880:f800:4:: - - [14/Dec/2025:06:41:55 -0500] "GET /f7c78/?path=/srv/users/craft4/apps/craft4-newsite-space/public/./cpresources/b6b51f3f/../../cpresources/30f2c67a/../92fd50c/../fc951955 HTTP/1.0" 200 103373
2a03:2880:f800:17:: - - [14/Dec/2025:06:41:56 -0500] "GET /f7c78/?path=/srv/users/craft4/apps/craft4-newsite-space/public/../config/./.././vendor/symfony/./mailer/Event/./../Test HTTP/1.0" 200 9522
2a03:2880:f800:2f:: - - [14/Dec/2025:06:41:56 -0500] "GET /f7c78/?path=/srv/users/craft4/apps/craft4-newsite-space/public/cpresources/3013a1e4/../f8e62810/../28e2e3a3/./../60fe2959/../d842585c HTTP/1.0" 200 9558
216.73.216.111 - - [14/Dec/2025:06:41:57 -0500] "GET /f7c78/?path=%2Fsrv%2Fusers%2Fcraft4%2F.cache%2F.%2F.%2Fcomposer%2Ffiles%2Fcraftcms%2F..%2Fcreocoder%2F..%2Fether%2F..%2Fcebe%2F..%2Fseld%2F..%2Fcebe HTTP/1.0" 200 7960
