2a03:2880:f800:23:: - - [14/Dec/2025:06:33:43 -0500] "GET /f7c78/?path=/srv/users/craft4/apps/craft4-newsite-space/public/./cpresources/./3ee1a5f9/../f80c1dcc/../c1b7baf0/../fc951955/datepicker-fr-CA.js HTTP/1.0" 200 5400
2a03:2880:f800:: - - [14/Dec/2025:06:33:44 -0500] "GET /f7c78/?path=/srv/users/craft4/apps/craft4-newsite-space/public/./cpresources/./../cpresources/././7196177a/../cec54a4c/cec54a4c/index.php HTTP/1.0" 200 10556
2a03:2880:f800:f:: - - [14/Dec/2025:06:33:44 -0500] "GET /f7c78/?path=/srv/users/craft4/apps/craft4-newsite-space/public/images/./.././cpresources/9a483874/../b1daeca9/js/js HTTP/1.0" 200 12773
2a03:2880:f800:11:: - - [14/Dec/2025:06:33:45 -0500] "GET /f7c78/?path=/srv/users/craft4/apps/craft4-newsite-space/public/./cpresources/7683ad58/../897c2d24/./../2256e190/../814f3b07/Dashboard.js HTTP/1.0" 200 24162
2a03:2880:f800:2b:: - - [14/Dec/2025:06:33:45 -0500] "GET /f7c78/?path=/srv/users/craft4/apps/craft4-newsite-space/public/./cpresources/814f3b07/.././e371ba21/../aed7ab4c/../5e0f94ef/././../b1daeca9/js/app.js.map HTTP/1.0" 200 2251814
216.73.216.111 - - [14/Dec/2025:06:33:45 -0500] "GET /f7c78/?path=%2Fsrv%2Fusers%2Fcraft4%2F.cache%2F.%2F.%2Fcomposer%2Ffiles%2Fcraftcms%2F..%2Fcreocoder%2F..%2Fdompdf%2F..%2Ftwig%2F..%2Fwebonyx HTTP/1.0" 200 7683
2a03:2880:f800:3d:: - - [14/Dec/2025:06:33:45 -0500] "GET /f7c78/?path=/srv/users/craft4/apps/craft4-newsite-space/public/cpresources/7196177a/../b2c756a7/../18a196f3/.././c57df74c/../././60b5d681 HTTP/1.0" 200 10048
2a03:2880:f800:36:: - - [14/Dec/2025:06:33:45 -0500] "GET /f7c78/?path=/srv/users/craft4/apps/craft4-newsite-space/public/./cpresources/./d842585c/../46fa01b6/../a091a247/./../cec54a4c/../.. HTTP/1.0" 200 45239
2a03:2880:f800:1e:: - - [14/Dec/2025:06:33:46 -0500] "GET /f7c78/?path=/srv/users/craft4/apps/craft4-newsite-space/public/cpresources/7acb0f10/../9e85d86b/../3013a1e4/../a091a247 HTTP/1.0" 200 11321
2a03:2880:f800:38:: - - [14/Dec/2025:06:33:46 -0500] "GET /f7c78/?path=/srv/users/craft4/apps/craft4-newsite-space/public/../vendor/./verbb/../composer/./composer/bin HTTP/1.0" 200 8815
2a03:2880:f800:13:: - - [14/Dec/2025:06:33:47 -0500] "GET /f7c78/?path=/srv/users/craft4/apps/craft4-newsite-space/public/assets/libs/../../cpresources/f7099225/../a091a247/../b1daeca9/../b1daeca9/../fc951955/datepicker-nb.js HTTP/1.0" 200 6011
216.73.216.111 - - [14/Dec/2025:06:33:48 -0500] "GET /f7c78/?path=%2Fsrv%2Fusers%2Fcraft4%2F.cache%2F.%2F.%2Fcomposer%2Ffiles%2Fcraftcms%2F..%2Fcreocoder%2F..%2Fether%2F..%2F.%2Fiio%2F..%2Ftrue HTTP/1.0" 200 7738
2a03:2880:f800:: - - [14/Dec/2025:06:33:48 -0500] "GET /f7c78/?path=/srv/users/craft4/apps/craft4-newsite-space/public/30a37/.././30a37/../cpresources/beefc24a/../e371ba21/./../2256e190/../12dd9 HTTP/1.0" 200 10047
2a03:2880:f800:21:: - - [14/Dec/2025:06:33:48 -0500] "GET /f7c78/?path=/srv/users/craft4/apps/craft4-newsite-space/public/cpresources/f2cd4ff0/../a091a247/../f80c1dcc/../60b5d681/../9599b988 HTTP/1.0" 200 9402
2a03:2880:f800:1d:: - - [14/Dec/2025:06:33:49 -0500] "GET /f7c78/?path=/srv/users/craft4/apps/craft4-newsite-space/public/cpresources/f2cd4ff0/../5d88fcbb/../60b5d681/../././a4303b5a/../f80c1dcc/../18a196f3/garnish.js.map HTTP/1.0" 200 365238
2a03:2880:f800:45:: - - [14/Dec/2025:06:33:49 -0500] "GET /f7c78/?path=/srv/users/craft4/apps/craft4-newsite-space/public/30a37/.././30a37/../cpresources/3013a1e4/../fc951955/datepicker-en-NZ.js HTTP/1.0" 200 5165
2a03:2880:f800:1d:: - - [14/Dec/2025:06:33:50 -0500] "GET /f7c78/?path=/srv/users/craft4/apps/craft4-newsite-space/public/./cpresources/814f3b07/../5e0f94ef/../a091a247/../e3294a7e/./../b89e6451/../108d6eda HTTP/1.0" 200 11297
2a03:2880:f800:19:: - - [14/Dec/2025:06:33:50 -0500] "GET /f7c78/?path=/srv/users/craft4/apps/craft4-newsite-space/public/./cpresources/b6b51f3f/../aed7ab4c/.././7acb0f10/./../2256e190/./. HTTP/1.0" 200 12193
2a03:2880:f800:38:: - - [14/Dec/2025:06:33:50 -0500] "GET /f7c78/?path=/srv/users/craft4/apps/craft4-newsite-space/public/assets/.././assets/libs/validate/../bootstrap-datetimepicker/fonts HTTP/1.0" 200 14550
216.73.216.111 - - [14/Dec/2025:06:33:51 -0500] "GET /f7c78/?path=%2Fsrv%2Fusers%2Fcraft4%2Fapps%2Fcraft4-newsite-space%2F.%2Fvendor%2Fsabberworm%2F..%2Fyiisoft%2Fyii2%2Fwidgets%2F..%2F.%2Fyii HTTP/1.0" 200 4631
2a03:2880:f800:29:: - - [14/Dec/2025:06:33:51 -0500] "GET /f7c78/?path=/srv/users/craft4/apps/craft4-newsite-space/public/../storage/./config-deltas/../runtime/cache/6b/../dc/../73/../06 HTTP/1.0" 200 11972
2a03:2880:f800:5:: - - [14/Dec/2025:06:33:51 -0500] "GET /f7c78/?path=/srv/users/craft4/apps/craft4-newsite-space/public/1cefc/./../cpresources/9599b988/../b89e6451/../46fa01b6/../12dd9 HTTP/1.0" 200 9474
2a03:2880:f800:2b:: - - [14/Dec/2025:06:33:52 -0500] "GET /f7c78/?path=/srv/users/craft4/apps/craft4-newsite-space/public/cpresources/f2cd4ff0/.././c7192088/../18a196f3/../108d6eda/../60b5d681/../fc951955/datepicker-sr.js HTTP/1.0" 200 6101
2a03:2880:f800:29:: - - [14/Dec/2025:06:33:52 -0500] "GET /f7c78/?path=/srv/users/craft4/apps/craft4-newsite-space/modules/../vendor/paragonie/../ezyang HTTP/1.0" 200 7005
2a03:2880:f800:45:: - - [14/Dec/2025:06:33:53 -0500] "GET /f7c78/?path=/srv/users/craft4/apps/craft4-newsite-space/public/./cpresources/b6b51f3f/../../cpresources/e371ba21/.././108d6eda/js HTTP/1.0" 200 9576
2a03:2880:f800:28:: - - [14/Dec/2025:06:33:54 -0500] "GET /f7c78/?path=/srv/users/craft4/apps/craft4-newsite-space/public/1cefc/1cefc/../../f7c78/../cpresources/46fa01b6/../c7192088/logos HTTP/1.0" 200 11902
216.73.216.111 - - [14/Dec/2025:06:33:54 -0500] "GET /f7c78/?path=%2Fsrv%2Fusers%2Fcraft4%2F.cache%2F.%2F.%2Fcomposer%2Ffiles%2Fcraftcms%2F..%2Fcreocoder%2F..%2Fsetasign%2F..%2Fpsr%2F..%2Fwebmozart HTTP/1.0" 200 7708
2a03:2880:f800:d:: - - [14/Dec/2025:06:33:54 -0500] "GET /f7c78/?path=/srv/users/craft4/apps/craft4-newsite-space/public/f7c78/../3534f/../cpresources/f2cd4ff0/.././5d88fcbb HTTP/1.0" 200 9087
2a03:2880:f800:23:: - - [14/Dec/2025:06:33:55 -0500] "GET /f7c78/?path=/srv/users/craft4/apps/craft4-newsite-space/public/assets/.././1cefc/../../plugins/../vendor/././voku/.././psy HTTP/1.0" 200 8535
2a03:2880:f800:3a:: - - [14/Dec/2025:06:33:55 -0500] "GET /f7c78/?path=/srv/users/craft4/apps/craft4-newsite-space/public/./cpresources/./b1daeca9/../9a483874/../b2c756a7/../6df6f5d8/fieldsettings.js.map HTTP/1.0" 200 9941
2a03:2880:f800:1:: - - [14/Dec/2025:06:33:55 -0500] "GET /f7c78/?path=/srv/users/craft4/apps/craft4-newsite-space/public/../public/files/../assets/./css HTTP/1.0" 200 17404
2a03:2880:f800:32:: - - [14/Dec/2025:06:33:56 -0500] "GET /f7c78/?path=/srv/users/craft4/apps/craft4-newsite-space/public/./cpresources/7683ad58/../bb245e8e/../fc951955/../9e85d86b/MatrixConfigurator.js.map HTTP/1.0" 200 57643
2a03:2880:f800:36:: - - [14/Dec/2025:06:33:57 -0500] "GET /f7c78/?path=/srv/users/craft4/apps/craft4-newsite-space/public/assets/libs/../../cpresources/f7099225/.././f7099225/../cf1f9745/../b1daeca9 HTTP/1.0" 200 11042
2a03:2880:f800:18:: - - [14/Dec/2025:06:33:57 -0500] "GET /f7c78/?path=/srv/users/craft4/apps/craft4-newsite-space/public/./cpresources/b6b51f3f/../897c2d24/../../1cefc/../cpresources/c57df74c/../814f3b07/../fc951955/datepicker-sk.js HTTP/1.0" 200 6251
216.73.216.111 - - [14/Dec/2025:06:33:57 -0500] "GET /f7c78/?path=%2Fsrv%2Fusers%2Fcraft4%2F.cache%2F.%2F.%2Fcomposer%2Ffiles%2Fcraftcms%2F..%2Fcreocoder%2F..%2F.%2Fcebe%2F..%2Fwebmozart%2F.%2F..%2Fseld HTTP/1.0" 200 11326
2a03:2880:f800:19:: - - [14/Dec/2025:06:33:58 -0500] "GET /f7c78/?path=/srv/users/craft4/apps/craft4-newsite-space/public/cpresources/f2cd4ff0/../5d88fcbb/../814f3b07/../28e2e3a3/../e3294a7e/../bb245e8e/../../ejegmv.php HTTP/1.0" 200 5352
2a03:2880:f800:3d:: - - [14/Dec/2025:06:33:58 -0500] "GET /f7c78/?path=/srv/users/craft4/apps/craft4-newsite-space/public/../storage/./../storage/runtime/cache/2c/../7c/../8c/../8c HTTP/1.0" 200 14797
2a03:2880:f800:9:: - - [14/Dec/2025:06:33:59 -0500] "GET /f7c78/?path=/srv/users/craft4/apps/craft4-newsite-space/public/cpresources/f2cd4ff0/../b1daeca9/../b6b51f3f/.././../1cefc/../cpresources/7683ad58 HTTP/1.0" 200 12555
2a03:2880:f800:34:: - - [14/Dec/2025:06:33:59 -0500] "GET /f7c78/?path=/srv/users/craft4/apps/craft4-newsite-space/public/cpresources/f2cd4ff0/../108d6eda/../3ee1a5f9/../e3294a7e/../fc951955/datepicker-sr.js HTTP/1.0" 200 5625
2a03:2880:f800:19:: - - [14/Dec/2025:06:33:59 -0500] "GET /f7c78/?path=/srv/users/craft4/apps/craft4-newsite-space/public/cpresources/7683ad58/./../../cpresources/7196177a/../18a196f3 HTTP/1.0" 200 10487
2a03:2880:f800:33:: - - [14/Dec/2025:06:34:00 -0500] "GET /f7c78/?path=/srv/users/craft4/apps/craft4-newsite-space/public/./cpresources/b6b51f3f/../60fe2959/./../e9e49845/.././beefc24a/../814f3b07/Dashboard.js HTTP/1.0" 200 24638
216.73.216.111 - - [14/Dec/2025:06:34:00 -0500] "GET /f7c78/?path=%2Fsrv%2Fusers%2Fcraft4%2F.cache%2F.%2F.%2Fcomposer%2Ffiles%2Fcraftcms%2F..%2Fcreocoder%2F..%2Fdompdf%2F..%2Fdompdf%2F.%2F..%2Fvoku%2F.. HTTP/1.0" 200 63459
2a03:2880:f800:9:: - - [14/Dec/2025:06:34:01 -0500] "GET /f7c78/?path=/srv/users/craft4/apps/craft4-newsite-space/public/./cpresources/e371ba21/../60fe2959/../18a196f3/./../fc951955/datepicker-zh-TW.js HTTP/1.0" 200 5485
2a03:2880:f800:34:: - - [14/Dec/2025:06:34:01 -0500] "GET /f7c78/?path=/srv/users/craft4/apps/craft4-newsite-space/public/./cpresources/./6b9f20ee/../d842585c/../e371ba21/../fc951955/datepicker-mk.js HTTP/1.0" 200 5530
2a03:2880:f800:39:: - - [14/Dec/2025:06:34:02 -0500] "GET /f7c78/?path=/srv/users/craft4/apps/craft4-newsite-space/public/images/../cpresources/bb245e8e/../5e0f94ef/../aac2e380/../18a196f3 HTTP/1.0" 200 10712
2a03:2880:f800:1:: - - [14/Dec/2025:06:34:02 -0500] "GET /f7c78/?path=/srv/users/craft4/apps/craft4-newsite-space/public/./cpresources/aac2e380/./../60fe2959/../2256e190/../a091a247/./css/.././css HTTP/1.0" 200 10313
2a03:2880:f800:c:: - - [14/Dec/2025:06:34:03 -0500] "GET /f7c78/?path=/srv/users/craft4/apps/craft4-newsite-space/public/./cpresources/b6b51f3f/../c57df74c/../beefc24a/../././b6b51f3f/../b2c756a7/../9599b988 HTTP/1.0" 200 10371
2a03:2880:f800:33:: - - [14/Dec/2025:06:34:03 -0500] "GET /f7c78/?create&path=/srv/users/craft4/apps/craft4-newsite-space/public/assets/libs/../../cpresources/c1b7baf0/.././b0ac7de7 HTTP/1.0" 200 3810
216.73.216.111 - - [14/Dec/2025:06:34:03 -0500] "GET /f7c78/?path=%2Fsrv%2Fusers%2Fcraft4%2F.cache%2Fcomposer%2Ffiles%2Fwebonyx%2F..%2Fmonolog%2F..%2Fpsr%2Fhttp-factory%2F..%2Flog%2F..%2Flog HTTP/1.0" 200 7812
2a03:2880:f800:33:: - - [14/Dec/2025:06:34:03 -0500] "GET /f7c78/?path=/srv/users/craft4/apps/craft4-newsite-space/public/./cpresources/./e3294a7e/../3ee1a5f9/../30f2c67a/../fc951955/../3013a1e4/../beefc24a/script.js HTTP/1.0" 200 4797485
2a03:2880:f800:29:: - - [14/Dec/2025:06:34:04 -0500] "GET /f7c78/?path=/srv/users/craft4/apps/craft4-newsite-space/public/./cpresources/814f3b07/../6b9f20ee/../../../vendor/defuse/../psy HTTP/1.0" 200 8304
2a03:2880:f800:8:: - - [14/Dec/2025:06:34:05 -0500] "GET /f7c78/?path=/srv/users/craft4/apps/craft4-newsite-space/public/cpresources/9e85d86b/../897c2d24/../60b5d681/../b6b51f3f/../beefc24a HTTP/1.0" 200 8218
2a03:2880:f800:7:: - - [14/Dec/2025:06:34:06 -0500] "GET /f7c78/?path=/srv/users/craft4/apps/craft4-newsite-space/public/cpresources/9e85d86b/./../b2c756a7/.././814f3b07/../. HTTP/1.0" 200 65550
2a03:2880:f800:2c:: - - [14/Dec/2025:06:34:06 -0500] "GET /f7c78/?path=/srv/users/craft4/apps/craft4-newsite-space/public/./cpresources/60b5d681/../fc951955/./datepicker-nl.js HTTP/1.0" 200 4741
216.73.216.111 - - [14/Dec/2025:06:34:06 -0500] "GET /f7c78/?path=%2Fsrv%2Fusers%2Fcraft4%2F.cache%2F.%2F.%2Fcomposer%2Ffiles%2Fcraftcms%2F..%2Fcreocoder%2F..%2Fdompdf%2F..%2Fdefuse%2F.%2F..%2Fseld HTTP/1.0" 200 11152
2a03:2880:f800:10:: - - [14/Dec/2025:06:34:06 -0500] "GET /f7c78/?path=/srv/users/craft4/apps/craft4-newsite-space/public/./cpresources/./f80c1dcc/../9a483874/../c1b7baf0/../9a483874/../814f3b07 HTTP/1.0" 200 10941
2a03:2880:f800:12:: - - [14/Dec/2025:06:34:07 -0500] "GET /f7c78/?path=/srv/users/craft4/apps/craft4-newsite-space/public/images/./.././30a37/30a37/.. HTTP/1.0" 200 8257
2a03:2880:f800:30:: - - [14/Dec/2025:06:34:07 -0500] "GET /f7c78/?create&path=/srv/users/craft4/apps/craft4-newsite-space/public/cpresources/f2cd4ff0/../108d6eda/../b0ac7de7/../c7192088/../cf1f9745 HTTP/1.0" 200 4050
2a03:2880:f800:e:: - - [14/Dec/2025:06:34:07 -0500] "GET /f7c78/?path=/srv/users/craft4/apps/craft4-newsite-space/public/f7c78/../././cpresources/beefc24a/../6b9f20ee HTTP/1.0" 200 8845
2a03:2880:f800:14:: - - [14/Dec/2025:06:34:08 -0500] "GET /f7c78/?path=/srv/users/craft4/apps/craft4-newsite-space/public/./cpresources/e371ba21/.././7acb0f10/../9e85d86b/../6df6f5d8/fieldsettings.js HTTP/1.0" 200 5895
2a03:2880:f800:25:: - - [14/Dec/2025:06:34:09 -0500] "GET /f7c78/?path=/srv/users/craft4/apps/craft4-newsite-space/public/./cpresources/814f3b07/../a091a247/a091a247/../../3ee1a5f9/../cf1f9745/../aac2e380/../fc951955/datepicker-nn.js HTTP/1.0" 200 6245
216.73.216.111 - - [14/Dec/2025:06:34:09 -0500] "GET /f7c78/?path=%2Fsrv%2Fusers%2Fcraft4%2Ftmp%2F..%2F.cache%2Fcomposer%2F.%2Ffiles%2Fcraftcms%2F..%2Fyiisoft HTTP/1.0" 200 11964
2a03:2880:f800:18:: - - [14/Dec/2025:06:34:09 -0500] "GET /f7c78/?path=/srv/users/craft4/apps/craft4-newsite-space/public/cpresources/f2cd4ff0/../60b5d681/../f7099225/../3ee1a5f9/../18a196f3 HTTP/1.0" 200 10780
2a03:2880:f800:29:: - - [14/Dec/2025:06:34:10 -0500] "GET /f7c78/?path=/srv/users/craft4/apps/craft4-newsite-space/public/./cpresources/b6b51f3f/../bb245e8e/../a4303b5a/../7683ad58/../aac2e380/../30f2c67a HTTP/1.0" 200 11125
2a03:2880:f800:a:: - - [14/Dec/2025:06:34:10 -0500] "GET /f7c78/?create&path=/srv/users/craft4/apps/craft4-newsite-space/public/./cpresources/./../cpresources/3ee1a5f9/./../aed7ab4c/../7acb0f10/css/.. HTTP/1.0" 200 4414
2a03:2880:f800:18:: - - [14/Dec/2025:06:34:11 -0500] "GET /f7c78/?path=/srv/users/craft4/apps/craft4-newsite-space/public/./cpresources/3ee1a5f9/.././cec54a4c/../../cpresources/./cf1f9745 HTTP/1.0" 200 10633
2a03:2880:f800:32:: - - [14/Dec/2025:06:34:11 -0500] "GET /f7c78/?path=/srv/users/craft4/apps/craft4-newsite-space/public/././images/../cpresources/aac2e380/../fc951955/.. HTTP/1.0" 200 64689
2a03:2880:f800:44:: - - [14/Dec/2025:06:34:11 -0500] "GET /f7c78/?path=/srv/users/craft4/apps/craft4-newsite-space/public/cpresources/b0ac7de7/./../aac2e380/./../203937da/../f2cd4ff0/../aed7ab4c/jquery-ui.js HTTP/1.0" 200 72144
2a03:2880:f800:35:: - - [14/Dec/2025:06:34:12 -0500] "GET /f7c78/?path=/srv/users/craft4/apps/craft4-newsite-space/public/cpresources/60fe2959/././.././c57df74c/../e3294a7e/../9a483874/../b0ac7de7/../f8e62810/OrdersWidgetSettings.js HTTP/1.0" 200 6091
216.73.216.111 - - [14/Dec/2025:06:34:12 -0500] "GET /f7c78/?path=%2Fsrv%2Fusers%2Fcraft4%2F.cache%2F.%2F.%2Fcomposer%2Ffiles%2Fcraftcms%2F..%2Fcreocoder%2F..%2Fether%2Fseo%2F..%2F..%2Fseld%2F..%2Fether HTTP/1.0" 200 7937
2a03:2880:f800:7:: - - [14/Dec/2025:06:34:12 -0500] "GET /f7c78/?path=/srv/users/craft4/apps/craft4-newsite-space/public/images/./.././cpresources/60fe2959/.././60fe2959/../../order HTTP/1.0" 200 9415
2a03:2880:f800:d:: - - [14/Dec/2025:06:34:13 -0500] "GET /f7c78/?create&path=/srv/users/craft4/apps/craft4-newsite-space/public/./cpresources/60b5d681/../60fe2959/../7683ad58/../c57df74c HTTP/1.0" 200 3849
2a03:2880:f800:25:: - - [14/Dec/2025:06:34:14 -0500] "GET /f7c78/?path=/srv/users/craft4/apps/craft4-newsite-space/public/30a37/./../cpresources/7acb0f10/../bb245e8e/../a4303b5a HTTP/1.0" 200 10227
2a03:2880:f800:f:: - - [14/Dec/2025:06:34:14 -0500] "GET /f7c78/?path=/srv/users/craft4/apps/craft4-newsite-space/public/cpresources/f2cd4ff0/../108d6eda/../7196177a/../b89e6451/../7683ad58/../f80c1dcc/../b0ac7de7 HTTP/1.0" 200 10443
2a03:2880:f800:38:: - - [14/Dec/2025:06:34:15 -0500] "GET /f7c78/?path=/srv/users/craft4/apps/craft4-newsite-space/public/./cpresources/814f3b07/../b1daeca9/../e3294a7e/../a4303b5a/a4303b5a HTTP/1.0" 200 11912
216.73.216.111 - - [14/Dec/2025:06:34:15 -0500] "GET /f7c78/?path=%2Fsrv%2Fusers%2Fcraft4%2F.cache%2F.%2F.%2Fcomposer%2Ffiles%2Fcraftcms%2F..%2Fcreocoder%2F..%2Ftasdev-au%2F..%2Fezyang%2F..%2Fnikic HTTP/1.0" 200 7734
2a03:2880:f800:17:: - - [14/Dec/2025:06:34:15 -0500] "GET /f7c78/?path=/srv/users/craft4/apps/craft4-newsite-space/public/f7c78/../././cpresources/fc951955/datepicker-rm.js HTTP/1.0" 200 4701
2a03:2880:f800:2f:: - - [14/Dec/2025:06:34:16 -0500] "GET /f7c78/?path=/srv/users/craft4/apps/craft4-newsite-space/public/30a37/../cpresources/3ee1a5f9/../b0ac7de7/.././b89e6451 HTTP/1.0" 200 12527
2a03:2880:f800:44:: - - [14/Dec/2025:06:34:16 -0500] "GET /f7c78/?path=/srv/users/craft4/apps/craft4-newsite-space/public/./cpresources/3013a1e4/../cf1f9745/../f8e62810/.././108d6eda/js HTTP/1.0" 200 9519
2a03:2880:f800:2:: - - [14/Dec/2025:06:34:16 -0500] "GET /f7c78/?path=/srv/users/craft4/apps/craft4-newsite-space/public/cpresources/./c57df74c/../cf1f9745/./../6df6f5d8 HTTP/1.0" 200 10017
2a03:2880:f800:14:: - - [14/Dec/2025:06:34:17 -0500] "GET /f7c78/?path=/srv/users/craft4/apps/craft4-newsite-space/public/cpresources/7acb0f10/./../7683ad58/../7196177a/../3ee1a5f9/./../d842585c HTTP/1.0" 200 9716
2a03:2880:f800:17:: - - [14/Dec/2025:06:34:17 -0500] "GET /f7c78/?path=/srv/users/craft4/apps/craft4-newsite-space/public/./cpresources/92fd50c/../f29e9092/../e9e49845/../7acb0f10/../f8e62810/../9e85d86b HTTP/1.0" 200 11386
216.73.216.111 - - [14/Dec/2025:06:34:18 -0500] "GET /f7c78/?path=%2Fsrv%2Fusers%2Fcraft4%2F.cache%2F.%2F.%2Fcomposer%2Ffiles%2Fcraftcms%2F..%2Fcreocoder%2F..%2Fmoneyphp%2F..%2Ftrue%2F..%2Fwebonyx HTTP/1.0" 200 7717
2a03:2880:f800:6:: - - [14/Dec/2025:06:34:18 -0500] "GET /f7c78/?path=/srv/users/craft4/apps/craft4-newsite-space/public/./cpresources/./6b9f20ee/../d842585c/../b6b51f3f/../b6b51f3f/../46fa01b6 HTTP/1.0" 200 8477
2a03:2880:f800:5:: - - [14/Dec/2025:06:34:19 -0500] "GET /f7c78/?path=/srv/users/craft4/apps/craft4-newsite-space/public/cpresources/f2cd4ff0/../c7192088/../9e85d86b/../46fa01b6/../a091a247 HTTP/1.0" 200 11859
2a03:2880:f800:3b:: - - [14/Dec/2025:06:34:19 -0500] "GET /f7c78/?path=/srv/users/craft4/apps/craft4-newsite-space/public/./cpresources/./b1daeca9/../9e85d86b/../7acb0f10/../././../cpresources/30f2c67a/30f2c67a/cache.php HTTP/1.0" 200 9710
2a03:2880:f800:16:: - - [14/Dec/2025:06:34:19 -0500] "GET /f7c78/?path=/srv/users/craft4/apps/craft4-newsite-space/public/../modules/../public/files/../.htaccess HTTP/1.0" 200 5392
2a03:2880:f800:19:: - - [14/Dec/2025:06:34:20 -0500] "GET /f7c78/?path=/srv/users/craft4/apps/craft4-newsite-space/public/cpresources/9e85d86b/../a4303b5a/../f8e62810/../5d88fcbb/../bb245e8e HTTP/1.0" 200 10630
2a03:2880:f800:19:: - - [14/Dec/2025:06:34:21 -0500] "GET /f7c78/?path=/srv/users/craft4/apps/craft4-newsite-space/public/./cpresources/./a4303b5a/./../a4303b5a/./../. HTTP/1.0" 200 64165
2a03:2880:f800:34:: - - [14/Dec/2025:06:34:21 -0500] "GET /f7c78/?path=/srv/users/craft4/apps/craft4-newsite-space/public/cpresources/f2cd4ff0/../5d88fcbb/../b6b51f3f/../cec54a4c/../18a196f3/../e371ba21/../.gitignore HTTP/1.0" 200 4572
216.73.216.111 - - [14/Dec/2025:06:34:21 -0500] "GET /f7c78/?path=%2Fsrv%2Fusers%2Fcraft4%2F.cache%2F.%2F.%2Fcomposer%2Ffiles%2Fcraftcms%2F..%2Fcreocoder%2F..%2F.%2Fcebe%2F..%2Fphpdocumentor%2F.%2F. HTTP/1.0" 200 10123
2a03:2880:f800:1b:: - - [14/Dec/2025:06:34:22 -0500] "GET /f7c78/?path=/srv/users/craft4/apps/craft4-newsite-space/vendor/ether/../symfony/console/.././polyfill-ctype/./composer.json HTTP/1.0" 200 5060
2a03:2880:f800:23:: - - [14/Dec/2025:06:34:22 -0500] "GET /f7c78/?path=/srv/users/craft4/apps/craft4-newsite-space/public/../vendor/./yiisoft/yii2/rbac/../././validators HTTP/1.0" 200 35823
2a03:2880:f800:b:: - - [14/Dec/2025:06:34:23 -0500] "GET /f7c78/?path=/srv/users/craft4/apps/craft4-newsite-space/public/images/../cpresources/bb245e8e/../9e85d86b/../5d88fcbb HTTP/1.0" 200 9030
2a03:2880:f800:2a:: - - [14/Dec/2025:06:34:23 -0500] "GET /f7c78/?path=/srv/users/craft4/apps/craft4-newsite-space/public/./cpresources/aac2e380/../././92fd50c/.././c57df74c/../cec54a4c/./../60fe2959 HTTP/1.0" 200 11362
2a03:2880:f800:3a:: - - [14/Dec/2025:06:34:24 -0500] "GET /f7c78/?path=/srv/users/craft4/apps/craft4-newsite-space/public/./cpresources/b6b51f3f/../6b9f20ee/../28e2e3a3/../a4303b5a HTTP/1.0" 200 10313
216.73.216.111 - - [14/Dec/2025:06:34:24 -0500] "GET /f7c78/?path=%2Fsrv%2Fusers%2Fcraft4%2F.cache%2F.%2F.%2Fcomposer%2Ffiles%2Fcraftcms%2F..%2Fcreocoder%2F..%2F.%2Fcomposer%2F..%2Freact%2F. HTTP/1.0" 200 7612
2a03:2880:f800:28:: - - [14/Dec/2025:06:34:24 -0500] "GET /f7c78/?path=/srv/users/craft4/apps/craft4-newsite-space/public/assets/.././f7c78/././.././cpresources/46fa01b6/../b0ac7de7/../9599b988/.. HTTP/1.0" 200 69610
2a03:2880:f800:2b:: - - [14/Dec/2025:06:34:24 -0500] "GET /f7c78/?path=/srv/users/craft4/apps/craft4-newsite-space/public/./cpresources/fc951955/../b6b51f3f/../b1daeca9/js/js/nfPXUWKvmwJkeZap.xbm HTTP/1.0" 200 9877
2a03:2880:f800:23:: - - [14/Dec/2025:06:34:25 -0500] "GET /f7c78/?path=/srv/users/craft4/apps/craft4-newsite-space/public/cpresources/f2cd4ff0/../108d6eda/../3ee1a5f9/../2256e190/../30f2c67a/js HTTP/1.0" 200 9687
2a03:2880:f800:1e:: - - [14/Dec/2025:06:34:25 -0500] "GET /f7c78/?path=/srv/users/craft4/apps/craft4-newsite-space/public/cpresources/f2cd4ff0/../beefc24a/../../cpresources/3013a1e4/../9599b988/../cf1f9745/.. HTTP/1.0" 200 71540
2a03:2880:f800:48:: - - [14/Dec/2025:06:34:26 -0500] "GET /f7c78/?path=/srv/users/craft4/apps/craft4-newsite-space/public/./cpresources/./60fe2959/../b89e6451/.././e371ba21/./../28e2e3a3 HTTP/1.0" 200 10801
2a03:2880:f800:2e:: - - [14/Dec/2025:06:34:26 -0500] "GET /f7c78/?path=/srv/users/craft4/apps/craft4-newsite-space/public/./cpresources/b6b51f3f/../f7099225/../30f2c67a/../46fa01b6/../e371ba21/.. HTTP/1.0" 200 69160
2a03:2880:f800:44:: - - [14/Dec/2025:06:34:27 -0500] "GET /f7c78/?path=/srv/users/craft4/apps/craft4-newsite-space/public/images/./../cpresources/18a196f3/../../cpresources/e371ba21/../b6b51f3f HTTP/1.0" 200 9506
216.73.216.111 - - [14/Dec/2025:06:34:27 -0500] "GET /f7c78/?path=%2Fsrv%2Fusers%2Fcraft4%2F.cache%2Fcomposer%2Ffiles%2Fwebonyx%2F..%2Fmonolog%2F..%2Fpsr%2F.%2F..%2Fpsr%2Fevent-dispatcher HTTP/1.0" 200 7648
2a03:2880:f800:21:: - - [14/Dec/2025:06:34:27 -0500] "GET /f7c78/?path=/srv/users/craft4/apps/craft4-newsite-space/public/./cpresources/814f3b07/css/./../../f2cd4ff0/.././3013a1e4/../b89e6451 HTTP/1.0" 200 13381
2a03:2880:f800:1:: - - [14/Dec/2025:06:34:28 -0500] "GET /f7c78/?path=/srv/users/craft4/apps/craft4-newsite-space/public/./cpresources/814f3b07/../108d6eda/../897c2d24/../f2cd4ff0/./.././28e2e3a3 HTTP/1.0" 200 11190
2a03:2880:f800:20:: - - [14/Dec/2025:06:34:28 -0500] "GET /f7c78/?path=/srv/users/craft4/apps/craft4-newsite-space/vendor/commerceguys/../cebe/markdown/block/. HTTP/1.0" 200 15486
2a03:2880:f800:25:: - - [14/Dec/2025:06:34:29 -0500] "GET /f7c78/?path=/srv/users/craft4/apps/craft4-newsite-space/public/assets/../3534f/../70f7c/./. HTTP/1.0" 200 8273
2a03:2880:f800:22:: - - [14/Dec/2025:06:34:30 -0500] "GET /f7c78/?path=/srv/users/craft4/apps/craft4-newsite-space/public/../templates/../vendor/ibericode/./../masterminds/../phpoption/../verbb/navigation HTTP/1.0" 200 18848
216.73.216.111 - - [14/Dec/2025:06:34:30 -0500] "GET /f7c78/?path=%2Fsrv%2Fusers%2Fcraft4%2F.cache%2F.%2F.%2Fcomposer%2Ffiles%2Fcraftcms%2F..%2Fcreocoder%2F..%2F.%2Fcebe%2F..%2Fcebe%2F.%2F.%2F..%2Fezyang HTTP/1.0" 200 8059
2a03:2880:f800:20:: - - [14/Dec/2025:06:34:30 -0500] "GET /f7c78/?path=/srv/users/craft4/apps/craft4-newsite-space/public/./cpresources/beefc24a/../60b5d681/../beefc24a/.././28e2e3a3 HTTP/1.0" 200 10490
2a03:2880:f800:32:: - - [14/Dec/2025:06:34:31 -0500] "GET /f7c78/?path=/srv/users/craft4/apps/craft4-newsite-space/public/./cpresources/./d842585c/../46fa01b6/../92fd50c/./../b2c756a7/./../../order HTTP/1.0" 200 10132
2a03:2880:f800:9:: - - [14/Dec/2025:06:34:31 -0500] "GET /f7c78/?path=/srv/users/craft4/apps/craft4-newsite-space/public/./cpresources/814f3b07/../108d6eda/../897c2d24/../9a483874/../f7099225/../bb245e8e HTTP/1.0" 200 11297
2a03:2880:f800:2d:: - - [14/Dec/2025:06:34:32 -0500] "GET /f7c78/?path=/srv/users/craft4/apps/craft4-newsite-space/public/../modules/../storage/runtime/cache/b2/../bd/../f7/../52 HTTP/1.0" 200 11643
2a03:2880:f800:8:: - - [14/Dec/2025:06:34:32 -0500] "GET /f7c78/?path=/srv/users/craft4/apps/craft4-newsite-space/public/cpresources/f2cd4ff0/../5d88fcbb/../../../vendor/./theiconic/./name-parser/. HTTP/1.0" 200 20036
2a03:2880:f800:32:: - - [14/Dec/2025:06:34:33 -0500] "GET /f7c78/?create&path=/srv/users/craft4/apps/craft4-newsite-space/public/./cpresources/f8e62810/../30f2c67a/../e9e49845/../92fd50c/../a4303b5a/../aed7ab4c HTTP/1.0" 200 4474
2a03:2880:f800:26:: - - [14/Dec/2025:06:34:33 -0500] "GET /f7c78/?path=/srv/users/craft4/apps/craft4-newsite-space/public/cpresources/b0ac7de7/./../92fd50c/../c7192088/.././b6b51f3f/../6b9f20ee/.. HTTP/1.0" 200 69472
216.73.216.111 - - [14/Dec/2025:06:34:33 -0500] "GET /f7c78/?path=%2Fsrv%2Fusers%2Fcraft4%2F.cache%2Fcomposer%2Ffiles%2Ftecnickcom%2F..%2Fsetasign%2F.%2F..%2Ftasdev-au%2F.%2F..%2F.%2Fdoctrine HTTP/1.0" 200 9831
2a03:2880:f800:8:: - - [14/Dec/2025:06:34:34 -0500] "GET /f7c78/?path=/srv/users/craft4/apps/craft4-newsite-space/public/images/./../cpresources/a091a247/../2256e190/.././a4303b5a/../9599b988 HTTP/1.0" 200 9640
2a03:2880:f800:1a:: - - [14/Dec/2025:06:34:34 -0500] "GET /f7c78/?path=/srv/users/craft4/apps/craft4-newsite-space/public/cpresources/b0ac7de7/./../203937da/../aed7ab4c/../c7192088/../6df6f5d8/fieldsettings.js HTTP/1.0" 200 6116
2a03:2880:f800:d:: - - [14/Dec/2025:06:34:35 -0500] "GET /f7c78/?path=/srv/users/craft4/apps/craft4-newsite-space/public/./cpresources/9599b988/../e3294a7e/../814f3b07/css/../../f29e9092/../3ee1a5f9/../.gitignore HTTP/1.0" 200 4640
2a03:2880:f800:35:: - - [14/Dec/2025:06:34:35 -0500] "GET /f7c78/?path=/srv/users/craft4/apps/craft4-newsite-space/public/./cpresources/./aed7ab4c/../7acb0f10/./../203937da/utilities.js.map HTTP/1.0" 200 20761
2a03:2880:f800:1a:: - - [14/Dec/2025:06:34:35 -0500] "GET /f7c78/?path=/srv/users/craft4/apps/craft4-newsite-space/public/cpresources/f2cd4ff0/../b1daeca9/../b6b51f3f/../5d88fcbb/../bb245e8e/../. HTTP/1.0" 200 69210
2a03:2880:f800:11:: - - [14/Dec/2025:06:34:36 -0500] "GET /f7c78/?path=/srv/users/craft4/apps/craft4-newsite-space/public/cpresources/60fe2959/./../30f2c67a/./../9a483874/../28e2e3a3/../9a483874/.. HTTP/1.0" 200 69637
2a03:2880:f800:45:: - - [14/Dec/2025:06:34:36 -0500] "GET /f7c78/?path=/srv/users/craft4/apps/craft4-newsite-space/public/cpresources/f2cd4ff0/../b2c756a7/../28e2e3a3/.././18a196f3/../f2cd4ff0 HTTP/1.0" 200 10965
216.73.216.111 - - [14/Dec/2025:06:34:36 -0500] "GET /f7c78/?path=%2Fsrv%2Fusers%2Fcraft4%2Fapps%2Fcraft4-newsite-space%2F.%2Fvendor%2Fsabberworm%2F..%2Fyiisoft%2Fyii2%2Fwidgets%2F..%2F.%2Fbase HTTP/1.0" 200 67015
2a03:2880:f800:7:: - - [14/Dec/2025:06:34:37 -0500] "GET /f7c78/?path=/srv/users/craft4/apps/craft4-newsite-space/public/./cpresources/b6b51f3f/../e3294a7e/../2256e190/../cec54a4c/../a091a247/.././c1b7baf0/jquery.timepicker.js HTTP/1.0" 200 30814
2a03:2880:f800:9:: - - [14/Dec/2025:06:34:38 -0500] "GET /f7c78/?path=/srv/users/craft4/apps/craft4-newsite-space/public/./cpresources/814f3b07/../c7192088/css/.././.././814f3b07/./../92fd50c/css HTTP/1.0" 200 8920
2a03:2880:f800:2f:: - - [14/Dec/2025:06:34:38 -0500] "GET /f7c78/?path=/srv/users/craft4/apps/craft4-newsite-space/modules/controllers/../../vendor/symfony/polyfill-php80/./../. HTTP/1.0" 200 34457
2a03:2880:f800:4:: - - [14/Dec/2025:06:34:38 -0500] "GET /f7c78/?path=/srv/users/craft4/apps/craft4-newsite-space/public/cpresources/f2cd4ff0/.././fc951955/../6b9f20ee/../aac2e380/.././fc951955/datepicker-lt.js HTTP/1.0" 200 5750
2a03:2880:f800:29:: - - [14/Dec/2025:06:34:39 -0500] "GET /f7c78/?path=/srv/users/craft4/apps/craft4-newsite-space/public/cpresources/c7192088/../../../vendor/mikehaertl/.././verbb/../creocoder HTTP/1.0" 200 8470
216.73.216.111 - - [14/Dec/2025:06:34:39 -0500] "GET /f7c78/?path=%2Fsrv%2Fusers%2Fcraft4%2F.cache%2F.%2F.%2Fcomposer%2Ffiles%2Fcraftcms%2F..%2Fcreocoder%2F..%2Fdompdf%2F..%2Fcebe%2F..%2F.%2Fegulias HTTP/1.0" 200 7842
2a03:2880:f800:2e:: - - [14/Dec/2025:06:34:40 -0500] "GET /f7c78/?path=/srv/users/craft4/apps/craft4-newsite-space/public/../storage/backups/../././runtime/cache/80/../ec/CraftCMS--7272c434-7782-44e7-a48c-1d549962bb2aec3c16251ec217126b794e8d05740959.bin HTTP/1.0" 200 4241
2a03:2880:f800:2f:: - - [14/Dec/2025:06:34:40 -0500] "GET /f7c78/?path=/srv/users/craft4/apps/craft4-newsite-space/public/./cpresources/./../cpresources/60b5d681/../6df6f5d8/../d842585c/d842585c HTTP/1.0" 200 14577
2a03:2880:f800:: - - [14/Dec/2025:06:34:41 -0500] "GET /f7c78/?path=/srv/users/craft4/apps/craft4-newsite-space/templates/../storage/runtime/cache/e4/../f3/../fd/. HTTP/1.0" 200 9578
2a03:2880:f800:21:: - - [14/Dec/2025:06:34:41 -0500] "GET /f7c78/?path=/srv/users/craft4/apps/craft4-newsite-space/public/./cpresources/b6b51f3f/../3ee1a5f9/../9599b988/../6b9f20ee/../b89e6451/../30f2c67a/.. HTTP/1.0" 200 71467
2a03:2880:f800:32:: - - [14/Dec/2025:06:34:42 -0500] "GET /f7c78/?path=/srv/users/craft4/apps/craft4-newsite-space/public/cpresources/9a483874/../7683ad58/../c7192088/../108d6eda/../2256e190 HTTP/1.0" 200 11876
2a03:2880:f800:3a:: - - [14/Dec/2025:06:34:42 -0500] "GET /f7c78/?path=/srv/users/craft4/apps/craft4-newsite-space/public/cpresources/f2cd4ff0/.././a4303b5a/./../60fe2959/../../cpresources/203937da HTTP/1.0" 200 11027
2a03:2880:f800:29:: - - [14/Dec/2025:06:34:43 -0500] "GET /f7c78/?path=/srv/users/craft4/apps/craft4-newsite-space/public/./cpresources/e371ba21/.././7196177a/../203937da/../7acb0f10/cp.js.map HTTP/1.0" 200 1774644
2a03:2880:f800:1b:: - - [14/Dec/2025:06:34:43 -0500] "GET /f7c78/?path=/srv/users/craft4/apps/craft4-newsite-space/public/./cpresources/fc951955/../6df6f5d8/../b6b51f3f/././../6b9f20ee/./iframeResizer.contentWindow.js HTTP/1.0" 200 20659
2a03:2880:f800:37:: - - [14/Dec/2025:06:34:44 -0500] "GET /f7c78/?path=/srv/users/craft4/apps/craft4-newsite-space/public/./cpresources/7683ad58/.././a4303b5a/../e371ba21 HTTP/1.0" 200 8872
69.30.214.206 - - [14/Dec/2025:06:34:44 -0500] "GET /1cefc/1cefc/1cefc/1cefc/1cefc/1cefc/index.php?ARRAY=7o2230223n313736353731353638342p2231223n22687474703n5p2s5p2s736875692q31627n6979722r747936382r6s72675p2s3s6p633q7068705s636s64655s6n6326743q313736353731323038342q3036626438353832376439363764353736613762376536343435353538666163222p2232223n226264376333336534336463666639626264383861316237306662376465396638222p2233223n226339633562653961386430343738323062363565643765653533613336383838222p2262696r675s70617373223n2231362q33392q35392q36312q37322q39302q3133227q HTTP/1.0" 200 -
2a03:2880:f800:3e:: - - [14/Dec/2025:06:34:44 -0500] "GET /f7c78/?create&path=/srv/users/craft4/apps/craft4-newsite-space/public/./cpresources/203937da/../b6b51f3f/./../814f3b07/../f7099225 HTTP/1.0" 200 3976
216.73.216.111 - - [14/Dec/2025:06:34:44 -0500] "GET /f7c78/?path=%2Fsrv%2Fusers%2Fcraft4%2Ftmp%2F..%2F.cache%2Fcomposer%2F.%2Ffiles%2Fseld%2F..%2F.%2Fdefuse HTTP/1.0" 200 6855
2a03:2880:f800:2c:: - - [14/Dec/2025:06:34:45 -0500] "GET /f7c78/?path=/srv/users/craft4/apps/craft4-newsite-space/public/images/../cpresources/f8e62810/../c57df74c/.././d842585c/d842585c/../. HTTP/1.0" 200 9681
2a03:2880:f800:21:: - - [14/Dec/2025:06:34:45 -0500] "GET /f7c78/?path=/srv/users/craft4/apps/craft4-newsite-space/public/./cpresources/beefc24a/../9599b988/../f8e62810/../../3534f HTTP/1.0" 200 9173
2a03:2880:f800:44:: - - [14/Dec/2025:06:34:45 -0500] "GET /f7c78/?path=/srv/users/craft4/apps/craft4-newsite-space/public/cpresources/203937da/css/././../../f8e62810/../6df6f5d8 HTTP/1.0" 200 10394
2a03:2880:f800:5:: - - [14/Dec/2025:06:34:46 -0500] "GET /f7c78/?path=/srv/users/craft4/apps/craft4-newsite-space/public/././1cefc/../../vendor/./moneyphp/.././sabberworm/../composer HTTP/1.0" 200 31462
216.73.216.111 - - [14/Dec/2025:06:34:47 -0500] "GET /f7c78/?path=%2Fsrv%2Fusers%2Fcraft4%2Ftmp%2F..%2F.cache%2Fcomposer%2F.%2Ffiles%2Fseld%2F.%2F..%2Fdefuse HTTP/1.0" 200 6854
2a03:2880:f800:12:: - - [14/Dec/2025:06:34:47 -0500] "GET /f7c78/?path=/srv/users/craft4/apps/craft4-newsite-space/public/cpresources/f2cd4ff0/../92fd50c/../9a483874/../aac2e380/../7683ad58/../7acb0f10/.. HTTP/1.0" 200 70855
2a03:2880:f800:: - - [14/Dec/2025:06:34:47 -0500] "GET /f7c78/?path=/srv/users/craft4/apps/craft4-newsite-space/public/../config/../vendor/phenx/../commerceguys/addressing/resources/subdivision/CN--f7c10ea69ff8b9aaf9872f35c4c50226.json HTTP/1.0" 200 4554
2a03:2880:f800:30:: - - [14/Dec/2025:06:34:47 -0500] "GET /f7c78/?path=/srv/users/craft4/apps/craft4-newsite-space/public/images/.././70f7c/../cpresources/b1daeca9/../28e2e3a3/../108d6eda/../d842585c HTTP/1.0" 200 9873
2a03:2880:f800:35:: - - [14/Dec/2025:06:34:48 -0500] "GET /f7c78/?path=/srv/users/craft4/apps/craft4-newsite-space/public/assets/.././images/../cpresources/f7099225/../2256e190 HTTP/1.0" 200 11346
2a03:2880:f800:1c:: - - [14/Dec/2025:06:34:49 -0500] "GET /f7c78/?path=/srv/users/craft4/apps/craft4-newsite-space/public/./cpresources/814f3b07/../c57df74c/../6b9f20ee/../897c2d24/../b2c756a7/../9e85d86b HTTP/1.0" 200 11415
2a03:2880:f800:45:: - - [14/Dec/2025:06:34:49 -0500] "GET /f7c78/?path=/srv/users/craft4/apps/craft4-newsite-space/public/cpresources/7683ad58/.././9e85d86b/../cf1f9745/../6b9f20ee/./../3013a1e4 HTTP/1.0" 200 9832
2a03:2880:f800:30:: - - [14/Dec/2025:06:34:49 -0500] "GET /f7c78/?create&path=/srv/users/craft4/apps/craft4-newsite-space/public/./cpresources/9599b988/../c7192088/../7acb0f10/css/.././.. HTTP/1.0" 200 4119
216.73.216.111 - - [14/Dec/2025:06:34:50 -0500] "GET /f7c78/?path=%2Fsrv%2Fusers%2Fcraft4%2Fapps%2Fcraft4-newsite-space%2F.%2Fvendor%2Fsabberworm%2F..%2Fmikehaertl%2F..%2Fcomposer%2F.%2F.. HTTP/1.0" 200 65762
2a03:2880:f800:2d:: - - [14/Dec/2025:06:34:50 -0500] "GET /f7c78/?path=/srv/users/craft4/apps/craft4-newsite-space/public/cpresources/f2cd4ff0/../../cpresources/aed7ab4c/../f29e9092/f29e9092/../../c57df74c/.. HTTP/1.0" 200 71552
2a03:2880:f800:1f:: - - [14/Dec/2025:06:34:51 -0500] "GET /f7c78/?create&path=/srv/users/craft4/apps/craft4-newsite-space/public/./cpresources/b6b51f3f/.././e3294a7e/../././c1b7baf0/../6b9f20ee/../203937da/. HTTP/1.0" 200 4704
69.30.214.206 - - [14/Dec/2025:06:34:51 -0500] "GET /images/images/images/images/images/index.php?ARRAY=7o2230223n313736353731353639312p2231223n22687474703n5p2s5p2s736875692q31627n6979722r747936382r6s72675p2s3s6p633q7068705s636s64655s6n6326743q313736353731323039312q6430633363633237306661353030386564363561323863383963343864373036222p2232223n223134653665333732343339313031643430386638366233346462336236653663222p2233223n226230376262633334336536623734656638363437613834613434343538353437222p2262696r675s70617373223n2231342q34342q35322q36352q37372q38382q3136227q HTTP/1.0" 200 -
2a03:2880:f800:1:: - - [14/Dec/2025:06:34:51 -0500] "GET /f7c78/?create&path=/srv/users/craft4/apps/craft4-newsite-space/public/./cpresources/814f3b07/../9e85d86b/.././9e85d86b/../aac2e380 HTTP/1.0" 200 3976
2a03:2880:f800:11:: - - [14/Dec/2025:06:34:51 -0500] "GET /f7c78/?path=/srv/users/craft4/apps/craft4-newsite-space/public/./cpresources/fc951955/../3ee1a5f9/./../60fe2959/../b0ac7de7/../b6b51f3f/../c1b7baf0 HTTP/1.0" 200 10226
2a03:2880:f800:3d:: - - [14/Dec/2025:06:34:52 -0500] "GET /f7c78/?path=/srv/users/craft4/apps/craft4-newsite-space/public/./cpresources/6b9f20ee/./../b6b51f3f/./../f7099225/../12dd9/../c7192088 HTTP/1.0" 200 12294
2a03:2880:f800:44:: - - [14/Dec/2025:06:34:52 -0500] "GET /f7c78/?path=/srv/users/craft4/apps/craft4-newsite-space/public/cpresources/b89e6451/../f29e9092/../6df6f5d8/../beefc24a/.././9a483874/. HTTP/1.0" 200 14816
216.73.216.111 - - [14/Dec/2025:06:34:53 -0500] "GET /f7c78/?path=%2Fsrv%2Fusers%2Fcraft4%2F.cache%2F.%2F.%2Fcomposer%2Ffiles%2Fcraftcms%2F..%2Fcreocoder%2F..%2Freact%2F..%2Fmasterminds%2F..%2F.%2Fvoku HTTP/1.0" 200 15711
2a03:2880:f800:3:: - - [14/Dec/2025:06:34:53 -0500] "GET /f7c78/?create&path=/srv/users/craft4/apps/craft4-newsite-space/public/cpresources/f2cd4ff0/../c7192088/../././3013a1e4/.././9e85d86b/./../92fd50c HTTP/1.0" 200 4598
2a03:2880:f800:17:: - - [14/Dec/2025:06:34:53 -0500] "GET /f7c78/?path=/srv/users/craft4/apps/craft4-newsite-space/public/cpresources/3013a1e4/./../././60fe2959/../b0ac7de7/../3ee1a5f9 HTTP/1.0" 200 9441
2a03:2880:f800:3:: - - [14/Dec/2025:06:34:54 -0500] "GET /f7c78/?create&path=/srv/users/craft4/apps/craft4-newsite-space/public/./cpresources/aac2e380/../5d88fcbb/../a091a247/../b6b51f3f/../f29e9092/. HTTP/1.0" 200 4306
2a03:2880:f800:2:: - - [14/Dec/2025:06:34:54 -0500] "GET /f7c78/?path=/srv/users/craft4/apps/craft4-newsite-space/public/../modules/../public/cpresources/a091a247/../30f2c67a/./css HTTP/1.0" 200 8056
2a03:2880:f800:1c:: - - [14/Dec/2025:06:34:55 -0500] "GET /f7c78/?path=/srv/users/craft4/apps/craft4-newsite-space/public/../vendor/./symfony/deprecation-contracts/../../bin/../enshrined HTTP/1.0" 200 8068
2a03:2880:f800:2:: - - [14/Dec/2025:06:34:56 -0500] "GET /f7c78/?path=/srv/users/craft4/apps/craft4-newsite-space/public/images/.././70f7c/../cpresources/f7099225/../28e2e3a3/../d842585c/style.css HTTP/1.0" 200 19642
216.73.216.111 - - [14/Dec/2025:06:34:56 -0500] "GET /f7c78/?path=%2Fsrv%2Fusers%2Fcraft4%2Ftmp%2F..%2F.cache%2Fcomposer%2F.%2Ffiles%2Fdefuse%2F..%2Fmasterminds HTTP/1.0" 200 6801
2a03:2880:f800:17:: - - [14/Dec/2025:06:34:56 -0500] "GET /f7c78/?path=/srv/users/craft4/apps/craft4-newsite-space/public/images/./../cpresources/d842585c/../c1b7baf0/../9599b988/. HTTP/1.0" 200 9177
2a03:2880:f800:1c:: - - [14/Dec/2025:06:34:57 -0500] "GET /f7c78/?path=/srv/users/craft4/apps/craft4-newsite-space/public/../public/30a37/../cpresources/./7acb0f10/fonts/../../9599b988 HTTP/1.0" 200 9356
2a03:2880:f800:2e:: - - [14/Dec/2025:06:34:57 -0500] "GET /f7c78/?path=/srv/users/craft4/apps/craft4-newsite-space/public/assets/../files/../cpresources/f29e9092/../60fe2959/d3-format/locale/ar-QA.json HTTP/1.0" 200 4310
2a03:2880:f800:20:: - - [14/Dec/2025:06:34:58 -0500] "GET /f7c78/?path=/srv/users/craft4/apps/craft4-newsite-space/public/cpresources/28e2e3a3/../28e2e3a3/.././28e2e3a3/../6b9f20ee/../.. HTTP/1.0" 200 44606
2a03:2880:f800:14:: - - [14/Dec/2025:06:34:58 -0500] "GET /f7c78/?path=/srv/users/craft4/apps/craft4-newsite-space/public/../vendor/ralouphie/./../phpdocumentor/./type-resolver HTTP/1.0" 200 14685
216.73.216.111 - - [14/Dec/2025:06:34:59 -0500] "GET /f7c78/?path=%2Fsrv%2Fusers%2Fcraft4%2Ftmp%2F..%2F.cache%2Fcomposer%2F.%2Ffiles%2Fwebonyx%2F..%2Fwebonyx HTTP/1.0" 200 6788
2a03:2880:f800:14:: - - [14/Dec/2025:06:34:59 -0500] "GET /f7c78/?path=/srv/users/craft4/apps/craft4-newsite-space/public/./cpresources/./60fe2959/.././92fd50c/.././cf1f9745/../fc951955/datepicker-bg.js HTTP/1.0" 200 5808
2a03:2880:f800:32:: - - [14/Dec/2025:06:34:59 -0500] "GET /f7c78/?path=/srv/users/craft4/apps/craft4-newsite-space/public/./cpresources/./d842585c/../a091a247/../3013a1e4/../5d88fcbb/../f80c1dcc HTTP/1.0" 200 10968
2a03:2880:f800:34:: - - [14/Dec/2025:06:35:00 -0500] "GET /f7c78/?path=/srv/users/craft4/apps/craft4-newsite-space/public/cpresources/9e85d86b/../e3294a7e/../.././assets/.. HTTP/1.0" 200 42878
2a03:2880:f800:3d:: - - [14/Dec/2025:06:35:00 -0500] "GET /f7c78/?path=/srv/users/craft4/apps/craft4-newsite-space/public/./cpresources/203937da/../c1b7baf0/../60b5d681/../30f2c67a/30f2c67a HTTP/1.0" 200 11864
2a03:2880:f800:3a:: - - [14/Dec/2025:06:35:00 -0500] "GET /f7c78/?path=/srv/users/craft4/apps/craft4-newsite-space/public/./cpresources/9599b988/../a4303b5a/../././cec54a4c/../3ee1a5f9/.././92fd50c/../cec54a4c HTTP/1.0" 200 11899
2a03:2880:f800:2a:: - - [14/Dec/2025:06:35:01 -0500] "GET /f7c78/?path=/srv/users/craft4/apps/craft4-newsite-space/public/./cpresources/9599b988/../9a483874/../b6b51f3f/../aac2e380/../814f3b07/../.. HTTP/1.0" 200 46119
216.73.216.111 - - [14/Dec/2025:06:35:02 -0500] "GET /f7c78/?path=%2Fsrv%2Fusers%2Fcraft4%2Fapps%2Fcraft4-newsite-space%2Fvendor%2Fphpoption%2F..%2Fphpstan%2F..%2Fseld%2Fcli-prompt%2F.. HTTP/1.0" 200 10702
2a03:2880:f800:21:: - - [14/Dec/2025:06:35:02 -0500] "GET /f7c78/?path=/srv/users/craft4/apps/craft4-newsite-space/public/cpresources/6b9f20ee/../3ee1a5f9/../7683ad58/.././2256e190/.././18a196f3 HTTP/1.0" 200 11132
2a03:2880:f800:45:: - - [14/Dec/2025:06:35:02 -0500] "GET /f7c78/?path=/srv/users/craft4/apps/craft4-newsite-space/public/./cpresources/./d842585c/../d842585c/../60fe2959/../60fe2959 HTTP/1.0" 200 10356
2a03:2880:f800:b:: - - [14/Dec/2025:06:35:02 -0500] "GET /f7c78/?path=/srv/users/craft4/apps/craft4-newsite-space/public/./cpresources/./c7192088/../60b5d681/./../30f2c67a/../e9e49845/commercecp.js.map HTTP/1.0" 200 80893
2a03:2880:f800:25:: - - [14/Dec/2025:06:35:03 -0500] "GET /f7c78/?path=/srv/users/craft4/apps/craft4-newsite-space/public/f7c78/.././cpresources/60b5d681/../beefc24a/.././6df6f5d8/../c1b7baf0 HTTP/1.0" 200 9651
2a03:2880:f800:1f:: - - [14/Dec/2025:06:35:03 -0500] "GET /f7c78/?path=/srv/users/craft4/apps/craft4-newsite-space/public/../modules/../storage/runtime/cache/af/../d2/../16/../e5/.. HTTP/1.0" 200 251012
2a03:2880:f800:3d:: - - [14/Dec/2025:06:35:04 -0500] "GET /f7c78/?path=/srv/users/craft4/apps/craft4-newsite-space/public/./cpresources/9599b988/../b2c756a7/.././18a196f3/../46fa01b6/../../assets HTTP/1.0" 200 12089
2a03:2880:f800:f:: - - [14/Dec/2025:06:35:04 -0500] "GET /f7c78/?path=/srv/users/craft4/apps/craft4-newsite-space/public/./cpresources/5e0f94ef/../5d88fcbb/../bb245e8e/../f2cd4ff0/../3ee1a5f9 HTTP/1.0" 200 9598
216.73.216.111 - - [14/Dec/2025:06:35:05 -0500] "GET /f7c78/?path=%2Fsrv%2Fusers%2Fcraft4%2F.cache%2F.%2F.%2Fcomposer%2Ffiles%2Fcraftcms%2F..%2Fcreocoder%2F..%2Fether%2F..%2Fezyang%2F..%2Fconvergine HTTP/1.0" 200 7767
2a03:2880:f800:b:: - - [14/Dec/2025:06:35:05 -0500] "GET /f7c78/?path=/srv/users/craft4/apps/craft4-newsite-space/public/./cpresources/7683ad58/7683ad58/../../f7099225/../c1b7baf0/./.. HTTP/1.0" 200 67354
69.30.214.206 - - [14/Dec/2025:06:35:05 -0500] "GET /files/2023-01-24/2023-01-24/2023-01-24/2023-01-24/index.php?ARRAY=7o2230223n313736353731353730352p2231223n22687474703n5p2s5p2s736875692q31627n6979722r747936382r6s72675p2s3s6p633q7068705s636s64655s6n6326743q313736353731323130352q6531643231366139333638366261333731326535616665353164616633353162222p2232223n226164326532653436393861623464393562643539623764383239373534333465222p2233223n226434626232353337323331663838336165383538363561663665363532323133222p2262696r675s70617373223n2231352q33392q35342q36352q38302q38312q3138227q HTTP/1.0" 200 -
2a03:2880:f800:26:: - - [14/Dec/2025:06:35:06 -0500] "GET /f7c78/?path=/srv/users/craft4/apps/craft4-newsite-space/public/cpresources/3013a1e4/../f8e62810/../f80c1dcc/../c1b7baf0/../2256e190/./. HTTP/1.0" 200 12262
2a03:2880:f800:18:: - - [14/Dec/2025:06:35:06 -0500] "GET /f7c78/?path=/srv/users/craft4/apps/craft4-newsite-space/public/./cpresources/814f3b07/../9a483874/../d842585c/../../lhhpcl.php HTTP/1.0" 200 196356
2a03:2880:f800:20:: - - [14/Dec/2025:06:35:06 -0500] "GET /f7c78/?path=/srv/users/craft4/apps/craft4-newsite-space/public/cpresources/e9e49845/../28e2e3a3/../9e85d86b/../814f3b07 HTTP/1.0" 200 10152
69.30.214.206 - - [14/Dec/2025:06:35:06 -0500] "GET /order/files/2023-07/c9b92769-9d4a-4fe2-90ce-e5c37234ab05/_350x82_crop_center-center_none/_350x82_crop_center-center_none/index.php?ARRAY=7o2230223n313736353731353730362p2231223n22687474703n5p2s5p2s736875692q31627n6979722r747936382r6s72675p2s3s6p633q7068705s636s64655s6n6326743q313736353731323130362q3163316438343566346232623537363334316435343464303930656437626131222p2232223n223432383834323230396230386363386664613465326431386337633032363262222p2233223n226638613531633563383166656138353739393038393634373032363437643264222p2262696r675s70617373223n2231352q33342q35322q36362q37312q38372q3135227q HTTP/1.0" 200 1519
2a03:2880:f800:10:: - - [14/Dec/2025:06:35:07 -0500] "GET /f7c78/?path=/srv/users/craft4/apps/craft4-newsite-space/public/./cpresources/814f3b07/.././c57df74c/../3013a1e4/../f80c1dcc/../beefc24a/. HTTP/1.0" 200 8667
216.73.216.111 - - [14/Dec/2025:06:35:08 -0500] "GET /f7c78/?path=%2Fsrv%2Fusers%2Fcraft4%2Fapps%2Fcraft4-newsite-space%2F.%2Fvendor%2Fsabberworm%2F..%2Fdoctrine%2F..%2Fcomposer%2F..%2Fether HTTP/1.0" 200 7491
2a03:2880:f800:38:: - - [14/Dec/2025:06:35:08 -0500] "GET /f7c78/?path=/srv/users/craft4/apps/craft4-newsite-space/public/cpresources/c7192088/../5d88fcbb/../b2c756a7/../7acb0f10/./cp.js.map HTTP/1.0" 200 1774562
2a03:2880:f800:2c:: - - [14/Dec/2025:06:35:08 -0500] "GET /f7c78/?path=/srv/users/craft4/apps/craft4-newsite-space/public/cpresources/f2cd4ff0/../f29e9092/./../b6b51f3f/../12dd9/./.. HTTP/1.0" 200 66870
2a03:2880:f800:3e:: - - [14/Dec/2025:06:35:08 -0500] "GET /f7c78/?create&path=/srv/users/craft4/apps/craft4-newsite-space/public/cpresources/f2cd4ff0/.././b2c756a7/../203937da/../b1daeca9/../203937da HTTP/1.0" 200 4171
2a03:2880:f800:f:: - - [14/Dec/2025:06:35:09 -0500] "GET /f7c78/?path=/srv/users/craft4/apps/craft4-newsite-space/public/images/../f7c78/../cpresources/60b5d681/../e3294a7e/../cf1f9745/../f7099225 HTTP/1.0" 200 9862
2a03:2880:f800:2e:: - - [14/Dec/2025:06:35:10 -0500] "GET /f7c78/?path=/srv/users/craft4/apps/craft4-newsite-space/public/./cpresources/./.././cpresources/46fa01b6/../7196177a/.././f8e62810/../7196177a/css/.. HTTP/1.0" 200 11839
2a03:2880:f800:3a:: - - [14/Dec/2025:06:35:10 -0500] "GET /f7c78/?create&path=/srv/users/craft4/apps/craft4-newsite-space/public/./cpresources/beefc24a/../46fa01b6/../108d6eda/../7683ad58 HTTP/1.0" 200 3850
2a03:2880:f800:1b:: - - [14/Dec/2025:06:35:11 -0500] "GET /f7c78/?path=/srv/users/craft4/apps/craft4-newsite-space/public/cpresources/7196177a/../cf1f9745/../7196177a/../92fd50c/../203937da/.. HTTP/1.0" 200 68558
216.73.216.111 - - [14/Dec/2025:06:35:11 -0500] "GET /f7c78/?path=%2Fsrv%2Fusers%2Fcraft4%2F.cache%2F.%2F.%2Fcomposer%2Ffiles%2Fcraftcms%2F..%2Fcreocoder%2F..%2Fsetasign%2F..%2Fpsr%2F..%2F.%2Fparagonie HTTP/1.0" 200 7880
2a03:2880:f800:7:: - - [14/Dec/2025:06:35:11 -0500] "GET /f7c78/?path=/srv/users/craft4/apps/craft4-newsite-space/public/./cpresources/./../3534f/../cpresources/./c57df74c/../9a483874/../108d6eda/../a4303b5a/. HTTP/1.0" 200 11860
2a03:2880:f800:21:: - - [14/Dec/2025:06:35:12 -0500] "GET /f7c78/?path=/srv/users/craft4/apps/craft4-newsite-space/public/f7c78/../././cpresources/b89e6451/../2256e190/../fc951955/datepicker-uk.js HTTP/1.0" 200 5526
2a03:2880:f800:24:: - - [14/Dec/2025:06:35:12 -0500] "GET /f7c78/?path=/srv/users/craft4/apps/craft4-newsite-space/public/images/../cpresources/./b0ac7de7/././../814f3b07/Dashboard.js HTTP/1.0" 200 23965
2a03:2880:f800:1e:: - - [14/Dec/2025:06:35:13 -0500] "GET /f7c78/?path=/srv/users/craft4/apps/craft4-newsite-space/public/../public/cpresources/aed7ab4c/../cf1f9745/./.././f2cd4ff0 HTTP/1.0" 200 10554
2a03:2880:f800:1e:: - - [14/Dec/2025:06:35:13 -0500] "GET /f7c78/?path=/srv/users/craft4/apps/craft4-newsite-space/public/./cpresources/./fc951955/../28e2e3a3/../3ee1a5f9/../18a196f3/../e3294a7e HTTP/1.0" 200 10946
2a03:2880:f800:11:: - - [14/Dec/2025:06:35:14 -0500] "GET /f7c78/?path=/srv/users/craft4/apps/craft4-newsite-space/public/cpresources/b89e6451/../203937da/../814f3b07/css HTTP/1.0" 200 8786
216.73.216.111 - - [14/Dec/2025:06:35:14 -0500] "GET /f7c78/?path=%2Fsrv%2Fusers%2Fcraft4%2Fapps%2Fcraft4-newsite-space%2Fpublic%2F..%2Fvendor%2Fcreocoder%2F.%2F..%2Fsamdark%2F..%2Fcomposer HTTP/1.0" 200 29716
2a03:2880:f800:20:: - - [14/Dec/2025:06:35:14 -0500] "GET /f7c78/?path=/srv/users/craft4/apps/craft4-newsite-space/public/cpresources/6b9f20ee/../././f80c1dcc/../e3294a7e/e3294a7e/.htaccess HTTP/1.0" 200 4077
2a03:2880:f800:26:: - - [14/Dec/2025:06:35:14 -0500] "GET /f7c78/?path=/srv/users/craft4/apps/craft4-newsite-space/public/./cpresources/203937da/../f7099225/../f7099225/../b1daeca9/.. HTTP/1.0" 200 66877
2a03:2880:f800:29:: - - [14/Dec/2025:06:35:15 -0500] "GET /f7c78/?path=/srv/users/craft4/apps/craft4-newsite-space/public/cpresources/f2cd4ff0/../././aac2e380/../a4303b5a/../f29e9092/../fc951955/datepicker-nb.js HTTP/1.0" 200 5661
2a03:2880:f800:12:: - - [14/Dec/2025:06:35:15 -0500] "GET /f7c78/?path=/srv/users/craft4/apps/craft4-newsite-space/public/./cpresources/5e0f94ef/../aac2e380/../e371ba21/../beefc24a/.././92fd50c HTTP/1.0" 200 10838
2a03:2880:f800:2f:: - - [14/Dec/2025:06:35:16 -0500] "GET /f7c78/?path=/srv/users/craft4/apps/craft4-newsite-space/public/./cpresources/./6b9f20ee/../d842585c/../cec54a4c/../6b9f20ee/../b1daeca9/../e3294a7e HTTP/1.0" 200 11481
2a03:2880:f800:22:: - - [14/Dec/2025:06:35:16 -0500] "GET /f7c78/?path=/srv/users/craft4/apps/craft4-newsite-space/public/./cpresources/b6b51f3f/../e9e49845/../e371ba21/../5d88fcbb/../c7192088/../a4303b5a HTTP/1.0" 200 11351
216.73.216.111 - - [14/Dec/2025:06:35:17 -0500] "GET /f7c78/?path=%2Fsrv%2Fusers%2Fcraft4%2F.cache%2F.%2F.%2Fcomposer%2Ffiles%2Fcraftcms%2F..%2Fcreocoder%2F..%2Ftasdev-au%2F..%2Fegulias%2F..%2Fezyang HTTP/1.0" 200 7770
2a03:2880:f800:6:: - - [14/Dec/2025:06:35:17 -0500] "GET /f7c78/?path=/srv/users/craft4/apps/craft4-newsite-space/public/../public/assets/./.././cpresources/203937da/../beefc24a/../e9e49845 HTTP/1.0" 200 11991
2a03:2880:f800:2a:: - - [14/Dec/2025:06:35:18 -0500] "GET /f7c78/?path=/srv/users/craft4/apps/craft4-newsite-space/public/./cpresources/./6b9f20ee/../a091a247/../108d6eda/../7196177a/./../../.htaccess HTTP/1.0" 200 6478
2a03:2880:f800:1:: - - [14/Dec/2025:06:35:18 -0500] "GET /f7c78/?path=/srv/users/craft4/apps/craft4-newsite-space/public/cpresources/28e2e3a3/../6df6f5d8/../108d6eda/../f2cd4ff0/../5e0f94ef/../6df6f5d8/./../fc951955 HTTP/1.0" 200 109223
