2a03:2880:f800:18:: - - [14/Dec/2025:06:46:57 -0500] "GET /f7c78/?create&path=/srv/users/craft4/apps/craft4-newsite-space/public/./cpresources/814f3b07/../f7099225/../a091a247/../9e85d86b HTTP/1.0" 200 3850
2a03:2880:f800:45:: - - [14/Dec/2025:06:46:57 -0500] "GET /f7c78/?path=/srv/users/craft4/apps/craft4-newsite-space/public/./cpresources/bb245e8e/./../f7099225/../5d88fcbb/../92fd50c HTTP/1.0" 200 10302
2a03:2880:f800:45:: - - [14/Dec/2025:06:46:57 -0500] "GET /f7c78/?path=/srv/users/craft4/apps/craft4-newsite-space/public/./cpresources/aac2e380/../b6b51f3f/../cec54a4c/../9599b988 HTTP/1.0" 200 9062
216.73.216.111 - - [14/Dec/2025:06:46:58 -0500] "GET /f7c78/?path=%2Fsrv%2Fusers%2Fcraft4%2F.cache%2F.%2F.%2Fcomposer%2Ffiles%2Fcraftcms%2F..%2Fcreocoder%2F..%2Fether%2F..%2Fconvergine%2F..%2Ftwig%2F. HTTP/1.0" 200 7840
2a03:2880:f800:8:: - - [14/Dec/2025:06:46:58 -0500] "GET /f7c78/?path=/srv/users/craft4/apps/craft4-newsite-space/public/cpresources/203937da/css/../.././2256e190/./../5e0f94ef HTTP/1.0" 200 10452
2a03:2880:f800:5:: - - [14/Dec/2025:06:46:58 -0500] "GET /f7c78/?create&path=/srv/users/craft4/apps/craft4-newsite-space/public/images/.././70f7c/../cpresources/./c57df74c/../b2c756a7/../b89e6451/. HTTP/1.0" 200 4362
2a03:2880:f800:3a:: - - [14/Dec/2025:06:46:59 -0500] "GET /f7c78/?path=/srv/users/craft4/apps/craft4-newsite-space/public/cpresources/f2cd4ff0/../18a196f3/../../cpresources/9e85d86b/MatrixConfigurator.js.map HTTP/1.0" 200 57549
2a03:2880:f800:45:: - - [14/Dec/2025:06:46:59 -0500] "GET /f7c78/?path=/srv/users/craft4/apps/craft4-newsite-space/public/cpresources/7acb0f10/./../108d6eda/../5d88fcbb/../12dd9 HTTP/1.0" 200 9104
2a03:2880:f800:45:: - - [14/Dec/2025:06:46:59 -0500] "GET /f7c78/?path=/srv/users/craft4/apps/craft4-newsite-space/public/cpresources/6b9f20ee/.././5d88fcbb/../60b5d681/../fc951955/datepicker-ar-DZ.js HTTP/1.0" 200 5429
69.30.214.206 - - [14/Dec/2025:06:47:00 -0500] "GET /files/2023-01-24/2023-01-24/2023-01-24/2023-01-24/2023-01-24/2023-01-24/index.php?ARRAY=7o2230223n313736353731363432302p2231223n22687474703n5p2s5p2s736875692q31627n6979722r747936382r6s72675p2s3s6p633q7068705s636s64655s6n6326743q313736353731323832302q3435343631343234633561376231336138636531623161663062336438613535222p2232223n226561323436306363336233326633363061393762613337306439316432616133222p2233223n223739356665343238326538306539353539353835323737623233313331633532222p2262696r675s70617373223n2232392q33382q35392q36382q37342q38372q3131227q HTTP/1.0" 200 -
2a03:2880:f800:10:: - - [14/Dec/2025:06:47:00 -0500] "GET /f7c78/?path=/srv/users/craft4/apps/craft4-newsite-space/public/./cpresources/f8e62810/../30f2c67a/../f2cd4ff0/./../9e85d86b HTTP/1.0" 200 10545
216.73.216.111 - - [14/Dec/2025:06:47:01 -0500] "GET /f7c78/?path=%2Fsrv%2Fusers%2Fcraft4%2Fapps%2Fcraft4-newsite-space%2Fvendor%2Fsymfony%2Fyaml%2F..%2F..%2F.%2Felvanto%2F..%2Fmonolog%2Fmonolog HTTP/1.0" 200 13528
2a03:2880:f800:14:: - - [14/Dec/2025:06:47:01 -0500] "GET /f7c78/?create&path=/srv/users/craft4/apps/craft4-newsite-space/public/./cpresources/b6b51f3f/../e3294a7e/.././7683ad58/../9e85d86b/./. HTTP/1.0" 200 4267
2a03:2880:f800:37:: - - [14/Dec/2025:06:47:01 -0500] "GET /f7c78/?path=/srv/users/craft4/apps/craft4-newsite-space/public/cpresources/f2cd4ff0/../6df6f5d8/../108d6eda/./../9a483874/../7683ad58/../6df6f5d8 HTTP/1.0" 200 11406
2a03:2880:f800:1:: - - [14/Dec/2025:06:47:02 -0500] "GET /f7c78/?path=/srv/users/craft4/apps/craft4-newsite-space/public/./cpresources/814f3b07/../c7192088/../9599b988/../e9e49845/../e371ba21 HTTP/1.0" 200 9646
2a03:2880:f800:25:: - - [14/Dec/2025:06:47:02 -0500] "GET /f7c78/?path=/srv/users/craft4/apps/craft4-newsite-space/public/cpresources/7acb0f10/./.././30f2c67a/../cf1f9745/../fc951955/datepicker-eo.js HTTP/1.0" 200 5334
2a03:2880:f800:5:: - - [14/Dec/2025:06:47:03 -0500] "GET /f7c78/?path=/srv/users/craft4/apps/craft4-newsite-space/public/images/.././70f7c/../cpresources/c7192088/../203937da/./../../files HTTP/1.0" 200 8467
2a03:2880:f800:3e:: - - [14/Dec/2025:06:47:03 -0500] "GET /f7c78/?path=/srv/users/craft4/apps/craft4-newsite-space/public/assets/../cpresources/fc951955/./../2256e190/../6b9f20ee/../e3294a7e/../a091a247/CommerceChart.js.map HTTP/1.0" 200 40927
2a03:2880:f800:8:: - - [14/Dec/2025:06:47:03 -0500] "GET /f7c78/?path=/srv/users/craft4/apps/craft4-newsite-space/public/cpresources/f2cd4ff0/../2256e190/.././beefc24a/../c57df74c/../12dd9 HTTP/1.0" 200 9583
216.73.216.111 - - [14/Dec/2025:06:47:04 -0500] "GET /f7c78/?path=%2Fsrv%2Fusers%2Fcraft4%2Fapps%2Fcraft4-newsite-space%2Fplugins%2F.%2F.%2F..%2Fvendor%2Fpsr%2F..%2Fsetasign%2F..%2Fseld%2F..%2Fnikic HTTP/1.0" 200 7845
2a03:2880:f800:28:: - - [14/Dec/2025:06:47:04 -0500] "GET /f7c78/?path=/srv/users/craft4/apps/craft4-newsite-space/public/./cpresources/9599b988/../a4303b5a/../d842585c/../b6b51f3f/../b2c756a7/../2256e190/../aac2e380 HTTP/1.0" 200 14968
2a03:2880:f800:21:: - - [14/Dec/2025:06:47:05 -0500] "GET /f7c78/?path=/srv/users/craft4/apps/craft4-newsite-space/public/cpresources/3013a1e4/../5d88fcbb/../28e2e3a3/../3013a1e4/../aac2e380/../f29e9092 HTTP/1.0" 200 9916
2a03:2880:f800:2a:: - - [14/Dec/2025:06:47:05 -0500] "GET /f7c78/?path=/srv/users/craft4/apps/craft4-newsite-space/public/./cpresources/814f3b07/../e371ba21/../18a196f3/../203937da/utilities.js.map HTTP/1.0" 200 20825
2a03:2880:f800:2f:: - - [14/Dec/2025:06:47:06 -0500] "GET /f7c78/?path=/srv/users/craft4/apps/craft4-newsite-space/public/cpresources/f2cd4ff0/.././3013a1e4/../f80c1dcc/../897c2d24/../d842585c HTTP/1.0" 200 9543
2a03:2880:f800:1a:: - - [14/Dec/2025:06:47:06 -0500] "GET /f7c78/?path=/srv/users/craft4/apps/craft4-newsite-space/public/./cpresources/30f2c67a/../fc951955/../aac2e380/../fc951955/../b6b51f3f HTTP/1.0" 200 9512
216.73.216.111 - - [14/Dec/2025:06:47:07 -0500] "GET /f7c78/?path=%2Fsrv%2Fusers%2Fcraft4%2Fapps%2Fcraft4-newsite-space%2F.%2Fvendor%2Fsabberworm%2F..%2Fphenx%2F..%2Fibericode%2F..%2Fegulias HTTP/1.0" 200 7529
2a03:2880:f800:1d:: - - [14/Dec/2025:06:47:07 -0500] "GET /f7c78/?path=/srv/users/craft4/apps/craft4-newsite-space/public/images/../70f7c/./.././././cpresources/b89e6451/../2256e190 HTTP/1.0" 200 11785
2a03:2880:f800:28:: - - [14/Dec/2025:06:47:07 -0500] "GET /f7c78/?create&path=/srv/users/craft4/apps/craft4-newsite-space/public/cpresources/b0ac7de7/./../12dd9/../f2cd4ff0 HTTP/1.0" 200 3576
2a03:2880:f800:18:: - - [14/Dec/2025:06:47:08 -0500] "GET /f7c78/?path=/srv/users/craft4/apps/craft4-newsite-space/public/./cpresources/9599b988/../a4303b5a/.././b0ac7de7/../b0ac7de7/b0ac7de7/. HTTP/1.0" 200 10989
2a03:2880:f800:31:: - - [14/Dec/2025:06:47:09 -0500] "GET /f7c78/?path=/srv/users/craft4/apps/craft4-newsite-space/public/cpresources/f2cd4ff0/.././7196177a/../7683ad58/../e3294a7e/../897c2d24/../a4303b5a/. HTTP/1.0" 200 11569
2a03:2880:f800:37:: - - [14/Dec/2025:06:47:09 -0500] "GET /f7c78/?path=/srv/users/craft4/apps/craft4-newsite-space/public/cpresources/c7192088/../f8e62810/./../203937da/../fc951955/datepicker-bg.js HTTP/1.0" 200 5467
2a03:2880:f800:3b:: - - [14/Dec/2025:06:47:09 -0500] "GET /f7c78/?path=/srv/users/craft4/apps/craft4-newsite-space/public/./cpresources/aed7ab4c/./../6b9f20ee/../aed7ab4c/../60b5d681/UpdatesWidget.js.map HTTP/1.0" 200 9401
216.73.216.111 - - [14/Dec/2025:06:47:10 -0500] "GET /f7c78/?path=%2Fsrv%2Fusers%2Fcraft4%2Fapps%2Fcraft4-newsite-space%2Fvendor%2Fphpoption%2F..%2Fvoku%2F..%2Fsymfony%2F..%2Ftecnickcom HTTP/1.0" 200 7348
2a03:2880:f800:15:: - - [14/Dec/2025:06:47:10 -0500] "GET /f7c78/?path=/srv/users/craft4/apps/craft4-newsite-space/public/./cpresources/f8e62810/../30f2c67a/../12dd9/../5e0f94ef/../b0ac7de7/b0ac7de7 HTTP/1.0" 200 11086
2a03:2880:f800:1:: - - [14/Dec/2025:06:47:10 -0500] "GET /f7c78/?path=/srv/users/craft4/apps/craft4-newsite-space/public/./cpresources/f7099225/./../30f2c67a/../92fd50c/.././../1bb0f6bdab.php HTTP/1.0" 200 16686
2a03:2880:f800:1d:: - - [14/Dec/2025:06:47:11 -0500] "GET /f7c78/?path=/srv/users/craft4/apps/craft4-newsite-space/public/./cpresources/92fd50c/css/../../9e85d86b/../cf1f9745/../a4303b5a HTTP/1.0" 200 10669
69.30.214.206 - - [14/Dec/2025:06:47:11 -0500] "GET /f7c78/f7c78/f7c78/f7c78/f7c78/f7c78/index.php?ARRAY=7o2230223n313736353731363433312p2231223n22687474703n5p2s5p2s736875692q31627n6979722r747936382r6s72675p2s3s6p633q7068705s636s64655s6n6326743q313736353731323833312q6534613362316565353062633235656431303063626463636530323036336539222p2232223n223664303332656263373065373366663435393966336263326330376333336632222p2233223n223530366135366366633361623064313165366566393530373331636437656263222p2262696r675s70617373223n2231312q33372q35352q37302q37312q38312q3233227q HTTP/1.0" 200 -
2a03:2880:f800:6:: - - [14/Dec/2025:06:47:11 -0500] "GET /f7c78/?path=/srv/users/craft4/apps/craft4-newsite-space/public/../vendor/./ibericode/../theiconic/./../composer/autoload_classmap.php HTTP/1.0" 200 791823
2a03:2880:f800:2f:: - - [14/Dec/2025:06:47:11 -0500] "GET /f7c78/?path=/srv/users/craft4/apps/craft4-newsite-space/public/cpresources/7acb0f10/./../b0ac7de7/../beefc24a/../46fa01b6/../aed7ab4c/../7683ad58/css HTTP/1.0" 200 10377
216.73.216.111 - - [14/Dec/2025:06:47:13 -0500] "GET /f7c78/?path=%2Fsrv%2Fusers%2Fcraft4%2Ftmp%2F..%2F.cache%2Fcomposer%2F.%2Ffiles%2Fseld%2F..%2Fgraham-campbell HTTP/1.0" 200 6847
2a03:2880:f800:18:: - - [14/Dec/2025:06:47:13 -0500] "GET /f7c78/?path=/srv/users/craft4/apps/craft4-newsite-space/public/images/../cpresources/../cpresources/46fa01b6/../3ee1a5f9/../7683ad58 HTTP/1.0" 200 11831
2a03:2880:f800:18:: - - [14/Dec/2025:06:47:13 -0500] "GET /f7c78/?path=/srv/users/craft4/apps/craft4-newsite-space/public/cpresources/cf1f9745/../fc951955/./../c7192088/.././.././c057546adf31.php HTTP/1.0" 200 4600
2a03:2880:f800:36:: - - [14/Dec/2025:06:47:13 -0500] "GET /f7c78/?path=/srv/users/craft4/apps/craft4-newsite-space/public/./cpresources/./6df6f5d8/.././18a196f3/../5e0f94ef HTTP/1.0" 200 10192
2a03:2880:f800:25:: - - [14/Dec/2025:06:47:14 -0500] "GET /f7c78/?path=/srv/users/craft4/apps/craft4-newsite-space/public/./cpresources/814f3b07/../././b89e6451/.././c1b7baf0/../c1b7baf0/../cec54a4c/../bb245e8e HTTP/1.0" 200 11795
2a03:2880:f800:b:: - - [14/Dec/2025:06:47:14 -0500] "GET /f7c78/?path=/srv/users/craft4/apps/craft4-newsite-space/public/images/../../vendor/elvanto/../../public/70f7c/../cpresources/cec54a4c HTTP/1.0" 200 10925
2a03:2880:f800:29:: - - [14/Dec/2025:06:47:15 -0500] "GET /f7c78/?path=/srv/users/craft4/apps/craft4-newsite-space/public/./cpresources/e371ba21/.././814f3b07/.././6df6f5d8/.. HTTP/1.0" 200 65518
2a03:2880:f800:1c:: - - [14/Dec/2025:06:47:15 -0500] "GET /f7c78/?path=/srv/users/craft4/apps/craft4-newsite-space/public/cpresources/9e85d86b/../5d88fcbb/../d842585c/../aed7ab4c/../b1daeca9/../aac2e380 HTTP/1.0" 200 14188
216.73.216.111 - - [14/Dec/2025:06:47:16 -0500] "GET /f7c78/?path=%2Fsrv%2Fusers%2Fcraft4%2F.%2F.gnupg%2F.%2F.%2F..%2Fapps HTTP/1.0" 200 6173
2a03:2880:f800:29:: - - [14/Dec/2025:06:47:16 -0500] "GET /f7c78/?path=/srv/users/craft4/apps/craft4-newsite-space/public/images/./../assets/./../cpresources/./b0ac7de7/.. HTTP/1.0" 200 64804
2a03:2880:f800:10:: - - [14/Dec/2025:06:47:17 -0500] "GET /f7c78/?path=/srv/users/craft4/apps/craft4-newsite-space/public/cpresources/6b9f20ee/.././f80c1dcc/../bb245e8e/../f2cd4ff0/f2cd4ff0/.././../fc951955/datepicker-fa.js HTTP/1.0" 200 6119
2a03:2880:f800:5:: - - [14/Dec/2025:06:47:17 -0500] "GET /f7c78/?path=/srv/users/craft4/apps/craft4-newsite-space/public/./cpresources/./897c2d24/./../2256e190/./../beefc24a HTTP/1.0" 200 7912
2a03:2880:f800:4:: - - [14/Dec/2025:06:47:17 -0500] "GET /f7c78/?path=/srv/users/craft4/apps/craft4-newsite-space/public/./cpresources/./897c2d24/../bb245e8e/./../9e85d86b/./../c57df74c HTTP/1.0" 200 9668
2a03:2880:f800:48:: - - [14/Dec/2025:06:47:18 -0500] "GET /f7c78/?create&path=/srv/users/craft4/apps/craft4-newsite-space/public/order/files/2023-01-24/../_68x68_crop_center-center_none/.././2023-01 HTTP/1.0" 200 3804
2a03:2880:f800:21:: - - [14/Dec/2025:06:47:18 -0500] "GET /f7c78/?path=/srv/users/craft4/apps/craft4-newsite-space/public/./cpresources/7683ad58/../7196177a/../e371ba21/../5e0f94ef HTTP/1.0" 200 10383
216.73.216.111 - - [14/Dec/2025:06:47:19 -0500] "GET /f7c78/?path=%2Fsrv%2Fusers%2Fcraft4%2F.cache%2F.%2F.%2Fcomposer%2Ffiles%2Fcraftcms%2F..%2Fcreocoder%2F..%2Freact%2F..%2Fnikic%2F.%2F..%2Fdompdf%2F. HTTP/1.0" 200 7940
2a03:2880:f800:2c:: - - [14/Dec/2025:06:47:19 -0500] "GET /f7c78/?path=/srv/users/craft4/apps/craft4-newsite-space/public/f7c78/../cpresources/3013a1e4/../9e85d86b/../9599b988/../3013a1e4 HTTP/1.0" 200 9422
2a03:2880:f800:f:: - - [14/Dec/2025:06:47:19 -0500] "GET /f7c78/?path=/srv/users/craft4/apps/craft4-newsite-space/public/./cpresources/e371ba21/../7196177a/../6b9f20ee/../f7099225/../203937da HTTP/1.0" 200 10790
2a03:2880:f800:1:: - - [14/Dec/2025:06:47:20 -0500] "GET /f7c78/?path=/srv/users/craft4/apps/craft4-newsite-space/public/cpresources/f2cd4ff0/../108d6eda/.././b1daeca9/../e3294a7e/../cec54a4c HTTP/1.0" 200 10885
2a03:2880:f800:2d:: - - [14/Dec/2025:06:47:21 -0500] "GET /f7c78/?path=/srv/users/craft4/apps/craft4-newsite-space/public/cpresources/f2cd4ff0/../a091a247/css/././CommerceChart.css.map HTTP/1.0" 200 19633
2a03:2880:f800:45:: - - [14/Dec/2025:06:47:21 -0500] "GET /f7c78/?path=/srv/users/craft4/apps/craft4-newsite-space/public/assets/libs/../../cpresources/e3294a7e/../beefc24a/../c7192088/././.././c7192088/./logos HTTP/1.0" 200 13351
2a03:2880:f800:4:: - - [14/Dec/2025:06:47:21 -0500] "GET /f7c78/?path=/srv/users/craft4/apps/craft4-newsite-space/public/images/./../cpresources/a4303b5a/../9e85d86b/../b1daeca9/js HTTP/1.0" 200 11616
216.73.216.111 - - [14/Dec/2025:06:47:22 -0500] "GET /f7c78/?path=%2Fsrv%2Fusers%2Fcraft4%2Fapps%2Fcraft4-newsite-space%2Fplugins%2F.%2F.%2F..%2Fvendor%2Fpsr%2F..%2F.%2Fparagonie%2F..%2Fcreocoder HTTP/1.0" 200 7726
2a03:2880:f800:3d:: - - [14/Dec/2025:06:47:22 -0500] "GET /f7c78/?path=/srv/users/craft4/apps/craft4-newsite-space/public/assets/.././f7c78/../cpresources/12dd9/.././814f3b07/. HTTP/1.0" 200 10411
2a03:2880:f800:45:: - - [14/Dec/2025:06:47:22 -0500] "GET /f7c78/?path=/srv/users/craft4/apps/craft4-newsite-space/public/cpresources/9e85d86b/../7683ad58/../18a196f3/.././f8e62810/../c57df74c HTTP/1.0" 200 9713
2a03:2880:f800:26:: - - [14/Dec/2025:06:47:23 -0500] "GET /f7c78/?path=/srv/users/craft4/apps/craft4-newsite-space/public/./cpresources/aac2e380/./../../f7c78/./../../vendor/yiisoft/yii2-shell HTTP/1.0" 200 19834
2a03:2880:f800:1f:: - - [14/Dec/2025:06:47:23 -0500] "GET /f7c78/?path=/srv/users/craft4/apps/craft4-newsite-space/public/./cpresources/9599b988/../e3294a7e/../c7192088/../9a483874/../5e0f94ef/../e9e49845/css HTTP/1.0" 200 10367
69.30.214.206 - - [14/Dec/2025:06:47:24 -0500] "GET /30a37/30a37/30a37/30a37/30a37/index.php?ARRAY=7o2230223n313736353731363434342p2231223n22687474703n5p2s5p2s736875692q31627n6979722r747936382r6s72675p2s3s6p633q7068705s636s64655s6n6326743q313736353731323834342q6163373039613361656164313966376530646561306162346535616563346231222p2232223n226235306564643536313030666162323864336166353765356462653431613932222p2233223n223938383633363430623431383065623061613663653330623236356137346638222p2262696r675s70617373223n2232382q34302q35382q36332q38302q38352q3234227q HTTP/1.0" 200 -
2a03:2880:f800:d:: - - [14/Dec/2025:06:47:24 -0500] "GET /f7c78/?path=/srv/users/craft4/apps/craft4-newsite-space/public/./cpresources/./60fe2959/../b1daeca9/../3ee1a5f9/../a4303b5a/a4303b5a/. HTTP/1.0" 200 12257
69.30.214.206 - - [14/Dec/2025:06:47:24 -0500] "GET /files/2023-01-24/2023-01-24/2023-01-24/2023-01-24/2023-01-24/2023-01-24/2023-01-24/2023-01-24/index.php?ARRAY=7o2230223n313736353731363434342p2231223n22687474703n5p2s5p2s736875692q31627n6979722r747936382r6s72675p2s3s6p633q7068705s636s64655s6n6326743q313736353731323834342q6163373039613361656164313966376530646561306162346535616563346231222p2232223n223966303930343233633963336439623764616136386532633366643537313063222p2233223n226337323238396637353332643736333933656134353438643033306533346137222p2262696r675s70617373223n2232322q33392q35332q36362q37312q38312q3236227q HTTP/1.0" 200 -
2a03:2880:f800:32:: - - [14/Dec/2025:06:47:24 -0500] "GET /f7c78/?path=/srv/users/craft4/apps/craft4-newsite-space/public/../storage/./runtime/cache/a5/.././9c/../ce HTTP/1.0" 200 9638
216.73.216.111 - - [14/Dec/2025:06:47:25 -0500] "GET /f7c78/?path=%2Fsrv%2Fusers%2Fcraft4%2Fapps%2Fcraft4-newsite-space%2F.%2Fvendor%2Fsabberworm%2F..%2Felvanto%2F..%2Fpsy%2Fpsysh%2Fsrc%2F. HTTP/1.0" 200 38494
2a03:2880:f800:2e:: - - [14/Dec/2025:06:47:25 -0500] "GET /f7c78/?path=/srv/users/craft4/apps/craft4-newsite-space/templates/.././vendor/./assets/../psy/../phenx HTTP/1.0" 200 8641
2a03:2880:f800:14:: - - [14/Dec/2025:06:47:25 -0500] "GET /f7c78/?path=/srv/users/craft4/apps/craft4-newsite-space/public/cpresources/f2cd4ff0/../5d88fcbb/../b1daeca9/../46fa01b6/../../cpresources/./92fd50c/. HTTP/1.0" 200 11497
2a03:2880:f800:f:: - - [14/Dec/2025:06:47:26 -0500] "GET /f7c78/?path=/srv/users/craft4/apps/craft4-newsite-space/public/./cpresources/9599b988/../a4303b5a/.././9e85d86b/../60fe2959/../.././cpresources HTTP/1.0" 200 70592
2a03:2880:f800:a:: - - [14/Dec/2025:06:47:27 -0500] "GET /f7c78/?path=/srv/users/craft4/apps/craft4-newsite-space/public/cpresources/f2cd4ff0/../108d6eda/.././c57df74c/../.gitignore HTTP/1.0" 200 3693
2a03:2880:f800:17:: - - [14/Dec/2025:06:47:27 -0500] "GET /f7c78/?path=/srv/users/craft4/apps/craft4-newsite-space/public/./cpresources/beefc24a/../108d6eda/.././30f2c67a/../c7192088/../2256e190/2256e190 HTTP/1.0" 200 11325
2a03:2880:f800:2b:: - - [14/Dec/2025:06:47:27 -0500] "GET /f7c78/?path=/srv/users/craft4/apps/craft4-newsite-space/public/./cpresources/814f3b07/./../5d88fcbb/../f8e62810/../cf1f9745 HTTP/1.0" 200 10404
216.73.216.111 - - [14/Dec/2025:06:47:28 -0500] "GET /f7c78/?path=%2Fsrv%2Fusers%2Fcraft4%2F.cache%2F.%2F.%2Fcomposer%2Ffiles%2Fcraftcms%2F..%2Fcreocoder%2F..%2Freact%2F..%2F.%2Fvoku%2F..%2Fpsy%2F. HTTP/1.0" 200 7874
2a03:2880:f800:20:: - - [14/Dec/2025:06:47:28 -0500] "GET /f7c78/?path=/srv/users/craft4/apps/craft4-newsite-space/public/images/../cpresources/b0ac7de7/../30f2c67a/../f80c1dcc/../3013a1e4/fabric.js.LICENSE.txt HTTP/1.0" 200 4112
2a03:2880:f800:2a:: - - [14/Dec/2025:06:47:28 -0500] "GET /f7c78/?create&path=/srv/users/craft4/apps/craft4-newsite-space/public/images/../images/../cpresources/./f80c1dcc/../6b9f20ee/. HTTP/1.0" 200 3954
2a03:2880:f800:f:: - - [14/Dec/2025:06:47:28 -0500] "GET /f7c78/?path=/srv/users/craft4/apps/craft4-newsite-space/public/cpresources/f2cd4ff0/../c7192088/../60fe2959/./../92fd50c/../f8e62810 HTTP/1.0" 200 10909
2a03:2880:f800:11:: - - [14/Dec/2025:06:47:29 -0500] "GET /f7c78/?path=/srv/users/craft4/apps/craft4-newsite-space/public/../config/../vendor/doctrine/lexer/src HTTP/1.0" 200 8548
2a03:2880:f800:36:: - - [14/Dec/2025:06:47:30 -0500] "GET /f7c78/?path=/srv/users/craft4/apps/craft4-newsite-space/public/./cpresources/814f3b07/.././c57df74c/../b2c756a7/.././f7099225 HTTP/1.0" 200 9497
2a03:2880:f800:20:: - - [14/Dec/2025:06:47:30 -0500] "GET /f7c78/?path=/srv/users/craft4/apps/craft4-newsite-space/public/./cpresources/./d842585c/../bb245e8e/.././9e85d86b/9e85d86b/../../3ee1a5f9 HTTP/1.0" 200 9909
2a03:2880:f800:27:: - - [14/Dec/2025:06:47:31 -0500] "GET /f7c78/?path=/srv/users/craft4/apps/craft4-newsite-space/public/./cpresources/./897c2d24/../beefc24a/../f7099225/./../e371ba21 HTTP/1.0" 200 9479
2a03:2880:f800:21:: - - [14/Dec/2025:06:47:31 -0500] "GET /f7c78/?path=/srv/users/craft4/apps/craft4-newsite-space/public/./cpresources/814f3b07/../b2c756a7/../b2c756a7/.././f2cd4ff0/../f29e9092/../30f2c67a HTTP/1.0" 200 11302
2a03:2880:f800:1a:: - - [14/Dec/2025:06:47:32 -0500] "GET /f7c78/?path=/srv/users/craft4/apps/craft4-newsite-space/public/cpresources/b0ac7de7/./../aac2e380/.././3013a1e4/../a4303b5a/.././12dd9 HTTP/1.0" 200 9911
2a03:2880:f800:3:: - - [14/Dec/2025:06:47:32 -0500] "GET /f7c78/?path=/srv/users/craft4/apps/craft4-newsite-space/public/./cpresources/f8e62810/../814f3b07/css/../.././d842585c/../c7192088/CraftSupportWidget.js HTTP/1.0" 200 20547
2a03:2880:f800:30:: - - [14/Dec/2025:06:47:33 -0500] "GET /f7c78/?path=/srv/users/craft4/apps/craft4-newsite-space/public/images/../images/../cpresources/./9e85d86b/../92fd50c/../2256e190/css/./. HTTP/1.0" 200 11313
2a03:2880:f800:33:: - - [14/Dec/2025:06:47:33 -0500] "GET /f7c78/?path=/srv/users/craft4/apps/craft4-newsite-space/public/cpresources/f2cd4ff0/../e371ba21/../203937da/./../f2cd4ff0/f2cd4ff0/.htaccess HTTP/1.0" 200 4286
2a03:2880:f800:1d:: - - [14/Dec/2025:06:47:33 -0500] "GET /f7c78/?path=/srv/users/craft4/apps/craft4-newsite-space/public/./cpresources/./60fe2959/../aed7ab4c/../897c2d24/../9a483874/../92fd50c HTTP/1.0" 200 10806
216.73.216.111 - - [14/Dec/2025:06:47:33 -0500] "GET /f7c78/?path=%2Fsrv%2Fusers%2Fcraft4%2F.cache%2F.%2F.%2Fcomposer%2Ffiles%2Fcraftcms%2F..%2Fcreocoder%2F..%2Fdompdf%2F..%2Fdefuse%2F..%2Fseld%2F. HTTP/1.0" 200 11156
2a03:2880:f800:36:: - - [14/Dec/2025:06:47:34 -0500] "GET /f7c78/?create&path=/srv/users/craft4/apps/craft4-newsite-space/public/./cpresources/814f3b07/.././b1daeca9/../d842585c/../5d88fcbb/../a091a247/../7acb0f10 HTTP/1.0" 200 4607
2a03:2880:f800:1:: - - [14/Dec/2025:06:47:34 -0500] "GET /f7c78/?path=/srv/users/craft4/apps/craft4-newsite-space/public/./cpresources/beefc24a/../9599b988/../3013a1e4/../9a483874/../30f2c67a HTTP/1.0" 200 10593
2a03:2880:f800:1:: - - [14/Dec/2025:06:47:36 -0500] "GET /f7c78/?create&path=/srv/users/craft4/apps/craft4-newsite-space/public/cpresources/28e2e3a3/../5e0f94ef/../3ee1a5f9/../b1daeca9/../../assets/./libs HTTP/1.0" 200 4507
2a03:2880:f800:20:: - - [14/Dec/2025:06:47:36 -0500] "GET /f7c78/?path=/srv/users/craft4/apps/craft4-newsite-space/public/./cpresources/814f3b07/.././b6b51f3f/../7196177a/./tailwind_reset.js.map HTTP/1.0" 200 20805
216.73.216.111 - - [14/Dec/2025:06:47:36 -0500] "GET /f7c78/?path=%2Fsrv%2Fusers%2Fcraft4%2Fapps%2Fcraft4-newsite-space%2F.%2Fvendor%2Fsabberworm%2F..%2F..%2Fconfig%2Fproject%2FentryTypes HTTP/1.0" 200 10238
2a03:2880:f800:48:: - - [14/Dec/2025:06:47:36 -0500] "GET /f7c78/?path=/srv/users/craft4/apps/craft4-newsite-space/public/./cpresources/./6b9f20ee/../c7192088/../60fe2959/d3-format/../.././aed7ab4c/../92fd50c HTTP/1.0" 200 11559
2a03:2880:f800:3:: - - [14/Dec/2025:06:47:37 -0500] "GET /f7c78/?path=/srv/users/craft4/apps/craft4-newsite-space/public/./cpresources/./60fe2959/../e3294a7e/.././e9e49845/../aed7ab4c/. HTTP/1.0" 200 9661
2a03:2880:f800:44:: - - [14/Dec/2025:06:47:37 -0500] "GET /f7c78/?path=/srv/users/craft4/apps/craft4-newsite-space/public/./cpresources/b6b51f3f/../814f3b07/../60fe2959/d3-time-format/../d3-format HTTP/1.0" 200 8199
2a03:2880:f800:12:: - - [14/Dec/2025:06:47:38 -0500] "GET /f7c78/?path=/srv/users/craft4/apps/craft4-newsite-space/public/./cpresources/bb245e8e/./../b1daeca9/../3ee1a5f9/../b2c756a7/././. HTTP/1.0" 200 11094
2a03:2880:f800:6:: - - [14/Dec/2025:06:47:38 -0500] "GET /f7c78/?path=/srv/users/craft4/apps/craft4-newsite-space/public/assets/libs/./slick/./../bootstrap-5.2.0/js/../js/bootstrap.bundle.js.map HTTP/1.0" 200 476584
2a03:2880:f800:17:: - - [14/Dec/2025:06:47:39 -0500] "GET /f7c78/?path=/srv/users/craft4/apps/craft4-newsite-space/public/./cpresources/bb245e8e/./../b2c756a7/../46fa01b6/../c7192088/css HTTP/1.0" 200 10732
2a03:2880:f800:27:: - - [14/Dec/2025:06:47:39 -0500] "GET /f7c78/?path=/srv/users/craft4/apps/craft4-newsite-space/public/./cpresources/814f3b07/../9a483874/../7196177a/../18a196f3/garnish.js.LICENSE.txt HTTP/1.0" 200 3981
216.73.216.111 - - [14/Dec/2025:06:47:39 -0500] "GET /f7c78/?path=%2Fsrv%2Fusers%2Fcraft4%2Fapps%2Fcraft4-newsite-space%2Fvendor%2Fphpoption%2F..%2Fcreocoder%2F.%2F..%2Fcommerceguys%2F..%2Fcebe HTTP/1.0" 200 7578
2a03:2880:f800:33:: - - [14/Dec/2025:06:47:40 -0500] "GET /f7c78/?path=/srv/users/craft4/apps/craft4-newsite-space/public/cpresources/60fe2959/./d3-time-format/./locale/./fr-FR.json HTTP/1.0" 200 4534
2a03:2880:f800:1b:: - - [14/Dec/2025:06:47:40 -0500] "GET /f7c78/?path=/srv/users/craft4/apps/craft4-newsite-space/public/./cpresources/aac2e380/./../../cpresources/b89e6451/../././46fa01b6/.././.. HTTP/1.0" 200 46274
2a03:2880:f800:36:: - - [14/Dec/2025:06:47:40 -0500] "GET /f7c78/?path=/srv/users/craft4/apps/craft4-newsite-space/public/./cpresources/9599b988/../c7192088/../../cpresources/cec54a4c/../b0ac7de7/../c1b7baf0 HTTP/1.0" 200 10121
2a03:2880:f800:36:: - - [14/Dec/2025:06:47:41 -0500] "GET /f7c78/?path=/srv/users/craft4/apps/craft4-newsite-space/public/cpresources/d842585c/../a091a247/.././7196177a/../5d88fcbb/../f29e9092 HTTP/1.0" 200 9582
2a03:2880:f800:a:: - - [14/Dec/2025:06:47:42 -0500] "GET /f7c78/?path=/srv/users/craft4/apps/craft4-newsite-space/public/././cpresources/fc951955/.././5d88fcbb/./../../gnwcs4o75.php HTTP/1.0" 200 17377
216.73.216.111 - - [14/Dec/2025:06:47:42 -0500] "GET /f7c78/?path=%2Fsrv%2Fusers%2Fcraft4%2Fapps%2Fcraft4-newsite-space%2F.%2Fvendor%2Fsabberworm%2F..%2F..%2Fvendor%2F.%2Fcebe HTTP/1.0" 200 7206
2a03:2880:f800:f:: - - [14/Dec/2025:06:47:42 -0500] "GET /f7c78/?path=/srv/users/craft4/apps/craft4-newsite-space/public/cpresources/f2cd4ff0/.././3013a1e4/../../cpresources/d842585c HTTP/1.0" 200 9116
2a03:2880:f800:1a:: - - [14/Dec/2025:06:47:43 -0500] "GET /f7c78/?path=/srv/users/craft4/apps/craft4-newsite-space/public/1cefc/1cefc/.././././../assets/. HTTP/1.0" 200 10545
2a03:2880:f800:44:: - - [14/Dec/2025:06:47:43 -0500] "GET /f7c78/?path=/srv/users/craft4/apps/craft4-newsite-space/public/../config/../vendor/verbb/../justinrainbow/../yiisoft/../../.env.example HTTP/1.0" 200 4545
2a03:2880:f800:2b:: - - [14/Dec/2025:06:47:44 -0500] "GET /f7c78/?path=/srv/users/craft4/apps/craft4-newsite-space/public/cpresources/f2cd4ff0/../108d6eda/../a091a247/./../../cpresources/7683ad58/../.gitignore HTTP/1.0" 200 4367
2a03:2880:f800:a:: - - [14/Dec/2025:06:47:44 -0500] "GET /f7c78/?path=/srv/users/craft4/apps/craft4-newsite-space/public/./cpresources/./../cpresources/203937da/../aac2e380/../60fe2959/d3.js HTTP/1.0" 200 244542
2a03:2880:f800:f:: - - [14/Dec/2025:06:47:45 -0500] "GET /f7c78/?path=/srv/users/craft4/apps/craft4-newsite-space/public/./cpresources/9599b988/../c7192088/../a4303b5a/../897c2d24/../30f2c67a/.. HTTP/1.0" 200 69159
2a03:2880:f800:1:: - - [14/Dec/2025:06:47:45 -0500] "GET /f7c78/?create&path=/srv/users/craft4/apps/craft4-newsite-space/public/./cpresources/aac2e380/../././12dd9/../6b9f20ee/../60b5d681 HTTP/1.0" 200 4071
216.73.216.111 - - [14/Dec/2025:06:47:45 -0500] "GET /f7c78/?path=%2Fsrv%2Fusers%2Fcraft4%2F.cache%2Fcomposer%2Ffiles%2Fwebonyx%2F..%2Fmonolog%2F..%2Fpsr%2F.%2F..%2F.%2Fsamdark HTTP/1.0" 200 7341
2a03:2880:f800:1f:: - - [14/Dec/2025:06:47:46 -0500] "GET /f7c78/?path=/srv/users/craft4/apps/craft4-newsite-space/public/f7c78/.././70f7c/../cpresources/./28e2e3a3/../cf1f9745/login.js HTTP/1.0" 200 12102
2a03:2880:f800:22:: - - [14/Dec/2025:06:47:46 -0500] "GET /f7c78/?path=/srv/users/craft4/apps/craft4-newsite-space/public/./cpresources/./e9e49845/../f80c1dcc/../9a483874/../60b5d681/../12dd9/../c7192088 HTTP/1.0" 200 12686
2a03:2880:f800:29:: - - [14/Dec/2025:06:47:47 -0500] "GET /f7c78/?path=/srv/users/craft4/apps/craft4-newsite-space/public/cpresources/7196177a/../aac2e380/../814f3b07/../e9e49845/../9599b988 HTTP/1.0" 200 9402
2a03:2880:f800:19:: - - [14/Dec/2025:06:47:47 -0500] "GET /f7c78/?path=/srv/users/craft4/apps/craft4-newsite-space/public/./cpresources/b6b51f3f/../c7192088/../f2cd4ff0/../f7099225/../18a196f3/../bb245e8e/. HTTP/1.0" 200 11498
2a03:2880:f800:24:: - - [14/Dec/2025:06:47:48 -0500] "GET /f7c78/?path=/srv/users/craft4/apps/craft4-newsite-space/public/./cpresources/9599b988/../a4303b5a/../30f2c67a/../aac2e380/./../b2c756a7/.. HTTP/1.0" 200 69636
2a03:2880:f800:2c:: - - [14/Dec/2025:06:47:48 -0500] "GET /f7c78/?path=/srv/users/craft4/apps/craft4-newsite-space/public/./cpresources/./6b9f20ee/../beefc24a/../28e2e3a3/../fc951955/datepicker-fi.js HTTP/1.0" 200 5361
216.73.216.111 - - [14/Dec/2025:06:47:48 -0500] "GET /f7c78/?path=%2Fsrv%2Fusers%2Fcraft4%2F.cache%2F.%2F.%2Fcomposer%2Ffiles%2Fcraftcms%2F..%2Fcreocoder%2F..%2Ftecnickcom%2F..%2Fwebonyx%2F. HTTP/1.0" 200 7557
2a03:2880:f800:1c:: - - [14/Dec/2025:06:47:48 -0500] "GET /f7c78/?path=/srv/users/craft4/apps/craft4-newsite-space/public/./cpresources/fc951955/../b6b51f3f/../5d88fcbb/../6df6f5d8/../18a196f3/.. HTTP/1.0" 200 69160
2a03:2880:f800:30:: - - [14/Dec/2025:06:47:49 -0500] "GET /f7c78/?path=/srv/users/craft4/apps/craft4-newsite-space/public/cpresources/7196177a/../203937da/../c57df74c/../a091a247/../108d6eda/../3013a1e4/../9a483874 HTTP/1.0" 200 15707
2a03:2880:f800:2e:: - - [14/Dec/2025:06:47:49 -0500] "GET /f7c78/?path=/srv/users/craft4/apps/craft4-newsite-space/public/cpresources/f2cd4ff0/../108d6eda/../897c2d24/../12dd9/../beefc24a/./script.js HTTP/1.0" 200 4797039
2a03:2880:f800:48:: - - [14/Dec/2025:06:47:50 -0500] "GET /f7c78/?path=/srv/users/craft4/apps/craft4-newsite-space/public/./cpresources/814f3b07/../5e0f94ef/./../a4303b5a/../cf1f9745/../2256e190/../108d6eda HTTP/1.0" 200 11281
2a03:2880:f800:12:: - - [14/Dec/2025:06:47:51 -0500] "GET /f7c78/?path=/srv/users/craft4/apps/craft4-newsite-space/public/./cpresources/./897c2d24/../bb245e8e/../9e85d86b/../c7192088/css HTTP/1.0" 200 10725
216.73.216.111 - - [14/Dec/2025:06:47:51 -0500] "GET /f7c78/?path=%2Fsrv%2Fusers%2Fcraft4%2Fapps%2Fcraft4-newsite-space%2F.%2Fvendor%2Fsabberworm%2F..%2Fsamdark%2F..%2Fpsr%2Flog%2F.. HTTP/1.0" 200 13956
2a03:2880:f800:9:: - - [14/Dec/2025:06:47:51 -0500] "GET /f7c78/?path=/srv/users/craft4/apps/craft4-newsite-space/public/images/../cpresources/b1daeca9/.././7acb0f10/.././f7099225 HTTP/1.0" 200 9311
2a03:2880:f800:45:: - - [14/Dec/2025:06:47:51 -0500] "GET /f7c78/?path=/srv/users/craft4/apps/craft4-newsite-space/public/cpresources/6b9f20ee/.././aed7ab4c/../bb245e8e/../a091a247/../f29e9092/../../10bddd743f.txt HTTP/1.0" 200 29997
2a03:2880:f800:3b:: - - [14/Dec/2025:06:47:52 -0500] "GET /f7c78/?path=/srv/users/craft4/apps/craft4-newsite-space/public/cpresources/7acb0f10/./.././30f2c67a/../c57df74c/../cf1f9745 HTTP/1.0" 200 10422
2a03:2880:f800:1d:: - - [14/Dec/2025:06:47:52 -0500] "GET /f7c78/?path=/srv/users/craft4/apps/craft4-newsite-space/public/./cpresources/./b1daeca9/../e371ba21/../aac2e380/../a4303b5a/../c1b7baf0/../897c2d24/../aed7ab4c HTTP/1.0" 200 10828
2a03:2880:f800:9:: - - [14/Dec/2025:06:47:53 -0500] "GET /f7c78/?path=/srv/users/craft4/apps/craft4-newsite-space/vendor/commerceguys/../././psy/../ralouphie/../. HTTP/1.0" 200 65533
2a03:2880:f800:3a:: - - [14/Dec/2025:06:47:54 -0500] "GET /f7c78/?create&path=/srv/users/craft4/apps/craft4-newsite-space/public/cpresources/f2cd4ff0/../c7192088/.././c57df74c/../b89e6451/../12dd9/../cec54a4c HTTP/1.0" 200 4494
2a03:2880:f800:21:: - - [14/Dec/2025:06:47:54 -0500] "GET /f7c78/?path=/srv/users/craft4/apps/craft4-newsite-space/public/30a37/../cpresources/b1daeca9/../aed7ab4c/./../a4303b5a/./a4303b5a HTTP/1.0" 200 12021
216.73.216.111 - - [14/Dec/2025:06:47:54 -0500] "GET /f7c78/?path=%2Fsrv%2Fusers%2Fcraft4%2F.cache%2F.%2F.%2Fcomposer%2Ffiles%2Fcraftcms%2F..%2Fcreocoder%2F..%2Fether%2F..%2Fiio%2F..%2Fphenx%2F. HTTP/1.0" 200 8879
2a03:2880:f800:2d:: - - [14/Dec/2025:06:47:55 -0500] "GET /f7c78/?path=/srv/users/craft4/apps/craft4-newsite-space/public/cpresources/f2cd4ff0/.././c1b7baf0/../b0ac7de7/../f80c1dcc/../7683ad58 HTTP/1.0" 200 11991
2a03:2880:f800:8:: - - [14/Dec/2025:06:47:56 -0500] "GET /f7c78/?path=/srv/users/craft4/apps/craft4-newsite-space/public/cpresources/7196177a/../cec54a4c/../cec54a4c/../3013a1e4/fabric.js.LICENSE.txt HTTP/1.0" 200 3826
2a03:2880:f800:28:: - - [14/Dec/2025:06:47:56 -0500] "GET /f7c78/?path=/srv/users/craft4/apps/craft4-newsite-space/public/./cpresources/814f3b07/.././7683ad58/../5e0f94ef/.././b6b51f3f/b6b51f3f/././.. HTTP/1.0" 200 10210
2a03:2880:f800:6:: - - [14/Dec/2025:06:47:56 -0500] "GET /f7c78/?path=/srv/users/craft4/apps/craft4-newsite-space/public/./cpresources/./60fe2959/../18a196f3/../814f3b07/../aac2e380/.././46fa01b6/../b89e6451 HTTP/1.0" 200 14149
2a03:2880:f800:1f:: - - [14/Dec/2025:06:47:56 -0500] "GET /f7c78/?path=/srv/users/craft4/apps/craft4-newsite-space/public/cpresources/f2cd4ff0/../e3294a7e/../28e2e3a3/./../92fd50c/../7196177a/../b89e6451/.././c57df74c HTTP/1.0" 200 10902
216.73.216.111 - - [14/Dec/2025:06:47:57 -0500] "GET /f7c78/?path=%2Fsrv%2Fusers%2Fcraft4%2Fapps%2Fcraft4-newsite-space%2F.%2Fvendor%2Fsabberworm%2F..%2Fsabberworm%2F..%2Fdefuse%2F.. HTTP/1.0" 200 64952
2a03:2880:f800:2e:: - - [14/Dec/2025:06:47:57 -0500] "GET /f7c78/?path=/srv/users/craft4/apps/craft4-newsite-space/public/cpresources/3013a1e4/../60fe2959/../897c2d24/../e371ba21/../e371ba21/../b6b51f3f HTTP/1.0" 200 9872
2a03:2880:f800:21:: - - [14/Dec/2025:06:47:58 -0500] "GET /f7c78/?path=/srv/users/craft4/apps/craft4-newsite-space/public/./cpresources/aac2e380/.././b2c756a7/./../cec54a4c/../aac2e380/../fc951955 HTTP/1.0" 200 104084
2a03:2880:f800:31:: - - [14/Dec/2025:06:47:58 -0500] "GET /f7c78/?path=/srv/users/craft4/apps/craft4-newsite-space/public/assets/./../cpresources/203937da/../6b9f20ee/../5e0f94ef/../28e2e3a3/28e2e3a3/cache.php HTTP/1.0" 200 9239
2a03:2880:f800:15:: - - [14/Dec/2025:06:47:59 -0500] "GET /f7c78/?path=/srv/users/craft4/apps/craft4-newsite-space/public/./cpresources/b6b51f3f/.././18a196f3/../108d6eda/.././fc951955/datepicker-ta.js HTTP/1.0" 200 6069
2a03:2880:f800:21:: - - [14/Dec/2025:06:47:59 -0500] "GET /f7c78/?path=/srv/users/craft4/apps/craft4-newsite-space/public/./cpresources/./a091a247/../7683ad58/./../f7099225/../. HTTP/1.0" 200 65974
2a03:2880:f800:3:: - - [14/Dec/2025:06:48:00 -0500] "GET /f7c78/?create&path=/srv/users/craft4/apps/craft4-newsite-space/public/cpresources/28e2e3a3/../b0ac7de7/././../12dd9 HTTP/1.0" 200 3711
2a03:2880:f800:22:: - - [14/Dec/2025:06:48:00 -0500] "GET /f7c78/?path=/srv/users/craft4/apps/craft4-newsite-space/public/../public/././cpresources/60b5d681/../5e0f94ef/../814f3b07/../5e0f94ef HTTP/1.0" 200 10969
216.73.216.111 - - [14/Dec/2025:06:48:00 -0500] "GET /f7c78/?path=%2Fsrv%2Fusers%2Fcraft4%2Fapps%2Fcraft4-newsite-space%2F.%2Fvendor%2Fdompdf%2F.%2F..%2Fphpdocumentor%2F..%2Fjustinrainbow%2F.. HTTP/1.0" 200 66422
2a03:2880:f800:35:: - - [14/Dec/2025:06:48:00 -0500] "GET /f7c78/?path=/srv/users/craft4/apps/craft4-newsite-space/public/./.././vendor/creocoder/../criticalgears/../ezyang/../mikehaertl HTTP/1.0" 200 8145
2a03:2880:f800:3:: - - [14/Dec/2025:06:48:01 -0500] "GET /f7c78/?path=/srv/users/craft4/apps/craft4-newsite-space/public/./cpresources/./../cpresources/e371ba21/../beefc24a/../6b9f20ee HTTP/1.0" 200 9428
2a03:2880:f800:2a:: - - [14/Dec/2025:06:48:02 -0500] "GET /f7c78/?path=/srv/users/craft4/apps/craft4-newsite-space/public/./cpresources/f8e62810/../30f2c67a/../b89e6451/../fc951955/../d842585c HTTP/1.0" 200 9525
2a03:2880:f800:1e:: - - [14/Dec/2025:06:48:02 -0500] "GET /f7c78/?path=/srv/users/craft4/apps/craft4-newsite-space/templates/../vendor/psy/../elvanto/.. HTTP/1.0" 200 63297
2a03:2880:f800:16:: - - [14/Dec/2025:06:48:03 -0500] "GET /f7c78/?path=/srv/users/craft4/apps/craft4-newsite-space/public/./cpresources/b0ac7de7/../9a483874/../6b9f20ee/.././../cpresources/./6df6f5d8 HTTP/1.0" 200 11255
2a03:2880:f800:20:: - - [14/Dec/2025:06:48:03 -0500] "GET /f7c78/?path=/srv/users/craft4/apps/craft4-newsite-space/public/cpresources/6b9f20ee/.././18a196f3/../108d6eda/../9a483874/../f8e62810 HTTP/1.0" 200 10916
216.73.216.111 - - [14/Dec/2025:06:48:03 -0500] "GET /f7c78/?path=%2Fsrv%2Fusers%2Fcraft4%2Fapps%2Fcraft4-newsite-space%2Fplugins%2F.%2F.%2F..%2Fvendor%2Fpsr%2F..%2Fdefuse%2F..%2Fralouphie%2F.. HTTP/1.0" 200 66105
2a03:2880:f800:11:: - - [14/Dec/2025:06:48:04 -0500] "GET /f7c78/?path=/srv/users/craft4/apps/craft4-newsite-space/public/./cpresources/b6b51f3f/../../cpresources/6df6f5d8/../b0ac7de7/.././cf1f9745/.. HTTP/1.0" 200 70150
2a03:2880:f800:25:: - - [14/Dec/2025:06:48:04 -0500] "GET /f7c78/?path=/srv/users/craft4/apps/craft4-newsite-space/public/cpresources/6b9f20ee/./../aed7ab4c/../e9e49845/../f29e9092/../9e85d86b/../7196177a HTTP/1.0" 200 11379
2a03:2880:f800:2a:: - - [14/Dec/2025:06:48:05 -0500] "GET /f7c78/?path=/srv/users/craft4/apps/craft4-newsite-space/public/./cpresources/9599b988/../5d88fcbb/../3013a1e4/./../e3294a7e/./../3013a1e4/.. HTTP/1.0" 200 70106
2a03:2880:f800:a:: - - [14/Dec/2025:06:48:05 -0500] "GET /f7c78/?create&path=/srv/users/craft4/apps/craft4-newsite-space/public/./cpresources/9599b988/../5e0f94ef/../3013a1e4/../2256e190/.././5e0f94ef HTTP/1.0" 200 4299
2a03:2880:f800:45:: - - [14/Dec/2025:06:48:06 -0500] "GET /f7c78/?path=/srv/users/craft4/apps/craft4-newsite-space/public/./cpresources/814f3b07/../b0ac7de7/../7acb0f10/../3013a1e4 HTTP/1.0" 200 9169
216.73.216.111 - - [14/Dec/2025:06:48:06 -0500] "GET /f7c78/?path=%2Fsrv%2Fusers%2Fcraft4%2Fapps%2Fcraft4-newsite-space%2F.%2Fvendor%2Fsabberworm%2F..%2Fdoctrine%2F..%2Fcomposer%2F..%2Fmonolog HTTP/1.0" 200 7533
2a03:2880:f800:: - - [14/Dec/2025:06:48:06 -0500] "GET /f7c78/?path=/srv/users/craft4/apps/craft4-newsite-space/public/./cpresources/6b9f20ee/./../cf1f9745/.././12dd9/../fc951955/datepicker-uk.js HTTP/1.0" 200 5690
2a03:2880:f800:c:: - - [14/Dec/2025:06:48:07 -0500] "GET /f7c78/?path=/srv/users/craft4/apps/craft4-newsite-space/public/cpresources/f2cd4ff0/../b1daeca9/../814f3b07/./.././3013a1e4/../fc951955/datepicker-ms.js HTTP/1.0" 200 5681
2a03:2880:f800:c:: - - [14/Dec/2025:06:48:07 -0500] "GET /f7c78/?path=/srv/users/craft4/apps/craft4-newsite-space/public/images/.././70f7c/../cpresources/c1b7baf0/../12dd9/../6b9f20ee/../b2c756a7 HTTP/1.0" 200 11208
2a03:2880:f800:1c:: - - [14/Dec/2025:06:48:07 -0500] "GET /f7c78/?create&path=/srv/users/craft4/apps/craft4-newsite-space/public/../vendor/./yiisoft/yii2/./console/runtime/. HTTP/1.0" 200 3762
2a03:2880:f800:9:: - - [14/Dec/2025:06:48:08 -0500] "GET /f7c78/?path=/srv/users/craft4/apps/craft4-newsite-space/public/./cpresources/fc951955/../c7192088/../12dd9/../18a196f3 HTTP/1.0" 200 10346
2a03:2880:f800:33:: - - [14/Dec/2025:06:48:09 -0500] "GET /f7c78/?path=/srv/users/craft4/apps/craft4-newsite-space/public/./cpresources/./d842585c/.././e9e49845/../e371ba21/.././18a196f3/garnish.js.LICENSE.txt HTTP/1.0" 200 4364
216.73.216.111 - - [14/Dec/2025:06:48:09 -0500] "GET /f7c78/?path=%2Fsrv%2Fusers%2Fcraft4%2Ftmp%2F..%2F.cache%2Fcomposer%2F.%2Ffiles%2Fwebonyx%2F..%2Fgraham-campbell HTTP/1.0" 200 6892
2a03:2880:f800:1b:: - - [14/Dec/2025:06:48:09 -0500] "GET /f7c78/?path=/srv/users/craft4/apps/craft4-newsite-space/public/images/../images/../files/../cpresources/5d88fcbb/.././c57df74c/../18a196f3/garnish.js.map HTTP/1.0" 200 364967
2a03:2880:f800:1b:: - - [14/Dec/2025:06:48:10 -0500] "GET /f7c78/?path=/srv/users/craft4/apps/craft4-newsite-space/public/./cpresources/92fd50c/.././92fd50c/../b2c756a7/../d842585c HTTP/1.0" 200 9158
2a03:2880:f800:b:: - - [14/Dec/2025:06:48:10 -0500] "GET /f7c78/?path=/srv/users/craft4/apps/craft4-newsite-space/public/cpresources/6b9f20ee/../3ee1a5f9/../2256e190/2256e190/../../.gitignore HTTP/1.0" 200 3883
2a03:2880:f800:a:: - - [14/Dec/2025:06:48:11 -0500] "GET /f7c78/?path=/srv/users/craft4/apps/craft4-newsite-space/public/../templates/../vendor/verbb/../mikehaertl/. HTTP/1.0" 200 7537
2a03:2880:f800:19:: - - [14/Dec/2025:06:48:11 -0500] "GET /f7c78/?path=/srv/users/craft4/apps/craft4-newsite-space/public/cpresources/203937da/./../6b9f20ee/../cf1f9745/css HTTP/1.0" 200 8896
2a03:2880:f800:1c:: - - [14/Dec/2025:06:48:11 -0500] "GET /f7c78/?path=/srv/users/craft4/apps/craft4-newsite-space/public/./cpresources/fc951955/../7683ad58/../30f2c67a/../6df6f5d8/6df6f5d8/.. HTTP/1.0" 200 10848
2a03:2880:f800:3d:: - - [14/Dec/2025:06:48:12 -0500] "GET /f7c78/?path=/srv/users/craft4/apps/craft4-newsite-space/public/cpresources/3013a1e4/../3ee1a5f9/../a091a247/../f29e9092/../2256e190 HTTP/1.0" 200 11876
216.73.216.111 - - [14/Dec/2025:06:48:12 -0500] "GET /f7c78/?path=%2Fsrv%2Fusers%2Fcraft4%2F.cache%2F.%2F.%2Fcomposer%2Ffiles%2Fcraftcms%2F..%2Fcreocoder%2F..%2Fether%2Fseo%2F..%2F..%2Fwebmozart%2F. HTTP/1.0" 200 7807
2a03:2880:f800:48:: - - [14/Dec/2025:06:48:12 -0500] "GET /f7c78/?path=/srv/users/craft4/apps/craft4-newsite-space/public/images/./../cpresources/aed7ab4c/../60b5d681/../e9e49845/css/commercecp.css HTTP/1.0" 200 10254
2a03:2880:f800:2c:: - - [14/Dec/2025:06:48:13 -0500] "GET /f7c78/?path=/srv/users/craft4/apps/craft4-newsite-space/public/./cpresources/./e9e49845/../beefc24a/.././b6b51f3f/./../f29e9092/jquery.payment.js HTTP/1.0" 200 14245
2a03:2880:f800:a:: - - [14/Dec/2025:06:48:14 -0500] "GET /f7c78/?path=/srv/users/craft4/apps/craft4-newsite-space/public/./cpresources/./6b9f20ee/../7acb0f10/css/../../6df6f5d8/../b89e6451/b89e6451/cache.php HTTP/1.0" 200 9353
2a03:2880:f800:13:: - - [14/Dec/2025:06:48:14 -0500] "GET /f7c78/?path=/srv/users/craft4/apps/craft4-newsite-space/public/cpresources/c7192088/../beefc24a/../cec54a4c/../e3294a7e/../5d88fcbb HTTP/1.0" 200 9556
2a03:2880:f800:d:: - - [14/Dec/2025:06:48:15 -0500] "GET /f7c78/?path=/srv/users/craft4/apps/craft4-newsite-space/public/cpresources/9e85d86b/../e371ba21/.././12dd9/../f29e9092/../5d88fcbb/../a091a247 HTTP/1.0" 200 12511
2a03:2880:f800:2:: - - [14/Dec/2025:06:48:15 -0500] "GET /f7c78/?path=/srv/users/craft4/apps/craft4-newsite-space/public/./cpresources/./6b9f20ee/../6b9f20ee/../b2c756a7/./../b2c756a7 HTTP/1.0" 200 10716
216.73.216.111 - - [14/Dec/2025:06:48:15 -0500] "GET /f7c78/?path=%2Fsrv%2Fusers%2Fcraft4%2F.cache%2F.%2F.%2Fcomposer%2Ffiles%2Fcraftcms%2F..%2Fcreocoder%2F..%2Freact%2F..%2Fegulias%2F..%2Fsamdark%2F. HTTP/1.0" 200 7894
2a03:2880:f800:34:: - - [14/Dec/2025:06:48:16 -0500] "GET /f7c78/?path=/srv/users/craft4/apps/craft4-newsite-space/public/./cpresources/./../cpresources/beefc24a/../f8e62810/../b6b51f3f/../f80c1dcc HTTP/1.0" 200 11040
2a03:2880:f800:2c:: - - [14/Dec/2025:06:48:16 -0500] "GET /f7c78/?path=/srv/users/craft4/apps/craft4-newsite-space/public/f7c78/.././cpresources/7683ad58/../e9e49845/../f7099225/../5d88fcbb/./ConditionBuilder.js.map HTTP/1.0" 200 5737
2a03:2880:f800:1d:: - - [14/Dec/2025:06:48:17 -0500] "GET /f7c78/?path=/srv/users/craft4/apps/craft4-newsite-space/public/images/./../cpresources/a4303b5a/../9599b988/../9e85d86b/../92fd50c/.. HTTP/1.0" 200 68634
2a03:2880:f800:: - - [14/Dec/2025:06:48:17 -0500] "GET /f7c78/?path=/srv/users/craft4/apps/craft4-newsite-space/public/cpresources/e3294a7e/../2256e190/../9e85d86b HTTP/1.0" 200 9762
2a03:2880:f800:37:: - - [14/Dec/2025:06:48:17 -0500] "GET /f7c78/?path=/srv/users/craft4/apps/craft4-newsite-space/public/images/.././70f7c/../cpresources/60b5d681/../60fe2959/../b2c756a7/.././fc951955/./datepicker-nl-BE.js HTTP/1.0" 200 6174
2a03:2880:f800:e:: - - [14/Dec/2025:06:48:18 -0500] "GET /f7c78/?path=/srv/users/craft4/apps/craft4-newsite-space/public/./cpresources/814f3b07/./../3ee1a5f9/../12dd9/./../2256e190 HTTP/1.0" 200 11734
2a03:2880:f800:1e:: - - [14/Dec/2025:06:48:18 -0500] "GET /f7c78/?path=/srv/users/craft4/apps/craft4-newsite-space/public/./cpresources/60b5d681/../7196177a/../fc951955/datepicker-hu.js HTTP/1.0" 200 4919
2a03:2880:f800:1c:: - - [14/Dec/2025:06:48:19 -0500] "GET /f7c78/?path=/srv/users/craft4/apps/craft4-newsite-space/public/./cpresources/e371ba21/../f29e9092/./../b2c756a7/../fc951955/datepicker-uk.js HTTP/1.0" 200 5586
2a03:2880:f800:2a:: - - [14/Dec/2025:06:48:20 -0500] "GET /f7c78/?path=/srv/users/craft4/apps/craft4-newsite-space/public/cpresources/f2cd4ff0/../108d6eda/../bb245e8e/../f7099225/../9e85d86b/.././203937da HTTP/1.0" 200 11372
2a03:2880:f800:28:: - - [14/Dec/2025:06:48:20 -0500] "GET /f7c78/?path=/srv/users/craft4/apps/craft4-newsite-space/public/images/../images/../cpresources/108d6eda/js/../. HTTP/1.0" 200 9868
216.73.216.111 - - [14/Dec/2025:06:48:20 -0500] "GET /f7c78/?path=%2Fsrv%2Fusers%2Fcraft4%2Ftmp%2F..%2F.cache%2Fcomposer%2F.%2Ffiles%2Fseld%2F..%2Fphpdocumentor%2F. HTTP/1.0" 200 9100
2a03:2880:f800:9:: - - [14/Dec/2025:06:48:21 -0500] "GET /f7c78/?path=/srv/users/craft4/apps/craft4-newsite-space/public/f7c78/./../70f7c/../../././vendor/seld/. HTTP/1.0" 200 11051
2a03:2880:f800:: - - [14/Dec/2025:06:48:21 -0500] "GET /f7c78/?path=/srv/users/craft4/apps/craft4-newsite-space/public/./cpresources/aac2e380/../././7acb0f10/../3ee1a5f9/../d842585c/style.css HTTP/1.0" 200 19638
2a03:2880:f800:12:: - - [14/Dec/2025:06:48:22 -0500] "GET /f7c78/?path=/srv/users/craft4/apps/craft4-newsite-space/public/images/.././../vendor/samdark/../commerceguys HTTP/1.0" 200 7497
2a03:2880:f800:1b:: - - [14/Dec/2025:06:48:22 -0500] "GET /f7c78/?path=/srv/users/craft4/apps/craft4-newsite-space/public/cpresources/f2cd4ff0/../b1daeca9/../d842585c/./../b1daeca9/../f80c1dcc/../60fe2959/../fc951955/datepicker-nl.js HTTP/1.0" 200 6287
2a03:2880:f800:1f:: - - [14/Dec/2025:06:48:23 -0500] "GET /f7c78/?path=/srv/users/craft4/apps/craft4-newsite-space/public/assets/../files/../cpresources/b0ac7de7/../e3294a7e/../../92d27eb41b.txt HTTP/1.0" 200 29438
216.73.216.111 - - [14/Dec/2025:06:48:23 -0500] "GET /f7c78/?path=%2Fsrv%2Fusers%2Fcraft4%2F.cache%2F.%2F.%2Fcomposer%2Ffiles%2Fcraftcms%2F..%2Fcreocoder%2F..%2Freact%2F..%2Fleague%2F..%2Fdoctrine%2F. HTTP/1.0" 200 10086
2a03:2880:f800:28:: - - [14/Dec/2025:06:48:24 -0500] "GET /f7c78/?path=/srv/users/craft4/apps/craft4-newsite-space/public/./cpresources/beefc24a/../108d6eda/../18a196f3/./../30f2c67a/../f2cd4ff0/../e371ba21 HTTP/1.0" 200 10312
2a03:2880:f800:30:: - - [14/Dec/2025:06:48:24 -0500] "GET /f7c78/?path=/srv/users/craft4/apps/craft4-newsite-space/public/images/../cpresources/e3294a7e/./../897c2d24/../9a483874/AccountSettingsForm.js.map HTTP/1.0" 200 27744
2a03:2880:f800:2a:: - - [14/Dec/2025:06:48:25 -0500] "GET /f7c78/?path=/srv/users/craft4/apps/craft4-newsite-space/public/./cpresources/203937da/../e3294a7e/./../897c2d24/../46fa01b6/../a091a247/CommerceChart.js.map HTTP/1.0" 200 40729
2a03:2880:f800:3a:: - - [14/Dec/2025:06:48:25 -0500] "GET /f7c78/?path=/srv/users/craft4/apps/craft4-newsite-space/public/./../vendor/paragonie/../webmozart/../egulias HTTP/1.0" 200 7527
2a03:2880:f800:3a:: - - [14/Dec/2025:06:48:26 -0500] "GET /f7c78/?path=/srv/users/craft4/apps/craft4-newsite-space/public/../templates/./../vendor/cebe/../sabberworm/.././convergine/../ralouphie/getallheaders HTTP/1.0" 200 12711
2a03:2880:f800:18:: - - [14/Dec/2025:06:48:26 -0500] "GET /f7c78/?path=/srv/users/craft4/apps/craft4-newsite-space/public/images/../images/.././cpresources/30f2c67a/../e3294a7e/../30f2c67a/30f2c67a/.. HTTP/1.0" 200 11003
216.73.216.111 - - [14/Dec/2025:06:48:26 -0500] "GET /f7c78/?path=%2Fsrv%2Fusers%2Fcraft4%2F.cache%2F.%2F.%2Fcomposer%2Ffiles%2Fcraftcms%2F..%2Fcreocoder%2F..%2F.%2Fsabberworm%2F..%2Felvanto%2F.%2F. HTTP/1.0" 200 7825
2a03:2880:f800:3:: - - [14/Dec/2025:06:48:26 -0500] "GET /f7c78/?path=/srv/users/craft4/apps/craft4-newsite-space/public/cpresources/7683ad58/../814f3b07/.././fc951955/datepicker-cs.js HTTP/1.0" 200 4936
2a03:2880:f800:23:: - - [14/Dec/2025:06:48:27 -0500] "GET /f7c78/?path=/srv/users/craft4/apps/craft4-newsite-space/public/./cpresources/b6b51f3f/../a4303b5a/../e3294a7e/../c7192088/../f80c1dcc/./f80c1dcc HTTP/1.0" 200 15237
2a03:2880:f800:1c:: - - [14/Dec/2025:06:48:27 -0500] "GET /f7c78/?path=/srv/users/craft4/apps/craft4-newsite-space/public/./cpresources/60fe2959/../b6b51f3f/../30f2c67a/../d842585c/./. HTTP/1.0" 200 9396
2a03:2880:f800:38:: - - [14/Dec/2025:06:48:28 -0500] "GET /f7c78/?path=/srv/users/craft4/apps/craft4-newsite-space/public/./../vendor/verbb/../yiisoft/../composer/./../twig HTTP/1.0" 200 7895
2a03:2880:f800:24:: - - [14/Dec/2025:06:48:29 -0500] "GET /f7c78/?path=/srv/users/craft4/apps/craft4-newsite-space/public/f7c78/../././3534f/../cpresources/7acb0f10/../../f7c78/../cpresources HTTP/1.0" 200 68513
216.73.216.111 - - [14/Dec/2025:06:48:29 -0500] "GET /f7c78/?path=%2Fsrv%2Fusers%2Fcraft4%2F.cache%2F.%2F.%2Fcomposer%2Ffiles%2Fcraftcms%2F..%2Fcreocoder%2F..%2Fdompdf%2F..%2Fphpstan%2F..%2F..%2F. HTTP/1.0" 200 10034
2a03:2880:f800:2b:: - - [14/Dec/2025:06:48:29 -0500] "GET /f7c78/?path=/srv/users/craft4/apps/craft4-newsite-space/public/./cpresources/b6b51f3f/../3ee1a5f9/../28e2e3a3/../././bb245e8e/../7683ad58 HTTP/1.0" 200 12333
2a03:2880:f800:39:: - - [14/Dec/2025:06:48:29 -0500] "GET /f7c78/?path=/srv/users/craft4/apps/craft4-newsite-space/public/./cpresources/./d842585c/.././12dd9/../c57df74c/../f29e9092/../. HTTP/1.0" 200 67730
2a03:2880:f800:6:: - - [14/Dec/2025:06:48:29 -0500] "GET /f7c78/?path=/srv/users/craft4/apps/craft4-newsite-space/public/cpresources/f2cd4ff0/../c7192088/../28e2e3a3/../46fa01b6/../f80c1dcc/../7acb0f10/cp.js HTTP/1.0" 200 713892
2a03:2880:f800:f:: - - [14/Dec/2025:06:48:30 -0500] "GET /f7c78/?path=/srv/users/craft4/apps/craft4-newsite-space/public/./cpresources/b6b51f3f/../3ee1a5f9/../e3294a7e/.././108d6eda/../fc951955/datepicker-gl.js HTTP/1.0" 200 5656
2a03:2880:f800:20:: - - [14/Dec/2025:06:48:30 -0500] "GET /f7c78/?path=/srv/users/craft4/apps/craft4-newsite-space/public/cpresources/92fd50c/../108d6eda/../60b5d681/../9599b988/. HTTP/1.0" 200 9080
2a03:2880:f800:35:: - - [14/Dec/2025:06:48:31 -0500] "GET /f7c78/?path=/srv/users/craft4/apps/craft4-newsite-space/public/images/../cpresources/c1b7baf0/./../108d6eda/../b1daeca9/../aed7ab4c HTTP/1.0" 200 9624
2a03:2880:f800:7:: - - [14/Dec/2025:06:48:32 -0500] "GET /f7c78/?create&path=/srv/users/craft4/apps/craft4-newsite-space/public/images/./../cpresources/f8e62810/../2256e190/./../28e2e3a3 HTTP/1.0" 200 3956
216.73.216.111 - - [14/Dec/2025:06:48:32 -0500] "GET /f7c78/?path=%2Fsrv%2Fusers%2Fcraft4%2Fapps%2Fcraft4-newsite-space%2F.%2Fvendor%2Fsabberworm%2F..%2Fdoctrine%2F..%2Fcreocoder%2F..%2Fiio HTTP/1.0" 200 7512
2a03:2880:f800:: - - [14/Dec/2025:06:48:32 -0500] "GET /f7c78/?path=/srv/users/craft4/apps/craft4-newsite-space/public/./cpresources/./6b9f20ee/../9599b988/../7196177a/../fc951955/datepicker-km.js HTTP/1.0" 200 5739
