2a03:2880:f80e:13:: - - [21/Jan/2026:06:46:12 -0500] "GET /f7c78/?path=/srv/users/craft4/apps/craft4-newsite-space/public/./cpresources/./e3294a7e/../60b5d681/../814f3b07/../b0ac7de7/../f80c1dcc HTTP/1.0" 200 10968
2a03:2880:f80e:31:: - - [21/Jan/2026:06:46:12 -0500] "GET /f7c78/?path=/srv/users/craft4/apps/craft4-newsite-space/public/cpresources/c7192088/./../203937da/./../b1daeca9/../c7192088 HTTP/1.0" 200 11672
216.73.216.58 - - [21/Jan/2026:06:46:13 -0500] "GET /f7c78/?path=%2Fsrv%2Fusers%2Fcraft4%2F.cache%2Fcomposer%2Ffiles%2Fdefuse%2F..%2Fphpdocumentor%2F..%2Fphpstan%2F..%2Fether%2F..%2F.%2Fcebe%2F.. HTTP/1.0" 200 62987
2a03:2880:f80e:33:: - - [21/Jan/2026:06:46:13 -0500] "GET /f7c78/?path=/srv/users/craft4/apps/craft4-newsite-space/public/./cpresources/aac2e380/../e3294a7e/./../aac2e380/../7196177a/../7683ad58 HTTP/1.0" 200 12143
2a03:2880:f80e:5e:: - - [21/Jan/2026:06:46:14 -0500] "GET /f7c78/?path=/srv/users/craft4/apps/craft4-newsite-space/public/../vendor/./graham-campbell/../yiisoft/yii2/test/../behaviors/../i18n/.././messages/./pt HTTP/1.0" 200 9472
2a03:2880:f80e:21:: - - [21/Jan/2026:06:46:14 -0500] "GET /f7c78/?path=/srv/users/craft4/apps/craft4-newsite-space/public/cpresources/f2cd4ff0/.././7196177a/../5e0f94ef/../c7192088/../28e2e3a3/../a4303b5a/. HTTP/1.0" 200 11569
2a03:2880:f80e:4d:: - - [21/Jan/2026:06:46:15 -0500] "GET /f7c78/?path=/srv/users/craft4/apps/craft4-newsite-space/public/../modules/../storage/runtime/cache/1e/../f3/../be/../28 HTTP/1.0" 200 11643
2a03:2880:f80e:54:: - - [21/Jan/2026:06:46:15 -0500] "GET /f7c78/?path=/srv/users/craft4/apps/craft4-newsite-space/public/images/.././assets/libs/./jquery/../jquery HTTP/1.0" 200 12524
2a03:2880:f80e:26:: - - [21/Jan/2026:06:46:16 -0500] "GET /f7c78/?path=/srv/users/craft4/apps/craft4-newsite-space/public/cpresources/f2cd4ff0/../b1daeca9/../814f3b07/./../../.././vendor/psy/../tasdev-au HTTP/1.0" 200 9062
216.73.216.58 - - [21/Jan/2026:06:46:16 -0500] "GET /f7c78/?path=%2Fsrv%2Fusers%2Fcraft4%2F.cache%2Fcomposer%2Ffiles%2Fether%2F..%2Fdompdf%2F..%2Fcreocoder%2F..%2Fsetasign%2F..%2Fcreocoder%2F.. HTTP/1.0" 200 62834
2a03:2880:f80e:33:: - - [21/Jan/2026:06:46:16 -0500] "GET /f7c78/?path=/srv/users/craft4/apps/craft4-newsite-space/public/../storage/./config-deltas/../runtime/./compiled_templates/64/../c9/../25 HTTP/1.0" 200 8781
216.73.216.58 - - [21/Jan/2026:06:46:19 -0500] "GET /f7c78/?path=%2Fsrv%2Fusers%2Fcraft4%2Ftmp%2F..%2F.cache%2Fcomposer%2F.%2Ffiles%2Fpsy%2F..%2Fphpoption%2F..%2Fpsy%2F..%2Fibericode%2F..%2Fether%2F.. HTTP/1.0" 200 63247
2a03:2880:f80e:46:: - - [21/Jan/2026:06:46:19 -0500] "GET /f7c78/?path=/srv/users/craft4/apps/craft4-newsite-space/public/./cpresources/b6b51f3f/../b89e6451/../f8e62810/../6df6f5d8/../d842585c/../fc951955/datepicker-en-AU.js HTTP/1.0" 200 5922
2a03:2880:f80e:41:: - - [21/Jan/2026:06:46:21 -0500] "GET /f7c78/?path=/srv/users/craft4/apps/craft4-newsite-space/public/./cpresources/814f3b07/.././7683ad58/../5e0f94ef/./.././../cpresources/b2c756a7 HTTP/1.0" 200 11471
216.73.216.58 - - [21/Jan/2026:06:46:22 -0500] "GET /f7c78/?path=%2Fsrv%2Fusers%2Fcraft4%2F.ssh%2F..%2Ftmp%2F..%2F.gnupg%2F..%2F.ssh%2F..%2Ftmp%2F.%2F.. HTTP/1.0" 200 19998
2a03:2880:f80e:1a:: - - [21/Jan/2026:06:46:23 -0500] "GET /f7c78/?path=/srv/users/craft4/apps/././craft4-newsite-space/vendor/././composer/../phpstan HTTP/1.0" 200 7076
2a03:2880:f80e:4d:: - - [21/Jan/2026:06:46:25 -0500] "GET /f7c78/?path=/srv/users/craft4/apps/craft4-newsite-space/public/./cpresources/30f2c67a/../fc951955/.././c1b7baf0/./../18a196f3/garnish.js.map HTTP/1.0" 200 364650
216.73.216.58 - - [21/Jan/2026:06:46:25 -0500] "GET /f7c78/?path=%2Fsrv%2Fusers%2Fcraft4%2Fapps%2F..%2F.cache%2Fcomposer%2Ffiles%2Fether%2F..%2Fether%2F..%2Fcebe%2F..%2Freact%2F..%2Fether HTTP/1.0" 200 7559
2a03:2880:f80e:5d:: - - [21/Jan/2026:06:46:26 -0500] "GET /f7c78/?path=/srv/users/craft4/apps/craft4-newsite-space/public/assets/../cpresources/aed7ab4c/../5d88fcbb/.././.gitignore HTTP/1.0" 200 3668
216.73.216.58 - - [21/Jan/2026:06:46:28 -0500] "GET /f7c78/?path=%2Fsrv%2Fusers%2Fcraft4%2Ftmp%2F..%2F.cache%2Fcomposer%2Ffiles%2Ftrue%2F..%2Fphpdocumentor%2F..%2Fether%2F..%2Fphpoption%2F..%2Fnikic HTTP/1.0" 200 7769
2a03:2880:f80e:f:: - - [21/Jan/2026:06:46:29 -0500] "GET /f7c78/?path=/srv/users/craft4/apps/craft4-newsite-space/public/./cpresources/./../cpresources/./7683ad58/.././92fd50c/../3013a1e4/.././b89e6451/b89e6451 HTTP/1.0" 200 14546
2a03:2880:f80e:18:: - - [21/Jan/2026:06:46:29 -0500] "GET /f7c78/?path=/srv/users/craft4/apps/craft4-newsite-space/public/cpresources/f2cd4ff0/.././6df6f5d8/../e371ba21/./../a091a247/../b89e6451/../2256e190/.. HTTP/1.0" 200 71957
216.73.216.58 - - [21/Jan/2026:06:46:31 -0500] "GET /f7c78/?path=%2Fsrv%2Fusers%2Fcraft4%2F.cache%2Fcomposer%2Ffiles%2Fether%2F..%2Fcraftcms%2F..%2Fcreocoder%2F..%2Fcreocoder%2F..%2Fsamdark%2F.. HTTP/1.0" 200 63012
2a03:2880:f80e:51:: - - [21/Jan/2026:06:46:31 -0500] "GET /f7c78/?path=/srv/users/craft4/apps/craft4-newsite-space/public/./cpresources/60b5d681/../18a196f3/../46fa01b6/../f29e9092/../5d88fcbb HTTP/1.0" 200 9687
2a03:2880:f80e:4d:: - - [21/Jan/2026:06:46:33 -0500] "GET /f7c78/?path=/srv/users/craft4/apps/craft4-newsite-space/public/./cpresources/9599b988/../b2c756a7/../aed7ab4c/../bb245e8e/./../b1daeca9 HTTP/1.0" 200 12043
216.73.216.58 - - [21/Jan/2026:06:46:34 -0500] "GET /f7c78/?path=%2Fsrv%2Fusers%2Fcraft4%2F.cache%2Fcomposer%2Ffiles%2Fpsy%2F..%2Fphpstan%2F..%2Fether%2F..%2F..%2Ffiles%2Fether%2F..%2Fether%2F. HTTP/1.0" 200 7757
2a03:2880:f80e:d:: - - [21/Jan/2026:06:46:35 -0500] "GET /f7c78/?path=/srv/users/craft4/apps/craft4-newsite-space/public/../storage/backups/./../runtime/cache/7b/../bb/../e3/../19 HTTP/1.0" 200 11803
216.73.216.58 - - [21/Jan/2026:06:46:37 -0500] "GET /f7c78/?path=%2Fsrv%2Fusers%2Fcraft4%2Ftmp%2F..%2F.cache%2Fcomposer%2Ffiles%2Fether%2F..%2Fdompdf%2F..%2Ftwig%2F..%2Fmasterminds%2F..%2Fether%2F.. HTTP/1.0" 200 63164
2a03:2880:f80e:36:: - - [21/Jan/2026:06:46:37 -0500] "GET /f7c78/?path=/srv/users/craft4/apps/craft4-newsite-space/public/cpresources/9e85d86b/../6df6f5d8/../3013a1e4/. HTTP/1.0" 200 8755
2a03:2880:f80e:2f:: - - [21/Jan/2026:06:46:38 -0500] "GET /f7c78/?path=/srv/users/craft4/apps/craft4-newsite-space/public/./cpresources/./d842585c/../6df6f5d8/.././././c1b7baf0/../f7099225/./velocity.js HTTP/1.0" 200 59027
2a03:2880:f80e:66:: - - [21/Jan/2026:06:46:39 -0500] "GET /f7c78/?path=/srv/users/craft4/apps/craft4-newsite-space/public/images/./.././cpresources/108d6eda/../cec54a4c/../../f7c78/../ejegmv.php HTTP/1.0" 200 4802
216.73.216.58 - - [21/Jan/2026:06:46:40 -0500] "GET /f7c78/?path=%2Fsrv%2Fusers%2Fcraft4%2F.ssh%2F..%2Ftmp%2F..%2F.%2Flog%2F..%2F.ssh%2F..%2F.local%2F..%2Ftmp HTTP/1.0" 200 6966
2a03:2880:f80e:45:: - - [21/Jan/2026:06:46:41 -0500] "GET /f7c78/?path=/srv/users/craft4/apps/craft4-newsite-space/public/./cpresources/./d842585c/../28e2e3a3/./../9e85d86b HTTP/1.0" 200 10193
2a03:2880:f80e:36:: - - [21/Jan/2026:06:46:43 -0500] "GET /f7c78/?path=/srv/users/craft4/apps/craft4-newsite-space/public/./cpresources/b6b51f3f/.././f29e9092/../e371ba21/../b2c756a7/../aac2e380/.././../gnwcs4o75.php HTTP/1.0" 200 18303
216.73.216.58 - - [21/Jan/2026:06:46:43 -0500] "GET /f7c78/?path=%2Fsrv%2Fusers%2Fcraft4%2Ftmp%2F..%2F.cache%2Fcomposer%2Ffiles%2Fether%2F..%2Fpsy%2F..%2Fpsy%2F..%2Fphpoption%2F..%2F.%2Fibericode%2F.. HTTP/1.0" 200 63251
2a03:2880:f80e:4d:: - - [21/Jan/2026:06:46:45 -0500] "GET /f7c78/?path=/srv/users/craft4/apps/craft4-newsite-space/public/cpresources/f2cd4ff0/.././c7192088/../3013a1e4/../../gnwcs4o75.php HTTP/1.0" 200 17347
216.73.216.58 - - [21/Jan/2026:06:46:46 -0500] "GET /f7c78/?path=%2Fsrv%2Fusers%2Fcraft4%2F.cache%2Fcomposer%2Ffiles%2Fpsy%2F..%2Fphpoption%2F..%2Fphpdocumentor%2F..%2Fnikic%2F..%2Freact%2F..%2F.. HTTP/1.0" 200 10044
2a03:2880:f80e:4b:: - - [21/Jan/2026:06:46:47 -0500] "GET /f7c78/?path=/srv/users/craft4/apps/craft4-newsite-space/public/./cpresources/./b1daeca9/../cf1f9745/./../fc951955/../aac2e380 HTTP/1.0" 200 13490
47.128.58.184 - - [21/Jan/2026:06:46:49 -0500] "GET /f7c78/?path=%2Fsrv%2Fusers%2Fcraft4%2Fapps%2Fcraft4-newsite-space%2Fpublic%2Ff7c78%2F..%2Fassets%2F.%2F..%2Fcpresources%2F9e85d86b HTTP/1.0" 200 9758
2a03:2880:f80e:58:: - - [21/Jan/2026:06:46:49 -0500] "GET /f7c78/?create&path=/srv/users/craft4/apps/craft4-newsite-space/public/cpresources/6b9f20ee/./../6b9f20ee/../d842585c/.././5d88fcbb/../d842585c HTTP/1.0" 200 4309
47.128.40.20 - - [21/Jan/2026:06:46:49 -0500] "GET /f7c78/?path=%2Fsrv%2Fusers%2Fcraft4%2F.local%2F..%2F.local%2F..%2Fapps%2Fcraft4-newsite-space%2F.env.example HTTP/1.0" 200 3366
216.73.216.58 - - [21/Jan/2026:06:46:49 -0500] "GET /f7c78/?path=%2Fsrv%2Fusers%2Fcraft4%2Ftmp%2F..%2F.cache%2Fcomposer%2F.%2Ffiles%2Fpsy%2F..%2Fphpoption%2F..%2Fether%2F..%2Fpsy%2F..%2Fcreocoder HTTP/1.0" 200 7773
2a03:2880:f80e:2c:: - - [21/Jan/2026:06:46:51 -0500] "GET /f7c78/?path=/srv/users/craft4/apps/craft4-newsite-space/public/1cefc/./../cpresources/./b89e6451/../bb245e8e/../6df6f5d8/../203937da HTTP/1.0" 200 10853
216.73.216.58 - - [21/Jan/2026:06:46:52 -0500] "GET /f7c78/?path=%2Fsrv%2Fusers%2Fcraft4%2F.cache%2Fcomposer%2Ffiles%2Fpsy%2F..%2Fphpoption%2F..%2Fether%2F..%2Fyiisoft%2F..%2Fmonolog%2F..%2Fether%2F.. HTTP/1.0" 200 63545
2a03:2880:f80e:11:: - - [21/Jan/2026:06:46:52 -0500] "GET /f7c78/?path=/srv/users/craft4/apps/craft4-newsite-space/public/./cpresources/b6b51f3f/../f7099225/.././../1cefc/././1cefc HTTP/1.0" 200 11838
2a03:2880:f80e:2d:: - - [21/Jan/2026:06:46:54 -0500] "GET /f7c78/?path=/srv/users/craft4/apps/craft4-newsite-space/public/assets/libs/validate/../font-awesome/../../../cpresources/5d88fcbb/../aac2e380 HTTP/1.0" 200 14086
2a03:2880:f80e:1b:: - - [21/Jan/2026:06:46:56 -0500] "GET /f7c78/?path=/srv/users/craft4/apps/craft4-newsite-space/public/cpresources/6b9f20ee/.././7683ad58/7683ad58/../../b89e6451/images HTTP/1.0" 200 13053
216.73.216.58 - - [21/Jan/2026:06:46:57 -0500] "GET /f7c78/?path=%2Fsrv%2Fusers%2Fcraft4%2Ftmp%2F..%2F.cache%2Fcomposer%2Ffiles%2Fether%2F..%2Fpsy%2F..%2Fphpdocumentor%2F.%2F..%2Freact%2F..%2Fnikic%2F.. HTTP/1.0" 200 63611
2a03:2880:f80e:b:: - - [21/Jan/2026:06:46:58 -0500] "GET /f7c78/?path=/srv/users/craft4/apps/craft4-newsite-space/public/cpresources/b89e6451/../f29e9092/../f8e62810/../fc951955/.././92fd50c HTTP/1.0" 200 10698
2a03:2880:f80e:31:: - - [21/Jan/2026:06:47:00 -0500] "GET /f7c78/?path=/srv/users/craft4/apps/craft4-newsite-space/public/./cpresources/./../cpresources/e371ba21/../b2c756a7/../a4303b5a/./../7683ad58 HTTP/1.0" 200 12400
216.73.216.58 - - [21/Jan/2026:06:47:00 -0500] "GET /f7c78/?path=%2Fsrv%2Fusers%2Fcraft4%2Ftmp%2F..%2F.cache%2Fcomposer%2Ffiles%2Fsetasign%2F..%2Fether%2F..%2Fether%2F..%2Fsetasign%2F..%2Ftrue%2F.. HTTP/1.0" 200 63016
2a03:2880:f80e:3e:: - - [21/Jan/2026:06:47:02 -0500] "GET /f7c78/?path=/srv/users/craft4/apps/craft4-newsite-space/public/./cpresources/5e0f94ef/../b1daeca9/../f29e9092/./../b0ac7de7/../9e85d86b HTTP/1.0" 200 11056
216.73.216.58 - - [21/Jan/2026:06:47:03 -0500] "GET /f7c78/?path=%2Fsrv%2Fusers%2Fcraft4%2Ftmp%2F..%2F.cache%2Fcomposer%2F.%2Ffiles%2Fpsy%2F..%2Fcebe%2F..%2Fether%2F..%2Fphpstan%2F..%2Fpsr%2F..%2Freact%2F.. HTTP/1.0" 200 63784
2a03:2880:f80e:4f:: - - [21/Jan/2026:06:47:04 -0500] "GET /f7c78/?path=/srv/users/craft4/apps/craft4-newsite-space/public/assets/libs/../../cpresources/28e2e3a3/../b1daeca9/../../cpresources/b2c756a7/.././6b9f20ee HTTP/1.0" 200 10636
2a03:2880:f80e:4d:: - - [21/Jan/2026:06:47:06 -0500] "GET /f7c78/?path=/srv/users/craft4/apps/craft4-newsite-space/public/./cpresources/9599b988/../b0ac7de7/../5d88fcbb/./../b1daeca9/js/app.js HTTP/1.0" 200 480505
216.73.216.58 - - [21/Jan/2026:06:47:06 -0500] "GET /f7c78/?path=%2Fsrv%2Fusers%2Fcraft4%2F.cache%2Fcomposer%2Ffiles%2Fether%2F..%2Fpsy%2F..%2Fphpdocumentor%2F..%2Fezyang%2F..%2Fpsy%2F..%2Ftrue%2F.. HTTP/1.0" 200 63225
2a03:2880:f80e:4d:: - - [21/Jan/2026:06:47:07 -0500] "GET /f7c78/?path=/srv/users/craft4/apps/craft4-newsite-space/public/../storage/./runtime/cache/bd/../31/../a4/CraftCMS--7272c434-7782-44e7-a48c-1d549962bb2aa4c5881c8e8488453811c21f424b1694.bin HTTP/1.0" 200 4079
216.73.216.58 - - [21/Jan/2026:06:47:09 -0500] "GET /f7c78/?path=%2Fsrv%2Fusers%2Fcraft4%2Ftmp%2F..%2F.cache%2Fcomposer%2F.%2Ffiles%2Fcomposer%2F..%2Fphpstan%2F..%2Fphpstan%2F..%2Fether%2F..%2Ftwig%2F.. HTTP/1.0" 200 63611
2a03:2880:f80e:1c:: - - [21/Jan/2026:06:47:10 -0500] "GET /f7c78/?path=/srv/users/craft4/apps/craft4-newsite-space/public/./cpresources/./../../vendor/iio/../symfony/.././ezyang/.. HTTP/1.0" 200 68946
2a03:2880:f80e:42:: - - [21/Jan/2026:06:47:11 -0500] "GET /f7c78/?path=/srv/users/craft4/apps/craft4-newsite-space/public/./cpresources/7683ad58/../2256e190/../6df6f5d8/./../e371ba21/../814f3b07/.. HTTP/1.0" 200 69628
216.73.216.58 - - [21/Jan/2026:06:47:12 -0500] "GET /f7c78/?path=%2Fsrv%2Fusers%2Fcraft4%2F.cache%2Fcomposer%2Ffiles%2Fpsy%2F..%2Fphpoption%2F..%2Fether%2F..%2Fether%2F..%2Felvanto%2F.%2F..%2Fcebe%2F.. HTTP/1.0" 200 63491
2a03:2880:f80e:11:: - - [21/Jan/2026:06:47:13 -0500] "GET /f7c78/?path=/srv/users/craft4/apps/craft4-newsite-space/public/70f7c/./../cpresources/aed7ab4c/../7196177a/../b6b51f3f/. HTTP/1.0" 200 9131
2a03:2880:f80e:50:: - - [21/Jan/2026:06:47:15 -0500] "GET /f7c78/?path=/srv/users/craft4/apps/craft4-newsite-space/public/cpresources/7acb0f10/./../b89e6451/../18a196f3/../d842585c/../fc951955/datepicker-zh-TW.js HTTP/1.0" 200 5692
216.73.216.58 - - [21/Jan/2026:06:47:15 -0500] "GET /f7c78/?path=%2Fsrv%2Fusers%2Fcraft4%2Ftmp%2F..%2F.cache%2Fcomposer%2F.%2Ffiles%2Fcomposer%2F..%2Fphpstan%2F..%2Fether%2F..%2Ftwig%2F..%2Fphpstan%2F.. HTTP/1.0" 200 63601
2a03:2880:f80e:4d:: - - [21/Jan/2026:06:47:17 -0500] "GET /f7c78/?path=/srv/users/craft4/apps/craft4-newsite-space/public/./cpresources/./d842585c/../6df6f5d8/.././3ee1a5f9/../6df6f5d8/../fc951955/datepicker-kk.js HTTP/1.0" 200 5986
216.73.216.58 - - [21/Jan/2026:06:47:18 -0500] "GET /f7c78/?path=%2Fsrv%2Fusers%2Fcraft4%2Fapps%2F..%2F.cache%2Fcomposer%2Ffiles%2Fether%2F..%2Fether%2F..%2Fsymfony%2Fstring%2F..%2F..%2Fcraftcms%2Fcms HTTP/1.0" 200 14670
2a03:2880:f80e:64:: - - [21/Jan/2026:06:47:19 -0500] "GET /f7c78/?path=/srv/users/craft4/apps/craft4-newsite-space/public/./cpresources/9599b988/../c57df74c/../aac2e380/.././f80c1dcc/../60fe2959/../f7099225/.. HTTP/1.0" 200 71940
2a03:2880:f80e:64:: - - [21/Jan/2026:06:47:21 -0500] "GET /f7c78/?path=/srv/users/craft4/apps/craft4-newsite-space/public/../config/./../config/.././vendor/iio/../psr/log/Psr HTTP/1.0" 200 8147
216.73.216.58 - - [21/Jan/2026:06:47:21 -0500] "GET /f7c78/?path=%2Fsrv%2Fusers%2Fcraft4%2Ftmp%2F..%2F.cache%2Fcomposer%2F.%2Ffiles%2Fwebonyx%2F..%2Fdompdf%2F..%2Fphpoption%2F..%2Fcreocoder%2F..%2F.. HTTP/1.0" 200 10095
2a03:2880:f80e:4d:: - - [21/Jan/2026:06:47:23 -0500] "GET /f7c78/?path=/srv/users/craft4/apps/craft4-newsite-space/public/cpresources/c7192088/./../203937da/./../b1daeca9/../c7192088 HTTP/1.0" 200 11672
216.73.216.58 - - [21/Jan/2026:06:47:24 -0500] "GET /f7c78/?path=%2Fsrv%2Fusers%2Fcraft4%2Ftmp%2F..%2F.cache%2Fcomposer%2Ffiles%2Ftrue%2F..%2Fphpdocumentor%2F..%2Fsymfony%2Fstring%2F..%2Fprocess HTTP/1.0" 200 13087
2a03:2880:f80e:34:: - - [21/Jan/2026:06:47:25 -0500] "GET /f7c78/?path=/srv/users/craft4/apps/craft4-newsite-space/public/30a37/./../.././storage/runtime/compiled_templates/./13/../8d/../12 HTTP/1.0" 200 8752
2a03:2880:f80e:8:: - - [21/Jan/2026:06:47:26 -0500] "GET /f7c78/?path=/srv/users/craft4/apps/craft4-newsite-space/public/assets/libs/validate/../bootstrap-5.2.0/../bootstrap-5.2.0/js/bootstrap.bundle.min.js HTTP/1.0" 200 94924
216.73.216.58 - - [21/Jan/2026:06:47:27 -0500] "GET /f7c78/?path=%2Fsrv%2Fusers%2Fcraft4%2Fapps%2F..%2F.cache%2Fcomposer%2Ffiles%2Fether%2F..%2Fphpstan%2F..%2F..%2Ffiles%2Fether%2F..%2F.%2Fphpoption HTTP/1.0" 200 7829
2a03:2880:f80e:53:: - - [21/Jan/2026:06:47:29 -0500] "GET /f7c78/?path=/srv/users/craft4/apps/craft4-newsite-space/public/./cpresources/./6b9f20ee/../fc951955/../../cpresources/18a196f3/../92fd50c/../e9e49845 HTTP/1.0" 200 12749
2a03:2880:f80e:c:: - - [21/Jan/2026:06:47:30 -0500] "GET /f7c78/?path=/srv/users/craft4/apps/craft4-newsite-space/public/./cpresources/beefc24a/../9a483874/.././c57df74c/../814f3b07/../aed7ab4c/. HTTP/1.0" 200 10005
216.73.216.58 - - [21/Jan/2026:06:47:30 -0500] "GET /f7c78/?path=%2Fsrv%2Fusers%2Fcraft4%2Ftmp%2F..%2F.cache%2Fcomposer%2F.%2Ffiles%2Fphpoption%2F..%2Fphpoption%2F..%2Fyiisoft%2F..%2F.. HTTP/1.0" 200 9680
2a03:2880:f80e:68:: - - [21/Jan/2026:06:47:32 -0500] "GET /f7c78/?path=/srv/users/craft4/apps/craft4-newsite-space/public/./cpresources/814f3b07/../18a196f3/../b89e6451/../././b6b51f3f/./../18a196f3/../beefc24a HTTP/1.0" 200 9311
216.73.216.58 - - [21/Jan/2026:06:47:33 -0500] "GET /f7c78/?path=%2Fsrv%2Fusers%2Fcraft4%2Ftmp%2F..%2F.cache%2Fcomposer%2Ffiles%2Fdompdf%2F..%2Fphpstan%2F..%2Fyiisoft%2F..%2Ftrue%2F..%2Ftwig%2F..%2F.. HTTP/1.0" 200 10210
2a03:2880:f80e:57:: - - [21/Jan/2026:06:47:34 -0500] "GET /f7c78/?path=/srv/users/craft4/apps/craft4-newsite-space/public/./cpresources/bb245e8e/./../f7099225/../c1b7baf0/../e371ba21/../. HTTP/1.0" 200 67800
2a03:2880:f80e:38:: - - [21/Jan/2026:06:47:36 -0500] "GET /f7c78/?path=/srv/users/craft4/apps/craft4-newsite-space/public/../vendor/./yiisoft/../criticalgears/./../doctrine/collections HTTP/1.0" 200 15292
216.73.216.58 - - [21/Jan/2026:06:47:36 -0500] "GET /f7c78/?path=%2Fsrv%2Fusers%2Fcraft4%2F.cache%2Fcomposer%2Ffiles%2Fphpdocumentor%2F..%2Fcreocoder%2F..%2Fmoneyphp%2F..%2Fphpstan%2F..%2Fdompdf HTTP/1.0" 200 7629
2a03:2880:f80e:4d:: - - [21/Jan/2026:06:47:38 -0500] "GET /f7c78/?create&path=/srv/users/craft4/apps/craft4-newsite-space/public/./cpresources/./60fe2959/../c1b7baf0/../5d88fcbb/../2256e190/../aed7ab4c HTTP/1.0" 200 4268
216.73.216.58 - - [21/Jan/2026:06:47:39 -0500] "GET /f7c78/?path=%2Fsrv%2Fusers%2Fcraft4%2Ftmp%2F..%2F.cache%2Fcomposer%2Ffiles%2Fether%2F..%2F..%2Ffiles%2Fphpstan%2F..%2F..%2Ffiles%2F..%2Ffiles HTTP/1.0" 200 62493
2a03:2880:f80e:31:: - - [21/Jan/2026:06:47:41 -0500] "GET /f7c78/?path=/srv/users/craft4/apps/craft4-newsite-space/public/./cpresources/b6b51f3f/../b89e6451/../897c2d24/../a091a247/../a091a247/../9599b988 HTTP/1.0" 200 10028
216.73.216.58 - - [21/Jan/2026:06:47:42 -0500] "GET /f7c78/?path=%2Fsrv%2Fusers%2Fcraft4%2F.cache%2Fcomposer%2Ffiles%2Fnikic%2Fphp-parser%2F..%2F..%2Fphpdocumentor%2F..%2Fyiisoft%2F..%2Ftrue%2F.. HTTP/1.0" 200 63208
2a03:2880:f80e:42:: - - [21/Jan/2026:06:47:43 -0500] "GET /f7c78/?path=/srv/users/craft4/apps/craft4-newsite-space/public/cpresources/7683ad58/../60fe2959/../b6b51f3f/../f8e62810/.././12dd9 HTTP/1.0" 200 9600
2a03:2880:f80e:12:: - - [21/Jan/2026:06:47:44 -0500] "GET /f7c78/?path=/srv/users/craft4/apps/craft4-newsite-space/public/cpresources/f2cd4ff0/.././7683ad58/.././f8e62810/../b6b51f3f/../f80c1dcc/f80c1dcc HTTP/1.0" 200 15232
216.73.216.58 - - [21/Jan/2026:06:47:45 -0500] "GET /f7c78/?path=%2Fsrv%2Fusers%2Fcraft4%2F.cache%2Fcomposer%2Ffiles%2Fether%2F..%2Fibericode%2F..%2Fether%2F..%2Fpsy%2F..%2F..%2Ffiles%2F..%2F. HTTP/1.0" 200 10009
2a03:2880:f80e:13:: - - [21/Jan/2026:06:47:46 -0500] "GET /f7c78/?path=/srv/users/craft4/apps/craft4-newsite-space/public/f7c78/../assets/./libs/../css/../../del.php HTTP/1.0" 200 3753
2a03:2880:f80e:13:: - - [21/Jan/2026:06:47:48 -0500] "GET /f7c78/?path=/srv/users/craft4/apps/craft4-newsite-space/public/./cpresources/814f3b07/../18a196f3/../12dd9/../814f3b07/.././3ee1a5f9 HTTP/1.0" 200 9711
216.73.216.58 - - [21/Jan/2026:06:47:48 -0500] "GET /f7c78/?path=%2Fsrv%2Fusers%2Fcraft4%2F.cache%2Fcomposer%2Ffiles%2Fpsy%2F..%2Fphpstan%2F..%2Fphpstan%2F..%2Fmoneyphp%2F..%2Ftrue%2F..%2Fphpstan HTTP/1.0" 200 7755
2a03:2880:f80e:c:: - - [21/Jan/2026:06:47:49 -0500] "GET /f7c78/?path=/srv/users/craft4/apps/craft4-newsite-space/public/./cpresources/bb245e8e/.././203937da/../c7192088/../92fd50c/.. HTTP/1.0" 200 67158
216.73.216.58 - - [21/Jan/2026:06:47:51 -0500] "GET /f7c78/?path=%2Fsrv%2Fusers%2Fcraft4%2F.cache%2Fcomposer%2Ffiles%2Fether%2F..%2Fphpdocumentor%2F..%2Freact%2F..%2Fiio%2F..%2Freact%2F..%2Ftrue%2F.. HTTP/1.0" 200 63413
2a03:2880:f80e:2d:: - - [21/Jan/2026:06:47:51 -0500] "GET /f7c78/?path=/srv/users/craft4/apps/craft4-newsite-space/public/./cpresources/9599b988/../cec54a4c/./../28e2e3a3/../b2c756a7/.././28e2e3a3/../aac2e380 HTTP/1.0" 200 14720
2a03:2880:f80e:5b:: - - [21/Jan/2026:06:47:53 -0500] "GET /f7c78/?path=/srv/users/craft4/apps/craft4-newsite-space/public/cpresources/28e2e3a3/././../897c2d24/../c1b7baf0/../aed7ab4c HTTP/1.0" 200 9355
216.73.216.58 - - [21/Jan/2026:06:47:54 -0500] "GET /f7c78/?path=%2Fsrv%2Fusers%2Fcraft4%2Ftmp%2F..%2F.cache%2Fcomposer%2Ffiles%2Fdompdf%2F..%2Fpsr%2F..%2Fphpdocumentor%2F..%2Fcebe%2F..%2Fether%2F.%2F.. HTTP/1.0" 200 63627
2a03:2880:f80e:1c:: - - [21/Jan/2026:06:47:55 -0500] "GET /f7c78/?path=/srv/users/craft4/apps/craft4-newsite-space/public/cpresources/././b2c756a7/../bb245e8e/prism.js HTTP/1.0" 200 23770
2a03:2880:f80e:1c:: - - [21/Jan/2026:06:47:57 -0500] "GET /f7c78/?path=/srv/users/craft4/apps/craft4-newsite-space/public/./cpresources/b0ac7de7/../9a483874/../3ee1a5f9/../f29e9092/../5e0f94ef/../9a483874/AccountSettingsForm.js HTTP/1.0" 200 10803
216.73.216.58 - - [21/Jan/2026:06:47:57 -0500] "GET /f7c78/?path=%2Fsrv%2Fusers%2Fcraft4%2F.cache%2Fcomposer%2Ffiles%2Fpsy%2F..%2Fphpdocumentor%2F..%2Fseld%2F..%2Fpsy%2F..%2Fdefuse%2F..%2Ftrue%2F..%2F.. HTTP/1.0" 200 10301
2a03:2880:f80e:1e:: - - [21/Jan/2026:06:47:58 -0500] "GET /f7c78/?path=/srv/users/craft4/apps/craft4-newsite-space/public/cpresources/7683ad58/.././46fa01b6/../f8e62810 HTTP/1.0" 200 9926
216.73.216.58 - - [21/Jan/2026:06:48:00 -0500] "GET /f7c78/?path=%2Fsrv%2Fusers%2Fcraft4%2Ftmp%2F..%2F.cache%2Fcomposer%2F.%2Ffiles%2Fcreocoder%2F.%2F..%2Fphpdocumentor%2F..%2Fether%2F..%2Fdefuse%2F.. HTTP/1.0" 200 63499
2a03:2880:f80e:14:: - - [21/Jan/2026:06:48:01 -0500] "GET /f7c78/?path=/srv/users/craft4/apps/craft4-newsite-space/public/./cpresources/f8e62810/../814f3b07/.././108d6eda/../b89e6451/css HTTP/1.0" 200 9567
2a03:2880:f80e:2d:: - - [21/Jan/2026:06:48:02 -0500] "GET /f7c78/?path=/srv/users/craft4/apps/craft4-newsite-space/public/./cpresources/bb245e8e/../9e85d86b/../././3ee1a5f9/./../b0ac7de7/.. HTTP/1.0" 200 68261
2a03:2880:f80e:42:: - - [21/Jan/2026:06:48:04 -0500] "GET /f7c78/?path=/srv/users/craft4/apps/craft4-newsite-space/public/../storage/backups/./../runtime/cache/7b/../d0/../63/../de HTTP/1.0" 200 10302
216.73.216.58 - - [21/Jan/2026:06:48:05 -0500] "GET /f7c78/?path=%2Fsrv%2Fusers%2Fcraft4%2Ftmp%2F..%2F.cache%2Fcomposer%2F.%2Ffiles%2Fcreocoder%2F..%2Fphpoption%2F..%2Fcreocoder%2F..%2Fiio%2F..%2Ftrue HTTP/1.0" 200 7870
2a03:2880:f80e:34:: - - [21/Jan/2026:06:48:06 -0500] "GET /f7c78/?path=/srv/users/craft4/apps/craft4-newsite-space/public/cpresources/60fe2959/././../6df6f5d8/../7acb0f10/../e9e49845/../9a483874/../../del.php HTTP/1.0" 200 4720
2a03:2880:f80e:64:: - - [21/Jan/2026:06:48:07 -0500] "GET /f7c78/?path=/srv/users/craft4/apps/craft4-newsite-space/public/cpresources/f2cd4ff0/.././92fd50c/../814f3b07/.././7acb0f10/.././f29e9092/../fc951955/./datepicker-en-GB.js HTTP/1.0" 200 6403
216.73.216.58 - - [21/Jan/2026:06:48:08 -0500] "GET /f7c78/?path=%2Fsrv%2Fusers%2Fcraft4%2F.cache%2Fcomposer%2Ffiles%2Fpsy%2F..%2Fphpoption%2F..%2Fether%2F..%2Fether%2F..%2Fvoku%2F..%2Fdefuse%2F..%2Fiio HTTP/1.0" 200 8023
2a03:2880:f80e:7:: - - [21/Jan/2026:06:48:09 -0500] "GET /f7c78/?path=/srv/users/craft4/apps/craft4-newsite-space/public/./cpresources/./d842585c/../6df6f5d8/../c57df74c/../e3294a7e/e3294a7e/../../108d6eda/../e371ba21/editsection.js.map HTTP/1.0" 200 9136
216.73.216.58 - - [21/Jan/2026:06:48:11 -0500] "GET /f7c78/?path=%2Fsrv%2Fusers%2Fcraft4%2F.ssh%2F..%2Frun%2F..%2F.cache%2F..%2Flog%2F..%2F.config%2F..%2Fapps%2F..%2F.local%2F..%2Fapps%2F.%2F..%2Flog HTTP/1.0" 200 8027
2a03:2880:f80e:b:: - - [21/Jan/2026:06:48:11 -0500] "GET /f7c78/?path=/srv/users/craft4/apps/craft4-newsite-space/public/./cpresources/b6b51f3f/../e9e49845/../5e0f94ef/../f29e9092/../92fd50c/../28e2e3a3/../28e2e3a3 HTTP/1.0" 200 11890
2a03:2880:f80e:4d:: - - [21/Jan/2026:06:48:13 -0500] "GET /f7c78/?path=/srv/users/craft4/apps/craft4-newsite-space/public/./cpresources/./60fe2959/../7196177a/../92fd50c/../2256e190/2256e190/. HTTP/1.0" 200 10950
216.73.216.58 - - [21/Jan/2026:06:48:14 -0500] "GET /f7c78/?path=%2Fsrv%2Fusers%2Fcraft4%2F.cache%2Fcomposer%2Ffiles%2Fether%2F..%2Fphpdocumentor%2F..%2Fphpoption%2F..%2Fpsy%2F..%2Ftwig%2F..%2Fvoku HTTP/1.0" 200 15642
2a03:2880:f80e:5e:: - - [21/Jan/2026:06:48:15 -0500] "GET /f7c78/?path=/srv/users/craft4/apps/craft4-newsite-space/public/./cpresources/30f2c67a/.././aed7ab4c/../d842585c/../203937da/../cf1f9745/login.js.map HTTP/1.0" 200 32990
2a03:2880:f80e:4f:: - - [21/Jan/2026:06:48:16 -0500] "GET /f7c78/?path=/srv/users/craft4/apps/craft4-newsite-space/public/./cpresources/814f3b07/../f80c1dcc/../814f3b07/../108d6eda/.././f29e9092 HTTP/1.0" 200 9731
216.73.216.58 - - [21/Jan/2026:06:48:17 -0500] "GET /f7c78/?path=%2Fsrv%2Fusers%2Fcraft4%2Ftmp%2F..%2F.cache%2Fcomposer%2F.%2Ffiles%2Fphpoption%2F..%2Fphpoption%2F..%2Fphpstan%2F..%2Fpsy%2F..%2Fnikic HTTP/1.0" 200 7857
2a03:2880:f80e:26:: - - [21/Jan/2026:06:48:19 -0500] "GET /f7c78/?path=/srv/users/craft4/apps/craft4-newsite-space/public/./cpresources/e3294a7e/./.././5e0f94ef/../6df6f5d8/../f7099225/../2256e190/. HTTP/1.0" 200 12544
216.73.216.58 - - [21/Jan/2026:06:48:20 -0500] "GET /f7c78/?path=%2Fsrv%2Fusers%2Fcraft4%2F.cache%2Fcomposer%2Ffiles%2Fiio%2F..%2Fphpdocumentor%2F..%2Fether%2F..%2Fcebe%2F..%2Ftrue%2F..%2Fiio%2F..%2Fpsy HTTP/1.0" 200 8027
2a03:2880:f80e:47:: - - [21/Jan/2026:06:48:20 -0500] "GET /f7c78/?path=/srv/users/craft4/apps/craft4-newsite-space/public/./cpresources/aac2e380/../b0ac7de7/../7683ad58/../e371ba21/../.gitignore HTTP/1.0" 200 3983
2a03:2880:f80e:47:: - - [21/Jan/2026:06:48:22 -0500] "GET /f7c78/?path=/srv/users/craft4/apps/craft4-newsite-space/public/./cpresources/9599b988/../6b9f20ee/../f29e9092/../cf1f9745/../7683ad58 HTTP/1.0" 200 11973
216.73.216.58 - - [21/Jan/2026:06:48:23 -0500] "GET /f7c78/?path=%2Fsrv%2Fusers%2Fcraft4%2Ftmp%2F..%2F.cache%2Fcomposer%2Ffiles%2F.%2Fcreocoder%2F..%2Fphpoption%2F..%2Ftwig%2F..%2Fcreocoder%2F..%2Fpsy HTTP/1.0" 200 7854
2a03:2880:f80e:4e:: - - [21/Jan/2026:06:48:23 -0500] "GET /f7c78/?path=/srv/users/craft4/apps/craft4-newsite-space/public/./cpresources/3013a1e4/../b89e6451/../c57df74c/../12dd9/../5e0f94ef/../3ee1a5f9 HTTP/1.0" 200 10034
2a03:2880:f80e:5b:: - - [21/Jan/2026:06:48:26 -0500] "GET /f7c78/?path=/srv/users/craft4/apps/craft4-newsite-space/public/../config/./.././storage/runtime/cache/49/./../7b/../up/../.. HTTP/1.0" 200 18075
216.73.216.58 - - [21/Jan/2026:06:48:26 -0500] "GET /f7c78/?path=%2Fsrv%2Fusers%2Fcraft4%2Ftmp%2F..%2F.cache%2Fcomposer%2F.%2Ffiles%2Fpsy%2F..%2Fether%2F..%2Fcebe%2F..%2Fether%2F..%2Freact%2F.%2F..%2Ftrue HTTP/1.0" 200 8111
2a03:2880:f80e:69:: - - [21/Jan/2026:06:48:27 -0500] "GET /f7c78/?path=/srv/users/craft4/apps/craft4-newsite-space/public/./cpresources/e371ba21/../46fa01b6/../b1daeca9/js/../../3ee1a5f9/../a091a247 HTTP/1.0" 200 12414
216.73.216.58 - - [21/Jan/2026:06:48:29 -0500] "GET /f7c78/?path=%2Fsrv%2Fusers%2Fcraft4%2F.cache%2Fcomposer%2Ffiles%2Fpsy%2F..%2Fphpdocumentor%2F..%2Fseld%2F..%2Fether%2F..%2Fpsr%2F..%2Fcebe%2F.%2F.. HTTP/1.0" 200 63348
2a03:2880:f80e:6c:: - - [21/Jan/2026:06:48:29 -0500] "GET /f7c78/?path=/srv/users/craft4/apps/craft4-newsite-space/public/cpresources/6b9f20ee/.././9a483874/./../a091a247/../3013a1e4/../9a483874 HTTP/1.0" 200 14768
2a03:2880:f80e:50:: - - [21/Jan/2026:06:48:31 -0500] "GET /f7c78/?create&path=/srv/users/craft4/apps/craft4-newsite-space/public/./cpresources/cf1f9745/./../b6b51f3f/../3013a1e4/././../30f2c67a HTTP/1.0" 200 4242
216.73.216.58 - - [21/Jan/2026:06:48:32 -0500] "GET /f7c78/?path=%2Fsrv%2Fusers%2Fcraft4%2F.cache%2Fcomposer%2Ffiles%2Fether%2F..%2Fphpoption%2Fphpoption%2F..%2F..%2Fcraftcms%2F..%2F.%2Fether HTTP/1.0" 200 7618
2a03:2880:f80e:1f:: - - [21/Jan/2026:06:48:32 -0500] "GET /f7c78/?path=/srv/users/craft4/apps/craft4-newsite-space/public/30a37/./../cpresources/9a483874/../897c2d24/././../2256e190/../7196177a HTTP/1.0" 200 11079
2a03:2880:f80e:4d:: - - [21/Jan/2026:06:48:34 -0500] "GET /f7c78/?path=/srv/users/craft4/apps/craft4-newsite-space/public/cpresources/f2cd4ff0/../../assets/libs/bootstrap-5.2.0/../bootstrap-5.2.0/.. HTTP/1.0" 200 21591
216.73.216.58 - - [21/Jan/2026:06:48:35 -0500] "GET /f7c78/?path=%2Fsrv%2Fusers%2Fcraft4%2F.cache%2Fcomposer%2Ffiles%2Fpsy%2F..%2Fphpoption%2F..%2Fether%2F..%2Fphpdocumentor%2F..%2Ftwig%2F..%2Fvoku HTTP/1.0" 200 15606
2a03:2880:f80e:50:: - - [21/Jan/2026:06:48:36 -0500] "GET /f7c78/?path=/srv/users/craft4/apps/craft4-newsite-space/public/./cpresources/b6b51f3f/.././60b5d681/../aed7ab4c/./../e9e49845/./../92fd50c HTTP/1.0" 200 11172
216.73.216.58 - - [21/Jan/2026:06:48:38 -0500] "GET /f7c78/?path=%2Fsrv%2Fusers%2Fcraft4%2Ftmp%2F..%2F.cache%2Fcomposer%2F.%2Ffiles%2Ftecnickcom%2F..%2Fdompdf%2F..%2Fphpoption%2F..%2Fphpdocumentor HTTP/1.0" 200 9949
2a03:2880:f80e:1a:: - - [21/Jan/2026:06:48:38 -0500] "GET /f7c78/?create&path=/srv/users/craft4/apps/craft4-newsite-space/public/./cpresources/beefc24a/../7196177a/../7196177a/../814f3b07/. HTTP/1.0" 200 3992
2a03:2880:f80e:36:: - - [21/Jan/2026:06:48:39 -0500] "GET /f7c78/?path=/srv/users/craft4/apps/craft4-newsite-space/public/./cpresources/./../cpresources/beefc24a/../aed7ab4c/../9e85d86b HTTP/1.0" 200 10588
216.73.216.58 - - [21/Jan/2026:06:48:41 -0500] "GET /f7c78/?path=%2Fsrv%2Fusers%2Fcraft4%2Ftmp%2F..%2F.cache%2Fcomposer%2Ffiles%2Freact%2F..%2Fcebe%2F..%2F..%2Ffiles%2Fether%2F..%2Fpsy%2F..%2Fseld%2F..%2F. HTTP/1.0" 200 63659
2a03:2880:f80e:57:: - - [21/Jan/2026:06:48:41 -0500] "GET /f7c78/?path=/srv/users/craft4/apps/craft4-newsite-space/public/cpresources/f2cd4ff0/.././7683ad58/./../108d6eda/../9a483874/../fc951955/datepicker-af.js HTTP/1.0" 200 5685
2a03:2880:f80e:63:: - - [21/Jan/2026:06:48:43 -0500] "GET /f7c78/?path=/srv/users/craft4/apps/craft4-newsite-space/public/cpresources/7acb0f10/./../b89e6451/../f80c1dcc/./../60b5d681/../5e0f94ef/../60b5d681/../30f2c67a HTTP/1.0" 200 11877
216.73.216.58 - - [21/Jan/2026:06:48:44 -0500] "GET /f7c78/?path=%2Fsrv%2Fusers%2Fcraft4%2Ftmp%2F..%2F.cache%2Fcomposer%2Ffiles%2Freact%2F..%2Fphpstan%2F..%2Fphpstan%2F..%2Fiio%2F..%2F.%2Fseld%2F.. HTTP/1.0" 200 62789
2a03:2880:f80e:2:: - - [21/Jan/2026:06:48:45 -0500] "GET /f7c78/?path=/srv/users/craft4/apps/craft4-newsite-space/./storage/composer-backups/.././runtime/cache/c4/../e5/../3c HTTP/1.0" 200 12843
216.73.216.58 - - [21/Jan/2026:06:48:47 -0500] "GET /f7c78/?path=%2Fsrv%2Fusers%2Fcraft4%2Ftmp%2F..%2F.cache%2Fcomposer%2F.%2Ffiles%2Fcebe%2F..%2Fphpstan%2F..%2Fphpoption%2F..%2Ftrue%2F..%2Fether%2F. HTTP/1.0" 200 7884
2a03:2880:f80e:54:: - - [21/Jan/2026:06:48:47 -0500] "GET /f7c78/?path=/srv/users/craft4/apps/craft4-newsite-space/public/cpresources/f2cd4ff0/../5d88fcbb/../f8e62810/../5e0f94ef/../60fe2959 HTTP/1.0" 200 11755
2a03:2880:f80e:45:: - - [21/Jan/2026:06:48:48 -0500] "GET /f7c78/?path=/srv/users/craft4/apps/craft4-newsite-space/public/./cpresources/9599b988/../b6b51f3f/.././b2c756a7/../2256e190/../6df6f5d8/../f8e62810 HTTP/1.0" 200 11598
2a03:2880:f80e:6b:: - - [21/Jan/2026:06:48:50 -0500] "GET /f7c78/?path=/srv/users/craft4/apps/craft4-newsite-space/public/./cpresources/814f3b07/../7683ad58/../7196177a/../3013a1e4/./.. HTTP/1.0" 200 67349
216.73.216.58 - - [21/Jan/2026:06:48:50 -0500] "GET /f7c78/?path=%2Fsrv%2Fusers%2Fcraft4%2F.cache%2Fcomposer%2Ffiles%2Fpsy%2F..%2Fphpdocumentor%2F..%2Ftwig%2F..%2Fphpoption%2F..%2Fether%2F..%2Fvoku HTTP/1.0" 200 15618
2a03:2880:f80e:14:: - - [21/Jan/2026:06:48:51 -0500] "GET /f7c78/?path=/srv/users/craft4/apps/craft4-newsite-space/public/cpresources/f2cd4ff0/../e3294a7e/../f7099225/../f2cd4ff0/../60fe2959 HTTP/1.0" 200 11755
216.73.216.58 - - [21/Jan/2026:06:48:53 -0500] "GET /f7c78/?path=%2Fsrv%2Fusers%2Fcraft4%2Ftmp%2F..%2F.cache%2Fcomposer%2Ffiles%2Fether%2F..%2Fpsy%2F..%2F.%2Fphpdocumentor%2F..%2Fdefuse HTTP/1.0" 200 7480
2a03:2880:f80e:22:: - - [21/Jan/2026:06:48:53 -0500] "GET /f7c78/?path=/srv/users/craft4/apps/craft4-newsite-space/public/./cpresources/./6b9f20ee/../c7192088/../beefc24a/../e3294a7e/./../7683ad58 HTTP/1.0" 200 12316
2a03:2880:f80e:7:: - - [21/Jan/2026:06:48:55 -0500] "GET /f7c78/?path=/srv/users/craft4/apps/craft4-newsite-space/public/./cpresources/b6b51f3f/../9e85d86b/../18a196f3/.././bb245e8e/prism.js HTTP/1.0" 200 24373
216.73.216.58 - - [21/Jan/2026:06:48:56 -0500] "GET /f7c78/?path=%2Fsrv%2Fusers%2Fcraft4%2F.cache%2Fcomposer%2Ffiles%2Fpsy%2F..%2Fphpstan%2F..%2Freact%2F..%2Fphpstan%2F..%2Fcebe%2F..%2Freact%2F..%2Fseld HTTP/1.0" 200 11383
2a03:2880:f80e:c:: - - [21/Jan/2026:06:48:57 -0500] "GET /f7c78/?create&path=/srv/users/craft4/apps/craft4-newsite-space/public/./cpresources/e3294a7e/./../5d88fcbb/../60b5d681/../aed7ab4c HTTP/1.0" 200 3967
2a03:2880:f80e:23:: - - [21/Jan/2026:06:48:58 -0500] "GET /f7c78/?path=/srv/users/craft4/apps/craft4-newsite-space/public/cpresources/./28e2e3a3/../e3294a7e/../7acb0f10/../92fd50c/./../../92d27eb41b.php HTTP/1.0" 200 29781
216.73.216.58 - - [21/Jan/2026:06:48:59 -0500] "GET /f7c78/?path=%2Fsrv%2Fusers%2Fcraft4%2F.cache%2Fcomposer%2Ffiles%2Fpsy%2F..%2Fphpdocumentor%2F..%2Freact%2F..%2Fnikic%2F..%2Fether%2F..%2Fyiisoft HTTP/1.0" 200 13410
2a03:2880:f80e:53:: - - [21/Jan/2026:06:49:01 -0500] "GET /f7c78/?path=/srv/users/craft4/apps/craft4-newsite-space/public/./cpresources/b6b51f3f/../28e2e3a3/../60fe2959/../5e0f94ef/../.. HTTP/1.0" 200 44580
2a03:2880:f80e:8:: - - [21/Jan/2026:06:49:02 -0500] "GET /f7c78/?path=/srv/users/craft4/apps/craft4-newsite-space/public/cpresources/f2cd4ff0/../18a196f3/../fc951955/../e3294a7e/../7196177a/./.././fc951955/datepicker-tj.js HTTP/1.0" 200 6256
216.73.216.58 - - [21/Jan/2026:06:49:02 -0500] "GET /f7c78/?path=%2Fsrv%2Fusers%2Fcraft4%2Ftmp%2F..%2F.cache%2Fcomposer%2F.%2Ffiles%2Fpsy%2F..%2Fphpoption%2F..%2Fphpstan%2F..%2Fphpoption%2F..%2Fnikic HTTP/1.0" 200 7821
2a03:2880:f80e:60:: - - [21/Jan/2026:06:49:04 -0500] "GET /f7c78/?path=/srv/users/craft4/apps/craft4-newsite-space/public/./cpresources/814f3b07/.././9599b988/../b0ac7de7/../5d88fcbb/../bb245e8e/prism.js HTTP/1.0" 200 24689
216.73.216.58 - - [21/Jan/2026:06:49:05 -0500] "GET /f7c78/?path=%2Fsrv%2Fusers%2Fcraft4%2Ftmp%2F..%2F.cache%2Fcomposer%2F.%2Ffiles%2Fcomposer%2F..%2F.%2Fyiisoft%2F..%2Fphpdocumentor%2F..%2Fether%2F.. HTTP/1.0" 200 63485
2a03:2880:f80e:53:: - - [21/Jan/2026:06:49:05 -0500] "GET /f7c78/?path=/srv/users/craft4/apps/craft4-newsite-space/public/./cpresources/aac2e380/../9599b988/../2256e190/../f2cd4ff0/../203937da/../aac2e380 HTTP/1.0" 200 14341
2a03:2880:f80e:18:: - - [21/Jan/2026:06:49:07 -0500] "GET /f7c78/?create&path=/srv/users/craft4/apps/craft4-newsite-space/public/cpresources/9599b988/../e371ba21/./../7683ad58/7683ad58 HTTP/1.0" 200 3740
216.73.216.58 - - [21/Jan/2026:06:49:08 -0500] "GET /f7c78/?path=%2Fsrv%2Fusers%2Fcraft4%2Ftmp%2F..%2F.cache%2Fcomposer%2Ffiles%2Freact%2F..%2Fcebe%2F..%2Fether%2F..%2Fether%2F..%2Ftecnickcom%2Ftcpdf HTTP/1.0" 200 10658
2a03:2880:f80e:4e:: - - [21/Jan/2026:06:49:09 -0500] "GET /f7c78/?path=/srv/users/craft4/apps/craft4-newsite-space/public/cpresources/28e2e3a3/../../../vendor/./symfony/polyfill-intl-idn/../polyfill-mbstring/../polyfill-intl-normalizer HTTP/1.0" 200 17511
2a03:2880:f80e:12:: - - [21/Jan/2026:06:49:11 -0500] "GET /f7c78/?path=/srv/users/craft4/apps/craft4-newsite-space/public/cpresources/f2cd4ff0/../108d6eda/../9e85d86b/../f8e62810/../92fd50c/../b2c756a7 HTTP/1.0" 200 11278
216.73.216.58 - - [21/Jan/2026:06:49:11 -0500] "GET /f7c78/?path=%2Fsrv%2Fusers%2Fcraft4%2F.cache%2Fcomposer%2Ffiles%2Fpsy%2F..%2Fphpdocumentor%2F..%2Fcebe%2F..%2Fether%2F..%2Filluminate%2F..%2Ftrue HTTP/1.0" 200 7804
2a03:2880:f80e:63:: - - [21/Jan/2026:06:49:12 -0500] "GET /f7c78/?path=/srv/users/craft4/apps/craft4-newsite-space/public/../public/../vendor/./././seld/../masterminds HTTP/1.0" 200 7689
2a03:2880:f80e:1f:: - - [21/Jan/2026:06:49:14 -0500] "GET /f7c78/?path=/srv/users/craft4/apps/craft4-newsite-space/public/assets/libs/validate/../validate/../validate/.././bootstrap-select HTTP/1.0" 200 10391
216.73.216.58 - - [21/Jan/2026:06:49:14 -0500] "GET /f7c78/?path=%2Fsrv%2Fusers%2Fcraft4%2Ftmp%2F..%2F.cache%2Fcomposer%2Ffiles%2Fether%2F..%2Fpsy%2F..%2Fpsy%2F..%2Fphpstan%2F.%2F..%2Fcebe%2F..%2Fdoctrine HTTP/1.0" 200 10286
2a03:2880:f80e:49:: - - [21/Jan/2026:06:49:16 -0500] "GET /f7c78/?path=/srv/users/craft4/apps/craft4-newsite-space/public/assets/libs/../../cpresources/92fd50c/.././bb245e8e/./../b6b51f3f/../c57df74c HTTP/1.0" 200 10174
216.73.216.58 - - [21/Jan/2026:06:49:17 -0500] "GET /f7c78/?path=%2Fsrv%2Fusers%2Fcraft4%2Ftmp%2F..%2F.cache%2Fcomposer%2Ffiles%2Fether%2F..%2Fpsy%2F..%2Fphpstan%2F..%2Fpsy%2F.%2F..%2Fcebe%2F..%2Fdoctrine HTTP/1.0" 200 10294
2a03:2880:f80e:12:: - - [21/Jan/2026:06:49:17 -0500] "GET /f7c78/?path=/srv/users/craft4/apps/craft4-newsite-space/public/../config/./.././storage/runtime/cache/49/./.././16/../69/../72 HTTP/1.0" 200 10742
2a03:2880:f80e:36:: - - [21/Jan/2026:06:49:19 -0500] "GET /f7c78/?path=/srv/users/craft4/apps/craft4-newsite-space/public/cpresources/6b9f20ee/.././../../storage/./runtime/./cache/4c/.././4a HTTP/1.0" 200 9147
216.73.216.58 - - [21/Jan/2026:06:49:20 -0500] "GET /f7c78/?path=%2Fsrv%2Fusers%2Fcraft4%2F.cache%2Fcomposer%2Ffiles%2Fpsy%2F..%2Fphpdocumentor%2F..%2Fpsy%2F..%2Fseld%2F..%2Fsamdark%2F.. HTTP/1.0" 200 61680
2a03:2880:f80e:d:: - - [21/Jan/2026:06:49:21 -0500] "GET /f7c78/?path=/srv/users/craft4/apps/craft4-newsite-space/public/cpresources/f2cd4ff0/.././814f3b07/css/././../../b6b51f3f/../5e0f94ef/RecentEntriesWidget.js.map HTTP/1.0" 200 8882
2a03:2880:f80e:26:: - - [21/Jan/2026:06:49:22 -0500] "GET /f7c78/?path=/srv/users/craft4/apps/craft4-newsite-space/public/./cpresources/814f3b07/../a091a247/../108d6eda/../bb245e8e/../60fe2959 HTTP/1.0" 200 11898
2a03:2880:f80e:8:: - - [21/Jan/2026:06:49:24 -0500] "GET /f7c78/?path=/srv/users/craft4/apps/craft4-newsite-space/public/./cpresources/5e0f94ef/../aac2e380/./../././9a483874/../12dd9/../b6b51f3f/../18a196f3/../f7099225 HTTP/1.0" 200 11109
216.73.216.58 - - [21/Jan/2026:06:49:24 -0500] "GET /f7c78/?path=%2Fsrv%2Fusers%2Fcraft4%2F.cache%2Fcomposer%2Ffiles%2Fsamdark%2F..%2Fether%2F..%2Fether%2F..%2Fphenx%2F..%2Fpsy%2F..%2F.%2Fibericode%2F.. HTTP/1.0" 200 63652
2a03:2880:f80e:54:: - - [21/Jan/2026:06:49:25 -0500] "GET /f7c78/?path=/srv/users/craft4/apps/craft4-newsite-space/public/../templates/./../vendor/verbb/../enshrined/../bin/../../modules/.. HTTP/1.0" 200 24262
2a03:2880:f80e:45:: - - [21/Jan/2026:06:49:27 -0500] "GET /f7c78/?path=/srv/users/craft4/apps/craft4-newsite-space/public/cpresources/3013a1e4/../3ee1a5f9/../c7192088/../f2cd4ff0/../c1b7baf0/../60b5d681 HTTP/1.0" 200 10022
2a03:2880:f80e:3c:: - - [21/Jan/2026:06:49:28 -0500] "GET /f7c78/?path=/srv/users/craft4/apps/craft4-newsite-space/public/././cpresources/7196177a/../e3294a7e/../46fa01b6/. HTTP/1.0" 200 7768
2a03:2880:f80e:b:: - - [21/Jan/2026:06:49:30 -0500] "GET /f7c78/?path=/srv/users/craft4/apps/craft4-newsite-space/public/cpresources/f2cd4ff0/.././c7192088/.././a091a247/../7acb0f10/images/image-editor/../.. HTTP/1.0" 200 15274
216.73.216.58 - - [21/Jan/2026:06:49:31 -0500] "GET /f7c78/?path=%2Fsrv%2Fusers%2Fcraft4%2Ftmp%2F..%2F.cache%2Fcomposer%2Ffiles%2Freact%2F..%2Fcebe%2F..%2Fphpstan%2F..%2Fcraftcms%2F..%2Ftwig%2F.. HTTP/1.0" 200 62666
2a03:2880:f80e:66:: - - [21/Jan/2026:06:49:32 -0500] "GET /f7c78/?path=/srv/users/craft4/apps/craft4-newsite-space/public/./cpresources/./../cpresources/6b9f20ee/../aac2e380/../beefc24a/../814f3b07/../a4303b5a HTTP/1.0" 200 11582
2a03:2880:f80e:34:: - - [21/Jan/2026:06:49:33 -0500] "GET /f7c78/?path=/srv/users/craft4/apps/craft4-newsite-space/public/./cpresources/./7acb0f10/../e371ba21/../aed7ab4c/../108d6eda/../e371ba21 HTTP/1.0" 200 9790
216.73.216.58 - - [21/Jan/2026:06:49:34 -0500] "GET /f7c78/?path=%2Fsrv%2Fusers%2Fcraft4%2Ftmp%2F..%2F.cache%2Fcomposer%2Ffiles%2Fether%2F..%2Fpsy%2F..%2Fphpoption%2F..%2Fyiisoft%2F..%2Fiio%2F..%2Fvoku HTTP/1.0" 200 15770
2a03:2880:f80e:2a:: - - [21/Jan/2026:06:49:35 -0500] "GET /f7c78/?path=/srv/users/craft4/apps/craft4-newsite-space/public/./../vendor/react/../enshrined/../tecnickcom HTTP/1.0" 200 7458
216.73.216.58 - - [21/Jan/2026:06:49:37 -0500] "GET /f7c78/?path=%2Fsrv%2Fusers%2Fcraft4%2F.cache%2Fcomposer%2Ffiles%2Fpsy%2F..%2F.%2Fether%2F..%2Fphpstan%2F..%2Fether%2F..%2Ftrue%2F..%2Fralouphie%2F.. HTTP/1.0" 200 63440
2a03:2880:f80e:49:: - - [21/Jan/2026:06:49:37 -0500] "GET /f7c78/?path=/srv/users/craft4/apps/craft4-newsite-space/public/./cpresources/./60fe2959/../f2cd4ff0/../18a196f3/../f29e9092/../92fd50c/../6df6f5d8/../e3294a7e/../7196177a HTTP/1.0" 200 12632
2a03:2880:f80e:10:: - - [21/Jan/2026:06:49:39 -0500] "GET /f7c78/?path=/srv/users/craft4/apps/craft4-newsite-space/public/./cpresources/203937da/../c1b7baf0/../e9e49845/../108d6eda/../fc951955/datepicker-en-AU.js HTTP/1.0" 200 5571
216.73.216.58 - - [21/Jan/2026:06:49:40 -0500] "GET /f7c78/?path=%2Fsrv%2Fusers%2Fcraft4%2F.cache%2Fcomposer%2Ffiles%2Fether%2F..%2Fibericode%2F..%2Fether%2F..%2Ftecnickcom%2F..%2Fpsr%2F..%2Fpsr%2F.. HTTP/1.0" 200 63405
2a03:2880:f80e:43:: - - [21/Jan/2026:06:49:41 -0500] "GET /f7c78/?path=/srv/users/craft4/apps/craft4-newsite-space/public/./cpresources/./b1daeca9/../5e0f94ef/../203937da/css/../../fc951955/datepicker-en-NZ.js HTTP/1.0" 200 5661
2a03:2880:f80e:60:: - - [21/Jan/2026:06:49:42 -0500] "GET /f7c78/?path=/srv/users/craft4/apps/craft4-newsite-space/public/cpresources/7683ad58/../814f3b07/../6b9f20ee/../b0ac7de7/../12dd9/. HTTP/1.0" 200 9604
216.73.216.58 - - [21/Jan/2026:06:49:43 -0500] "GET /f7c78/?path=%2Fsrv%2Fusers%2Fcraft4%2Ftmp%2F..%2F.cache%2Fcomposer%2F.%2Ffiles%2Fcreocoder%2F..%2Ftwig%2F..%2Fyiisoft%2F..%2Fether%2F..%2Fether HTTP/1.0" 200 7764
2a03:2880:f80e:43:: - - [21/Jan/2026:06:49:43 -0500] "GET /f7c78/?path=/srv/users/craft4/apps/craft4-newsite-space/public/cpresources/9e85d86b/../f7099225/./../c1b7baf0/../././d842585c/../3013a1e4 HTTP/1.0" 200 10001
2a03:2880:f80e:47:: - - [21/Jan/2026:06:49:46 -0500] "GET /f7c78/?path=/srv/users/craft4/apps/craft4-newsite-space/public/./cpresources/./d842585c/../3ee1a5f9/../beefc24a/../b89e6451/images/../../f29e9092/../60b5d681 HTTP/1.0" 200 10791
216.73.216.58 - - [21/Jan/2026:06:49:46 -0500] "GET /f7c78/?path=%2Fsrv%2Fusers%2Fcraft4%2Fapps%2F..%2F.cache%2Fcomposer%2Ffiles%2Fether%2F..%2Fphpstan%2F..%2Fphpstan%2F..%2Fsymfony HTTP/1.0" 200 33692
2a03:2880:f80e:2c:: - - [21/Jan/2026:06:49:47 -0500] "GET /f7c78/?path=/srv/users/craft4/apps/craft4-newsite-space/public/cpresources/f2cd4ff0/../b1daeca9/../b2c756a7/../7acb0f10/../cec54a4c/../c7192088/CraftSupportWidget.js HTTP/1.0" 200 20689
216.73.216.58 - - [21/Jan/2026:06:49:49 -0500] "GET /f7c78/?path=%2Fsrv%2Fusers%2Fcraft4%2F.cache%2Fcomposer%2Ffiles%2Fpsy%2F..%2Fphpstan%2F..%2Fcomposer%2F..%2Fether%2F..%2Fether%2F..%2Fezyang HTTP/1.0" 200 7721
2a03:2880:f80e:4e:: - - [21/Jan/2026:06:49:49 -0500] "GET /f7c78/?path=/srv/users/craft4/apps/craft4-newsite-space/public/cpresources/92fd50c/../beefc24a/../a4303b5a/./././a4303b5a/. HTTP/1.0" 200 11912
2a03:2880:f80e:64:: - - [21/Jan/2026:06:49:50 -0500] "GET /f7c78/?path=/srv/users/craft4/apps/craft4-newsite-space/public/./cpresources/./../cpresources/cec54a4c/../bb245e8e/../f2cd4ff0/../7acb0f10 HTTP/1.0" 200 14621
216.73.216.58 - - [21/Jan/2026:06:49:52 -0500] "GET /f7c78/?path=%2Fsrv%2Fusers%2Fcraft4%2F.cache%2Fcomposer%2Ffiles%2Fether%2F..%2Fibericode%2F..%2Fether%2F..%2Freact%2F..%2Fpsy%2F..%2F.%2Fphenx%2F.. HTTP/1.0" 200 63338
2a03:2880:f80e:2b:: - - [21/Jan/2026:06:49:52 -0500] "GET /f7c78/?path=/srv/users/craft4/apps/craft4-newsite-space/public/./cpresources/9599b988/../b6b51f3f/../6b9f20ee/../././e3294a7e/./../aac2e380 HTTP/1.0" 200 14306
2a03:2880:f80e:14:: - - [21/Jan/2026:06:49:53 -0500] "GET /f7c78/?path=/srv/users/craft4/.local/../.ssh/./../apps/craft4-newsite-space/./storage/../.env.example HTTP/1.0" 200 3774
2a03:2880:f80e:25:: - - [21/Jan/2026:06:49:55 -0500] "GET /f7c78/?path=/srv/users/craft4/apps/craft4-newsite-space/public/./cpresources/814f3b07/../108d6eda/../2256e190/./../e371ba21/../60b5d681/../60b5d681 HTTP/1.0" 200 10327
216.73.216.58 - - [21/Jan/2026:06:49:55 -0500] "GET /f7c78/?path=%2Fsrv%2Fusers%2Fcraft4%2Fapps%2F..%2F.cache%2Fcomposer%2F.%2Ffiles%2Fdompdf%2F..%2Fphpdocumentor%2F..%2Fpsr%2F..%2Fether%2F..%2Fiio%2F.. HTTP/1.0" 200 63629
2a03:2880:f80e:6c:: - - [21/Jan/2026:06:49:57 -0500] "GET /f7c78/?path=/srv/users/craft4/apps/craft4-newsite-space/public/./cpresources/./60fe2959/../897c2d24/../../cpresources/../3534f HTTP/1.0" 200 9362
216.73.216.58 - - [21/Jan/2026:06:49:58 -0500] "GET /f7c78/?path=%2Fsrv%2Fusers%2Fcraft4%2F.cache%2Fcomposer%2Ffiles%2Fether%2F..%2Fphpdocumentor%2F..%2Fcebe%2F..%2Fdefuse%2F..%2F..%2Ffiles%2F. HTTP/1.0" 200 62640
2a03:2880:f80e:38:: - - [21/Jan/2026:06:49:58 -0500] "GET /f7c78/?path=/srv/users/craft4/apps/craft4-newsite-space/public/cpresources/b0ac7de7/./../f29e9092/../f8e62810/../18a196f3/garnish.js HTTP/1.0" 200 128774
2a03:2880:f80e:26:: - - [21/Jan/2026:06:50:00 -0500] "GET /f7c78/?path=/srv/users/craft4/apps/craft4-newsite-space/public/./cpresources/./a4303b5a/../12dd9/../e371ba21/../18a196f3/.././e9e49845 HTTP/1.0" 200 12229
216.73.216.58 - - [21/Jan/2026:06:50:01 -0500] "GET /f7c78/?path=%2Fsrv%2Fusers%2Fcraft4%2F.cache%2Fcomposer%2Ffiles%2Fsamdark%2F..%2Fcebe%2F..%2Fphpdocumentor%2F..%2Fphpstan%2F..%2Fpsy%2F..%2Ftwig HTTP/1.0" 200 7791
2a03:2880:f80e:48:: - - [21/Jan/2026:06:50:02 -0500] "GET /f7c78/?path=/srv/users/craft4/apps/craft4-newsite-space/public/images/./../30a37/../cpresources/././e3294a7e/../9a483874/../b1daeca9/../6df6f5d8/../18a196f3 HTTP/1.0" 200 12168
2a03:2880:f80e:5f:: - - [21/Jan/2026:06:50:03 -0500] "GET /f7c78/?path=/srv/users/craft4/apps/craft4-newsite-space/public/./cpresources/b0ac7de7/../9a483874/../3ee1a5f9/.././897c2d24/../b6b51f3f/../f2cd4ff0/jquery.mobile-events.js HTTP/1.0" 200 22418
216.73.216.58 - - [21/Jan/2026:06:50:04 -0500] "GET /f7c78/?path=%2Fsrv%2Fusers%2Fcraft4%2F.cache%2Fcomposer%2Ffiles%2Fpsy%2F..%2Fphpstan%2F..%2Fphpdocumentor%2F..%2Fcebe%2F..%2Fsamdark%2F..%2Ftwig HTTP/1.0" 200 7771
47.128.27.127 - - [21/Jan/2026:06:50:04 -0500] "GET /f7c78/?path=%2Fsrv%2Fusers%2Fcraft4%2F.local%2F..%2Ftmp%2F..%2Flog%2F..%2F.cache HTTP/1.0" 200 7412
47.128.36.30 - - [21/Jan/2026:06:50:04 -0500] "GET /f7c78/?path=%2Fsrv%2Fusers%2Fcraft4%2F.local%2F.%2Fshare%2F..%2F..%2Flog%2Fcraft4-newsite-space%2Fcraft4-newsite-space_php7.4.error.log HTTP/1.0" 200 3011
2a03:2880:f80e:15:: - - [21/Jan/2026:06:50:05 -0500] "GET /f7c78/?path=/srv/users/craft4/apps/craft4-newsite-space/public/./cpresources/9599b988/../c57df74c/../9e85d86b/./././../18a196f3/../f29e9092 HTTP/1.0" 200 10060
2a03:2880:f80e:4d:: - - [21/Jan/2026:06:50:06 -0500] "GET /f7c78/?path=/srv/users/craft4/apps/craft4-newsite-space/public/./cpresources/fc951955/../b6b51f3f/../../cpresources/./60fe2959/../f7099225/../814f3b07 HTTP/1.0" 200 11569
216.73.216.58 - - [21/Jan/2026:06:50:07 -0500] "GET /f7c78/?path=%2Fsrv%2Fusers%2Fcraft4%2F.cache%2Fcomposer%2Ffiles%2Fether%2F..%2Fpsy%2F..%2Fphpdocumentor%2F..%2Fnikic%2F..%2F..%2Frepo HTTP/1.0" 200 8776
2a03:2880:f80e:64:: - - [21/Jan/2026:06:50:08 -0500] "GET /f7c78/?path=/srv/users/craft4/apps/craft4-newsite-space/public/cpresources/f2cd4ff0/../b1daeca9/../897c2d24/./.././c1b7baf0/../a091a247/../e9e49845 HTTP/1.0" 200 12755
2a03:2880:f80e:5c:: - - [21/Jan/2026:06:50:09 -0500] "GET /f7c78/?path=/srv/users/craft4/apps/craft4-newsite-space/public/cpresources/6b9f20ee/../3013a1e4/.././e3294a7e/../30f2c67a/./../aed7ab4c HTTP/1.0" 200 9863
216.73.216.58 - - [21/Jan/2026:06:50:11 -0500] "GET /f7c78/?path=%2Fsrv%2Fusers%2Fcraft4%2Ftmp%2F..%2F.cache%2Fcomposer%2F.%2Ffiles%2Fibericode%2F..%2Fphpstan%2F..%2Fphpstan%2F..%2Fcebe%2F..%2Fyiisoft HTTP/1.0" 200 13490
2a03:2880:f80e:d:: - - [21/Jan/2026:06:50:11 -0500] "GET /f7c78/?path=/srv/users/craft4/apps/craft4-newsite-space/public/images/../images/.././30a37/../cpresources/f7099225/../28e2e3a3/../f7099225/../3013a1e4 HTTP/1.0" 200 10442
2a03:2880:f80e:4d:: - - [21/Jan/2026:06:50:13 -0500] "GET /f7c78/?path=/srv/users/craft4/apps/craft4-newsite-space/public/./cpresources/./b1daeca9/../6df6f5d8/../9599b988/../3ee1a5f9/../814f3b07/Dashboard.js HTTP/1.0" 200 24478
216.73.216.58 - - [21/Jan/2026:06:50:14 -0500] "GET /f7c78/?path=%2Fsrv%2Fusers%2Fcraft4%2F.cache%2Fcomposer%2Ffiles%2Fpsy%2F..%2Fphpstan%2F..%2Fphpstan%2F..%2Fmoneyphp%2F..%2Fibericode%2F..%2Ftrue HTTP/1.0" 200 7771
2a03:2880:f80e:1f:: - - [21/Jan/2026:06:50:14 -0500] "GET /f7c78/?create&path=/srv/users/craft4/apps/craft4-newsite-space/public/cpresources/f2cd4ff0/../c7192088/../cec54a4c/../f2cd4ff0/../bb245e8e/../b89e6451/../7683ad58/../. HTTP/1.0" 200 5077
2a03:2880:f80e:26:: - - [21/Jan/2026:06:50:16 -0500] "GET /f7c78/?path=/srv/users/craft4/apps/craft4-newsite-space/public/./cpresources/bb245e8e/./../2256e190/../60fe2959/../cec54a4c/../46fa01b6 HTTP/1.0" 200 8485
216.73.216.58 - - [21/Jan/2026:06:50:17 -0500] "GET /f7c78/?path=%2Fsrv%2Fusers%2Fcraft4%2Ftmp%2F..%2F.cache%2Fcomposer%2F.%2Ffiles%2Fcreocoder%2F..%2Fphpoption%2F..%2Fether%2F..%2Ftrue%2F..%2Fnikic HTTP/1.0" 200 7838
2a03:2880:f80e:34:: - - [21/Jan/2026:06:50:17 -0500] "GET /f7c78/?path=/srv/users/craft4/apps/craft4-newsite-space/public/./cpresources/./3ee1a5f9/../fc951955/../814f3b07/../aed7ab4c/.././aed7ab4c/../f80c1dcc/../203937da HTTP/1.0" 200 12225
2a03:2880:f80e:11:: - - [21/Jan/2026:06:50:19 -0500] "GET /f7c78/?path=/srv/users/craft4/apps/craft4-newsite-space/public/./cpresources/./beefc24a/../f2cd4ff0/.././fc951955/datepicker-fr.js HTTP/1.0" 200 5164
